From: dpdklab@iol.unh.edu
To: Test Report <test-report@dpdk.org>
Cc: dpdk-test-reports@iol.unh.edu,
Bruce Richardson <bruce.richardson@intel.com>
Subject: |FAILURE| pw155014-155016 [PATCH] [v2,3/3] app/testpmd: improve outp
Date: Fri, 04 Jul 2025 22:27:12 -0700 (PDT) [thread overview]
Message-ID: <6868b7b0.050a0220.f9c6c.70ccSMTPIN_ADDED_MISSING@mx.google.com> (raw)
In-Reply-To: <20250704183437.25901-4-bruce.richardson@intel.com>
Test-Label: iol-compile-amd64-testing
Test-Status: FAILURE
http://dpdk.org/patch/155016
_Testing issues_
Submitter: Bruce Richardson <bruce.richardson@intel.com>
Date: Friday, July 04 2025 18:34:36
DPDK git baseline: Repo:dpdk
Branch: master
CommitID:b18c543ec30729ccc7708a6e064a1f9db5d8c11f
155014-155016 --> testing issues
Upstream job id: Generic-DPDK-Compile-Meson#405574
Test environment and result as below:
+-------------------------------+--------------------+-------------------+-------------------+------------------+-------------------------+----------------------+
| Environment | dpdk_meson_compile | dpdk_msvc_compile | dpdk_compile_spdk | dpdk_compile_ovs | dpdk_llvm_clang_compile | dpdk_mingw64_compile |
+===============================+====================+===================+===================+==================+=========================+======================+
| Ubuntu 20.04 | PASS | SKIPPED | SKIPPED | SKIPPED | SKIPPED | SKIPPED |
+-------------------------------+--------------------+-------------------+-------------------+------------------+-------------------------+----------------------+
| CentOS Stream 9 | PASS | SKIPPED | PASS | SKIPPED | SKIPPED | SKIPPED |
+-------------------------------+--------------------+-------------------+-------------------+------------------+-------------------------+----------------------+
| CentOS Stream 10 | PASS | SKIPPED | SKIPPED | SKIPPED | SKIPPED | SKIPPED |
+-------------------------------+--------------------+-------------------+-------------------+------------------+-------------------------+----------------------+
| Debian GNU/Linux 12 | PASS | SKIPPED | PASS | SKIPPED | SKIPPED | SKIPPED |
+-------------------------------+--------------------+-------------------+-------------------+------------------+-------------------------+----------------------+
| Fedora Linux 40 | PASS | SKIPPED | WARN | SKIPPED | SKIPPED | SKIPPED |
+-------------------------------+--------------------+-------------------+-------------------+------------------+-------------------------+----------------------+
| Fedora Linux 41 | PASS | SKIPPED | PASS | PASS | SKIPPED | SKIPPED |
+-------------------------------+--------------------+-------------------+-------------------+------------------+-------------------------+----------------------+
| openSUSE Leap 15.6 | PASS | SKIPPED | SKIPPED | SKIPPED | SKIPPED | SKIPPED |
+-------------------------------+--------------------+-------------------+-------------------+------------------+-------------------------+----------------------+
| Red Hat Enterprise Linux 8.10 | PASS | SKIPPED | SKIPPED | SKIPPED | SKIPPED | SKIPPED |
+-------------------------------+--------------------+-------------------+-------------------+------------------+-------------------------+----------------------+
| Red Hat Enterprise Linux 9.5 | PASS | SKIPPED | SKIPPED | SKIPPED | SKIPPED | SKIPPED |
+-------------------------------+--------------------+-------------------+-------------------+------------------+-------------------------+----------------------+
| Ubuntu 22.04 | PASS | SKIPPED | PASS | SKIPPED | SKIPPED | SKIPPED |
+-------------------------------+--------------------+-------------------+-------------------+------------------+-------------------------+----------------------+
| Ubuntu 24.04 | PASS | SKIPPED | PASS | PASS | SKIPPED | SKIPPED |
+-------------------------------+--------------------+-------------------+-------------------+------------------+-------------------------+----------------------+
| Alpine Linux 3.22.0 | PASS | SKIPPED | SKIPPED | SKIPPED | SKIPPED | SKIPPED |
+-------------------------------+--------------------+-------------------+-------------------+------------------+-------------------------+----------------------+
| Windows Server 2022 | SKIPPED | FAIL | SKIPPED | SKIPPED | FAIL | PASS |
+-------------------------------+--------------------+-------------------+-------------------+------------------+-------------------------+----------------------+
==== 20 line log output for Windows Server 2022 (dpdk_llvm_clang_compile): ====
[634/809] Linking static target drivers/librte_net_vmxnet3.a
[635/809] Compiling C object app/dpdk-testpmd.exe.p/test-pmd_config.c.obj
[636/809] Compiling C object app/dpdk-testpmd.exe.p/test-pmd_iofwd.c.obj
[637/809] Compiling C object app/dpdk-testpmd.exe.p/test-pmd_cmdline.c.obj
FAILED: app/dpdk-testpmd.exe.p/test-pmd_cmdline.c.obj
"clang" "-Iapp\dpdk-testpmd.exe.p" "-Iapp" "-I..\app" "-Iapp\test-pmd" "-I..\app\test-pmd" "-Ilib\ethdev" "-I..\lib\ethdev" "-Ilib\eal\common" "-I..\lib\eal\common" "-I." "-I.." "-Iconfig" "-I..\config" "-Ilib\eal\include" "-I..\lib\eal\include" "-Ilib\eal\windows\include" "-I..\lib\eal\windows\include" "-Ilib\eal\x86\include" "-I..\lib\eal\x86\include" "-Ilib\eal" "-I..\lib\eal" "-Ilib\log" "-I..\lib\log" "-Ilib\kvargs" "-I..\lib\kvargs" "-Ilib\net" "-I..\lib\net" "-Ilib\mbuf" "-I..\lib\mbuf" "-Ilib\mempool" "-I..\lib\mempool" "-Ilib\ring" "-I..\lib\ring" "-Ilib\metrics" "-I..\lib\metrics" "-Ilib\telemetry" "-I..\lib\telemetry" "-Ilib\meter" "-I..\lib\meter" "-Ilib\cmdline" "-I..\lib\cmdline" "-Ilib\bitratestats" "-I..\lib\bitratestats" "-Ilib\gro" "-I..\lib\gro" "-Ilib\gso" "-I..\lib\gso" "-Ilib\latencystats" "-I..\lib\latencystats" "-Idrivers\net\intel\i40e" "-I..\drivers\net\intel\i40e" "-Idrivers\net\intel\i40e\base" "-I..\drivers\net\intel\i40e\base" "-Idrivers\bus\pci" "-I..\d
rivers\bus\pci" "-I..\drivers\bus\pci\windows" "-Ilib\pci" "-I..\lib\pci" "-Idrivers\bus\vdev" "-I..\drivers\bus\vdev" "-Ilib\hash" "-I..\lib\hash" "-Ilib\rcu" "-I..\lib\rcu" "-Idrivers\net\intel\ixgbe" "-I..\drivers\net\intel\ixgbe" "-Idrivers\net\intel\ixgbe\base" "-I..\drivers\net\intel\ixgbe\base" "-Ilib\security" "-I..\lib\security" "-Ilib\cryptodev" "-I..\lib\cryptodev" "-Idrivers\net\intel\iavf" "-I..\drivers\net\intel\iavf" "-I..\drivers\net\intel\iavf\base" "-Idrivers\net\intel\ice" "-I..\drivers\net\intel\ice" "-Idrivers\net\intel\ice\base" "-I..\drivers\net\intel\ice\base" "-IC:\Program Files\Mellanox\MLNX_WinOF2_DevX_SDK\inc" "-fdiagnostics-color=always" "-D_FILE_OFFSET_BITS=64" "-Wall" "-Winvalid-pch" "-Wextra" "-Werror" "-std=c11" "-O3" "-include" "rte_config.h" "-Wvla" "-Wcast-qual" "-Wdeprecated" "-Wformat" "-Wformat-nonliteral" "-Wformat-security" "-Wmissing-declarations" "-Wmissing-prototypes" "-Wnested-externs" "-Wold-style-definition" "-Wpointer-arith" "-Wsign-co
mpare" "-Wstrict-prototypes" "-Wundef" "-Wwrite-strings" "-Wno-missing-field-initializers" "-D_GNU_SOURCE" "-D_WIN32_WINNT=0x0A00" "-D_CRT_SECURE_NO_WARNINGS" "-march=native" "-mrtm" "-DALLOW_EXPERIMENTAL_API" -MD -MQ app/dpdk-testpmd.exe.p/test-pmd_cmdline.c.obj -MF "app\dpdk-testpmd.exe.p\test-pmd_cmdline.c.obj.d" -o app/dpdk-testpmd.exe.p/test-pmd_cmdline.c.obj "-c" ../app/test-pmd/cmdline.c
../app/test-pmd/cmdline.c:13:10: fatal error: 'libgen.h' file not found
#include <libgen.h>
^~~~~~~~~~
1 error generated.
[638/809] Compiling C object drivers/librte_net_ring.a.p/meson-generated_.._rte_net_ring.pmd.c.obj
[639/809] Compiling C object drivers/rte_net_ring-25.dll.p/meson-generated_.._rte_net_ring.pmd.c.obj
[640/809] Compiling C object app/dpdk-testpmd.exe.p/test-pmd_hairpin.c.obj
[641/809] Compiling C object app/dpdk-testpmd.exe.p/test-pmd_parameters.c.obj
[642/809] Compiling C object app/dpdk-testpmd.exe.p/test-pmd_icmpecho.c.obj
[643/809] Compiling C object app/dpdk-testpmd.exe.p/test-pmd_ieee1588fwd.c.obj
[644/809] Compiling C object app/dpdk-testpmd.exe.p/test-pmd_flowgen.c.obj
[645/809] Compiling C object app/dpdk-testpmd.exe.p/test-pmd_csumonly.c.obj
[646/809] Compiling C object app/dpdk-testpmd.exe.p/test-pmd_noisy_vnf.c.obj
ninja: build stopped: subcommand failed.
==== End log output ====
Ubuntu 20.04
Kernel: 4.19
Compiler: gcc gcc (Ubuntu 9.4.0-1ubuntu1~20.04.2) 9.4.0
CentOS Stream 9
Kernel: 5.15
Compiler: gcc gcc (GCC) 11.5.0 20240719 (Red Hat 11.5.0-7)
CentOS Stream 10
Kernel: 5.15
Compiler: gcc gcc (GCC) 14.2.1 20250110 (Red Hat 14.2.1-8)
Debian GNU/Linux 12
Kernel: 5.15
Compiler: gcc gcc (Debian 12.2.0-14+deb12u1) 12.2.0
Fedora Linux 40
Kernel: 5.15
Compiler: gcc gcc (GCC) 14.2.1 20240912 (Red Hat 14.2.1-3)
Fedora Linux 41
Kernel: 5.15
Compiler: clang gcc (GCC) 14.3.1 20250523 (Red Hat 14.3.1-1)
openSUSE Leap 15.6
Kernel: 5.15
Compiler: gcc gcc (SUSE Linux) 7.5.0
Red Hat Enterprise Linux 8.10
Kernel: 5.15
Compiler: gcc gcc (GCC) 8.5.0 20210514 (Red Hat 8.5.0-22)
Red Hat Enterprise Linux 9.5
Kernel: 5.15
Compiler: gcc gcc (GCC) 11.5.0 20240719 (Red Hat 11.5.0-2)
Ubuntu 22.04
Kernel: 5.15
Compiler: gcc gcc (Ubuntu 11.4.0-1ubuntu1~22.04) 11.4.0
Ubuntu 24.04
Kernel: 5.15
Compiler: gcc gcc (Ubuntu 13.3.0-6ubuntu2~24.04) 13.3.0
Alpine Linux 3.22.0
Kernel: 5.15
Compiler: gcc gcc (Alpine 14.2.0) 14.2.0
Windows Server 2022
Kernel: 10.0.20348.2031
Compiler: clang 15.0.7, gcc 14.1.0 (MinGW), and MSVC VS 19.39.33521
To view detailed results, visit:
https://lab.dpdk.org/results/dashboard/patchsets/33596/
UNH-IOL DPDK Community Lab
To manage your email subscriptions, visit:
https://lab.dpdk.org/results/dashboard/preferences/subscriptions/
next prev parent reply other threads:[~2025-07-05 5:27 UTC|newest]
Thread overview: 27+ messages / expand[flat|nested] mbox.gz Atom feed top
[not found] <20250704183437.25901-4-bruce.richardson@intel.com>
2025-07-04 18:01 ` |SUCCESS| pw155014-155016 [PATCH v2 3/3] app/testpmd: improve output when processing cmdline files qemudev
2025-07-04 18:06 ` qemudev
2025-07-04 18:35 ` |SUCCESS| pw155016 " checkpatch
2025-07-04 19:43 ` |FAILURE| " 0-day Robot
2025-07-04 21:04 ` |SUCCESS| pw155014-155016 [PATCH] [v2,3/3] app/testpmd: improve outp dpdklab
2025-07-04 21:06 ` |PENDING| " dpdklab
2025-07-04 21:08 ` |FAILURE| " dpdklab
2025-07-04 21:19 ` |SUCCESS| " dpdklab
2025-07-04 21:39 ` |PENDING| " dpdklab
2025-07-04 23:35 ` |FAILURE| " dpdklab
2025-07-04 23:43 ` |SUCCESS| " dpdklab
2025-07-04 23:45 ` dpdklab
2025-07-04 23:57 ` dpdklab
2025-07-05 0:53 ` dpdklab
2025-07-05 1:44 ` |FAILURE| " dpdklab
2025-07-05 1:59 ` |PENDING| " dpdklab
2025-07-05 2:08 ` |FAILURE| " dpdklab
2025-07-05 2:21 ` |SUCCESS| " dpdklab
2025-07-05 3:44 ` dpdklab
2025-07-05 5:23 ` dpdklab
2025-07-05 5:24 ` dpdklab
2025-07-05 5:25 ` |FAILURE| " dpdklab
2025-07-05 5:26 ` dpdklab
2025-07-05 5:27 ` dpdklab [this message]
2025-07-05 5:27 ` |SUCCESS| " dpdklab
2025-07-05 5:27 ` |FAILURE| " dpdklab
2025-07-05 5:27 ` dpdklab
Reply instructions:
You may reply publicly to this message via plain-text email
using any one of the following methods:
* Save the following mbox file, import it into your mail client,
and reply-to-all from there: mbox
Avoid top-posting and favor interleaved quoting:
https://en.wikipedia.org/wiki/Posting_style#Interleaved_style
* Reply using the --to, --cc, and --in-reply-to
switches of git-send-email(1):
git send-email \
--in-reply-to=6868b7b0.050a0220.f9c6c.70ccSMTPIN_ADDED_MISSING@mx.google.com \
--to=dpdklab@iol.unh.edu \
--cc=bruce.richardson@intel.com \
--cc=dpdk-test-reports@iol.unh.edu \
--cc=test-report@dpdk.org \
/path/to/YOUR_REPLY
https://kernel.org/pub/software/scm/git/docs/git-send-email.html
* If your mail client supports setting the In-Reply-To header
via mailto: links, try the mailto: link
Be sure your reply has a Subject: header at the top and a blank line
before the message body.
This is a public inbox, see mirroring instructions
for how to clone and mirror all data and code used for this inbox;
as well as URLs for NNTP newsgroup(s).