From mboxrd@z Thu Jan 1 00:00:00 1970 Return-Path: Received: from mails.dpdk.org (mails.dpdk.org [217.70.189.124]) by inbox.dpdk.org (Postfix) with ESMTP id 4702F46AF2 for ; Sat, 5 Jul 2025 07:44:43 +0200 (CEST) Received: from mails.dpdk.org (localhost [127.0.0.1]) by mails.dpdk.org (Postfix) with ESMTP id 1FD444028C; Sat, 5 Jul 2025 07:44:43 +0200 (CEST) Received: from mail-il1-f228.google.com (mail-il1-f228.google.com [209.85.166.228]) by mails.dpdk.org (Postfix) with ESMTP id EE3F340287 for ; Sat, 5 Jul 2025 07:44:41 +0200 (CEST) Received: by mail-il1-f228.google.com with SMTP id e9e14a558f8ab-3e057f2c8d8so14828095ab.1 for ; Fri, 04 Jul 2025 22:44:41 -0700 (PDT) DKIM-Signature: v=1; a=rsa-sha256; c=relaxed/relaxed; d=iol.unh.edu; s=unh-iol; t=1751694281; x=1752299081; darn=dpdk.org; h=references:in-reply-to:cc:to:from:subject:message-id:date:from:to :cc:subject:date:message-id:reply-to; bh=a61xXupgNGsOkQ2uu+nlHwSyd6yyyp/2Jps2XgVdSjA=; b=MLP9bsiUYBIOEf50mbuelU4ePibgn5mRihP3hyvpv+cHkC7N7NiMm2P44Yfe3QBAEw RxD3fwsdaGCBTJIeooImv9HplqraMFX54KO5j3Z03n5JjKfbsRXZ3ri8pQyIuVj97bJM to2KtnpTUZ3SKRteHYVN3akheoRnFZV+o2JjU= X-Google-DKIM-Signature: v=1; a=rsa-sha256; c=relaxed/relaxed; d=1e100.net; s=20230601; t=1751694281; x=1752299081; h=references:in-reply-to:cc:to:from:subject:message-id:date :x-gm-message-state:from:to:cc:subject:date:message-id:reply-to; bh=a61xXupgNGsOkQ2uu+nlHwSyd6yyyp/2Jps2XgVdSjA=; b=ukzzKl/zeJbA8ZKQXTuQM8hKZ5AUcXBsElK482mTVSDSH298xEoRuE17YEsvgfLo8h xIItGMexQBW+ZKQhEwd8RrgNojoXVyiAntyHTFxX8QrfbPXXjh0XlUdYQwn8Pdb076HU jyklV+FFqBYq+koJe4zboXFaBOTnFAeBJS15FcVVVNX7KK8F1TajB0FWy7N8g1KD0AmU Usw9/5ZIVYYdaSMTj57P7J7rLy6B4rrr5mHTwxrq5PuZiKmHPLI3TZF1RKMQoSi0w1gp rKWEsjK964ab4cE/7EONW310b6QsoHZZx0jDvweaGbfxV76X9OwxA7hTKRhvBDpuiZhZ jxEA== X-Gm-Message-State: AOJu0Yxt/k4zQz3L49ETTDByad0DpboVVJz84CAfFM12ZkeD2rCQO4e8 kLdhsDBJPQ9XbW/BEnVOxBtpJogyQUdf2ovMVaIftUxD0iVLRi2pX0qoYkvdUcIi5ALi7ftK0om g8qGN1KSJtONHsHSkeduf6Rzf/Wc1d37Suo48JpzGi7L9AJpmCBaKIz1l/bIo X-Gm-Gg: ASbGncv9T1OkEkxMCgdIy5fHXHmqupkwiKrFWuhmZ2lpAPgmzINdSbFoqrq8klzWjpT LYmTAHxsv5srFWG2WxeDUMrO9WvdIMCUexgjPClVilHHS7+EQwa8EeYoPrNlfCTcE1r/mjaKGpg L6/1WvYquMzyn7i1NQ/sNyTH0OJ92BV/icLkgubQ1W5dvpaC+ego7AN44NguRsdcKtiyHu9UYK8 PqJK9OZ9xjfeWgHSe8ytLMbicTMwDbpA+zXgkgw+HqpNM8RMaXBgJiIgTqtZswhqvNlX4fQzheg vKjktPpGTriPNBmi2WELzXEGf1NG5LQmEfBep+yZjrpxmw4= X-Google-Smtp-Source: AGHT+IFkbnYRWebzvue7/IB/epRCRTIsPAPysxCyDO03+jElQv6j78s4LBhXhecFc+Ptv6QL/nCqjSvFNgNg X-Received: by 2002:a05:6e02:1c0b:b0:3dc:79e5:e696 with SMTP id e9e14a558f8ab-3e13ef0c7a1mr9050065ab.11.1751694281185; Fri, 04 Jul 2025 22:44:41 -0700 (PDT) Received: from postal.iol.unh.edu (postal.iol.unh.edu. [2606:4100:3880:1234::84]) by smtp-relay.gmail.com with ESMTPS id 8926c6da1cb9f-503b59bde06sm124472173.2.2025.07.04.22.44.41 (version=TLS1_2 cipher=ECDHE-ECDSA-AES128-GCM-SHA256 bits=128/128); Fri, 04 Jul 2025 22:44:41 -0700 (PDT) X-Relaying-Domain: iol.unh.edu Date: Fri, 04 Jul 2025 22:44:41 -0700 (PDT) Message-ID: <6868bbc9.050a0220.12ff22.693bSMTPIN_ADDED_MISSING@mx.google.com> Received: from [172.21.0.6] (unknown [172.18.0.240]) by postal.iol.unh.edu (Postfix) with ESMTP id A93FC6051830; Sat, 5 Jul 2025 01:44:40 -0400 (EDT) Subject: |FAILURE| pw154995 [PATCH] [v2] ci: check C++ headers with clang From: dpdklab@iol.unh.edu To: Test Report Cc: dpdk-test-reports@iol.unh.edu, David Marchand In-Reply-To: <20250703082010.2002295-1-david.marchand@redhat.com> References: <20250703082010.2002295-1-david.marchand@redhat.com> Content-Type: text/plain X-BeenThere: test-report@dpdk.org X-Mailman-Version: 2.1.29 Precedence: list List-Id: automatic DPDK test reports List-Unsubscribe: , List-Archive: List-Post: List-Help: List-Subscribe: , Errors-To: test-report-bounces@dpdk.org Test-Label: iol-unit-amd64-testing Test-Status: FAILURE http://dpdk.org/patch/154995 _Testing issues_ Submitter: David Marchand Date: Thursday, July 03 2025 08:20:10 DPDK git baseline: Repo:dpdk Branch: master CommitID:70c2297528e7c7789af452f78de1932e9a20c8a2 154995 --> testing issues Upstream job id: Generic-Unit-Test-DPDK#352858 Test environment and result as below: +-------------------------------+----------------+ | Environment | dpdk_unit_test | +===============================+================+ | CentOS Stream 9 | PASS | +-------------------------------+----------------+ | Debian GNU/Linux 12 | PEND | +-------------------------------+----------------+ | CentOS Stream 10 | PASS | +-------------------------------+----------------+ | Fedora Linux 40 | PEND | +-------------------------------+----------------+ | Fedora Linux 41 | PEND | +-------------------------------+----------------+ | Red Hat Enterprise Linux 8.10 | PASS | +-------------------------------+----------------+ | Ubuntu 20.04 | PEND | +-------------------------------+----------------+ | Red Hat Enterprise Linux 9.5 | PEND | +-------------------------------+----------------+ | Ubuntu 24.04 | PEND | +-------------------------------+----------------+ | Ubuntu 22.04 | PEND | +-------------------------------+----------------+ | Windows Server 2022 | PASS | +-------------------------------+----------------+ CentOS Stream 9 Kernel: 5.15 Compiler: gcc gcc (GCC) 11.5.0 20240719 (Red Hat 11.5.0-7) Debian GNU/Linux 12 Kernel: 5.15 Compiler: gcc gcc (Debian 12.2.0-14+deb12u1) 12.2.0 CentOS Stream 10 Kernel: 5.15 Compiler: gcc gcc (GCC) 14.2.1 20250110 (Red Hat 14.2.1-8) Fedora Linux 40 Kernel: 5.15 Compiler: gcc gcc (GCC) 14.2.1 20240912 (Red Hat 14.2.1-3) Fedora Linux 41 Kernel: 5.15 Compiler: gcc gcc (GCC) 14.3.1 20250523 (Red Hat 14.3.1-1) Red Hat Enterprise Linux 8.10 Kernel: 5.15 Compiler: gcc gcc (GCC) 8.5.0 20210514 (Red Hat 8.5.0-22) Ubuntu 20.04 Kernel: 5.15 Compiler: gcc gcc (Ubuntu 9.4.0-1ubuntu1~20.04.2) 9.4.0 Red Hat Enterprise Linux 9.5 Kernel: 5.15 Compiler: gcc gcc (GCC) 11.5.0 20240719 (Red Hat 11.5.0-2) Ubuntu 24.04 Kernel: 5.15 Compiler: gcc gcc (Ubuntu 13.3.0-6ubuntu2~24.04) 13.3.0 Ubuntu 22.04 Kernel: 5.15 Compiler: gcc gcc (Ubuntu 11.4.0-1ubuntu1~22.04) 11.4.0 Windows Server 2022 Kernel: 10.0.20348.2031 Compiler: clang 15.0.7, gcc 14.1.0 (MinGW), and MSVC VS 19.39.33521 To view detailed results, visit: https://lab.dpdk.org/results/dashboard/patchsets/33578/ UNH-IOL DPDK Community Lab To manage your email subscriptions, visit: https://lab.dpdk.org/results/dashboard/preferences/subscriptions/