From mboxrd@z Thu Jan 1 00:00:00 1970 Return-Path: Received: from mails.dpdk.org (mails.dpdk.org [217.70.189.124]) by inbox.dpdk.org (Postfix) with ESMTP id B6D1D46AA1 for ; Sat, 5 Jul 2025 08:14:14 +0200 (CEST) Received: from mails.dpdk.org (localhost [127.0.0.1]) by mails.dpdk.org (Postfix) with ESMTP id 9DF2040287; Sat, 5 Jul 2025 08:14:14 +0200 (CEST) Received: from mail-il1-f226.google.com (mail-il1-f226.google.com [209.85.166.226]) by mails.dpdk.org (Postfix) with ESMTP id 45FBF40287 for ; Sat, 5 Jul 2025 08:14:13 +0200 (CEST) Received: by mail-il1-f226.google.com with SMTP id e9e14a558f8ab-3df2d111fefso14682165ab.1 for ; Fri, 04 Jul 2025 23:14:13 -0700 (PDT) DKIM-Signature: v=1; a=rsa-sha256; c=relaxed/relaxed; d=iol.unh.edu; s=unh-iol; t=1751696052; x=1752300852; darn=dpdk.org; h=references:in-reply-to:cc:to:from:subject:message-id:date:from:to :cc:subject:date:message-id:reply-to; bh=oQgGFlnSzNGUvde16JVW9L2Q+f7gw+onE2nbvzMt5tw=; b=OIMY2X8hglSfZFb1fHZnNU68zkJ/0l8fU+alFjs7+OMHdlvuZ8hVRxWk8RzgL3hM/U 7v9rH1xfU9M0c79c/sEZ1STtNyT+EOoAWDM0VXdON1QctRQxKKFVqt+cIiWO2bsVa6DV GTXme95udzJRdLq6bFRLSuvd0HwZggeQIyzHg= X-Google-DKIM-Signature: v=1; a=rsa-sha256; c=relaxed/relaxed; d=1e100.net; s=20230601; t=1751696052; x=1752300852; h=references:in-reply-to:cc:to:from:subject:message-id:date :x-gm-message-state:from:to:cc:subject:date:message-id:reply-to; bh=oQgGFlnSzNGUvde16JVW9L2Q+f7gw+onE2nbvzMt5tw=; b=sZdGi44VeKkLbLguBJK+dD6ULD2AmX0MpTXL7i423Q5OATcnyhI2YOmFtpPrV5i5D5 VkM58QuB3e1ITKCEzhWGHgJQeA9jxUnGJIuYijdkjwUI0zwb8fV+P7+dShYS1AganvV9 G2PH5b7EVqclPbJSaNQ3fQwngREzjmbED+kf1sN8FDxXwMvhgP6xy5bX/1k0ZJF7EFmU nSwo0qr0keEfNgwQAwxt8+ag+VBeEK+VOx+2Llkn65k6EtbBr5mUSr3ccfc8WttGUiPN mqhsNjcmtaD2EPGypBG3Aoz+DrOAW5eku3n4HfrK90UJ7dv9Kz+o5UnbaBJot7u1UK9t axWA== X-Gm-Message-State: AOJu0Yxznf6OL1i51bJyuLhd9xVh2tntco9Go9BrdKVqQV1X2Q75DoTm X9VSpDkMVAR0OpduY2UG2hj1BQau/Lir7NMqpOn71mUSh5a6sRMnrJgCcyW+P71BKwOlSR5+rga 7nHGRVVVBq3wmatUujUE6cAyLUH2Okk/oWwJ9CIz5/H+kD/m48bjvRiIFR+T/ X-Gm-Gg: ASbGncvZSwkVjok0hTPqEkp0LatKySOms9/3hcJd95fKdytCMn4wKMgqya3dCQog4g9 RJz73yNq+y55ng2SAVSmPe31qscjhlMK9M/5KhIFz+6U4f98/ZNFBz023UJIuL1SbhsfdsasrLs kA06W3bFZbw0SAPVbWvYMTYK+Uf9ZvfdMvO7mam4VM/bf0D3pWTUO8fvoQqYEM96QBR2KNlqwL9 kEXMYuiEaBG85VoGrA6m44vux+OZeRXU6Tx/r8/TJlBn3zC9vyfRidzyqRXdXOENG0UFbOQEX1y qcdF7AU0OMQslaQ8NXj97Q8b7IKhfG6Qgby8GvxK7qw3mm8= X-Google-Smtp-Source: AGHT+IFop7RfRZWF1EvQB2T2PM0wq/r4lmnCG9LUPn8WQlM9rT1Ny/bcmVY6XXUKWh9WBlJCLCsLAF/fvV0M X-Received: by 2002:a05:6e02:3310:b0:3dc:7660:9ed9 with SMTP id e9e14a558f8ab-3e1352ec653mr50597905ab.0.1751696052560; Fri, 04 Jul 2025 23:14:12 -0700 (PDT) Received: from postal.iol.unh.edu (postal.iol.unh.edu. [2606:4100:3880:1234::84]) by smtp-relay.gmail.com with ESMTPS id 8926c6da1cb9f-503b5a2bdccsm136709173.30.2025.07.04.23.14.12 (version=TLS1_2 cipher=ECDHE-ECDSA-AES128-GCM-SHA256 bits=128/128); Fri, 04 Jul 2025 23:14:12 -0700 (PDT) X-Relaying-Domain: iol.unh.edu Date: Fri, 04 Jul 2025 23:14:12 -0700 (PDT) Message-ID: <6868c2b4.050a0220.42fca.758aSMTPIN_ADDED_MISSING@mx.google.com> Received: from [172.21.0.5] (unknown [172.18.0.240]) by postal.iol.unh.edu (Postfix) with ESMTP id 126636051830; Sat, 5 Jul 2025 02:14:12 -0400 (EDT) Subject: |FAILURE| pw154995 [PATCH] [v2] ci: check C++ headers with clang From: dpdklab@iol.unh.edu To: Test Report Cc: dpdk-test-reports@iol.unh.edu, David Marchand In-Reply-To: <20250703082010.2002295-1-david.marchand@redhat.com> References: <20250703082010.2002295-1-david.marchand@redhat.com> Content-Type: text/plain X-BeenThere: test-report@dpdk.org X-Mailman-Version: 2.1.29 Precedence: list List-Id: automatic DPDK test reports List-Unsubscribe: , List-Archive: List-Post: List-Help: List-Subscribe: , Errors-To: test-report-bounces@dpdk.org Test-Label: iol-unit-amd64-testing Test-Status: FAILURE http://dpdk.org/patch/154995 _Testing issues_ Submitter: David Marchand Date: Thursday, July 03 2025 08:20:10 DPDK git baseline: Repo:dpdk Branch: master CommitID:70c2297528e7c7789af452f78de1932e9a20c8a2 154995 --> testing issues Upstream job id: Generic-Unit-Test-DPDK#352867 Test environment and result as below: +-------------------------------+----------------+ | Environment | dpdk_unit_test | +===============================+================+ | CentOS Stream 9 | PASS | +-------------------------------+----------------+ | Debian GNU/Linux 12 | PASS | +-------------------------------+----------------+ | CentOS Stream 10 | PASS | +-------------------------------+----------------+ | Fedora Linux 40 | PASS | +-------------------------------+----------------+ | Fedora Linux 41 | PASS | +-------------------------------+----------------+ | Red Hat Enterprise Linux 8.10 | PASS | +-------------------------------+----------------+ | Ubuntu 20.04 | PASS | +-------------------------------+----------------+ | Red Hat Enterprise Linux 9.5 | PASS | +-------------------------------+----------------+ | Ubuntu 24.04 | PASS | +-------------------------------+----------------+ | Ubuntu 22.04 | PASS | +-------------------------------+----------------+ | Windows Server 2022 | PASS | +-------------------------------+----------------+ CentOS Stream 9 Kernel: 5.15 Compiler: gcc gcc (GCC) 11.5.0 20240719 (Red Hat 11.5.0-7) Debian GNU/Linux 12 Kernel: 5.15 Compiler: gcc gcc (Debian 12.2.0-14+deb12u1) 12.2.0 CentOS Stream 10 Kernel: 5.15 Compiler: gcc gcc (GCC) 14.2.1 20250110 (Red Hat 14.2.1-8) Fedora Linux 40 Kernel: 5.15 Compiler: gcc gcc (GCC) 14.2.1 20240912 (Red Hat 14.2.1-3) Fedora Linux 41 Kernel: 5.15 Compiler: gcc gcc (GCC) 14.3.1 20250523 (Red Hat 14.3.1-1) Red Hat Enterprise Linux 8.10 Kernel: 5.15 Compiler: gcc gcc (GCC) 8.5.0 20210514 (Red Hat 8.5.0-22) Ubuntu 20.04 Kernel: 5.15 Compiler: gcc gcc (Ubuntu 9.4.0-1ubuntu1~20.04.2) 9.4.0 Red Hat Enterprise Linux 9.5 Kernel: 5.15 Compiler: gcc gcc (GCC) 11.5.0 20240719 (Red Hat 11.5.0-2) Ubuntu 24.04 Kernel: 5.15 Compiler: gcc gcc (Ubuntu 13.3.0-6ubuntu2~24.04) 13.3.0 Ubuntu 22.04 Kernel: 5.15 Compiler: gcc gcc (Ubuntu 11.4.0-1ubuntu1~22.04) 11.4.0 Windows Server 2022 Kernel: 10.0.20348.2031 Compiler: clang 15.0.7, gcc 14.1.0 (MinGW), and MSVC VS 19.39.33521 To view detailed results, visit: https://lab.dpdk.org/results/dashboard/patchsets/33578/ UNH-IOL DPDK Community Lab To manage your email subscriptions, visit: https://lab.dpdk.org/results/dashboard/preferences/subscriptions/