From mboxrd@z Thu Jan 1 00:00:00 1970 Return-Path: Received: from mails.dpdk.org (mails.dpdk.org [217.70.189.124]) by inbox.dpdk.org (Postfix) with ESMTP id 588F146AF5 for ; Sat, 5 Jul 2025 09:11:07 +0200 (CEST) Received: from mails.dpdk.org (localhost [127.0.0.1]) by mails.dpdk.org (Postfix) with ESMTP id 336D040287; Sat, 5 Jul 2025 09:11:07 +0200 (CEST) Received: from mail-oo1-f99.google.com (mail-oo1-f99.google.com [209.85.161.99]) by mails.dpdk.org (Postfix) with ESMTP id 3C16B40287 for ; Sat, 5 Jul 2025 09:11:06 +0200 (CEST) Received: by mail-oo1-f99.google.com with SMTP id 006d021491bc7-61208b548e8so391642eaf.3 for ; Sat, 05 Jul 2025 00:11:06 -0700 (PDT) DKIM-Signature: v=1; a=rsa-sha256; c=relaxed/relaxed; d=iol.unh.edu; s=unh-iol; t=1751699465; x=1752304265; darn=dpdk.org; h=references:in-reply-to:cc:to:from:subject:message-id:date:from:to :cc:subject:date:message-id:reply-to; bh=oKJzdEP99EttHX1/Kmxihz3obV4XC+3dfmPhfJ9gkIA=; b=NklR5RWGPJNvIWVMBDLk0JNsZwbyicbAdjtlJ1syRr9T/0RlqJ8RZ9S8XLjTQgVlKK 4/nexfQ8bTsPBhK3O/DLTUZUuEPzFaB2JuL2d3l8/TRKp5SPjqFKBOJQkuIatETXvbiq lDsAToNJ7KRJJwwlNuUtGCH/vzhrTughaDqH8= X-Google-DKIM-Signature: v=1; a=rsa-sha256; c=relaxed/relaxed; d=1e100.net; s=20230601; t=1751699465; x=1752304265; h=references:in-reply-to:cc:to:from:subject:message-id:date :x-gm-message-state:from:to:cc:subject:date:message-id:reply-to; bh=oKJzdEP99EttHX1/Kmxihz3obV4XC+3dfmPhfJ9gkIA=; b=NyAaM333h1e1TPHAJhcpHQmN85N0M9At47DycNR+M9PUBns27CsBQ8kyDtO9rOia6t KRArSiWuP40YjkOevjio3LayGZFbpVw2zcg3FLBkrNKeBy4HdXnIFQzWuW9nIYdH/nf1 5LX18FXuZ4hCkctDIhjl/PQuTNu9Vu5E6jmth2COZb4VE0RMHSBrdcGBUAZN+iUqqyNT PRF6yosCwgAYTRfCr0+GfdyfNrKZ1xyb/VZFxc5JUT82MMjuemp3yFbPij/+mOesjUGr I1QFHIeqLCrwZOlQWwFLKlyA7Od7Ul1V0W1Hq/MDdaU+c2WzgTc6YIj6OwrZRD8nf0SS wznA== X-Gm-Message-State: AOJu0Yx1MLy8EgI0riV9fva6RVbOqGsdIRA48d3Xi+yJwU50U8DIpE+y qU0SZHg6NQY9cHizSMJxFqX3pcJSdGO2+o83/wKGdpv7yPJfOIqGcuJwMOIZzWaFn7wj9+0Wje3 sR6A5DMDajzxYAELo02bNMY8QWNQ/eOcSL1xbQ8DCj7Us X-Gm-Gg: ASbGnct+FujAlM6eckGkoenUTir8N0KUGQiF+kFy4GGyqBR15+zo54qs8O1L4ElAWlE p+IEhs5lezkVeYXj1ftW/mZs4w5tcRR8oX45oXdiISkhmYOikfl6C0yU3b0qYtQv1Qytv58fO56 8A+9BipQ9MIjpctYGNZUoq+14Gnwa22ULCVuvMYN/tFrN855n/W5FdnI/nj9bib3eat/g38MRD7 sc4FHu8DDGv+1uLG+X1by8J/Rd9kP4N8GFw/AkO131RiP7vbZ4GcKc0B9GNK1i5IKRQzXib4DOL KRlL0pRQ4go3HHPQregE5EukbQjGz5M58HdmrmgkJg/2tMAGvrczSKAUE5POVMN/1SchoA== X-Google-Smtp-Source: AGHT+IFirivrITENazJp4L4ckdn1wIZ4Ssux+KvXyk18KL1wEO1zA0KWbKfbwD9GVk2RhzZhLdoqrFgarhv1 X-Received: by 2002:a05:6871:9d13:b0:29e:5897:e9d1 with SMTP id 586e51a60fabf-2f7b02d9deamr1011513fac.39.1751699465202; Sat, 05 Jul 2025 00:11:05 -0700 (PDT) Received: from postal.iol.unh.edu (postal.iol.unh.edu. [132.177.123.84]) by smtp-relay.gmail.com with ESMTPS id 586e51a60fabf-2f79012674fsm214429fac.36.2025.07.05.00.11.05 (version=TLS1_2 cipher=ECDHE-ECDSA-AES128-GCM-SHA256 bits=128/128); Sat, 05 Jul 2025 00:11:05 -0700 (PDT) X-Relaying-Domain: iol.unh.edu Date: Sat, 05 Jul 2025 00:11:05 -0700 (PDT) Message-ID: <6868d009.050a0220.118070.bd81SMTPIN_ADDED_MISSING@mx.google.com> Received: from [172.21.0.5] (unknown [172.18.0.240]) by postal.iol.unh.edu (Postfix) with ESMTP id A9E5F6051830; Sat, 5 Jul 2025 03:11:04 -0400 (EDT) Subject: |FAILURE| pw154995 [PATCH] [v2] ci: check C++ headers with clang From: dpdklab@iol.unh.edu To: Test Report Cc: dpdk-test-reports@iol.unh.edu, David Marchand In-Reply-To: <20250703082010.2002295-1-david.marchand@redhat.com> References: <20250703082010.2002295-1-david.marchand@redhat.com> Content-Type: text/plain X-BeenThere: test-report@dpdk.org X-Mailman-Version: 2.1.29 Precedence: list List-Id: automatic DPDK test reports List-Unsubscribe: , List-Archive: List-Post: List-Help: List-Subscribe: , Errors-To: test-report-bounces@dpdk.org Test-Label: iol-unit-amd64-testing Test-Status: FAILURE http://dpdk.org/patch/154995 _Testing issues_ Submitter: David Marchand Date: Thursday, July 03 2025 08:20:10 DPDK git baseline: Repo:dpdk Branch: master CommitID:70c2297528e7c7789af452f78de1932e9a20c8a2 154995 --> testing issues Upstream job id: Generic-VM-Unit-Test-DPDK#29741 Test environment and result as below: +-------------------------------+----------------+ | Environment | dpdk_unit_test | +===============================+================+ | CentOS Stream 9 | PASS | +-------------------------------+----------------+ | Debian GNU/Linux 12 | PASS | +-------------------------------+----------------+ | CentOS Stream 10 | PASS | +-------------------------------+----------------+ | Fedora Linux 40 | PASS | +-------------------------------+----------------+ | Fedora Linux 41 | PASS | +-------------------------------+----------------+ | Red Hat Enterprise Linux 8.10 | PASS | +-------------------------------+----------------+ | Ubuntu 20.04 | PASS | +-------------------------------+----------------+ | Red Hat Enterprise Linux 9.5 | PASS | +-------------------------------+----------------+ | Ubuntu 24.04 | PASS | +-------------------------------+----------------+ | Ubuntu 22.04 | PASS | +-------------------------------+----------------+ | Windows Server 2022 | PASS | +-------------------------------+----------------+ CentOS Stream 9 Kernel: 5.15 Compiler: gcc gcc (GCC) 11.5.0 20240719 (Red Hat 11.5.0-7) Debian GNU/Linux 12 Kernel: 5.15 Compiler: gcc gcc (Debian 12.2.0-14+deb12u1) 12.2.0 CentOS Stream 10 Kernel: 5.15 Compiler: gcc gcc (GCC) 14.2.1 20250110 (Red Hat 14.2.1-8) Fedora Linux 40 Kernel: 5.15 Compiler: gcc gcc (GCC) 14.2.1 20240912 (Red Hat 14.2.1-3) Fedora Linux 41 Kernel: 5.15 Compiler: gcc gcc (GCC) 14.3.1 20250523 (Red Hat 14.3.1-1) Red Hat Enterprise Linux 8.10 Kernel: 5.15 Compiler: gcc gcc (GCC) 8.5.0 20210514 (Red Hat 8.5.0-22) Ubuntu 20.04 Kernel: 5.15 Compiler: gcc gcc (Ubuntu 9.4.0-1ubuntu1~20.04.2) 9.4.0 Red Hat Enterprise Linux 9.5 Kernel: 5.15 Compiler: gcc gcc (GCC) 11.5.0 20240719 (Red Hat 11.5.0-2) Ubuntu 24.04 Kernel: 5.15 Compiler: gcc gcc (Ubuntu 13.3.0-6ubuntu2~24.04) 13.3.0 Ubuntu 22.04 Kernel: 5.15 Compiler: gcc gcc (Ubuntu 11.4.0-1ubuntu1~22.04) 11.4.0 Windows Server 2022 Kernel: 10.0.20348.2031 Compiler: clang 15.0.7, gcc 14.1.0 (MinGW), and MSVC VS 19.39.33521 To view detailed results, visit: https://lab.dpdk.org/results/dashboard/patchsets/33578/ UNH-IOL DPDK Community Lab To manage your email subscriptions, visit: https://lab.dpdk.org/results/dashboard/preferences/subscriptions/