automatic DPDK test reports
 help / color / mirror / Atom feed
From: dpdklab@iol.unh.edu
To: Test Report <test-report@dpdk.org>
Cc: dpdk-test-reports@iol.unh.edu
Subject: |SUCCESS| pw155008 [PATCH] mbuf: add new ptype for slow protocols
Date: Sat, 05 Jul 2025 03:01:11 -0700 (PDT)	[thread overview]
Message-ID: <6868f7e7.050a0220.27bb6c.76d2SMTPIN_ADDED_MISSING@mx.google.com> (raw)
In-Reply-To: <20250704084502.237979-1-kuka@cesnet.cz>

Test-Label: iol-unit-arm64-testing
Test-Status: SUCCESS
http://dpdk.org/patch/155008

_Testing PASS_

Submitter: Mario Kuka <kuka@cesnet.cz>
Date: Friday, July 04 2025 08:45:01 
DPDK git baseline: Repo:dpdk
  Branch: master
  CommitID:70c2297528e7c7789af452f78de1932e9a20c8a2

155008 --> testing pass

Upstream job id: Generic-Unit-Test-DPDK#352847

Test environment and result as below:

+------------------------------+------------------------------+--------------+---------------------------+----------------+
|         Environment          | cryptodev_sw_snow3g_autotest | lpm_autotest | cryptodev_sw_zuc_autotest | dpdk_unit_test |
+==============================+==============================+==============+===========================+================+
| Debian 12 (arm)              | PASS                         | SKIPPED      | PASS                      | SKIPPED        |
+------------------------------+------------------------------+--------------+---------------------------+----------------+
| Ubuntu 20.04                 | SKIPPED                      | PASS         | SKIPPED                   | PASS           |
+------------------------------+------------------------------+--------------+---------------------------+----------------+
| CentOS Stream 10             | SKIPPED                      | SKIPPED      | SKIPPED                   | PASS           |
+------------------------------+------------------------------+--------------+---------------------------+----------------+
| CentOS Stream 9              | SKIPPED                      | SKIPPED      | SKIPPED                   | PASS           |
+------------------------------+------------------------------+--------------+---------------------------+----------------+
| Debian GNU/Linux 12          | SKIPPED                      | SKIPPED      | SKIPPED                   | PASS           |
+------------------------------+------------------------------+--------------+---------------------------+----------------+
| Fedora Linux 40              | SKIPPED                      | SKIPPED      | SKIPPED                   | PASS           |
+------------------------------+------------------------------+--------------+---------------------------+----------------+
| Fedora Linux 41              | SKIPPED                      | SKIPPED      | SKIPPED                   | PASS           |
+------------------------------+------------------------------+--------------+---------------------------+----------------+
| Ubuntu 22.04                 | SKIPPED                      | SKIPPED      | SKIPPED                   | PASS           |
+------------------------------+------------------------------+--------------+---------------------------+----------------+
| Ubuntu 24.04                 | SKIPPED                      | SKIPPED      | SKIPPED                   | PASS           |
+------------------------------+------------------------------+--------------+---------------------------+----------------+
| Red Hat Enterprise Linux 9.5 | SKIPPED                      | SKIPPED      | SKIPPED                   | PASS           |
+------------------------------+------------------------------+--------------+---------------------------+----------------+


Debian 12 (arm)
	Kernel: Depends on container host
	Compiler: gcc (Debian 12.2.0-14) 12.2.0

Ubuntu 20.04
	Kernel: 5.4
	Compiler: gcc gcc (Ubuntu 9.4.0-1ubuntu1~20.04.2) 9.4.0

CentOS Stream 10
	Kernel: 5.4
	Compiler: gcc gcc (GCC) 14.2.1 20250110 (Red Hat 14.2.1-8)

CentOS Stream 9
	Kernel: 5.4
	Compiler: gcc gcc (GCC) 11.5.0 20240719 (Red Hat 11.5.0-7)

Debian GNU/Linux 12
	Kernel: 5.4
	Compiler: gcc gcc (Debian 12.2.0-14+deb12u1) 12.2.0

Fedora Linux 40
	Kernel: 5.4
	Compiler: gcc gcc (GCC) 14.2.1 20240912 (Red Hat 14.2.1-3)

Fedora Linux 41
	Kernel: 5.4
	Compiler: clang gcc (GCC) 14.3.1 20250523 (Red Hat 14.3.1-1)

Ubuntu 22.04
	Kernel: 5.4
	Compiler: gcc gcc (Ubuntu 11.4.0-1ubuntu1~22.04) 11.4.0

Ubuntu 24.04
	Kernel: 5.4
	Compiler: gcc gcc (Ubuntu 13.3.0-6ubuntu2~24.04) 13.3.0

Red Hat Enterprise Linux 9.5
	Kernel: 5.4
	Compiler: gcc gcc (GCC) 11.5.0 20240719 (Red Hat 11.5.0-2)

To view detailed results, visit:
https://lab.dpdk.org/results/dashboard/patchsets/33591/

UNH-IOL DPDK Community Lab

To manage your email subscriptions, visit: 
https://lab.dpdk.org/results/dashboard/preferences/subscriptions/

  parent reply	other threads:[~2025-07-05 10:01 UTC|newest]

Thread overview: 26+ messages / expand[flat|nested]  mbox.gz  Atom feed  top
     [not found] <20250704084502.237979-1-kuka@cesnet.cz>
2025-07-04  8:11 ` qemudev
2025-07-04  8:16 ` qemudev
2025-07-04  8:44 ` checkpatch
2025-07-04 10:03 ` 0-day Robot
2025-07-04 23:49 ` dpdklab
2025-07-05  0:13 ` dpdklab
2025-07-05  0:39 ` dpdklab
2025-07-05  0:53 ` |FAILURE| " dpdklab
2025-07-05  1:23 ` |SUCCESS| " dpdklab
2025-07-05  1:33 ` |PENDING| " dpdklab
2025-07-05  1:45 ` |SUCCESS| " dpdklab
2025-07-05  2:01 ` dpdklab
2025-07-05  2:10 ` dpdklab
2025-07-05  2:51 ` dpdklab
2025-07-05  2:59 ` dpdklab
2025-07-05  3:26 ` |FAILURE| " dpdklab
2025-07-05  4:40 ` |PENDING| " dpdklab
2025-07-05  5:45 ` |SUCCESS| " dpdklab
2025-07-05  6:04 ` |PENDING| " dpdklab
2025-07-05  7:47 ` |SUCCESS| " dpdklab
2025-07-05  9:26 ` |PENDING| " dpdklab
2025-07-05 10:01 ` dpdklab [this message]
2025-07-05 12:47 ` |WARNING| " dpdklab
2025-07-05 12:50 ` dpdklab
2025-07-05 12:51 ` dpdklab
2025-07-05 12:58 ` dpdklab

Reply instructions:

You may reply publicly to this message via plain-text email
using any one of the following methods:

* Save the following mbox file, import it into your mail client,
  and reply-to-all from there: mbox

  Avoid top-posting and favor interleaved quoting:
  https://en.wikipedia.org/wiki/Posting_style#Interleaved_style

* Reply using the --to, --cc, and --in-reply-to
  switches of git-send-email(1):

  git send-email \
    --in-reply-to=6868f7e7.050a0220.27bb6c.76d2SMTPIN_ADDED_MISSING@mx.google.com \
    --to=dpdklab@iol.unh.edu \
    --cc=dpdk-test-reports@iol.unh.edu \
    --cc=test-report@dpdk.org \
    /path/to/YOUR_REPLY

  https://kernel.org/pub/software/scm/git/docs/git-send-email.html

* If your mail client supports setting the In-Reply-To header
  via mailto: links, try the mailto: link
Be sure your reply has a Subject: header at the top and a blank line before the message body.
This is a public inbox, see mirroring instructions
for how to clone and mirror all data and code used for this inbox;
as well as URLs for NNTP newsgroup(s).