automatic DPDK test reports
 help / color / mirror / Atom feed
From: dpdklab@iol.unh.edu
To: Test Report <test-report@dpdk.org>
Cc: dpdk-test-reports@iol.unh.edu
Subject: |WARNING| pw154995 [PATCH] [v2] ci: check C++ headers with clang
Date: Sat, 05 Jul 2025 05:46:50 -0700 (PDT)	[thread overview]
Message-ID: <68691eba.630a0220.2be77e.c269SMTPIN_ADDED_MISSING@mx.google.com> (raw)
In-Reply-To: <20250703082010.2002295-1-david.marchand@redhat.com>

Test-Label: iol-compile-amd64-testing
Test-Status: WARNING
http://dpdk.org/patch/154995

_Testing issues_

Submitter: David Marchand <david.marchand@redhat.com>
Date: Thursday, July 03 2025 08:20:10 
DPDK git baseline: Repo:dpdk
  Branch: master
  CommitID:70c2297528e7c7789af452f78de1932e9a20c8a2

154995 --> testing issues

Upstream job id: Generic-DPDK-Compile-Meson#405742

Test environment and result as below:

+-------------------------------+-------------------+--------------------+-------------------------+----------------------+-------------------+------------------+
|          Environment          | dpdk_msvc_compile | dpdk_meson_compile | dpdk_llvm_clang_compile | dpdk_mingw64_compile | dpdk_compile_spdk | dpdk_compile_ovs |
+===============================+===================+====================+=========================+======================+===================+==================+
| Windows Server 2022           | PASS              | SKIPPED            | PASS                    | PASS                 | SKIPPED           | SKIPPED          |
+-------------------------------+-------------------+--------------------+-------------------------+----------------------+-------------------+------------------+
| Ubuntu 20.04                  | SKIPPED           | PASS               | SKIPPED                 | SKIPPED              | SKIPPED           | SKIPPED          |
+-------------------------------+-------------------+--------------------+-------------------------+----------------------+-------------------+------------------+
| CentOS Stream 9               | SKIPPED           | PASS               | SKIPPED                 | SKIPPED              | PASS              | SKIPPED          |
+-------------------------------+-------------------+--------------------+-------------------------+----------------------+-------------------+------------------+
| CentOS Stream 10              | SKIPPED           | PASS               | SKIPPED                 | SKIPPED              | SKIPPED           | SKIPPED          |
+-------------------------------+-------------------+--------------------+-------------------------+----------------------+-------------------+------------------+
| Debian GNU/Linux 12           | SKIPPED           | PASS               | SKIPPED                 | SKIPPED              | PASS              | SKIPPED          |
+-------------------------------+-------------------+--------------------+-------------------------+----------------------+-------------------+------------------+
| Fedora Linux 40               | SKIPPED           | PASS               | SKIPPED                 | SKIPPED              | PASS              | SKIPPED          |
+-------------------------------+-------------------+--------------------+-------------------------+----------------------+-------------------+------------------+
| openSUSE Leap 15.6            | SKIPPED           | PASS               | SKIPPED                 | SKIPPED              | SKIPPED           | SKIPPED          |
+-------------------------------+-------------------+--------------------+-------------------------+----------------------+-------------------+------------------+
| Red Hat Enterprise Linux 8.10 | SKIPPED           | PASS               | SKIPPED                 | SKIPPED              | SKIPPED           | SKIPPED          |
+-------------------------------+-------------------+--------------------+-------------------------+----------------------+-------------------+------------------+
| Red Hat Enterprise Linux 9.5  | SKIPPED           | PASS               | SKIPPED                 | SKIPPED              | SKIPPED           | SKIPPED          |
+-------------------------------+-------------------+--------------------+-------------------------+----------------------+-------------------+------------------+
| Ubuntu 22.04                  | SKIPPED           | PASS               | SKIPPED                 | SKIPPED              | PASS              | SKIPPED          |
+-------------------------------+-------------------+--------------------+-------------------------+----------------------+-------------------+------------------+
| Ubuntu 24.04                  | SKIPPED           | PASS               | SKIPPED                 | SKIPPED              | PASS              | PASS             |
+-------------------------------+-------------------+--------------------+-------------------------+----------------------+-------------------+------------------+
| Alpine Linux 3.22.0           | SKIPPED           | PASS               | SKIPPED                 | SKIPPED              | SKIPPED           | SKIPPED          |
+-------------------------------+-------------------+--------------------+-------------------------+----------------------+-------------------+------------------+
| Fedora Linux 41               | SKIPPED           | PEND               | SKIPPED                 | SKIPPED              | PEND              | PEND             |
+-------------------------------+-------------------+--------------------+-------------------------+----------------------+-------------------+------------------+


Windows Server 2022
	Kernel: 10.0.20348.2031
	Compiler: clang 15.0.7, gcc 14.1.0 (MinGW), and MSVC VS 19.39.33521

Ubuntu 20.04
	Kernel: 4.19
	Compiler: gcc gcc (Ubuntu 9.4.0-1ubuntu1~20.04.2) 9.4.0

CentOS Stream 9
	Kernel: 5.15
	Compiler: gcc gcc (GCC) 11.5.0 20240719 (Red Hat 11.5.0-7)

CentOS Stream 10
	Kernel: 5.15
	Compiler: gcc gcc (GCC) 14.2.1 20250110 (Red Hat 14.2.1-8)

Debian GNU/Linux 12
	Kernel: 5.15
	Compiler: gcc gcc (Debian 12.2.0-14+deb12u1) 12.2.0

Fedora Linux 40
	Kernel: 5.15
	Compiler: clang gcc (GCC) 14.2.1 20240912 (Red Hat 14.2.1-3)

openSUSE Leap 15.6
	Kernel: 5.15
	Compiler: gcc gcc (SUSE Linux) 7.5.0

Red Hat Enterprise Linux 8.10
	Kernel: 5.15
	Compiler: gcc gcc (GCC) 8.5.0 20210514 (Red Hat 8.5.0-22)

Red Hat Enterprise Linux 9.5
	Kernel: 5.15
	Compiler: gcc gcc (GCC) 11.5.0 20240719 (Red Hat 11.5.0-2)

Ubuntu 22.04
	Kernel: 5.15
	Compiler: gcc gcc (Ubuntu 11.4.0-1ubuntu1~22.04) 11.4.0

Ubuntu 24.04
	Kernel: 5.15
	Compiler: gcc gcc (Ubuntu 13.3.0-6ubuntu2~24.04) 13.3.0

Alpine Linux 3.22.0
	Kernel: 5.15
	Compiler: gcc gcc (Alpine 14.2.0) 14.2.0

Fedora Linux 41
	Kernel: 5.15
	Compiler: gcc gcc (GCC) 14.3.1 20250523 (Red Hat 14.3.1-1)

To view detailed results, visit:
https://lab.dpdk.org/results/dashboard/patchsets/33578/

UNH-IOL DPDK Community Lab

To manage your email subscriptions, visit: 
https://lab.dpdk.org/results/dashboard/preferences/subscriptions/

  parent reply	other threads:[~2025-07-05 12:46 UTC|newest]

Thread overview: 23+ messages / expand[flat|nested]  mbox.gz  Atom feed  top
     [not found] <20250703082010.2002295-1-david.marchand@redhat.com>
2025-07-03  7:52 ` |SUCCESS| pw154995 [PATCH v2] " qemudev
2025-07-03  7:57 ` qemudev
2025-07-03  8:19 ` checkpatch
2025-07-03  9:43 ` 0-day Robot
2025-07-05  1:08 ` |SUCCESS| pw154995 [PATCH] [v2] " dpdklab
2025-07-05  1:10 ` |FAILURE| " dpdklab
2025-07-05  1:37 ` |PENDING| " dpdklab
2025-07-05  1:45 ` |SUCCESS| " dpdklab
2025-07-05  1:49 ` |PENDING| " dpdklab
2025-07-05  2:18 ` |SUCCESS| " dpdklab
2025-07-05  2:26 ` dpdklab
2025-07-05  3:18 ` |PENDING| " dpdklab
2025-07-05  3:38 ` |SUCCESS| " dpdklab
2025-07-05  4:13 ` |FAILURE| " dpdklab
2025-07-05  5:44 ` dpdklab
2025-07-05  6:14 ` dpdklab
2025-07-05  7:11 ` dpdklab
2025-07-05  9:22 ` |SUCCESS| " dpdklab
2025-07-05 10:09 ` dpdklab
2025-07-05 12:45 ` |WARNING| " dpdklab
2025-07-05 12:46 ` dpdklab [this message]
2025-07-05 13:10 ` dpdklab
2025-07-05 15:35 ` |SUCCESS| " dpdklab

Reply instructions:

You may reply publicly to this message via plain-text email
using any one of the following methods:

* Save the following mbox file, import it into your mail client,
  and reply-to-all from there: mbox

  Avoid top-posting and favor interleaved quoting:
  https://en.wikipedia.org/wiki/Posting_style#Interleaved_style

* Reply using the --to, --cc, and --in-reply-to
  switches of git-send-email(1):

  git send-email \
    --in-reply-to=68691eba.630a0220.2be77e.c269SMTPIN_ADDED_MISSING@mx.google.com \
    --to=dpdklab@iol.unh.edu \
    --cc=dpdk-test-reports@iol.unh.edu \
    --cc=test-report@dpdk.org \
    /path/to/YOUR_REPLY

  https://kernel.org/pub/software/scm/git/docs/git-send-email.html

* If your mail client supports setting the In-Reply-To header
  via mailto: links, try the mailto: link
Be sure your reply has a Subject: header at the top and a blank line before the message body.
This is a public inbox, see mirroring instructions
for how to clone and mirror all data and code used for this inbox;
as well as URLs for NNTP newsgroup(s).