automatic DPDK test reports
 help / color / mirror / Atom feed
From: dpdklab@iol.unh.edu
To: Test Report <test-report@dpdk.org>
Cc: dpdk-test-reports@iol.unh.edu
Subject: |PENDING| pw155019 [PATCH] [v2] event/dlb2: add support for stop and
Date: Sat, 05 Jul 2025 12:31:53 -0700 (PDT)	[thread overview]
Message-ID: <68697da9.050a0220.1a313d.e988SMTPIN_ADDED_MISSING@mx.google.com> (raw)
In-Reply-To: <20250705184752.925174-1-pravin.pathak@intel.com>

Test-Label: iol-sample-apps-testing
Test-Status: PENDING
http://dpdk.org/patch/155019

_Testing pending_

Submitter: Pravin Pathak <pravin.pathak@intel.com>
Date: Saturday, July 05 2025 18:47:52 
DPDK git baseline: Repo:dpdk
  Branch: master
  CommitID:780a078533fe65635afefb9be8580853476676e5

155019 --> testing pending

Upstream job id: Template-DTS-Pipeline#235288

Test environment and result as below:

+--------------+----------------------+----------------------+
| Environment  | dpdk_fips_validation | compressdev_zlib_pmd |
+==============+======================+======================+
| Ubuntu 20.04 | PEND                 | SKIPPED              |
+--------------+----------------------+----------------------+
| Ubuntu 22.04 | SKIPPED              | PASS                 |
+--------------+----------------------+----------------------+


Ubuntu 20.04
	Kernel: 5.15
	Compiler: gcc gcc (Ubuntu 9.4.0-1ubuntu1~20.04.2) 9.4.0

Ubuntu 22.04
	Kernel: 5.15
	Compiler: gcc gcc (Ubuntu 11.4.0-1ubuntu1~22.04) 11.4.0

To view detailed results, visit:
https://lab.dpdk.org/results/dashboard/patchsets/33599/

UNH-IOL DPDK Community Lab

To manage your email subscriptions, visit: 
https://lab.dpdk.org/results/dashboard/preferences/subscriptions/

  parent reply	other threads:[~2025-07-05 19:31 UTC|newest]

Thread overview: 25+ messages / expand[flat|nested]  mbox.gz  Atom feed  top
     [not found] <20250705184752.925174-1-pravin.pathak@intel.com>
2025-07-05 18:31 ` |SUCCESS| pw155019 [PATCH v2] event/dlb2: add support for stop and restart dlb device qemudev
2025-07-05 18:36 ` qemudev
2025-07-05 18:48 ` |WARNING| " checkpatch
2025-07-05 19:23 ` |PENDING| pw155019 [PATCH] [v2] event/dlb2: add support for stop and dpdklab
2025-07-05 19:25 ` |SUCCESS| " dpdklab
2025-07-05 19:31 ` dpdklab [this message]
2025-07-05 19:34 ` |PENDING| " dpdklab
2025-07-05 19:42 ` |SUCCESS| " dpdklab
2025-07-05 19:43 ` dpdklab
2025-07-05 19:46 ` |PENDING| " dpdklab
2025-07-05 20:03 ` |SUCCESS| pw155019 [PATCH v2] event/dlb2: add support for stop and restart dlb device 0-day Robot
2025-07-05 20:08 ` |PENDING| pw155019 [PATCH] [v2] event/dlb2: add support for stop and dpdklab
2025-07-05 20:11 ` |WARNING| " dpdklab
2025-07-05 20:26 ` |FAILURE| " dpdklab
2025-07-05 20:59 ` |SUCCESS| " dpdklab
2025-07-05 21:08 ` dpdklab
2025-07-05 21:08 ` dpdklab
2025-07-05 21:10 ` dpdklab
2025-07-05 21:10 ` |WARNING| " dpdklab
2025-07-05 21:11 ` dpdklab
2025-07-05 21:11 ` dpdklab
2025-07-05 21:11 ` dpdklab
2025-07-05 21:11 ` dpdklab
2025-07-05 21:12 ` dpdklab
2025-07-05 22:56 ` |SUCCESS| " dpdklab

Reply instructions:

You may reply publicly to this message via plain-text email
using any one of the following methods:

* Save the following mbox file, import it into your mail client,
  and reply-to-all from there: mbox

  Avoid top-posting and favor interleaved quoting:
  https://en.wikipedia.org/wiki/Posting_style#Interleaved_style

* Reply using the --to, --cc, and --in-reply-to
  switches of git-send-email(1):

  git send-email \
    --in-reply-to=68697da9.050a0220.1a313d.e988SMTPIN_ADDED_MISSING@mx.google.com \
    --to=dpdklab@iol.unh.edu \
    --cc=dpdk-test-reports@iol.unh.edu \
    --cc=test-report@dpdk.org \
    /path/to/YOUR_REPLY

  https://kernel.org/pub/software/scm/git/docs/git-send-email.html

* If your mail client supports setting the In-Reply-To header
  via mailto: links, try the mailto: link
Be sure your reply has a Subject: header at the top and a blank line before the message body.
This is a public inbox, see mirroring instructions
for how to clone and mirror all data and code used for this inbox;
as well as URLs for NNTP newsgroup(s).