From mboxrd@z Thu Jan 1 00:00:00 1970 Return-Path: Received: from mails.dpdk.org (mails.dpdk.org [217.70.189.124]) by inbox.dpdk.org (Postfix) with ESMTP id C69A946B0D for ; Sat, 5 Jul 2025 22:26:29 +0200 (CEST) Received: from mails.dpdk.org (localhost [127.0.0.1]) by mails.dpdk.org (Postfix) with ESMTP id AD42E4025F; Sat, 5 Jul 2025 22:26:29 +0200 (CEST) Received: from mail-qv1-f98.google.com (mail-qv1-f98.google.com [209.85.219.98]) by mails.dpdk.org (Postfix) with ESMTP id 87CC14025F for ; Sat, 5 Jul 2025 22:26:28 +0200 (CEST) Received: by mail-qv1-f98.google.com with SMTP id 6a1803df08f44-6fabb948e5aso26931496d6.1 for ; Sat, 05 Jul 2025 13:26:28 -0700 (PDT) DKIM-Signature: v=1; a=rsa-sha256; c=relaxed/relaxed; d=iol.unh.edu; s=unh-iol; t=1751747188; x=1752351988; darn=dpdk.org; h=references:in-reply-to:cc:to:from:subject:message-id:date:from:to :cc:subject:date:message-id:reply-to; bh=tIUgR2gRO6h1RmiW9L82ysjIcTP3y+y1l0/8m8yjwWU=; b=Tb/7bxY/NfWOQmAlRkrZhh88cAbfLF5hHTGAwPlab8RWMbWtiRhE+5nrUZbufIBsef f9KAby1O0/YTfEJu77CZf5aMNgmRM7I3uqq8ySk1Ob820YEJ4qvEXQluRhZsIIrQD5/5 WvbKqQaFibh7GdGViK4Q/+8X7WcZkR2hDl+lY= X-Google-DKIM-Signature: v=1; a=rsa-sha256; c=relaxed/relaxed; d=1e100.net; s=20230601; t=1751747188; x=1752351988; h=references:in-reply-to:cc:to:from:subject:message-id:date :x-gm-message-state:from:to:cc:subject:date:message-id:reply-to; bh=tIUgR2gRO6h1RmiW9L82ysjIcTP3y+y1l0/8m8yjwWU=; b=ho5RplRBcQy2JVUAL9FwOA3Q+B8YeqMyqrQEctChrYOkuFPltCsBU7i/Hn5tv2qohv Dmj6vlp7516W6yMyGgSI/XMJKB6rt7znDdYkQvhKWTPKCftf4P9oGEon41luE7w1UKYI vhmhF8tEwsVt/xIZT2QQuGpL7RX9t8LjI2oXNUWC8kwukZewkt/4JQeuInXtBRx0mxt7 nniMJya2iU2UkKGsDngjyNpEnBQevaovEIuGQnAw7/bVUQaQ1yCsmXcTYjPqfsFt91RG edIX2sfBYdEassjKDhb7ejUMNosR+fWzot07fgYOFNCpjjPaiFX1jS0HZJaN9cfnBYLz Bi8g== X-Gm-Message-State: AOJu0YxdaNB3AU5PZMXcek3z/S8oCfMamUVGEs7S3RCQVUZoKMRIcSGS XZ1TX8z8LrkfAfu4lybppHXCzo1cI0P0SyO5K05j6Q+DdBSkWtZP8baDqCua5tBPlFHf+vc9sEO csOQlGBQRXYOLpyVm/uGzWALPo7etsoo5YW8RuN76ZnDl X-Gm-Gg: ASbGnctMQfvS7njJ8wtLGHZ4+jPrTL0Dq8XPNaLV+fd1BajsVpXJJgGlSHSoT+vZV8n A6uANioZvmqGO2zwwV722Gk0L/1oTj9PVBfeI52u0YPD7203157Cz2Ob1t+6xkZY0OT19f//yYL JdTPK5I3dBhOTTvodQ3V0IDmcfpmeDyEbZCs47wRsPok40FXPCWwr8wlcnmr1RlL56C7lGPEzkf KSTh9RiduTBT/bfjCKn/upnolhdqO9pYGWGDyC73yPn2D5yGwveNjRZpuWVkGTvelGaWwILAaJM 7p9Dg9etrrt0xIje+Doy/MpG4cVtTehR7NlmcFlFa18ZoTQf0E8mHPcAJLQRWKcZyzMqUw== X-Google-Smtp-Source: AGHT+IEbzaZ3CJvsu8+ai0FMiHQfYjnWlcY3Poxs7w9g+Z7eSHHGAEQL3BFAQLzCUl3urkCCGvxlwmOTE7nx X-Received: by 2002:a05:6214:4102:b0:702:d6e2:5bbe with SMTP id 6a1803df08f44-702d6e25ca3mr31273916d6.4.1751747187774; Sat, 05 Jul 2025 13:26:27 -0700 (PDT) Received: from postal.iol.unh.edu (postal.iol.unh.edu. [132.177.123.84]) by smtp-relay.gmail.com with ESMTPS id 6a1803df08f44-702c4cca425sm2222236d6.22.2025.07.05.13.26.27 (version=TLS1_2 cipher=ECDHE-ECDSA-AES128-GCM-SHA256 bits=128/128); Sat, 05 Jul 2025 13:26:27 -0700 (PDT) X-Relaying-Domain: iol.unh.edu Date: Sat, 05 Jul 2025 13:26:27 -0700 (PDT) Message-ID: <68698a73.050a0220.3e807.b88bSMTPIN_ADDED_MISSING@mx.google.com> Received: from [172.21.0.8] (unknown [172.18.0.240]) by postal.iol.unh.edu (Postfix) with ESMTP id 741566051830; Sat, 5 Jul 2025 16:26:27 -0400 (EDT) Subject: |FAILURE| pw155019 [PATCH] [v2] event/dlb2: add support for stop and From: dpdklab@iol.unh.edu To: Test Report Cc: dpdk-test-reports@iol.unh.edu, Pravin Pathak In-Reply-To: <20250705184752.925174-1-pravin.pathak@intel.com> References: <20250705184752.925174-1-pravin.pathak@intel.com> Content-Type: text/plain X-BeenThere: test-report@dpdk.org X-Mailman-Version: 2.1.29 Precedence: list List-Id: automatic DPDK test reports List-Unsubscribe: , List-Archive: List-Post: List-Help: List-Subscribe: , Errors-To: test-report-bounces@dpdk.org Test-Label: iol-unit-amd64-testing Test-Status: FAILURE http://dpdk.org/patch/155019 _Testing issues_ Submitter: Pravin Pathak Date: Saturday, July 05 2025 18:47:52 DPDK git baseline: Repo:dpdk Branch: master CommitID:780a078533fe65635afefb9be8580853476676e5 155019 --> testing issues Upstream job id: Generic-Unit-Test-DPDK#352962 Test environment and result as below: +-------------------------------+----------------+ | Environment | dpdk_unit_test | +===============================+================+ | CentOS Stream 9 | PASS | +-------------------------------+----------------+ | Red Hat Enterprise Linux 9.5 | PASS | +-------------------------------+----------------+ | CentOS Stream 10 | PASS | +-------------------------------+----------------+ | Debian GNU/Linux 12 | FAIL | +-------------------------------+----------------+ | Fedora Linux 40 | PASS | +-------------------------------+----------------+ | Red Hat Enterprise Linux 8.10 | PASS | +-------------------------------+----------------+ | Fedora Linux 41 | PASS | +-------------------------------+----------------+ | Ubuntu 22.04 | PASS | +-------------------------------+----------------+ | Ubuntu 24.04 | PASS | +-------------------------------+----------------+ | Ubuntu 20.04 | PASS | +-------------------------------+----------------+ | Windows Server 2022 | PASS | +-------------------------------+----------------+ ==== Unit test summary for Debian GNU/Linux 12 (dpdk_unit_test): ==== ninja: Entering directory `/root/workspace/Generic-Unit-Test-DPDK/dpdk/build' ninja: no work to do. 1/121 DPDK:fast-tests / acl_autotest OK 2.70s 2/121 DPDK:fast-tests / alarm_autotest OK 1.19s 3/121 DPDK:fast-tests / argparse_autotest OK 0.18s 4/121 DPDK:fast-tests / atomic_autotest OK 0.39s 5/121 DPDK:fast-tests / bitcount_autotest OK 0.19s 6/121 DPDK:fast-tests / bitmap_autotest OK 0.19s 7/121 DPDK:fast-tests / bitops_autotest OK 1.68s 8/121 DPDK:fast-tests / bitratestats_autotest OK 0.19s 9/121 DPDK:fast-tests / bitset_autotest OK 1.35s 10/121 DPDK:fast-tests / bpf_autotest OK 0.18s 11/121 DPDK:fast-tests / bpf_convert_autotest OK 0.19s 12/121 DPDK:fast-tests / byteorder_autotest OK 0.19s 13/121 DPDK:fast-tests / cfgfile_autotest OK 0.19s 14/121 DPDK:fast-tests / cksum_autotest OK 0.19s 15/121 DPDK:fast-tests / cmdline_autotest OK 0.19s 16/121 DPDK:fast-tests / common_autotest OK 0.52s 17/121 DPDK:fast-tests / compressdev_autotest SKIP 0.17s exit status 77 18/121 DPDK:fast-tests / cpuflags_autotest OK 0.19s 19/121 DPDK:fast-tests / crc_autotest OK 0.19s 20/121 DPDK:fast-tests / user_delay_us OK 0.19s 21/121 DPDK:fast-tests / debug_autotest OK 0.42s 22/121 DPDK:fast-tests / devargs_autotest OK 0.19s 23/121 DPDK:fast-tests / dispatcher_autotest SKIP 0.16s exit status 77 24/121 DPDK:fast-tests / distributor_autotest OK 0.87s 25/121 DPDK:fast-tests / eal_flags_c_opt_autotest OK 1.08s 26/121 DPDK:fast-tests / eal_flags_main_opt_autotest OK 0.38s 27/121 DPDK:fast-tests / eal_flags_n_opt_autotest OK 0.54s 28/121 DPDK:fast-tests / eal_flags_hpet_autotest OK 0.24s 29/121 DPDK:fast-tests / eal_flags_no_huge_autotest OK 0.57s 30/121 DPDK:fast-tests / eal_flags_a_opt_autotest OK 0.49s 31/121 DPDK:fast-tests / eal_flags_b_opt_autotest OK 0.41s 32/121 DPDK:fast-tests / eal_flags_vdev_opt_autotest OK 0.62s 33/121 DPDK:fast-tests / eal_flags_r_opt_autotest OK 0.33s 34/121 DPDK:fast-tests / eal_flags_mem_autotest OK 0.85s 35/121 DPDK:fast-tests / eal_flags_file_prefix_autotest OK 2.26s 36/121 DPDK:fast-tests / eal_flags_misc_autotest OK 2.43s 37/121 DPDK:fast-tests / eal_fs_autotest OK 0.23s 38/121 DPDK:fast-tests / errno_autotest OK 0.19s 39/121 DPDK:fast-tests / ethdev_link_status OK 0.19s 40/121 DPDK:fast-tests / event_eth_tx_adapter_autotest OK 0.50s 41/121 DPDK:fast-tests / event_ring_autotest OK 0.21s 42/121 DPDK:fast-tests / event_vector_adapter_autotest FAIL 0.71s (exit status 255 or signal 127 SIGinvalid) >>> MALLOC_PERTURB_=2 DPDK_TEST=event_vector_adapter_autotest /root/workspace/Generic-Unit-Test-DPDK/dpdk/build/app/dpdk-test --no-huge -m 2048 43/121 DPDK:fast-tests / eventdev_common_autotest OK 0.20s 44/121 DPDK:fast-tests / eventdev_selftest_sw OK 0.25s 45/121 DPDK:fast-tests / fbarray_autotest OK 0.19s 46/121 DPDK:fast-tests / fib_autotest OK 1.11s 47/121 DPDK:fast-tests / fib6_autotest OK 0.65s 48/121 DPDK:fast-tests / func_reentrancy_autotest OK 0.55s 49/121 DPDK:fast-tests / graph_autotest OK 0.19s 50/121 DPDK:fast-tests / node_list_dump OK 0.19s 51/121 DPDK:fast-tests / graph_feature_arc_autotest OK 0.19s 52/121 DPDK:fast-tests / hash_autotest OK 0.31s 53/121 DPDK:fast-tests / hash_readwrite_func_autotest SKIP 0.16s exit status 77 54/121 DPDK:fast-tests / interrupt_autotest OK 1.22s 55/121 DPDK:fast-tests / ipfrag_autotest OK 0.16s 56/121 DPDK:fast-tests / ipsec_autotest SKIP 0.20s exit status 77 57/121 DPDK:fast-tests / kvargs_autotest OK 0.20s 58/121 DPDK:fast-tests / latencystats_autotest OK 0.23s 59/121 DPDK:fast-tests / lcore_var_autotest OK 0.38s 60/121 DPDK:fast-tests / lcores_autotest OK 1.75s 61/121 DPDK:fast-tests / logs_autotest OK 0.31s 62/121 DPDK:fast-tests / lpm_autotest OK 2.71s 63/121 DPDK:fast-tests / lpm6_autotest OK 4.79s 64/121 DPDK:fast-tests / malloc_autotest OK 0.48s 65/121 DPDK:fast-tests / mbuf_autotest OK 0.19s 66/121 DPDK:fast-tests / mcslock_autotest OK 0.45s 67/121 DPDK:fast-tests / member_autotest OK 0.83s 68/121 DPDK:fast-tests / memcpy_autotest OK 2.08s 69/121 DPDK:fast-tests / memory_autotest OK 0.16s 70/121 DPDK:fast-tests / mempool_autotest OK 0.46s 71/121 DPDK:fast-tests / memzone_autotest OK 0.16s 72/121 DPDK:fast-tests / meter_autotest OK 0.20s 73/121 DPDK:fast-tests / metrics_autotest OK 0.19s 74/121 DPDK:fast-tests / multiprocess_autotest OK 0.32s 75/121 DPDK:fast-tests / net_ether_autotest OK 0.51s 76/121 DPDK:fast-tests / net_ipv6_autotest OK 0.19s 77/121 DPDK:fast-tests / pcapng_autotest OK 6.43s 78/121 DPDK:fast-tests / pdcp_autotest SKIP 0.16s exit status 77 79/121 DPDK:fast-tests / pdump_autotest OK 0.36s 80/121 DPDK:fast-tests / per_lcore_autotest OK 0.30s 81/121 DPDK:fast-tests / pflock_autotest OK 0.29s 82/121 DPDK:fast-tests / pie_autotest OK 0.19s 83/121 DPDK:fast-tests / ring_pmd_autotest OK 0.19s 84/121 DPDK:fast-tests / power_autotest OK 0.19s 85/121 DPDK:fast-tests / power_cpufreq_autotest SKIP 0.16s exit status 77 86/121 DPDK:fast-tests / power_intel_uncore_autotest SKIP 0.19s exit status 77 87/121 DPDK:fast-tests / power_kvm_vm_autotest SKIP 0.16s exit status 77 88/121 DPDK:fast-tests / prefetch_autotest OK 0.20s 89/121 DPDK:fast-tests / ptr_compress_autotest OK 0.19s 90/121 DPDK:fast-tests / rawdev_autotest OK 0.19s 91/121 DPDK:fast-tests / rcu_qsbr_autotest OK 0.29s 92/121 DPDK:fast-tests / reorder_autotest OK 0.34s 93/121 DPDK:fast-tests / rib_autotest OK 5.71s 94/121 DPDK:fast-tests / rib6_autotest OK 4.57s 95/121 DPDK:fast-tests / ring_autotest OK 0.25s 96/121 DPDK:fast-tests / rwlock_test1_autotest OK 0.30s 97/121 DPDK:fast-tests / rwlock_rda_autotest OK 5.24s 98/121 DPDK:fast-tests / rwlock_rds_wrm_autotest OK 5.24s 99/121 DPDK:fast-tests / rwlock_rde_wro_autotest OK 5.24s 100/121 DPDK:fast-tests / sched_autotest OK 0.19s 101/121 DPDK:fast-tests / security_autotest OK 0.17s 102/121 DPDK:fast-tests / seqlock_autotest SKIP 0.20s exit status 77 103/121 DPDK:fast-tests / service_autotest OK 0.38s 104/121 DPDK:fast-tests / soring_autotest OK 0.19s 105/121 DPDK:fast-tests / spinlock_autotest OK 0.21s 106/121 DPDK:fast-tests / stack_autotest OK 0.20s 107/121 DPDK:fast-tests / stack_lf_autotest OK 0.23s 108/121 DPDK:fast-tests / string_autotest OK 0.19s 109/121 DPDK:fast-tests / table_autotest OK 5.56s 110/121 DPDK:fast-tests / tailq_autotest OK 0.19s 111/121 DPDK:fast-tests / telemetry_data_autotest OK 0.19s 112/121 DPDK:fast-tests / telemetry_json_autotest OK 0.18s 113/121 DPDK:fast-tests / thash_autotest OK 0.21s 114/121 DPDK:fast-tests / threads_autotest OK 0.35s 115/121 DPDK:fast-tests / ticketlock_autotest OK 0.20s 116/121 DPDK:fast-tests / timer_autotest OK 2.50s 117/121 DPDK:fast-tests / trace_autotest OK 0.20s 118/121 DPDK:fast-tests / trace_autotest_with_traces OK 0.20s 119/121 DPDK:fast-tests / vdev_autotest OK 0.19s 120/121 DPDK:fast-tests / version_autotest OK 0.19s 121/121 DPDK:fast-tests / telemetry_all SKIP 0.01s exit status 77 Ok: 110 Expected Fail: 0 Fail: 1 Unexpected Pass: 0 Skipped: 10 Timeout: 0 Full log written to /root/workspace/Generic-Unit-Test-DPDK/dpdk/build/meson-logs/testlog.txt Test log output from the failed test event_vector_adapter_autotest: Sorry, we were not able to find the logs for this test. Download the log output from the CI site for this test run. ==== End log output ==== CentOS Stream 9 Kernel: 5.15 Compiler: gcc gcc (GCC) 11.5.0 20240719 (Red Hat 11.5.0-7) Red Hat Enterprise Linux 9.5 Kernel: 5.15 Compiler: gcc gcc (GCC) 11.5.0 20240719 (Red Hat 11.5.0-2) CentOS Stream 10 Kernel: 5.15 Compiler: gcc gcc (GCC) 14.2.1 20250110 (Red Hat 14.2.1-8) Debian GNU/Linux 12 Kernel: 5.15 Compiler: gcc gcc (Debian 12.2.0-14+deb12u1) 12.2.0 Fedora Linux 40 Kernel: 5.15 Compiler: gcc gcc (GCC) 14.2.1 20240912 (Red Hat 14.2.1-3) Red Hat Enterprise Linux 8.10 Kernel: 5.15 Compiler: gcc gcc (GCC) 8.5.0 20210514 (Red Hat 8.5.0-22) Fedora Linux 41 Kernel: 5.15 Compiler: clang gcc (GCC) 14.3.1 20250523 (Red Hat 14.3.1-1) Ubuntu 22.04 Kernel: 5.15 Compiler: gcc gcc (Ubuntu 11.4.0-1ubuntu1~22.04) 11.4.0 Ubuntu 24.04 Kernel: 5.15 Compiler: gcc gcc (Ubuntu 13.3.0-6ubuntu2~24.04) 13.3.0 Ubuntu 20.04 Kernel: 5.15 Compiler: gcc gcc (Ubuntu 9.4.0-1ubuntu1~20.04.2) 9.4.0 Windows Server 2022 Kernel: 10.0.20348.2031 Compiler: clang 15.0.7, gcc 14.1.0 (MinGW), and MSVC VS 19.39.33521 To view detailed results, visit: https://lab.dpdk.org/results/dashboard/patchsets/33599/ UNH-IOL DPDK Community Lab To manage your email subscriptions, visit: https://lab.dpdk.org/results/dashboard/preferences/subscriptions/