From mboxrd@z Thu Jan 1 00:00:00 1970 Return-Path: Received: from mails.dpdk.org (mails.dpdk.org [217.70.189.124]) by inbox.dpdk.org (Postfix) with ESMTP id 531FE46B0D for ; Sat, 5 Jul 2025 22:57:08 +0200 (CEST) Received: from mails.dpdk.org (localhost [127.0.0.1]) by mails.dpdk.org (Postfix) with ESMTP id 4E6CB4025F; Sat, 5 Jul 2025 22:57:08 +0200 (CEST) Received: from mail-il1-f226.google.com (mail-il1-f226.google.com [209.85.166.226]) by mails.dpdk.org (Postfix) with ESMTP id C262C4025F for ; Sat, 5 Jul 2025 22:57:06 +0200 (CEST) Received: by mail-il1-f226.google.com with SMTP id e9e14a558f8ab-3de18fde9cfso11365665ab.3 for ; Sat, 05 Jul 2025 13:57:06 -0700 (PDT) DKIM-Signature: v=1; a=rsa-sha256; c=relaxed/relaxed; d=iol.unh.edu; s=unh-iol; t=1751749026; x=1752353826; darn=dpdk.org; h=references:in-reply-to:cc:to:from:subject:message-id:date:from:to :cc:subject:date:message-id:reply-to; bh=FMH8o7kb/xquoafmONvxYlkIpwU1Kj/BP5oE9U3BQi8=; b=Qa1l0N5Xt3T/vCpHzRERTOrTaGEe20dOxurq5s6ZJgqAC6OdPdxCb82AaOXBXw14JU JYk921eFYnCj599mwxayl9s9qLB6VfzI7+QzhMEYXbvrGO9eYyj++VqqiN+BTbM2yIK3 0KVuxwSR2ioAisi6Sw33+7Up/V6xWFHcFYXpY= X-Google-DKIM-Signature: v=1; a=rsa-sha256; c=relaxed/relaxed; d=1e100.net; s=20230601; t=1751749026; x=1752353826; h=references:in-reply-to:cc:to:from:subject:message-id:date :x-gm-message-state:from:to:cc:subject:date:message-id:reply-to; bh=FMH8o7kb/xquoafmONvxYlkIpwU1Kj/BP5oE9U3BQi8=; b=JG66ZnCwL6oT3larBphK3wYqIN/jWLrNUIW92V7ZtUIgNIkDjlj9FXm8v70FzP92ur PRuGehZzK1inQOpKhw16aLSQM2scRr2+7btGBq1ZshGwh2YExfCcP2OgfcMBW9+oEiSk B5+p5ay2Po/jhQqNL6wjTnbojXOBRRJ4L2exGDlzYp5VEax9foLWNOobna8yx/BxjQiC Hs061Z9vYA4YRR52lvUSYpxHDnIHqhhnZlQHbvKkj8PkGtF9QVAd4snzf8UMsyHR1+03 M5NadIcL7aESDd4BCSE88EVofYeJvjY2TssuVbHoCHKnSFVmko9kSiX/a8sZlF18csR7 9Qww== X-Gm-Message-State: AOJu0YyONg20ST7i97WaRvZlKHqVNYf4ry8C7Rx7ulGytIvwvIJI+b3G QDWzWhbRDxOI9P4GM94rY452nnDdkqbXKo6uEfoSKW+kV4eOyjNaA6FkafJEkd+OwjtYNM9fzV0 kRB7DeXCWIYjTlm31FrE/7pPAyjrpy6bfoq1i2qTZuMCx X-Gm-Gg: ASbGnctOd6+9bEiBsy0wD+nd8FD7jzIYfNv8Vhh2W137QJhbN9ooLUhjg4fAPACpn0s 5L8a1dhVNkc5/g12HQXqbobvufur9RXXmKVZVLk7c87HUnjbkZguQcA8hHxdsvj4olqmgettJj/ tS1uyP/Fv5+dKq2GNR9XUFd0sCO37nbsLPU3j1uY65wrPhERkIauxy5WsBVZ0k9PYpfh9D9fWrg Tnu+wJRu94E36ihyU8sTA5muZuh8g+Lf33TpoJyS5i8TkPbOK3pGzLg6LCPJ6Y9iBDtbKsphZYr yOwcH6qwO/XM8yphPDZ9PfH81oNsTrIWdqBMzqa/q7STsomAge+ul7TUg4Cq2yUZREEtjQ== X-Google-Smtp-Source: AGHT+IHMNjibuU3Htnvfl/HsdLR+cMYXd5C321jx/S6EyDesqJTEhK60cP6k8LTXh2oGozl/ykZgQWlBFA7V X-Received: by 2002:a05:6e02:b4d:b0:3df:4fb6:2d78 with SMTP id e9e14a558f8ab-3e136fd79dbmr48812015ab.10.1751749026069; Sat, 05 Jul 2025 13:57:06 -0700 (PDT) Received: from postal.iol.unh.edu (postal.iol.unh.edu. [132.177.123.84]) by smtp-relay.gmail.com with ESMTPS id e9e14a558f8ab-3e0f9c29654sm2908135ab.34.2025.07.05.13.57.05 (version=TLS1_2 cipher=ECDHE-ECDSA-AES128-GCM-SHA256 bits=128/128); Sat, 05 Jul 2025 13:57:06 -0700 (PDT) X-Relaying-Domain: iol.unh.edu Date: Sat, 05 Jul 2025 13:57:06 -0700 (PDT) Message-ID: <686991a2.050a0220.17133b.f546SMTPIN_ADDED_MISSING@mx.google.com> Received: from [172.21.0.5] (unknown [172.18.0.240]) by postal.iol.unh.edu (Postfix) with ESMTP id B3B586051830; Sat, 5 Jul 2025 16:57:05 -0400 (EDT) Subject: |FAILURE| pw155018 [PATCH] [v1] event/dlb2: add support for stop and From: dpdklab@iol.unh.edu To: Test Report Cc: dpdk-test-reports@iol.unh.edu, Pravin Pathak In-Reply-To: <20250705184209.924922-1-pravin.pathak@intel.com> References: <20250705184209.924922-1-pravin.pathak@intel.com> Content-Type: text/plain X-BeenThere: test-report@dpdk.org X-Mailman-Version: 2.1.29 Precedence: list List-Id: automatic DPDK test reports List-Unsubscribe: , List-Archive: List-Post: List-Help: List-Subscribe: , Errors-To: test-report-bounces@dpdk.org Test-Label: iol-unit-amd64-testing Test-Status: FAILURE http://dpdk.org/patch/155018 _Testing issues_ Submitter: Pravin Pathak Date: Saturday, July 05 2025 18:42:09 DPDK git baseline: Repo:dpdk Branch: master CommitID:780a078533fe65635afefb9be8580853476676e5 155018 --> testing issues Upstream job id: Generic-Unit-Test-DPDK#352979 Test environment and result as below: +-------------------------------+----------------+ | Environment | dpdk_unit_test | +===============================+================+ | CentOS Stream 9 | PASS | +-------------------------------+----------------+ | Fedora Linux 40 | PEND | +-------------------------------+----------------+ | CentOS Stream 10 | PASS | +-------------------------------+----------------+ | Debian GNU/Linux 12 | PEND | +-------------------------------+----------------+ | Fedora Linux 41 | PASS | +-------------------------------+----------------+ | Red Hat Enterprise Linux 8.10 | PASS | +-------------------------------+----------------+ | Ubuntu 22.04 | PEND | +-------------------------------+----------------+ | Ubuntu 24.04 | PEND | +-------------------------------+----------------+ | Red Hat Enterprise Linux 9.5 | PEND | +-------------------------------+----------------+ | Ubuntu 20.04 | PEND | +-------------------------------+----------------+ | Windows Server 2022 | PASS | +-------------------------------+----------------+ CentOS Stream 9 Kernel: 5.15 Compiler: gcc gcc (GCC) 11.5.0 20240719 (Red Hat 11.5.0-7) Fedora Linux 40 Kernel: 5.15 Compiler: gcc gcc (GCC) 14.2.1 20240912 (Red Hat 14.2.1-3) CentOS Stream 10 Kernel: 5.15 Compiler: gcc gcc (GCC) 14.2.1 20250110 (Red Hat 14.2.1-8) Debian GNU/Linux 12 Kernel: 5.15 Compiler: gcc gcc (Debian 12.2.0-14+deb12u1) 12.2.0 Fedora Linux 41 Kernel: 5.15 Compiler: clang gcc (GCC) 14.3.1 20250523 (Red Hat 14.3.1-1) Red Hat Enterprise Linux 8.10 Kernel: 5.15 Compiler: gcc gcc (GCC) 8.5.0 20210514 (Red Hat 8.5.0-22) Ubuntu 22.04 Kernel: 5.15 Compiler: gcc gcc (Ubuntu 11.4.0-1ubuntu1~22.04) 11.4.0 Ubuntu 24.04 Kernel: 5.15 Compiler: gcc gcc (Ubuntu 13.3.0-6ubuntu2~24.04) 13.3.0 Red Hat Enterprise Linux 9.5 Kernel: 5.15 Compiler: gcc gcc (GCC) 11.5.0 20240719 (Red Hat 11.5.0-2) Ubuntu 20.04 Kernel: 5.15 Compiler: gcc gcc (Ubuntu 9.4.0-1ubuntu1~20.04.2) 9.4.0 Windows Server 2022 Kernel: 10.0.20348.2031 Compiler: clang 15.0.7, gcc 14.1.0 (MinGW), and MSVC VS 19.39.33521 To view detailed results, visit: https://lab.dpdk.org/results/dashboard/patchsets/33598/ UNH-IOL DPDK Community Lab To manage your email subscriptions, visit: https://lab.dpdk.org/results/dashboard/preferences/subscriptions/