From mboxrd@z Thu Jan 1 00:00:00 1970 Return-Path: Received: from mails.dpdk.org (mails.dpdk.org [217.70.189.124]) by inbox.dpdk.org (Postfix) with ESMTP id DA9A146B0D for ; Sat, 5 Jul 2025 23:11:53 +0200 (CEST) Received: from mails.dpdk.org (localhost [127.0.0.1]) by mails.dpdk.org (Postfix) with ESMTP id D68B34025F; Sat, 5 Jul 2025 23:11:53 +0200 (CEST) Received: from mail-io1-f99.google.com (mail-io1-f99.google.com [209.85.166.99]) by mails.dpdk.org (Postfix) with ESMTP id B0D5C4025F for ; Sat, 5 Jul 2025 23:11:52 +0200 (CEST) Received: by mail-io1-f99.google.com with SMTP id ca18e2360f4ac-86cdb330b48so195211639f.0 for ; Sat, 05 Jul 2025 14:11:52 -0700 (PDT) DKIM-Signature: v=1; a=rsa-sha256; c=relaxed/relaxed; d=iol.unh.edu; s=unh-iol; t=1751749912; x=1752354712; darn=dpdk.org; h=references:in-reply-to:cc:to:from:subject:message-id:date:from:to :cc:subject:date:message-id:reply-to; bh=syR1JHddg3i/rzDNQW+YN/MzjWMmeyZItPOWLrL50Cg=; b=Iwka1iBntCBKzd41pHyvrak1IzLl0welHwnDdDfLs5y2C0vK4D60SuA91zzLh2WFUu cScmgw2m0vD5reyIKAK2R5g4LQYkGz243omnAWWuCMCMsiahpFFjSiQHVPik/6J+1/8M O0XFs9N4+n+W2+Dg2hmfkI9p13GvxPV67D0RU= X-Google-DKIM-Signature: v=1; a=rsa-sha256; c=relaxed/relaxed; d=1e100.net; s=20230601; t=1751749912; x=1752354712; h=references:in-reply-to:cc:to:from:subject:message-id:date :x-gm-message-state:from:to:cc:subject:date:message-id:reply-to; bh=syR1JHddg3i/rzDNQW+YN/MzjWMmeyZItPOWLrL50Cg=; b=HpEGsQwTp0LztO/sr/dVQ7zMNu2D51p+nLteTAj5u74ox9WtJQIcoObaZ90heCVqdp QUboWQAa3v9Rr8696rDQpGe1kJulR/8nArzNa8jZWWf+TtmxeXmxf55RPMCh4IfoMf49 IA9AMoHyc3khkfzM5RlAc+fInyvc+8z1va9EPSX80ek6NRFeyxUYHEKG1aY91QY2x4FU c3w0xPN429eK1Zo7Pr9d8v7U6kffseW/oVEtFkgJiGDEHpWQcfMwlfqg43XcyxS4+SHq hq1CQ2Z64iDvog7+eow6bpLzMOPJZtmQBc+z+3gNOr4JYc9hldIEuiLxExTrihReUwVO WWbg== X-Gm-Message-State: AOJu0Ywefp1MH6MU4RisbpQAkSbGXhMjqqUtb6i3KmhJb5KiipMY+HHJ t2sx1q/LiejmfNX0DsWmHAhiNGiRd4NdGQWzVvEaAJhmcG/fQnqqDXsC9ktxg5+Y3W/f4A9bBR4 oub3ymSg9mxQvsT6y1sOZ4/qghtyZWTc6U0RvW2fbzmXg9x7O5pLep4w6/yFG X-Gm-Gg: ASbGncsG0xyDd6fWJKLT5dplvfNDFBN5Tfp3KU7v4Ach/8T5nM0G8dw08N0s/sOE6pQ dgmx7O5QWS8qHxvxKxWPrJ/GWyMqIdUkSoEeMHw4e1/o1PoyYpK8oxFo4wmtibSxLW0z6VHs6IN ACkZRU3UTcfxUqT5FBW9yX4phA2sCPoZy5xojKl09WvLRLJTFGS9f2IPoxzIvHNwtb2L1qn5MUH Z2PD6nhNTBwrtOE62Iq0WPg2PNEscN+Y2EiDFb8P5k7PS8hAk8DsLkW1GC13BfqXhGOYdXTwr+I /Kj/o03TIrvRfIgA7p/TEUcpaOJevNJBmcCXJhWEl6kMZk8= X-Google-Smtp-Source: AGHT+IGo8G2olTekuE23teZqd5UbygyXriuCNf+btbs2MVeRjsMTC0DOZN7Fz5H5rPHC+G2MNiHjOBETEJ2Y X-Received: by 2002:a05:6602:b82:b0:86d:5f:aef4 with SMTP id ca18e2360f4ac-8792a1d63f4mr322537239f.0.1751749912042; Sat, 05 Jul 2025 14:11:52 -0700 (PDT) Received: from postal.iol.unh.edu (postal.iol.unh.edu. [2606:4100:3880:1234::84]) by smtp-relay.gmail.com with ESMTPS id ca18e2360f4ac-876e079d8e1sm20174939f.5.2025.07.05.14.11.51 (version=TLS1_2 cipher=ECDHE-ECDSA-AES128-GCM-SHA256 bits=128/128); Sat, 05 Jul 2025 14:11:52 -0700 (PDT) X-Relaying-Domain: iol.unh.edu Date: Sat, 05 Jul 2025 14:11:52 -0700 (PDT) Message-ID: <68699518.050a0220.38c30a.a6f5SMTPIN_ADDED_MISSING@mx.google.com> Received: from [172.21.0.8] (unknown [172.18.0.240]) by postal.iol.unh.edu (Postfix) with ESMTP id 881106051835; Sat, 5 Jul 2025 17:11:51 -0400 (EDT) Subject: |FAILURE| pw155018 [PATCH] [v1] event/dlb2: add support for stop and From: dpdklab@iol.unh.edu To: Test Report Cc: dpdk-test-reports@iol.unh.edu, Pravin Pathak In-Reply-To: <20250705184209.924922-1-pravin.pathak@intel.com> References: <20250705184209.924922-1-pravin.pathak@intel.com> Content-Type: text/plain X-BeenThere: test-report@dpdk.org X-Mailman-Version: 2.1.29 Precedence: list List-Id: automatic DPDK test reports List-Unsubscribe: , List-Archive: List-Post: List-Help: List-Subscribe: , Errors-To: test-report-bounces@dpdk.org Test-Label: iol-unit-amd64-testing Test-Status: FAILURE http://dpdk.org/patch/155018 _Testing issues_ Submitter: Pravin Pathak Date: Saturday, July 05 2025 18:42:09 DPDK git baseline: Repo:dpdk Branch: master CommitID:780a078533fe65635afefb9be8580853476676e5 155018 --> testing issues Upstream job id: Generic-Unit-Test-DPDK#352975 Test environment and result as below: +-------------------------------+----------------+ | Environment | dpdk_unit_test | +===============================+================+ | CentOS Stream 9 | PASS | +-------------------------------+----------------+ | Fedora Linux 40 | PASS | +-------------------------------+----------------+ | CentOS Stream 10 | PASS | +-------------------------------+----------------+ | Debian GNU/Linux 12 | PASS | +-------------------------------+----------------+ | Fedora Linux 41 | PASS | +-------------------------------+----------------+ | Red Hat Enterprise Linux 8.10 | PASS | +-------------------------------+----------------+ | Ubuntu 22.04 | PASS | +-------------------------------+----------------+ | Ubuntu 24.04 | PASS | +-------------------------------+----------------+ | Red Hat Enterprise Linux 9.5 | PASS | +-------------------------------+----------------+ | Ubuntu 20.04 | PASS | +-------------------------------+----------------+ | Windows Server 2022 | PASS | +-------------------------------+----------------+ CentOS Stream 9 Kernel: 5.15 Compiler: gcc gcc (GCC) 11.5.0 20240719 (Red Hat 11.5.0-7) Fedora Linux 40 Kernel: 5.15 Compiler: gcc gcc (GCC) 14.2.1 20240912 (Red Hat 14.2.1-3) CentOS Stream 10 Kernel: 5.15 Compiler: gcc gcc (GCC) 14.2.1 20250110 (Red Hat 14.2.1-8) Debian GNU/Linux 12 Kernel: 5.15 Compiler: gcc gcc (Debian 12.2.0-14+deb12u1) 12.2.0 Fedora Linux 41 Kernel: 5.15 Compiler: clang gcc (GCC) 14.3.1 20250523 (Red Hat 14.3.1-1) Red Hat Enterprise Linux 8.10 Kernel: 5.15 Compiler: gcc gcc (GCC) 8.5.0 20210514 (Red Hat 8.5.0-22) Ubuntu 22.04 Kernel: 5.15 Compiler: gcc gcc (Ubuntu 11.4.0-1ubuntu1~22.04) 11.4.0 Ubuntu 24.04 Kernel: 5.15 Compiler: gcc gcc (Ubuntu 13.3.0-6ubuntu2~24.04) 13.3.0 Red Hat Enterprise Linux 9.5 Kernel: 5.15 Compiler: gcc gcc (GCC) 11.5.0 20240719 (Red Hat 11.5.0-2) Ubuntu 20.04 Kernel: 5.15 Compiler: gcc gcc (Ubuntu 9.4.0-1ubuntu1~20.04.2) 9.4.0 Windows Server 2022 Kernel: 10.0.20348.2031 Compiler: clang 15.0.7, gcc 14.1.0 (MinGW), and MSVC VS 19.39.33521 To view detailed results, visit: https://lab.dpdk.org/results/dashboard/patchsets/33598/ UNH-IOL DPDK Community Lab To manage your email subscriptions, visit: https://lab.dpdk.org/results/dashboard/preferences/subscriptions/