From: dpdklab@iol.unh.edu
To: Test Report <test-report@dpdk.org>
Cc: dpdk-test-reports@iol.unh.edu
Subject: |PENDING| pw155020 [PATCH] net/i40e: fix missing support for RSS IPv
Date: Sat, 05 Jul 2025 15:31:09 -0700 (PDT) [thread overview]
Message-ID: <6869a7ad.170a0220.390e21.d471SMTPIN_ADDED_MISSING@mx.google.com> (raw)
In-Reply-To: <20250705215412.200958-1-dhanya.r.pillai@intel.com>
Test-Label: iol-abi-testing
Test-Status: PENDING
http://dpdk.org/patch/155020
_Testing pending_
Submitter: Dhanya Pillai <dhanya.r.pillai@intel.com>
Date: Saturday, July 05 2025 21:54:07
DPDK git baseline: Repo:dpdk
Branch: master
CommitID:0ae2a33d16a8727ac2935ac500e216906b50ac2c
155020 --> testing pending
Upstream job id: Generic-DPDK-Compile-ABI#133260
Test environment and result as below:
+-------------------------------+----------+
| Environment | abi_test |
+===============================+==========+
| CentOS Stream 9 | PEND |
+-------------------------------+----------+
| CentOS Stream 10 | PEND |
+-------------------------------+----------+
| Debian GNU/Linux 12 | PEND |
+-------------------------------+----------+
| Fedora Linux 40 | PEND |
+-------------------------------+----------+
| Fedora Linux 41 | PEND |
+-------------------------------+----------+
| Ubuntu 24.04 | PEND |
+-------------------------------+----------+
| Ubuntu 22.04 | PASS |
+-------------------------------+----------+
| openSUSE Leap 15.6 | PEND |
+-------------------------------+----------+
| Red Hat Enterprise Linux 9.5 | PEND |
+-------------------------------+----------+
| Red Hat Enterprise Linux 8.10 | PEND |
+-------------------------------+----------+
CentOS Stream 9
Kernel: 5.15
Compiler: gcc gcc (GCC) 11.5.0 20240719 (Red Hat 11.5.0-7)
CentOS Stream 10
Kernel: 5.15
Compiler: gcc gcc (GCC) 14.2.1 20250110 (Red Hat 14.2.1-8)
Debian GNU/Linux 12
Kernel: 5.15
Compiler: gcc gcc (Debian 12.2.0-14+deb12u1) 12.2.0
Fedora Linux 40
Kernel: 5.15
Compiler: gcc gcc (GCC) 14.2.1 20240912 (Red Hat 14.2.1-3)
Fedora Linux 41
Kernel: 5.15
Compiler: clang gcc (GCC) 14.3.1 20250523 (Red Hat 14.3.1-1)
Ubuntu 24.04
Kernel: 5.15
Compiler: gcc gcc (Ubuntu 13.3.0-6ubuntu2~24.04) 13.3.0
Ubuntu 22.04
Kernel: 5.15
Compiler: gcc gcc (Ubuntu 11.4.0-1ubuntu1~22.04) 11.4.0
openSUSE Leap 15.6
Kernel: 5.15
Compiler: gcc gcc (SUSE Linux) 7.5.0
Red Hat Enterprise Linux 9.5
Kernel: 5.15
Compiler: gcc gcc (GCC) 11.5.0 20240719 (Red Hat 11.5.0-2)
Red Hat Enterprise Linux 8.10
Kernel: 5.15
Compiler: gcc gcc (GCC) 8.5.0 20210514 (Red Hat 8.5.0-22)
To view detailed results, visit:
https://lab.dpdk.org/results/dashboard/patchsets/33600/
UNH-IOL DPDK Community Lab
To manage your email subscriptions, visit:
https://lab.dpdk.org/results/dashboard/preferences/subscriptions/
next prev parent reply other threads:[~2025-07-05 22:31 UTC|newest]
Thread overview: 22+ messages / expand[flat|nested] mbox.gz Atom feed top
[not found] <20250705215412.200958-1-dhanya.r.pillai@intel.com>
2025-07-05 21:19 ` |SUCCESS| pw155020 [PATCH] net/i40e: fix missing support for RSS IPv4 qemudev
2025-07-05 21:23 ` qemudev
2025-07-05 21:53 ` checkpatch
2025-07-05 22:30 ` |SUCCESS| pw155020 [PATCH] net/i40e: fix missing support for RSS IPv dpdklab
2025-07-05 22:31 ` dpdklab [this message]
2025-07-05 22:32 ` |PENDING| " dpdklab
2025-07-05 22:33 ` dpdklab
2025-07-05 22:35 ` |SUCCESS| " dpdklab
2025-07-05 22:46 ` dpdklab
2025-07-05 23:02 ` |SUCCESS| pw155020 [PATCH] net/i40e: fix missing support for RSS IPv4 0-day Robot
2025-07-05 23:07 ` |FAILURE| pw155020 [PATCH] net/i40e: fix missing support for RSS IPv dpdklab
2025-07-05 23:07 ` dpdklab
2025-07-05 23:07 ` dpdklab
2025-07-05 23:07 ` dpdklab
2025-07-05 23:07 ` dpdklab
2025-07-05 23:08 ` |SUCCESS| " dpdklab
2025-07-05 23:18 ` dpdklab
2025-07-05 23:22 ` dpdklab
2025-07-05 23:23 ` |WARNING| " dpdklab
2025-07-05 23:27 ` |SUCCESS| " dpdklab
2025-07-05 23:31 ` dpdklab
2025-07-06 1:39 ` dpdklab
Reply instructions:
You may reply publicly to this message via plain-text email
using any one of the following methods:
* Save the following mbox file, import it into your mail client,
and reply-to-all from there: mbox
Avoid top-posting and favor interleaved quoting:
https://en.wikipedia.org/wiki/Posting_style#Interleaved_style
* Reply using the --to, --cc, and --in-reply-to
switches of git-send-email(1):
git send-email \
--in-reply-to=6869a7ad.170a0220.390e21.d471SMTPIN_ADDED_MISSING@mx.google.com \
--to=dpdklab@iol.unh.edu \
--cc=dpdk-test-reports@iol.unh.edu \
--cc=test-report@dpdk.org \
/path/to/YOUR_REPLY
https://kernel.org/pub/software/scm/git/docs/git-send-email.html
* If your mail client supports setting the In-Reply-To header
via mailto: links, try the mailto: link
Be sure your reply has a Subject: header at the top and a blank line
before the message body.
This is a public inbox, see mirroring instructions
for how to clone and mirror all data and code used for this inbox;
as well as URLs for NNTP newsgroup(s).