From mboxrd@z Thu Jan 1 00:00:00 1970 Return-Path: Received: from mails.dpdk.org (mails.dpdk.org [217.70.189.124]) by inbox.dpdk.org (Postfix) with ESMTP id 8585246AEC for ; Sun, 6 Jul 2025 01:07:33 +0200 (CEST) Received: from mails.dpdk.org (localhost [127.0.0.1]) by mails.dpdk.org (Postfix) with ESMTP id 805F54025D; Sun, 6 Jul 2025 01:07:33 +0200 (CEST) Received: from mail-oo1-f100.google.com (mail-oo1-f100.google.com [209.85.161.100]) by mails.dpdk.org (Postfix) with ESMTP id 221534025F for ; Sun, 6 Jul 2025 01:07:32 +0200 (CEST) Received: by mail-oo1-f100.google.com with SMTP id 006d021491bc7-613aaa2cf43so107292eaf.3 for ; Sat, 05 Jul 2025 16:07:32 -0700 (PDT) DKIM-Signature: v=1; a=rsa-sha256; c=relaxed/relaxed; d=iol.unh.edu; s=unh-iol; t=1751756851; x=1752361651; darn=dpdk.org; h=references:in-reply-to:cc:to:from:subject:message-id:date:from:to :cc:subject:date:message-id:reply-to; bh=YUOztmWBFcy5M9e9XtGC9LE838fqo89V6NWEIKsCxQE=; b=SlXaV3Su8N0fk7nYoVZcwgThJVyaYPB2T+9vfjcPmQ0+guwNkEmD7RXT1+osboOzdb 2gbVWwyJ0JllfykuJ8ZeO5Yo3QNW/ThJ/c6R1BS1FTvaIqcSrxFShmVKs2+x+jw7e5ux Z4CI+nlSZttbNyei985B8OTAUwBSk9qTRM3uw= X-Google-DKIM-Signature: v=1; a=rsa-sha256; c=relaxed/relaxed; d=1e100.net; s=20230601; t=1751756851; x=1752361651; h=references:in-reply-to:cc:to:from:subject:message-id:date :x-gm-message-state:from:to:cc:subject:date:message-id:reply-to; bh=YUOztmWBFcy5M9e9XtGC9LE838fqo89V6NWEIKsCxQE=; b=ZVs9LINEm3ZcuaGIpGBC7GnquS7cyLOSp3tp57COkdyQwCOYB3+BSDDjrINc2BRRz/ CjEvGhT64Fg6fw6156a2aCW9ozRKdhr+rnF4yxJGunzEemEp+qS9lrzPV6deUQAXKcwr 7t+igCizy+RQYqwmwaw7HW+lj5Rnu7gbKsg8Ld2yOPHyTuQ4YY1HtM+Q5yWXUkPi3q7k Qb1s0AK0BQmLvENpx8jxCfeInxlq8XPCdJPTDCppqXwFzJ/SJVyBwqGF5TtkkxoF7EqM AB2kvYa7fREcntcBrjSuwKHCqdY+D1BT8YbENrD/X7/2BH2dBLVpW+6isztGIBjlTqV/ 0i5g== X-Gm-Message-State: AOJu0Yw1CsYKtY+3lD3lbBBDZlOtk1a2ey45FolElyHHIwHMUeSZ5s/i n5EUK4ux4MXAT3j0uz9FfmgXsD+o+7fkoaOgbLupctFYUGU4fdBgK0fQUA92h/spqASlMxCudBx I/DpEkeSu3laIBOP4HG1rGVSEuodyCjQu7MJrHWewXhV9coGVD0qCBJXlm/UW X-Gm-Gg: ASbGnct591soLw28uY4i+ogxIXoP8rZ5y6SbPaZjQyAf5T3POZbt5lAaC3Dhnof2TAJ q0sgs3BIk9aHMk7Ia7k9OPm3kjoXsOn4rJQi1YxGjFcgwMB62GtX8ep+WVvObYMsHiHkqZfoEL7 uvRQpzi7RKEihrsbTCxtNiUh1j+/ZCc635Yx3vi6fkvB3zbiAwsXNCONEUnT7FiZfzDScFt1R95 G3IagnSggWNMK8BSPyB0ulsDO7coUHO2TeXrrix11FASBun+DrKjwDuBIyIUf5c0N4EVQiu4DMj BNecL8JsD4omxAnzcqC9I3XFLLgMUlXRNMVIH5JyPpLhrAM= X-Google-Smtp-Source: AGHT+IFIfmE7EN7PU4h12pRL8TQuPjhNJhfnp+HfM6BZNHyuc1AkV+TrOHM+BBYbLyrnZpeHOjM8k1hoi6Xj X-Received: by 2002:a05:6870:c086:b0:2b8:306f:c5ad with SMTP id 586e51a60fabf-2f796ab1600mr5090114fac.13.1751756851149; Sat, 05 Jul 2025 16:07:31 -0700 (PDT) Received: from postal.iol.unh.edu (postal.iol.unh.edu. [2606:4100:3880:1234::84]) by smtp-relay.gmail.com with ESMTPS id 586e51a60fabf-2f790184619sm300088fac.39.2025.07.05.16.07.31 (version=TLS1_2 cipher=ECDHE-ECDSA-AES128-GCM-SHA256 bits=128/128); Sat, 05 Jul 2025 16:07:31 -0700 (PDT) X-Relaying-Domain: iol.unh.edu Date: Sat, 05 Jul 2025 16:07:31 -0700 (PDT) Message-ID: <6869b033.050a0220.3418ef.fbbfSMTPIN_ADDED_MISSING@mx.google.com> Received: from [172.21.0.5] (unknown [172.18.0.240]) by postal.iol.unh.edu (Postfix) with ESMTP id A06136051830; Sat, 5 Jul 2025 19:07:30 -0400 (EDT) Subject: |FAILURE| pw155020 [PATCH] net/i40e: fix missing support for RSS IPv From: dpdklab@iol.unh.edu To: Test Report Cc: dpdk-test-reports@iol.unh.edu, Dhanya Pillai In-Reply-To: <20250705215412.200958-1-dhanya.r.pillai@intel.com> References: <20250705215412.200958-1-dhanya.r.pillai@intel.com> Content-Type: text/plain X-BeenThere: test-report@dpdk.org X-Mailman-Version: 2.1.29 Precedence: list List-Id: automatic DPDK test reports List-Unsubscribe: , List-Archive: List-Post: List-Help: List-Subscribe: , Errors-To: test-report-bounces@dpdk.org Test-Label: iol-compile-amd64-testing Test-Status: FAILURE http://dpdk.org/patch/155020 _Testing issues_ Submitter: Dhanya Pillai Date: Saturday, July 05 2025 21:54:07 DPDK git baseline: Repo:dpdk Branch: master CommitID:0ae2a33d16a8727ac2935ac500e216906b50ac2c 155020 --> testing issues Upstream job id: Generic-DPDK-Compile-Meson#405898 Test environment and result as below: +-------------------------------+--------------------+-------------------+------------------+-------------------------+-------------------+----------------------+ | Environment | dpdk_meson_compile | dpdk_compile_spdk | dpdk_compile_ovs | dpdk_llvm_clang_compile | dpdk_msvc_compile | dpdk_mingw64_compile | +===============================+====================+===================+==================+=========================+===================+======================+ | CentOS Stream 10 | PASS | SKIPPED | SKIPPED | SKIPPED | SKIPPED | SKIPPED | +-------------------------------+--------------------+-------------------+------------------+-------------------------+-------------------+----------------------+ | CentOS Stream 9 | PASS | PASS | SKIPPED | SKIPPED | SKIPPED | SKIPPED | +-------------------------------+--------------------+-------------------+------------------+-------------------------+-------------------+----------------------+ | Debian GNU/Linux 12 | PASS | PASS | SKIPPED | SKIPPED | SKIPPED | SKIPPED | +-------------------------------+--------------------+-------------------+------------------+-------------------------+-------------------+----------------------+ | Fedora Linux 40 | PASS | PASS | SKIPPED | SKIPPED | SKIPPED | SKIPPED | +-------------------------------+--------------------+-------------------+------------------+-------------------------+-------------------+----------------------+ | Fedora Linux 41 | PEND | PEND | PEND | SKIPPED | SKIPPED | SKIPPED | +-------------------------------+--------------------+-------------------+------------------+-------------------------+-------------------+----------------------+ | openSUSE Leap 15.6 | PEND | SKIPPED | SKIPPED | SKIPPED | SKIPPED | SKIPPED | +-------------------------------+--------------------+-------------------+------------------+-------------------------+-------------------+----------------------+ | Red Hat Enterprise Linux 8.10 | PASS | SKIPPED | SKIPPED | SKIPPED | SKIPPED | SKIPPED | +-------------------------------+--------------------+-------------------+------------------+-------------------------+-------------------+----------------------+ | Red Hat Enterprise Linux 9.5 | PASS | SKIPPED | SKIPPED | SKIPPED | SKIPPED | SKIPPED | +-------------------------------+--------------------+-------------------+------------------+-------------------------+-------------------+----------------------+ | Ubuntu 20.04 | PASS | SKIPPED | SKIPPED | SKIPPED | SKIPPED | SKIPPED | +-------------------------------+--------------------+-------------------+------------------+-------------------------+-------------------+----------------------+ | Ubuntu 22.04 | PEND | PEND | SKIPPED | SKIPPED | SKIPPED | SKIPPED | +-------------------------------+--------------------+-------------------+------------------+-------------------------+-------------------+----------------------+ | Ubuntu 24.04 | PEND | PEND | PEND | SKIPPED | SKIPPED | SKIPPED | +-------------------------------+--------------------+-------------------+------------------+-------------------------+-------------------+----------------------+ | Alpine Linux 3.22.0 | PASS | SKIPPED | SKIPPED | SKIPPED | SKIPPED | SKIPPED | +-------------------------------+--------------------+-------------------+------------------+-------------------------+-------------------+----------------------+ | Windows Server 2022 | SKIPPED | SKIPPED | SKIPPED | PASS | PASS | PEND | +-------------------------------+--------------------+-------------------+------------------+-------------------------+-------------------+----------------------+ CentOS Stream 10 Kernel: 5.15 Compiler: gcc gcc (GCC) 14.2.1 20250110 (Red Hat 14.2.1-8) CentOS Stream 9 Kernel: 5.15 Compiler: gcc gcc (GCC) 11.5.0 20240719 (Red Hat 11.5.0-7) Debian GNU/Linux 12 Kernel: 5.15 Compiler: gcc gcc (Debian 12.2.0-14+deb12u1) 12.2.0 Fedora Linux 40 Kernel: 5.15 Compiler: clang gcc (GCC) 14.2.1 20240912 (Red Hat 14.2.1-3) Fedora Linux 41 Kernel: 5.15 Compiler: clang gcc (GCC) 14.3.1 20250523 (Red Hat 14.3.1-1) openSUSE Leap 15.6 Kernel: 5.15 Compiler: gcc gcc (SUSE Linux) 7.5.0 Red Hat Enterprise Linux 8.10 Kernel: 5.15 Compiler: gcc gcc (GCC) 8.5.0 20210514 (Red Hat 8.5.0-22) Red Hat Enterprise Linux 9.5 Kernel: 5.15 Compiler: gcc gcc (GCC) 11.5.0 20240719 (Red Hat 11.5.0-2) Ubuntu 20.04 Kernel: 5.15 Compiler: gcc gcc (Ubuntu 9.4.0-1ubuntu1~20.04.2) 9.4.0 Ubuntu 22.04 Kernel: 5.15 Compiler: gcc gcc (Ubuntu 11.4.0-1ubuntu1~22.04) 11.4.0 Ubuntu 24.04 Kernel: 5.15 Compiler: gcc gcc (Ubuntu 13.3.0-6ubuntu2~24.04) 13.3.0 Alpine Linux 3.22.0 Kernel: 5.15 Compiler: gcc gcc (Alpine 14.2.0) 14.2.0 Windows Server 2022 Kernel: 10.0.20348.2031 Compiler: clang 15.0.7, gcc 14.1.0 (MinGW), and MSVC VS 19.39.33521 To view detailed results, visit: https://lab.dpdk.org/results/dashboard/patchsets/33600/ UNH-IOL DPDK Community Lab To manage your email subscriptions, visit: https://lab.dpdk.org/results/dashboard/preferences/subscriptions/