From mboxrd@z Thu Jan 1 00:00:00 1970 Return-Path: Received: from mails.dpdk.org (mails.dpdk.org [217.70.189.124]) by inbox.dpdk.org (Postfix) with ESMTP id 9C49346AEC for ; Sun, 6 Jul 2025 01:07:40 +0200 (CEST) Received: from mails.dpdk.org (localhost [127.0.0.1]) by mails.dpdk.org (Postfix) with ESMTP id 946984025D; Sun, 6 Jul 2025 01:07:40 +0200 (CEST) Received: from mail-io1-f98.google.com (mail-io1-f98.google.com [209.85.166.98]) by mails.dpdk.org (Postfix) with ESMTP id 15C574025D for ; Sun, 6 Jul 2025 01:07:40 +0200 (CEST) Received: by mail-io1-f98.google.com with SMTP id ca18e2360f4ac-86cfc1b6dcaso66351439f.0 for ; Sat, 05 Jul 2025 16:07:39 -0700 (PDT) DKIM-Signature: v=1; a=rsa-sha256; c=relaxed/relaxed; d=iol.unh.edu; s=unh-iol; t=1751756859; x=1752361659; darn=dpdk.org; h=references:in-reply-to:cc:to:from:subject:message-id:date:from:to :cc:subject:date:message-id:reply-to; bh=lW8Sh/vD4CgjNAMttZamQSccH3NJ6VQB5xlr1x+pJgs=; b=TEAH0G4UmEl5/Lyy+AGBu2zHp2daSymPFympSFx3BOKaf3SVdHdU4aPMho5Uwm60E1 9Ad5NWuwLML4LtV9H0ZGrUT+FCtB6W43ddL+EBBgnk/nPmip3dSiagROrEo/o/KXQ5PC RTXxApegVFFVsGdtPzfHb4w+AGcw76f9s0blg= X-Google-DKIM-Signature: v=1; a=rsa-sha256; c=relaxed/relaxed; d=1e100.net; s=20230601; t=1751756859; x=1752361659; h=references:in-reply-to:cc:to:from:subject:message-id:date :x-gm-message-state:from:to:cc:subject:date:message-id:reply-to; bh=lW8Sh/vD4CgjNAMttZamQSccH3NJ6VQB5xlr1x+pJgs=; b=WbjecwIi3niDJ50XjXGfWmGZraaAbzBJ0JS+h/zfGIOnIUwW24saJmaAI9djVzYqDR 7p2baNa4WgdfG1t7WcvC1MREKYSePM6AUPuXn6Nn+b3UKmyK6wLmPg+fMWAWae9RYHCY tV4KW7z1K9xxRB1IhJ31iJDPDt12EL7dXXq2akC5fgNPCJACRm6rrudG+BveJnCEcAyr qFQlFA/7uvzSFLbD4ghJLim0oF488bKYMVyJJI/t16ifGWTRg/FOMxIPeE/8Q4iOGlG5 WNMu9CZPYusnDcVppNCJIjk5n/P1fkNyefCpWk+HtB4cY67SqXYUcj9IFW6GK3Xh3FPd Y7fg== X-Gm-Message-State: AOJu0Yz0QeAU+spN8rbU8U0UE4sjCDJdSwkDovHT6sHvHC8mCAt0tiDU f2S5Y7o30HI3XyZ91jzI/+a/gW00Aofxe/JRhjAYrJGN1HEjPJ0+pRASKzctNQkvV6CriXvtir6 p8ebyIp+MpxQLtTDVjiNdr0JNoaXyzCCKJ9GqFWALPxf+ X-Gm-Gg: ASbGncuwabgqSQPv0i981fFGxoZ/+SULKLiSnkLi6kcMXhZ5fLt52BZ0N5WneNAMbtv DMwxpmwrYwYijaTLBVIwwHRBOjZht8agtd9P9TevXsSEJayNgvjMUIZKggSrUEHJMmApgR2YCEh zrs9U273ID83kjnFh0kfZ4bh7pdhZ54HV7IHggdnABF47m4A6Fv3/XFeuqX8d7CB71FaKZD9ln6 BPfV+ygl4StMYLrmhcAkUTyErDl6UuO73+ViDFALRZFi6uK834siAN7rzjDOqz4ZShv2ErqDAEO fAFmE4YMrlCvO4xDLmZMRywxwJ/yqmTLRTKlYlwBGVYV46FQ8B8Wh+9rzu2pb5T8Q78yJA== X-Google-Smtp-Source: AGHT+IEERmQruH/Fg5iFRMtWUo8bkLvnHivAGFQzEA+Mp5YPUrZWs/oIS/4ZCS05awmInIYPeNqpcSJ2QvyM X-Received: by 2002:a05:6602:a014:b0:876:1c5e:8c50 with SMTP id ca18e2360f4ac-8792a470ecbmr318497839f.7.1751756859342; Sat, 05 Jul 2025 16:07:39 -0700 (PDT) Received: from postal.iol.unh.edu (postal.iol.unh.edu. [132.177.123.84]) by smtp-relay.gmail.com with ESMTPS id 8926c6da1cb9f-503b5b7957dsm163019173.40.2025.07.05.16.07.39 (version=TLS1_2 cipher=ECDHE-ECDSA-AES128-GCM-SHA256 bits=128/128); Sat, 05 Jul 2025 16:07:39 -0700 (PDT) X-Relaying-Domain: iol.unh.edu Date: Sat, 05 Jul 2025 16:07:39 -0700 (PDT) Message-ID: <6869b03b.050a0220.6882c.896aSMTPIN_ADDED_MISSING@mx.google.com> Received: from [172.21.0.9] (unknown [172.18.0.240]) by postal.iol.unh.edu (Postfix) with ESMTP id D813F6051830; Sat, 5 Jul 2025 19:07:38 -0400 (EDT) Subject: |FAILURE| pw155020 [PATCH] net/i40e: fix missing support for RSS IPv From: dpdklab@iol.unh.edu To: Test Report Cc: dpdk-test-reports@iol.unh.edu, Dhanya Pillai In-Reply-To: <20250705215412.200958-1-dhanya.r.pillai@intel.com> References: <20250705215412.200958-1-dhanya.r.pillai@intel.com> Content-Type: text/plain X-BeenThere: test-report@dpdk.org X-Mailman-Version: 2.1.29 Precedence: list List-Id: automatic DPDK test reports List-Unsubscribe: , List-Archive: List-Post: List-Help: List-Subscribe: , Errors-To: test-report-bounces@dpdk.org Test-Label: iol-compile-amd64-testing Test-Status: FAILURE http://dpdk.org/patch/155020 _Testing issues_ Submitter: Dhanya Pillai Date: Saturday, July 05 2025 21:54:07 DPDK git baseline: Repo:dpdk Branch: master CommitID:0ae2a33d16a8727ac2935ac500e216906b50ac2c 155020 --> testing issues Upstream job id: Generic-DPDK-Compile-Meson#405903 Test environment and result as below: +-------------------------------+--------------------+-------------------+------------------+-------------------------+-------------------+----------------------+ | Environment | dpdk_meson_compile | dpdk_compile_spdk | dpdk_compile_ovs | dpdk_llvm_clang_compile | dpdk_msvc_compile | dpdk_mingw64_compile | +===============================+====================+===================+==================+=========================+===================+======================+ | CentOS Stream 10 | PASS | SKIPPED | SKIPPED | SKIPPED | SKIPPED | SKIPPED | +-------------------------------+--------------------+-------------------+------------------+-------------------------+-------------------+----------------------+ | CentOS Stream 9 | PASS | PASS | SKIPPED | SKIPPED | SKIPPED | SKIPPED | +-------------------------------+--------------------+-------------------+------------------+-------------------------+-------------------+----------------------+ | Debian GNU/Linux 12 | PASS | PASS | SKIPPED | SKIPPED | SKIPPED | SKIPPED | +-------------------------------+--------------------+-------------------+------------------+-------------------------+-------------------+----------------------+ | Fedora Linux 40 | PASS | PASS | SKIPPED | SKIPPED | SKIPPED | SKIPPED | +-------------------------------+--------------------+-------------------+------------------+-------------------------+-------------------+----------------------+ | Fedora Linux 41 | PEND | PEND | PEND | SKIPPED | SKIPPED | SKIPPED | +-------------------------------+--------------------+-------------------+------------------+-------------------------+-------------------+----------------------+ | openSUSE Leap 15.6 | PEND | SKIPPED | SKIPPED | SKIPPED | SKIPPED | SKIPPED | +-------------------------------+--------------------+-------------------+------------------+-------------------------+-------------------+----------------------+ | Red Hat Enterprise Linux 8.10 | PASS | SKIPPED | SKIPPED | SKIPPED | SKIPPED | SKIPPED | +-------------------------------+--------------------+-------------------+------------------+-------------------------+-------------------+----------------------+ | Red Hat Enterprise Linux 9.5 | PASS | SKIPPED | SKIPPED | SKIPPED | SKIPPED | SKIPPED | +-------------------------------+--------------------+-------------------+------------------+-------------------------+-------------------+----------------------+ | Ubuntu 20.04 | PASS | SKIPPED | SKIPPED | SKIPPED | SKIPPED | SKIPPED | +-------------------------------+--------------------+-------------------+------------------+-------------------------+-------------------+----------------------+ | Ubuntu 22.04 | PEND | PEND | SKIPPED | SKIPPED | SKIPPED | SKIPPED | +-------------------------------+--------------------+-------------------+------------------+-------------------------+-------------------+----------------------+ | Ubuntu 24.04 | PEND | PEND | PEND | SKIPPED | SKIPPED | SKIPPED | +-------------------------------+--------------------+-------------------+------------------+-------------------------+-------------------+----------------------+ | Alpine Linux 3.22.0 | PASS | SKIPPED | SKIPPED | SKIPPED | SKIPPED | SKIPPED | +-------------------------------+--------------------+-------------------+------------------+-------------------------+-------------------+----------------------+ | Windows Server 2022 | SKIPPED | SKIPPED | SKIPPED | PASS | PASS | PEND | +-------------------------------+--------------------+-------------------+------------------+-------------------------+-------------------+----------------------+ CentOS Stream 10 Kernel: 5.15 Compiler: gcc gcc (GCC) 14.2.1 20250110 (Red Hat 14.2.1-8) CentOS Stream 9 Kernel: 5.15 Compiler: gcc gcc (GCC) 11.5.0 20240719 (Red Hat 11.5.0-7) Debian GNU/Linux 12 Kernel: 5.15 Compiler: gcc gcc (Debian 12.2.0-14+deb12u1) 12.2.0 Fedora Linux 40 Kernel: 5.15 Compiler: clang gcc (GCC) 14.2.1 20240912 (Red Hat 14.2.1-3) Fedora Linux 41 Kernel: 5.15 Compiler: clang gcc (GCC) 14.3.1 20250523 (Red Hat 14.3.1-1) openSUSE Leap 15.6 Kernel: 5.15 Compiler: gcc gcc (SUSE Linux) 7.5.0 Red Hat Enterprise Linux 8.10 Kernel: 5.15 Compiler: gcc gcc (GCC) 8.5.0 20210514 (Red Hat 8.5.0-22) Red Hat Enterprise Linux 9.5 Kernel: 5.15 Compiler: gcc gcc (GCC) 11.5.0 20240719 (Red Hat 11.5.0-2) Ubuntu 20.04 Kernel: 5.15 Compiler: gcc gcc (Ubuntu 9.4.0-1ubuntu1~20.04.2) 9.4.0 Ubuntu 22.04 Kernel: 5.15 Compiler: gcc gcc (Ubuntu 11.4.0-1ubuntu1~22.04) 11.4.0 Ubuntu 24.04 Kernel: 5.15 Compiler: gcc gcc (Ubuntu 13.3.0-6ubuntu2~24.04) 13.3.0 Alpine Linux 3.22.0 Kernel: 5.15 Compiler: gcc gcc (Alpine 14.2.0) 14.2.0 Windows Server 2022 Kernel: 10.0.20348.2031 Compiler: clang 15.0.7, gcc 14.1.0 (MinGW), and MSVC VS 19.39.33521 To view detailed results, visit: https://lab.dpdk.org/results/dashboard/patchsets/33600/ UNH-IOL DPDK Community Lab To manage your email subscriptions, visit: https://lab.dpdk.org/results/dashboard/preferences/subscriptions/