From mboxrd@z Thu Jan 1 00:00:00 1970 Return-Path: Received: from mails.dpdk.org (mails.dpdk.org [217.70.189.124]) by inbox.dpdk.org (Postfix) with ESMTP id D1D7C46AEC for ; Sun, 6 Jul 2025 01:08:00 +0200 (CEST) Received: from mails.dpdk.org (localhost [127.0.0.1]) by mails.dpdk.org (Postfix) with ESMTP id CDC9C4025D; Sun, 6 Jul 2025 01:08:00 +0200 (CEST) Received: from mail-pf1-f225.google.com (mail-pf1-f225.google.com [209.85.210.225]) by mails.dpdk.org (Postfix) with ESMTP id 2FA594025D for ; Sun, 6 Jul 2025 01:07:59 +0200 (CEST) Received: by mail-pf1-f225.google.com with SMTP id d2e1a72fcca58-747fba9f962so1512009b3a.0 for ; Sat, 05 Jul 2025 16:07:59 -0700 (PDT) DKIM-Signature: v=1; a=rsa-sha256; c=relaxed/relaxed; d=iol.unh.edu; s=unh-iol; t=1751756878; x=1752361678; darn=dpdk.org; h=references:in-reply-to:cc:to:from:subject:message-id:date:from:to :cc:subject:date:message-id:reply-to; bh=0eovvup5WLKpMWqaGYJr3jwidqXoKHF7ltjhgW74CWM=; b=Cm5e2cBChWx3YoxSuWHXkiXWzB6So08LMrn+TBmgsQwpcftocdJa4bhcyAqlYDUiI4 b7EOBLOd6TjOTGy19KQovn/VXMLKdbSaP5Af30RnT/x+EiJ5H7NpxvLkymD3TQAdvHPv pVoXMV+9NjCDe5v6Sg0x80b5LGg4ptZsgMmLM= X-Google-DKIM-Signature: v=1; a=rsa-sha256; c=relaxed/relaxed; d=1e100.net; s=20230601; t=1751756878; x=1752361678; h=references:in-reply-to:cc:to:from:subject:message-id:date :x-gm-message-state:from:to:cc:subject:date:message-id:reply-to; bh=0eovvup5WLKpMWqaGYJr3jwidqXoKHF7ltjhgW74CWM=; b=psaBnp5EJLE1R31ZFt97oXRaY1L3FHQ6ktUz/vfJCx+gwHlDHeI8Gi0sfpEl7/WHCk qb05p3g/X7/oi0nm/Te2JWUT3bVrXf0tSxNFYrmqrxvZUSmiSZyer4rPBWmC87WW6s+l tFzCNpLmI6AczVkGf5K8GDX31RpxBP3YDzTKzUShdnslyOBDOncfctA460clk7RpJLiL 3Yy/GC9Dd89iHCS2+aTquXbgJqCLE+GU+gmTQlHl4LFiFvn60r5INJUaoiYWry4qQloj W2dxBeRXYz5a9fR/V4Kg38Sf8cWILx4YBMonLm58W+ipQsq6Ofw6nCBIsspZRU8Hn9GH Py1w== X-Gm-Message-State: AOJu0YyVrxvTQljm9umKJE/5sOG0rahJxoLICvDsFD5TuYjfeLCtS921 BY7htPLQKDsnQYN5XtkD10qN9qxwiLLnvgJfdmBQ0ycpot96iCs1s0UxFNgkPtrcKq1P2UzJSux 1sqV+IuvgAy/yaJ45ve+2Bc1dy3Zgcnbo79au6iAcML5K X-Gm-Gg: ASbGnctf0i21MWafZwuyo9PrGUpf12jmQ8X49/WPrp9nuNIY6D7ad5E5F+TKEFXr/B8 wk5tP68FYgBNbUjlnIeLbYxnxoMDvnuVWo8r2e2dSIn2YryHR1uHqcDzU/TJL43agv5pfxRbOz7 nol1GgFM/PMMwmC6NyANvtr99xvSBeeNFsaX7rbKkT/FZ07AG0YMYPId0iDg48A230yAvr8OvjB NRT6v6Lbcmd9rkYal6X3+Q2vpqQkICUSsKTjzWmV6cyGeaqprFm5BNFkxlZ/so/aoZ6W5h9O6YD nFFIvEnq4WHwsYHLvKMe4mCKXX0SGizOKTDA9PMFn9IXKfgaNciL7PCJYZuiMy9xwUlj/w== X-Google-Smtp-Source: AGHT+IF0DGpgJHknDBDgyodcFhmOIrR4gGACLkw2PBAXe0qpsX/pjMtRlDrsk//ussTR7aD6kfelqL6SWCdR X-Received: by 2002:a05:6a00:240d:b0:742:ae7e:7da1 with SMTP id d2e1a72fcca58-74ce5de7884mr10568088b3a.0.1751756878265; Sat, 05 Jul 2025 16:07:58 -0700 (PDT) Received: from postal.iol.unh.edu (postal.iol.unh.edu. [132.177.123.84]) by smtp-relay.gmail.com with ESMTPS id d2e1a72fcca58-74ce3cfd47asm255357b3a.19.2025.07.05.16.07.58 (version=TLS1_2 cipher=ECDHE-ECDSA-AES128-GCM-SHA256 bits=128/128); Sat, 05 Jul 2025 16:07:58 -0700 (PDT) X-Relaying-Domain: iol.unh.edu Date: Sat, 05 Jul 2025 16:07:58 -0700 (PDT) Message-ID: <6869b04e.a70a0220.1ec16d.d54bSMTPIN_ADDED_MISSING@mx.google.com> Received: from [172.21.0.5] (unknown [172.18.0.240]) by postal.iol.unh.edu (Postfix) with ESMTP id 70EE76051830; Sat, 5 Jul 2025 19:07:57 -0400 (EDT) Subject: |FAILURE| pw155020 [PATCH] net/i40e: fix missing support for RSS IPv From: dpdklab@iol.unh.edu To: Test Report Cc: dpdk-test-reports@iol.unh.edu, Dhanya Pillai In-Reply-To: <20250705215412.200958-1-dhanya.r.pillai@intel.com> References: <20250705215412.200958-1-dhanya.r.pillai@intel.com> Content-Type: text/plain X-BeenThere: test-report@dpdk.org X-Mailman-Version: 2.1.29 Precedence: list List-Id: automatic DPDK test reports List-Unsubscribe: , List-Archive: List-Post: List-Help: List-Subscribe: , Errors-To: test-report-bounces@dpdk.org Test-Label: iol-compile-amd64-testing Test-Status: FAILURE http://dpdk.org/patch/155020 _Testing issues_ Submitter: Dhanya Pillai Date: Saturday, July 05 2025 21:54:07 DPDK git baseline: Repo:dpdk Branch: master CommitID:0ae2a33d16a8727ac2935ac500e216906b50ac2c 155020 --> testing issues Upstream job id: Generic-DPDK-Compile-Meson#405897 Test environment and result as below: +-------------------------------+--------------------+-------------------+------------------+-------------------------+-------------------+----------------------+ | Environment | dpdk_meson_compile | dpdk_compile_spdk | dpdk_compile_ovs | dpdk_llvm_clang_compile | dpdk_msvc_compile | dpdk_mingw64_compile | +===============================+====================+===================+==================+=========================+===================+======================+ | CentOS Stream 10 | PASS | SKIPPED | SKIPPED | SKIPPED | SKIPPED | SKIPPED | +-------------------------------+--------------------+-------------------+------------------+-------------------------+-------------------+----------------------+ | CentOS Stream 9 | PASS | PASS | SKIPPED | SKIPPED | SKIPPED | SKIPPED | +-------------------------------+--------------------+-------------------+------------------+-------------------------+-------------------+----------------------+ | Debian GNU/Linux 12 | PASS | PASS | SKIPPED | SKIPPED | SKIPPED | SKIPPED | +-------------------------------+--------------------+-------------------+------------------+-------------------------+-------------------+----------------------+ | Fedora Linux 40 | PASS | PASS | SKIPPED | SKIPPED | SKIPPED | SKIPPED | +-------------------------------+--------------------+-------------------+------------------+-------------------------+-------------------+----------------------+ | Fedora Linux 41 | PEND | PEND | PEND | SKIPPED | SKIPPED | SKIPPED | +-------------------------------+--------------------+-------------------+------------------+-------------------------+-------------------+----------------------+ | openSUSE Leap 15.6 | PEND | SKIPPED | SKIPPED | SKIPPED | SKIPPED | SKIPPED | +-------------------------------+--------------------+-------------------+------------------+-------------------------+-------------------+----------------------+ | Red Hat Enterprise Linux 8.10 | PASS | SKIPPED | SKIPPED | SKIPPED | SKIPPED | SKIPPED | +-------------------------------+--------------------+-------------------+------------------+-------------------------+-------------------+----------------------+ | Red Hat Enterprise Linux 9.5 | PASS | SKIPPED | SKIPPED | SKIPPED | SKIPPED | SKIPPED | +-------------------------------+--------------------+-------------------+------------------+-------------------------+-------------------+----------------------+ | Ubuntu 20.04 | PASS | SKIPPED | SKIPPED | SKIPPED | SKIPPED | SKIPPED | +-------------------------------+--------------------+-------------------+------------------+-------------------------+-------------------+----------------------+ | Ubuntu 22.04 | PEND | PEND | SKIPPED | SKIPPED | SKIPPED | SKIPPED | +-------------------------------+--------------------+-------------------+------------------+-------------------------+-------------------+----------------------+ | Ubuntu 24.04 | PEND | PEND | PEND | SKIPPED | SKIPPED | SKIPPED | +-------------------------------+--------------------+-------------------+------------------+-------------------------+-------------------+----------------------+ | Alpine Linux 3.22.0 | PASS | SKIPPED | SKIPPED | SKIPPED | SKIPPED | SKIPPED | +-------------------------------+--------------------+-------------------+------------------+-------------------------+-------------------+----------------------+ | Windows Server 2022 | SKIPPED | SKIPPED | SKIPPED | PASS | PASS | PEND | +-------------------------------+--------------------+-------------------+------------------+-------------------------+-------------------+----------------------+ CentOS Stream 10 Kernel: 5.15 Compiler: gcc gcc (GCC) 14.2.1 20250110 (Red Hat 14.2.1-8) CentOS Stream 9 Kernel: 5.15 Compiler: gcc gcc (GCC) 11.5.0 20240719 (Red Hat 11.5.0-7) Debian GNU/Linux 12 Kernel: 5.15 Compiler: gcc gcc (Debian 12.2.0-14+deb12u1) 12.2.0 Fedora Linux 40 Kernel: 5.15 Compiler: clang gcc (GCC) 14.2.1 20240912 (Red Hat 14.2.1-3) Fedora Linux 41 Kernel: 5.15 Compiler: clang gcc (GCC) 14.3.1 20250523 (Red Hat 14.3.1-1) openSUSE Leap 15.6 Kernel: 5.15 Compiler: gcc gcc (SUSE Linux) 7.5.0 Red Hat Enterprise Linux 8.10 Kernel: 5.15 Compiler: gcc gcc (GCC) 8.5.0 20210514 (Red Hat 8.5.0-22) Red Hat Enterprise Linux 9.5 Kernel: 5.15 Compiler: gcc gcc (GCC) 11.5.0 20240719 (Red Hat 11.5.0-2) Ubuntu 20.04 Kernel: 5.15 Compiler: gcc gcc (Ubuntu 9.4.0-1ubuntu1~20.04.2) 9.4.0 Ubuntu 22.04 Kernel: 5.15 Compiler: gcc gcc (Ubuntu 11.4.0-1ubuntu1~22.04) 11.4.0 Ubuntu 24.04 Kernel: 5.15 Compiler: gcc gcc (Ubuntu 13.3.0-6ubuntu2~24.04) 13.3.0 Alpine Linux 3.22.0 Kernel: 5.15 Compiler: gcc gcc (Alpine 14.2.0) 14.2.0 Windows Server 2022 Kernel: 10.0.20348.2031 Compiler: clang 15.0.7, gcc 14.1.0 (MinGW), and MSVC VS 19.39.33521 To view detailed results, visit: https://lab.dpdk.org/results/dashboard/patchsets/33600/ UNH-IOL DPDK Community Lab To manage your email subscriptions, visit: https://lab.dpdk.org/results/dashboard/preferences/subscriptions/