From: dpdklab@iol.unh.edu
To: Test Report <test-report@dpdk.org>
Cc: dpdk-test-reports@iol.unh.edu
Subject: |SUCCESS| pw155021-155026 [PATCH] [v1,6/6] net/zxdh: add support I51
Date: Mon, 07 Jul 2025 01:28:07 -0700 (PDT) [thread overview]
Message-ID: <686b8517.170a0220.1ff702.3783SMTPIN_ADDED_MISSING@mx.google.com> (raw)
In-Reply-To: <20250707055621.357606-6-wang.junlong1@zte.com.cn>
Test-Label: iol-unit-arm64-testing
Test-Status: SUCCESS
http://dpdk.org/patch/155026
_Testing PASS_
Submitter: Junlong Wang <wang.junlong1@zte.com.cn>
Date: Monday, July 07 2025 05:56:21
DPDK git baseline: Repo:dpdk
Branch: master
CommitID:a288c0dee9221fd2acf4f079ef1b1ff04135aedd
155021-155026 --> testing pass
Upstream job id: Generic-Unit-Test-DPDK#353215
Test environment and result as below:
+------------------------------+--------------+---------------------------+------------------------------+----------------+
| Environment | lpm_autotest | cryptodev_sw_zuc_autotest | cryptodev_sw_snow3g_autotest | dpdk_unit_test |
+==============================+==============+===========================+==============================+================+
| Ubuntu 20.04 | PASS | SKIPPED | SKIPPED | PASS |
+------------------------------+--------------+---------------------------+------------------------------+----------------+
| Debian 12 (arm) | SKIPPED | PASS | PASS | SKIPPED |
+------------------------------+--------------+---------------------------+------------------------------+----------------+
| CentOS Stream 10 | SKIPPED | SKIPPED | SKIPPED | PASS |
+------------------------------+--------------+---------------------------+------------------------------+----------------+
| CentOS Stream 9 | SKIPPED | SKIPPED | SKIPPED | PASS |
+------------------------------+--------------+---------------------------+------------------------------+----------------+
| Fedora Linux 40 | SKIPPED | SKIPPED | SKIPPED | PASS |
+------------------------------+--------------+---------------------------+------------------------------+----------------+
| Debian GNU/Linux 12 | SKIPPED | SKIPPED | SKIPPED | PASS |
+------------------------------+--------------+---------------------------+------------------------------+----------------+
| Fedora Linux 41 | SKIPPED | SKIPPED | SKIPPED | PASS |
+------------------------------+--------------+---------------------------+------------------------------+----------------+
| Red Hat Enterprise Linux 9.5 | SKIPPED | SKIPPED | SKIPPED | PASS |
+------------------------------+--------------+---------------------------+------------------------------+----------------+
| Ubuntu 24.04 | SKIPPED | SKIPPED | SKIPPED | PASS |
+------------------------------+--------------+---------------------------+------------------------------+----------------+
| Ubuntu 22.04 | SKIPPED | SKIPPED | SKIPPED | PASS |
+------------------------------+--------------+---------------------------+------------------------------+----------------+
Ubuntu 20.04
Kernel: 5.4
Compiler: gcc gcc (Ubuntu 9.4.0-1ubuntu1~20.04.2) 9.4.0
Debian 12 (arm)
Kernel: Depends on container host
Compiler: gcc (Debian 12.2.0-14) 12.2.0
CentOS Stream 10
Kernel: 5.4
Compiler: gcc gcc (GCC) 14.2.1 20250110 (Red Hat 14.2.1-8)
CentOS Stream 9
Kernel: 5.4
Compiler: gcc gcc (GCC) 11.5.0 20240719 (Red Hat 11.5.0-7)
Fedora Linux 40
Kernel: 5.4
Compiler: gcc gcc (GCC) 14.2.1 20240912 (Red Hat 14.2.1-3)
Debian GNU/Linux 12
Kernel: 5.4
Compiler: gcc gcc (Debian 12.2.0-14+deb12u1) 12.2.0
Fedora Linux 41
Kernel: 5.4
Compiler: clang gcc (GCC) 14.3.1 20250523 (Red Hat 14.3.1-1)
Red Hat Enterprise Linux 9.5
Kernel: 5.4
Compiler: gcc gcc (GCC) 11.5.0 20240719 (Red Hat 11.5.0-2)
Ubuntu 24.04
Kernel: 5.4
Compiler: gcc gcc (Ubuntu 13.3.0-6ubuntu2~24.04) 13.3.0
Ubuntu 22.04
Kernel: 5.4
Compiler: gcc gcc (Ubuntu 11.4.0-1ubuntu1~22.04) 11.4.0
To view detailed results, visit:
https://lab.dpdk.org/results/dashboard/patchsets/33601/
UNH-IOL DPDK Community Lab
To manage your email subscriptions, visit:
https://lab.dpdk.org/results/dashboard/preferences/subscriptions/
next prev parent reply other threads:[~2025-07-07 8:28 UTC|newest]
Thread overview: 24+ messages / expand[flat|nested] mbox.gz Atom feed top
[not found] <20250707055621.357606-6-wang.junlong1@zte.com.cn>
2025-07-07 5:51 ` |SUCCESS| pw155021-155026 [PATCH v1 6/6] net/zxdh: add support I510/511 PF device ID qemudev
2025-07-07 5:56 ` qemudev
2025-07-07 6:05 ` |SUCCESS| pw155026 " checkpatch
2025-07-07 6:48 ` |SUCCESS| pw155021-155026 [PATCH] [v1,6/6] net/zxdh: add support I51 dpdklab
2025-07-07 6:48 ` dpdklab
2025-07-07 6:51 ` |PENDING| " dpdklab
2025-07-07 6:56 ` |FAILURE| " dpdklab
2025-07-07 6:57 ` |PENDING| " dpdklab
2025-07-07 7:01 ` |SUCCESS| " dpdklab
2025-07-07 7:15 ` |PENDING| " dpdklab
2025-07-07 7:22 ` |FAILURE| " dpdklab
2025-07-07 7:23 ` |SUCCESS| pw155026 [PATCH v1 6/6] net/zxdh: add support I510/511 PF device ID 0-day Robot
2025-07-07 7:30 ` |SUCCESS| pw155021-155026 [PATCH] [v1,6/6] net/zxdh: add support I51 dpdklab
2025-07-07 8:28 ` dpdklab
2025-07-07 8:28 ` dpdklab [this message]
2025-07-07 9:06 ` dpdklab
2025-07-07 9:24 ` dpdklab
2025-07-07 9:59 ` |WARNING| " dpdklab
2025-07-07 10:49 ` dpdklab
2025-07-07 10:50 ` |SUCCESS| " dpdklab
2025-07-07 10:54 ` dpdklab
2025-07-07 11:28 ` dpdklab
2025-07-07 11:46 ` dpdklab
2025-07-07 12:18 ` |FAILURE| " dpdklab
Reply instructions:
You may reply publicly to this message via plain-text email
using any one of the following methods:
* Save the following mbox file, import it into your mail client,
and reply-to-all from there: mbox
Avoid top-posting and favor interleaved quoting:
https://en.wikipedia.org/wiki/Posting_style#Interleaved_style
* Reply using the --to, --cc, and --in-reply-to
switches of git-send-email(1):
git send-email \
--in-reply-to=686b8517.170a0220.1ff702.3783SMTPIN_ADDED_MISSING@mx.google.com \
--to=dpdklab@iol.unh.edu \
--cc=dpdk-test-reports@iol.unh.edu \
--cc=test-report@dpdk.org \
/path/to/YOUR_REPLY
https://kernel.org/pub/software/scm/git/docs/git-send-email.html
* If your mail client supports setting the In-Reply-To header
via mailto: links, try the mailto: link
Be sure your reply has a Subject: header at the top and a blank line
before the message body.
This is a public inbox, see mirroring instructions
for how to clone and mirror all data and code used for this inbox;
as well as URLs for NNTP newsgroup(s).