From: dpdklab@iol.unh.edu
To: Test Report <test-report@dpdk.org>
Cc: dpdk-test-reports@iol.unh.edu, Mario Kuka <kuka@cesnet.cz>
Subject: |FAILURE| pw155027 [PATCH] [v2] mbuf: add new ptype for slow protoco
Date: Mon, 07 Jul 2025 06:06:53 -0700 (PDT) [thread overview]
Message-ID: <686bc66d.050a0220.2010e6.9428SMTPIN_ADDED_MISSING@mx.google.com> (raw)
In-Reply-To: <20250707075100.15034-1-kuka@cesnet.cz>
Test-Label: iol-sample-apps-testing
Test-Status: FAILURE
http://dpdk.org/patch/155027
_Testing issues_
Submitter: Mario Kuka <kuka@cesnet.cz>
Date: Monday, July 07 2025 07:51:00
DPDK git baseline: Repo:dpdk
Branch: master
CommitID:70c2297528e7c7789af452f78de1932e9a20c8a2
155027 --> testing issues
Upstream job id: ACVP-FIPS-testing#10418
Test environment and result as below:
+--------------+----------------------+----------------------+
| Environment | compressdev_zlib_pmd | dpdk_fips_validation |
+==============+======================+======================+
| Ubuntu 22.04 | FAIL | SKIPPED |
+--------------+----------------------+----------------------+
| Ubuntu 20.04 | SKIPPED | PASS |
+--------------+----------------------+----------------------+
==== 20 line log output for Ubuntu 22.04 (compressdev_zlib_pmd): ====
--- Failed to get log output ---
==== End log output ====
Ubuntu 22.04
Kernel: 5.15
Compiler: gcc gcc (Ubuntu 11.4.0-1ubuntu1~22.04) 11.4.0
Ubuntu 20.04
Kernel: 5.15
Compiler: gcc gcc (Ubuntu 9.4.0-1ubuntu1~20.04.2) 9.4.0
To view detailed results, visit:
https://lab.dpdk.org/results/dashboard/patchsets/33602/
UNH-IOL DPDK Community Lab
To manage your email subscriptions, visit:
https://lab.dpdk.org/results/dashboard/preferences/subscriptions/
next prev parent reply other threads:[~2025-07-07 13:06 UTC|newest]
Thread overview: 31+ messages / expand[flat|nested] mbox.gz Atom feed top
[not found] <20250707075100.15034-1-kuka@cesnet.cz>
2025-07-07 7:21 ` |SUCCESS| pw155027 [PATCH v2] mbuf: add new ptype for slow protocols qemudev
2025-07-07 7:25 ` qemudev
2025-07-07 7:50 ` checkpatch
2025-07-07 8:33 ` |SUCCESS| pw155027 [PATCH] [v2] mbuf: add new ptype for slow protoco dpdklab
2025-07-07 8:43 ` |SUCCESS| pw155027 [PATCH v2] mbuf: add new ptype for slow protocols 0-day Robot
2025-07-07 8:49 ` |SUCCESS| pw155027 [PATCH] [v2] mbuf: add new ptype for slow protoco dpdklab
2025-07-07 9:07 ` dpdklab
2025-07-07 9:07 ` |FAILURE| " dpdklab
2025-07-07 9:29 ` |PENDING| " dpdklab
2025-07-07 9:30 ` |FAILURE| " dpdklab
2025-07-07 9:33 ` |PENDING| " dpdklab
2025-07-07 9:36 ` dpdklab
2025-07-07 9:42 ` |SUCCESS| " dpdklab
2025-07-07 9:46 ` dpdklab
2025-07-07 9:47 ` |PENDING| " dpdklab
2025-07-07 10:45 ` |SUCCESS| " dpdklab
2025-07-07 10:46 ` dpdklab
2025-07-07 10:46 ` dpdklab
2025-07-07 10:47 ` dpdklab
2025-07-07 10:47 ` dpdklab
2025-07-07 10:48 ` dpdklab
2025-07-07 10:48 ` dpdklab
2025-07-07 10:49 ` dpdklab
2025-07-07 10:49 ` dpdklab
2025-07-07 10:49 ` dpdklab
2025-07-07 11:31 ` |WARNING| " dpdklab
2025-07-07 11:47 ` |SUCCESS| " dpdklab
2025-07-07 12:04 ` dpdklab
2025-07-07 13:06 ` dpdklab [this message]
2025-07-07 13:11 ` dpdklab
2025-07-07 15:26 ` dpdklab
Reply instructions:
You may reply publicly to this message via plain-text email
using any one of the following methods:
* Save the following mbox file, import it into your mail client,
and reply-to-all from there: mbox
Avoid top-posting and favor interleaved quoting:
https://en.wikipedia.org/wiki/Posting_style#Interleaved_style
* Reply using the --to, --cc, and --in-reply-to
switches of git-send-email(1):
git send-email \
--in-reply-to=686bc66d.050a0220.2010e6.9428SMTPIN_ADDED_MISSING@mx.google.com \
--to=dpdklab@iol.unh.edu \
--cc=dpdk-test-reports@iol.unh.edu \
--cc=kuka@cesnet.cz \
--cc=test-report@dpdk.org \
/path/to/YOUR_REPLY
https://kernel.org/pub/software/scm/git/docs/git-send-email.html
* If your mail client supports setting the In-Reply-To header
via mailto: links, try the mailto: link
Be sure your reply has a Subject: header at the top and a blank line
before the message body.
This is a public inbox, see mirroring instructions
for how to clone and mirror all data and code used for this inbox;
as well as URLs for NNTP newsgroup(s).