* |SUCCESS| pw155054 [PATCH v8 1/1] app/testpmd: canonicalize short PCI name format
[not found] <20250708083740.128610-2-shperetz@nvidia.com>
@ 2025-07-08 8:03 ` qemudev
2025-07-08 8:07 ` qemudev
` (22 subsequent siblings)
23 siblings, 0 replies; 24+ messages in thread
From: qemudev @ 2025-07-08 8:03 UTC (permalink / raw)
To: test-report
Test-Label: loongarch-compilation
Test-Status: SUCCESS
http://dpdk.org/patch/155054
_Compilation OK_
Submitter: Shani Peretz <shperetz@nvidia.com>
Date: Tue, 8 Jul 2025 11:37:40 +0300
DPDK git baseline: Repo:dpdk-next-net
Branch: main
CommitID: ba982f9a1ca9b96ed0394b764f1523d482e963a2
155054 --> meson & ninja build successfully
Test environment and result as below:
+---------------------+----------------+
| Environment | compilation |
+---------------------+----------------+
| Loongnix-Server 8.3 | PASS |
+---------------------+----------------+
Loongnix-Server 8.3
Kernel: 4.19.190+
Compiler: gcc 8.3
^ permalink raw reply [flat|nested] 24+ messages in thread
* |SUCCESS| pw155054 [PATCH v8 1/1] app/testpmd: canonicalize short PCI name format
[not found] <20250708083740.128610-2-shperetz@nvidia.com>
2025-07-08 8:03 ` |SUCCESS| pw155054 [PATCH v8 1/1] app/testpmd: canonicalize short PCI name format qemudev
@ 2025-07-08 8:07 ` qemudev
2025-07-08 8:38 ` |WARNING| " checkpatch
` (21 subsequent siblings)
23 siblings, 0 replies; 24+ messages in thread
From: qemudev @ 2025-07-08 8:07 UTC (permalink / raw)
To: test-report
Test-Label: loongarch-unit-testing
Test-Status: SUCCESS
http://dpdk.org/patch/155054
_Unit Testing PASS_
Submitter: Shani Peretz <shperetz@nvidia.com>
Date: Tue, 8 Jul 2025 11:37:40 +0300
DPDK git baseline: Repo:dpdk-next-net
Branch: main
CommitID: ba982f9a1ca9b96ed0394b764f1523d482e963a2
155054 --> testing pass
Test environment and result as below:
+---------------------+----------------+
| Environment | dpdk_unit_test |
+---------------------+----------------+
| Loongnix-Server 8.3 | PASS |
+---------------------+----------------+
Loongnix-Server 8.3
Kernel: 4.19.190+
Compiler: gcc 8.3
Test result details:
1/120 DPDK:fast-tests / acl_autotest OK 3.30s
2/120 DPDK:fast-tests / alarm_autotest OK 1.62s
3/120 DPDK:fast-tests / argparse_autotest OK 0.61s
4/120 DPDK:fast-tests / atomic_autotest OK 7.08s
5/120 DPDK:fast-tests / bitcount_autotest OK 0.31s
6/120 DPDK:fast-tests / bitmap_autotest OK 0.31s
7/120 DPDK:fast-tests / bitops_autotest OK 1.81s
8/120 DPDK:fast-tests / bitratestats_autotest OK 0.31s
9/120 DPDK:fast-tests / bitset_autotest OK 3.07s
10/120 DPDK:fast-tests / bpf_autotest OK 0.31s
11/120 DPDK:fast-tests / bpf_convert_autotest OK 0.31s
12/120 DPDK:fast-tests / byteorder_autotest OK 0.31s
13/120 DPDK:fast-tests / cfgfile_autotest OK 0.31s
14/120 DPDK:fast-tests / cksum_autotest OK 0.31s
15/120 DPDK:fast-tests / cmdline_autotest OK 0.31s
16/120 DPDK:fast-tests / common_autotest OK 1.19s
17/120 DPDK:fast-tests / compressdev_autotest SKIP 0.06s exit status 77
18/120 DPDK:fast-tests / cpuflags_autotest OK 0.30s
19/120 DPDK:fast-tests / crc_autotest OK 0.31s
20/120 DPDK:fast-tests / user_delay_us OK 0.31s
21/120 DPDK:fast-tests / debug_autotest OK 22.52s
22/120 DPDK:fast-tests / devargs_autotest OK 0.30s
23/120 DPDK:fast-tests / dispatcher_autotest OK 2.48s
24/120 DPDK:fast-tests / distributor_autotest OK 1.19s
25/120 DPDK:fast-tests / eal_flags_c_opt_autotest OK 0.79s
26/120 DPDK:fast-tests / eal_flags_main_opt_autotest OK 0.22s
27/120 DPDK:fast-tests / eal_flags_n_opt_autotest OK 0.20s
28/120 DPDK:fast-tests / eal_flags_hpet_autotest OK 0.13s
29/120 DPDK:fast-tests / eal_flags_no_huge_autotest OK 0.22s
30/120 DPDK:fast-tests / eal_flags_a_opt_autotest OK 0.30s
31/120 DPDK:fast-tests / eal_flags_b_opt_autotest OK 0.24s
32/120 DPDK:fast-tests / eal_flags_vdev_opt_autotest OK 0.19s
33/120 DPDK:fast-tests / eal_flags_r_opt_autotest OK 0.18s
34/120 DPDK:fast-tests / eal_flags_mem_autotest OK 0.58s
35/120 DPDK:fast-tests / eal_flags_file_prefix_autotest OK 22.26s
36/120 DPDK:fast-tests / eal_flags_misc_autotest OK 1.04s
37/120 DPDK:fast-tests / eal_fs_autotest OK 0.30s
38/120 DPDK:fast-tests / errno_autotest OK 0.31s
39/120 DPDK:fast-tests / ethdev_link_status OK 0.31s
40/120 DPDK:fast-tests / event_eth_tx_adapter_autotest OK 1.68s
41/120 DPDK:fast-tests / event_ring_autotest OK 0.31s
42/120 DPDK:fast-tests / eventdev_common_autotest OK 0.31s
43/120 DPDK:fast-tests / eventdev_selftest_sw OK 7.04s
44/120 DPDK:fast-tests / fbarray_autotest OK 0.31s
45/120 DPDK:fast-tests / fib_autotest OK 1.15s
46/120 DPDK:fast-tests / fib6_autotest OK 0.94s
47/120 DPDK:fast-tests / func_reentrancy_autotest OK 2.20s
48/120 DPDK:fast-tests / graph_autotest OK 0.31s
49/120 DPDK:fast-tests / node_list_dump OK 0.31s
50/120 DPDK:fast-tests / graph_feature_arc_autotest OK 0.31s
51/120 DPDK:fast-tests / hash_autotest OK 0.93s
52/120 DPDK:fast-tests / hash_readwrite_func_autotest OK 6.37s
53/120 DPDK:fast-tests / interrupt_autotest OK 1.61s
54/120 DPDK:fast-tests / ipfrag_autotest OK 0.07s
55/120 DPDK:fast-tests / ipsec_autotest SKIP 0.31s exit status 77
56/120 DPDK:fast-tests / kvargs_autotest OK 0.31s
57/120 DPDK:fast-tests / latencystats_autotest OK 0.31s
58/120 DPDK:fast-tests / lcore_var_autotest OK 0.45s
59/120 DPDK:fast-tests / lcores_autotest OK 5.12s
60/120 DPDK:fast-tests / logs_autotest OK 0.31s
61/120 DPDK:fast-tests / lpm_autotest OK 2.36s
62/120 DPDK:fast-tests / lpm6_autotest OK 5.46s
63/120 DPDK:fast-tests / malloc_autotest OK 60.70s
64/120 DPDK:fast-tests / mbuf_autotest OK 5.16s
65/120 DPDK:fast-tests / mcslock_autotest OK 4.03s
66/120 DPDK:fast-tests / member_autotest OK 1.51s
67/120 DPDK:fast-tests / memcpy_autotest OK 7.02s
68/120 DPDK:fast-tests / memory_autotest OK 0.08s
69/120 DPDK:fast-tests / mempool_autotest OK 0.43s
70/120 DPDK:fast-tests / memzone_autotest OK 0.14s
71/120 DPDK:fast-tests / meter_autotest OK 0.30s
72/120 DPDK:fast-tests / metrics_autotest OK 0.31s
73/120 DPDK:fast-tests / multiprocess_autotest OK 0.18s
74/120 DPDK:fast-tests / net_ether_autotest OK 0.97s
75/120 DPDK:fast-tests / net_ipv6_autotest OK 0.31s
76/120 DPDK:fast-tests / pcapng_autotest OK 6.71s
77/120 DPDK:fast-tests / pdcp_autotest SKIP 0.06s exit status 77
78/120 DPDK:fast-tests / pdump_autotest OK 0.42s
79/120 DPDK:fast-tests / per_lcore_autotest OK 0.41s
80/120 DPDK:fast-tests / pflock_autotest OK 1.12s
81/120 DPDK:fast-tests / pie_autotest OK 0.31s
82/120 DPDK:fast-tests / ring_pmd_autotest OK 0.31s
83/120 DPDK:fast-tests / power_autotest OK 0.31s
84/120 DPDK:fast-tests / power_cpufreq_autotest SKIP 0.06s exit status 77
85/120 DPDK:fast-tests / power_intel_uncore_autotest SKIP 0.30s exit status 77
86/120 DPDK:fast-tests / power_kvm_vm_autotest SKIP 0.06s exit status 77
87/120 DPDK:fast-tests / prefetch_autotest OK 0.30s
88/120 DPDK:fast-tests / ptr_compress_autotest OK 0.31s
89/120 DPDK:fast-tests / rawdev_autotest OK 0.31s
90/120 DPDK:fast-tests / rcu_qsbr_autotest OK 0.83s
91/120 DPDK:fast-tests / reorder_autotest OK 0.36s
92/120 DPDK:fast-tests / rib_autotest OK 8.96s
93/120 DPDK:fast-tests / rib6_autotest OK 8.95s
94/120 DPDK:fast-tests / ring_autotest OK 0.34s
95/120 DPDK:fast-tests / rwlock_test1_autotest OK 1.06s
96/120 DPDK:fast-tests / rwlock_rda_autotest OK 5.31s
97/120 DPDK:fast-tests / rwlock_rds_wrm_autotest OK 5.31s
98/120 DPDK:fast-tests / rwlock_rde_wro_autotest OK 5.31s
99/120 DPDK:fast-tests / sched_autotest OK 0.53s
100/120 DPDK:fast-tests / security_autotest OK 0.07s
101/120 DPDK:fast-tests / seqlock_autotest OK 2.40s
102/120 DPDK:fast-tests / service_autotest OK 3.10s
103/120 DPDK:fast-tests / soring_autotest OK 0.40s
104/120 DPDK:fast-tests / spinlock_autotest OK 0.48s
105/120 DPDK:fast-tests / stack_autotest OK 0.87s
106/120 DPDK:fast-tests / stack_lf_autotest SKIP 0.06s exit status 77
107/120 DPDK:fast-tests / string_autotest OK 0.39s
108/120 DPDK:fast-tests / table_autotest OK 7.52s
109/120 DPDK:fast-tests / tailq_autotest OK 0.39s
110/120 DPDK:fast-tests / telemetry_data_autotest OK 0.40s
111/120 DPDK:fast-tests / telemetry_json_autotest OK 0.40s
112/120 DPDK:fast-tests / thash_autotest OK 0.41s
113/120 DPDK:fast-tests / threads_autotest OK 0.58s
114/120 DPDK:fast-tests / ticketlock_autotest OK 0.55s
115/120 DPDK:fast-tests / timer_autotest OK 3.88s
116/120 DPDK:fast-tests / trace_autotest OK 0.40s
117/120 DPDK:fast-tests / trace_autotest_with_traces OK 0.40s
118/120 DPDK:fast-tests / vdev_autotest OK 0.40s
119/120 DPDK:fast-tests / version_autotest OK 0.40s
120/120 DPDK:fast-tests / telemetry_all OK 1.32s
Ok: 113
Expected Fail: 0
Fail: 0
Unexpected Pass: 0
Skipped: 7
Timeout: 0
^ permalink raw reply [flat|nested] 24+ messages in thread
* |WARNING| pw155054 [PATCH v8 1/1] app/testpmd: canonicalize short PCI name format
[not found] <20250708083740.128610-2-shperetz@nvidia.com>
2025-07-08 8:03 ` |SUCCESS| pw155054 [PATCH v8 1/1] app/testpmd: canonicalize short PCI name format qemudev
2025-07-08 8:07 ` qemudev
@ 2025-07-08 8:38 ` checkpatch
2025-07-08 9:22 ` |FAILURE| " 0-day Robot
` (20 subsequent siblings)
23 siblings, 0 replies; 24+ messages in thread
From: checkpatch @ 2025-07-08 8:38 UTC (permalink / raw)
To: test-report; +Cc: Shani Peretz
Test-Label: checkpatch
Test-Status: WARNING
http://dpdk.org/patch/155054
_coding style issues_
WARNING:TYPO_SPELLING: 'stings' may be misspelled - perhaps 'strings'?
#129:
a comparison function that simply compare stings, which will
total: 0 errors, 1 warnings, 54 lines checked
^ permalink raw reply [flat|nested] 24+ messages in thread
* |FAILURE| pw155054 [PATCH v8 1/1] app/testpmd: canonicalize short PCI name format
[not found] <20250708083740.128610-2-shperetz@nvidia.com>
` (2 preceding siblings ...)
2025-07-08 8:38 ` |WARNING| " checkpatch
@ 2025-07-08 9:22 ` 0-day Robot
2025-07-08 9:50 ` |SUCCESS| pw155054 [PATCH] [v8,1/1] app/testpmd: canonicalize short dpdklab
` (19 subsequent siblings)
23 siblings, 0 replies; 24+ messages in thread
From: 0-day Robot @ 2025-07-08 9:22 UTC (permalink / raw)
To: test-report; +Cc: shperetz, robot
From: robot@bytheb.org
Test-Label: github-robot: build
Test-Status: FAILURE
http://patchwork.dpdk.org/patch/155054/
_github build: failed_
Build URL: https://github.com/ovsrobot/dpdk/actions/runs/16138395731
Build Logs:
-----------------------Summary of failed steps-----------------------
"windows-2022-msvc" failed at step Build
"ubuntu-22.04-gcc-mini" failed at step Build and test
----------------------End summary of failed steps--------------------
-------------------------------BEGIN LOGS----------------------------
####################################################################################
#### [Begin job log] "windows-2022-msvc" at step Build
####################################################################################
[304/452] Compiling C object app/dpdk-testpmd.exe.p/test-pmd_hairpin.c.obj
[305/452] Compiling C object app/dpdk-testpmd.exe.p/test-pmd_csumonly.c.obj
[306/452] Compiling C object app/dpdk-testpmd.exe.p/test-pmd_config.c.obj
[307/452] Compiling C object app/dpdk-testpmd.exe.p/test-pmd_iofwd.c.obj
[308/452] Compiling C object app/dpdk-testpmd.exe.p/test-pmd_icmpecho.c.obj
[309/452] Compiling C object app/dpdk-testpmd.exe.p/test-pmd_ieee1588fwd.c.obj
[310/452] Compiling C object app/dpdk-testpmd.exe.p/test-pmd_macswap.c.obj
[311/452] Compiling C object app/dpdk-testpmd.exe.p/test-pmd_macfwd.c.obj
[312/452] Compiling C object app/dpdk-testpmd.exe.p/test-pmd_recycle_mbufs.c.obj
[313/452] Compiling C object app/dpdk-testpmd.exe.p/test-pmd_rxonly.c.obj
[314/452] Compiling C object app/dpdk-testpmd.exe.p/test-pmd_parameters.c.obj
[315/452] Compiling C object app/dpdk-testpmd.exe.p/test-pmd_shared_rxq_fwd.c.obj
[316/452] Compiling C object app/dpdk-testpmd.exe.p/test-pmd_testpmd.c.obj
FAILED: app/dpdk-testpmd.exe.p/test-pmd_testpmd.c.obj
"cl" "-Iapp\dpdk-testpmd.exe.p" "-Iapp" "-I..\app" "-Iapp\test-pmd" "-I..\app\test-pmd" "-Ilib\ethdev" "-I..\lib\ethdev" "-Ilib\eal\common" "-I..\lib\eal\common" "-I." "-I.." "-Iconfig" "-I..\config" "-Ilib\eal\include" "-I..\lib\eal\include" "-Ilib\eal\windows\include" "-I..\lib\eal\windows\include" "-Ilib\eal\x86\include" "-I..\lib\eal\x86\include" "-Ilib\eal" "-I..\lib\eal" "-Ilib\log" "-I..\lib\log" "-Ilib\kvargs" "-I..\lib\kvargs" "-Ilib\net" "-I..\lib\net" "-Ilib\mbuf" "-I..\lib\mbuf" "-Ilib\mempool" "-I..\lib\mempool" "-Ilib\ring" "-I..\lib\ring" "-Ilib\metrics" "-I..\lib\metrics" "-Ilib\telemetry" "-I..\lib\telemetry" "-Ilib\meter" "-I..\lib\meter" "-Ilib\cmdline" "-I..\lib\cmdline" "-Ilib\bitratestats" "-I..\lib\bitratestats" "-Ilib\gro" "-I..\lib\gro" "-Ilib\gso" "-I..\lib\gso" "-Ilib\latencystats" "-I..\lib\latencystats" "/MD" "/nologo" "/showIncludes" "/utf-8" "/W3" "/WX" "/std:c11" "/O2" "/Gw" "/wd4244" "/wd4267" "/wd4146" "/experimental:c11atomics" "/d1experimental:typeof" "/experimental:statementExpressions" "/FI" "rte_config.h" "-D_GNU_SOURCE" "-D_WIN32_WINNT=0x0A00" "-DALLOW_EXPERIMENTAL_API" "/Fdapp\dpdk-testpmd.exe.p\test-pmd_testpmd.c.pdb" /Foapp/dpdk-testpmd.exe.p/test-pmd_testpmd.c.obj "/c" ../app/test-pmd/testpmd.c
../app/test-pmd/testpmd.c(50): fatal error C1083: Cannot open include file: 'rte_pci.h': No such file or directory
[317/452] Compiling C object app/dpdk-testpmd.exe.p/test-pmd_cmdline_flow.c.obj
[318/452] Compiling C object app/dpdk-testpmd.exe.p/test-pmd_util.c.obj
[319/452] Compiling C object app/dpdk-testpmd.exe.p/test-pmd_noisy_vnf.c.obj
[320/452] Compiling C object app/dpdk-test-regex.exe.p/test-regex_main.c.obj
[321/452] Compiling C object app/dpdk-testpmd.exe.p/test-pmd_txonly.c.obj
ninja: build stopped: subcommand failed.
INFO: autodetecting backend as ninja
INFO: calculating backend command to run: C:\hostedtoolcache\windows\Python\3.13.5\x64\Scripts\ninja.EXE -C D:/a/dpdk/dpdk/build
##[error]Process completed with exit code 1.
####################################################################################
#### [End job log] "windows-2022-msvc" at step Build
####################################################################################
####################################################################################
#### [Begin job log] "ubuntu-22.04-gcc-mini" at step Build and test
####################################################################################
[1443/2144] Compiling C object buildtools/chkincs/chkincs-exp.p/meson-generated_rte_memory.c.o
[1444/2144] Compiling C object buildtools/chkincs/chkincs-exp.p/meson-generated_rte_pci_dev_feature_defs.c.o
[1445/2144] Compiling C object buildtools/chkincs/chkincs-exp.p/meson-generated_rte_memzone.c.o
[1446/2144] Compiling C object buildtools/chkincs/chkincs-exp.p/meson-generated_rte_per_lcore.c.o
[1447/2144] Compiling C object buildtools/chkincs/chkincs-exp.p/meson-generated_rte_pflock.c.o
[1448/2144] Compiling C object buildtools/chkincs/chkincs-exp.p/meson-generated_rte_pci_dev_features.c.o
[1449/2144] Compiling C object buildtools/chkincs/chkincs-exp.p/meson-generated_rte_random.c.o
[1450/2144] Compiling C object buildtools/chkincs/chkincs-exp.p/meson-generated_rte_reciprocal.c.o
[1451/2144] Compiling C object buildtools/chkincs/chkincs-exp.p/meson-generated_rte_seqcount.c.o
[1452/2144] Compiling C object buildtools/chkincs/chkincs-exp.p/meson-generated_rte_service.c.o
[1453/2144] Compiling C object buildtools/chkincs/chkincs-exp.p/meson-generated_rte_service_component.c.o
[1454/2144] Compiling C object app/dpdk-testpmd.p/test-pmd_testpmd.c.o
FAILED: [code=1] app/dpdk-testpmd.p/test-pmd_testpmd.c.o
ccache gcc -Iapp/dpdk-testpmd.p -Iapp -I../app -Iapp/test-pmd -I../app/test-pmd -Ilib/ethdev -I../lib/ethdev -Ilib/eal/common -I../lib/eal/common -I. -I.. -Iconfig -I../config -Ilib/eal/include -I../lib/eal/include -Ilib/eal/linux/include -I../lib/eal/linux/include -Ilib/eal/x86/include -I../lib/eal/x86/include -I../kernel/linux -Ilib/eal -I../lib/eal -Ilib/kvargs -I../lib/kvargs -Ilib/log -I../lib/log -I../lib/metrics -Ilib/telemetry -I../lib/telemetry -Ilib/net -I../lib/net -Ilib/mbuf -I../lib/mbuf -Ilib/mempool -I../lib/mempool -Ilib/ring -I../lib/ring -Ilib/meter -I../lib/meter -Ilib/cmdline -I../lib/cmdline -fdiagnostics-color=always -pipe -D_FILE_OFFSET_BITS=64 -Wall -Winvalid-pch -Wextra -Werror -std=c11 -O2 -g -include rte_config.h -Wvla -Wcast-qual -Wdeprecated -Wformat -Wformat-nonliteral -Wformat-security -Wmissing-declarations -Wmissing-prototypes -Wnested-externs -Wold-style-definition -Wpointer-arith -Wsign-compare -Wstrict-prototypes -Wundef -Wwrite-strings -Wno-packed-not-aligned -Wno-missing-field-initializers -D_GNU_SOURCE -march=corei7 -mrtm -DALLOW_EXPERIMENTAL_API -MD -MQ app/dpdk-testpmd.p/test-pmd_testpmd.c.o -MF app/dpdk-testpmd.p/test-pmd_testpmd.c.o.d -o app/dpdk-testpmd.p/test-pmd_testpmd.c.o -c ../app/test-pmd/testpmd.c
../app/test-pmd/testpmd.c:50:10: fatal error: rte_pci.h: No such file or directory
50 | #include <rte_pci.h>
| ^~~~~~~~~~~
compilation terminated.
[1455/2144] Compiling C object buildtools/chkincs/chkincs-exp.p/meson-generated_rte_seqlock.c.o
[1456/2144] Compiling C object buildtools/chkincs/chkincs-exp.p/meson-generated_rte_stdatomic.c.o
[1457/2144] Compiling C object buildtools/chkincs/chkincs-exp.p/meson-generated_rte_tailq.c.o
[1458/2144] Compiling C object buildtools/chkincs/chkincs-exp.p/meson-generated_rte_string_fns.c.o
[1459/2144] Compiling C object buildtools/chkincs/chkincs-exp.p/meson-generated_rte_thread.c.o
ninja: build stopped: subcommand failed.
##[error]Process completed with exit code 1.
####################################################################################
#### [End job log] "ubuntu-22.04-gcc-mini" at step Build and test
####################################################################################
--------------------------------END LOGS-----------------------------
^ permalink raw reply [flat|nested] 24+ messages in thread
* |SUCCESS| pw155054 [PATCH] [v8,1/1] app/testpmd: canonicalize short
[not found] <20250708083740.128610-2-shperetz@nvidia.com>
` (3 preceding siblings ...)
2025-07-08 9:22 ` |FAILURE| " 0-day Robot
@ 2025-07-08 9:50 ` dpdklab
2025-07-08 9:51 ` |PENDING| " dpdklab
` (18 subsequent siblings)
23 siblings, 0 replies; 24+ messages in thread
From: dpdklab @ 2025-07-08 9:50 UTC (permalink / raw)
To: Test Report; +Cc: dpdk-test-reports
Test-Label: iol-broadcom-Performance
Test-Status: SUCCESS
http://dpdk.org/patch/155054
_Performance Testing PASS_
Submitter: Shani Peretz <shperetz@nvidia.com>
Date: Tuesday, July 08 2025 08:37:40
DPDK git baseline: Repo:dpdk
Branch: master
CommitID:ba982f9a1ca9b96ed0394b764f1523d482e963a2
155054 --> performance testing pass
Upstream job id: Template-DTS-Pipeline#235607
Test environment and result as below:
Ubuntu 22.04
Kernel: 5.15
Compiler: gcc gcc (Ubuntu 11.4.0-1ubuntu1~22.04) 11.4.0
NIC: Arm Broadcom Inc. brcm_57414 25000 Mbps
Fail/Total: 0/2
Detail performance results:
+------------+---------+----------+-------------+------------------------------+
| frame_size | txd/rxd | num_cpus | num_threads | throughput difference from |
| | | | | expected |
+============+=========+==========+=============+==============================+
| 64 | 512 | 1 | 1 | -0.2% |
+------------+---------+----------+-------------+------------------------------+
| 64 | 2048 | 1 | 1 | -0.2% |
+------------+---------+----------+-------------+------------------------------+
Ubuntu 22.04
Kernel: 5.15
Compiler: gcc gcc (Ubuntu 11.4.0-1ubuntu1~22.04) 11.4.0
NIC: Broadcom Inc. and subsidiaries BCM57414 NetXtreme-E 10Gb/25Gb RDMA Ethernet Controller 16d7 25 Mbps
Fail/Total: 0/3
Detail performance results:
+------------+---------+----------+-------------+------------------------------+
| frame_size | txd/rxd | num_cpus | num_threads | throughput difference from |
| | | | | expected |
+============+=========+==========+=============+==============================+
| 64 | 128 | 1 | 1 | -0.5% |
+------------+---------+----------+-------------+------------------------------+
| 64 | 512 | 1 | 1 | 0.1% |
+------------+---------+----------+-------------+------------------------------+
| 64 | 2048 | 1 | 1 | -0.7% |
+------------+---------+----------+-------------+------------------------------+
To view detailed results, visit:
https://lab.dpdk.org/results/dashboard/patchsets/33608/
UNH-IOL DPDK Community Lab
To manage your email subscriptions, visit:
https://lab.dpdk.org/results/dashboard/preferences/subscriptions/
^ permalink raw reply [flat|nested] 24+ messages in thread
* |PENDING| pw155054 [PATCH] [v8,1/1] app/testpmd: canonicalize short
[not found] <20250708083740.128610-2-shperetz@nvidia.com>
` (4 preceding siblings ...)
2025-07-08 9:50 ` |SUCCESS| pw155054 [PATCH] [v8,1/1] app/testpmd: canonicalize short dpdklab
@ 2025-07-08 9:51 ` dpdklab
2025-07-08 9:53 ` dpdklab
` (17 subsequent siblings)
23 siblings, 0 replies; 24+ messages in thread
From: dpdklab @ 2025-07-08 9:51 UTC (permalink / raw)
To: Test Report; +Cc: dpdk-test-reports
Test-Label: iol-unit-amd64-testing
Test-Status: PENDING
http://dpdk.org/patch/155054
_Testing pending_
Submitter: Shani Peretz <shperetz@nvidia.com>
Date: Tuesday, July 08 2025 08:37:40
DPDK git baseline: Repo:dpdk
Branch: master
CommitID:ba982f9a1ca9b96ed0394b764f1523d482e963a2
155054 --> testing pending
Upstream job id: Generic-Unit-Test-DPDK#353458
Test environment and result as below:
+-------------------------------+----------------+
| Environment | dpdk_unit_test |
+===============================+================+
| CentOS Stream 9 | PEND |
+-------------------------------+----------------+
| CentOS Stream 10 | PASS |
+-------------------------------+----------------+
| Fedora Linux 40 | PEND |
+-------------------------------+----------------+
| Debian GNU/Linux 12 | PEND |
+-------------------------------+----------------+
| Fedora Linux 41 | PEND |
+-------------------------------+----------------+
| Red Hat Enterprise Linux 9.5 | PEND |
+-------------------------------+----------------+
| Ubuntu 20.04 | PEND |
+-------------------------------+----------------+
| Ubuntu 22.04 | PEND |
+-------------------------------+----------------+
| Red Hat Enterprise Linux 8.10 | PEND |
+-------------------------------+----------------+
| Ubuntu 24.04 | PEND |
+-------------------------------+----------------+
CentOS Stream 9
Kernel: 5.15
Compiler: gcc gcc (GCC) 11.5.0 20240719 (Red Hat 11.5.0-7)
CentOS Stream 10
Kernel: 5.15
Compiler: gcc gcc (GCC) 14.2.1 20250110 (Red Hat 14.2.1-8)
Fedora Linux 40
Kernel: 5.15
Compiler: gcc gcc (GCC) 14.2.1 20240912 (Red Hat 14.2.1-3)
Debian GNU/Linux 12
Kernel: 5.15
Compiler: gcc gcc (Debian 12.2.0-14+deb12u1) 12.2.0
Fedora Linux 41
Kernel: 5.15
Compiler: gcc gcc (GCC) 14.3.1 20250523 (Red Hat 14.3.1-1)
Red Hat Enterprise Linux 9.5
Kernel: 5.15
Compiler: gcc gcc (GCC) 11.5.0 20240719 (Red Hat 11.5.0-2)
Ubuntu 20.04
Kernel: 5.15
Compiler: gcc gcc (Ubuntu 9.4.0-1ubuntu1~20.04.2) 9.4.0
Ubuntu 22.04
Kernel: 5.15
Compiler: gcc gcc (Ubuntu 11.4.0-1ubuntu1~22.04) 11.4.0
Red Hat Enterprise Linux 8.10
Kernel: 5.15
Compiler: gcc gcc (GCC) 8.5.0 20210514 (Red Hat 8.5.0-22)
Ubuntu 24.04
Kernel: 5.15
Compiler: gcc gcc (Ubuntu 13.3.0-6ubuntu2~24.04) 13.3.0
To view detailed results, visit:
https://lab.dpdk.org/results/dashboard/patchsets/33608/
UNH-IOL DPDK Community Lab
To manage your email subscriptions, visit:
https://lab.dpdk.org/results/dashboard/preferences/subscriptions/
^ permalink raw reply [flat|nested] 24+ messages in thread
* |PENDING| pw155054 [PATCH] [v8,1/1] app/testpmd: canonicalize short
[not found] <20250708083740.128610-2-shperetz@nvidia.com>
` (5 preceding siblings ...)
2025-07-08 9:51 ` |PENDING| " dpdklab
@ 2025-07-08 9:53 ` dpdklab
2025-07-08 9:56 ` |FAILURE| " dpdklab
` (16 subsequent siblings)
23 siblings, 0 replies; 24+ messages in thread
From: dpdklab @ 2025-07-08 9:53 UTC (permalink / raw)
To: Test Report; +Cc: dpdk-test-reports
Test-Label: iol-unit-arm64-testing
Test-Status: PENDING
http://dpdk.org/patch/155054
_Testing pending_
Submitter: Shani Peretz <shperetz@nvidia.com>
Date: Tuesday, July 08 2025 08:37:40
DPDK git baseline: Repo:dpdk
Branch: master
CommitID:ba982f9a1ca9b96ed0394b764f1523d482e963a2
155054 --> testing pending
Upstream job id: Generic-Unit-Test-DPDK#353456
Test environment and result as below:
+------------------------------+---------------------------+--------------+----------------+------------------------------+
| Environment | cryptodev_sw_zuc_autotest | lpm_autotest | dpdk_unit_test | cryptodev_sw_snow3g_autotest |
+==============================+===========================+==============+================+==============================+
| Debian 12 (arm) | PASS | SKIPPED | SKIPPED | PEND |
+------------------------------+---------------------------+--------------+----------------+------------------------------+
| Ubuntu 20.04 | SKIPPED | PEND | PEND | SKIPPED |
+------------------------------+---------------------------+--------------+----------------+------------------------------+
| CentOS Stream 9 | SKIPPED | SKIPPED | PEND | SKIPPED |
+------------------------------+---------------------------+--------------+----------------+------------------------------+
| Debian GNU/Linux 12 | SKIPPED | SKIPPED | PEND | SKIPPED |
+------------------------------+---------------------------+--------------+----------------+------------------------------+
| CentOS Stream 10 | SKIPPED | SKIPPED | PEND | SKIPPED |
+------------------------------+---------------------------+--------------+----------------+------------------------------+
| Fedora Linux 40 | SKIPPED | SKIPPED | PEND | SKIPPED |
+------------------------------+---------------------------+--------------+----------------+------------------------------+
| Fedora Linux 41 | SKIPPED | SKIPPED | PEND | SKIPPED |
+------------------------------+---------------------------+--------------+----------------+------------------------------+
| Red Hat Enterprise Linux 9.5 | SKIPPED | SKIPPED | PEND | SKIPPED |
+------------------------------+---------------------------+--------------+----------------+------------------------------+
| Ubuntu 24.04 | SKIPPED | SKIPPED | PEND | SKIPPED |
+------------------------------+---------------------------+--------------+----------------+------------------------------+
| Ubuntu 22.04 | SKIPPED | SKIPPED | PEND | SKIPPED |
+------------------------------+---------------------------+--------------+----------------+------------------------------+
Debian 12 (arm)
Kernel: Depends on container host
Compiler: gcc (Debian 12.2.0-14) 12.2.0
Ubuntu 20.04
Kernel: 5.4
Compiler: gcc gcc (Ubuntu 9.4.0-1ubuntu1~20.04.2) 9.4.0
CentOS Stream 9
Kernel: 5.4
Compiler: gcc gcc (GCC) 11.5.0 20240719 (Red Hat 11.5.0-7)
Debian GNU/Linux 12
Kernel: 5.4
Compiler: gcc gcc (Debian 12.2.0-14+deb12u1) 12.2.0
CentOS Stream 10
Kernel: 5.4
Compiler: gcc gcc (GCC) 14.2.1 20250110 (Red Hat 14.2.1-8)
Fedora Linux 40
Kernel: 5.4
Compiler: gcc gcc (GCC) 14.2.1 20240912 (Red Hat 14.2.1-3)
Fedora Linux 41
Kernel: 5.4
Compiler: gcc gcc (GCC) 14.3.1 20250523 (Red Hat 14.3.1-1)
Red Hat Enterprise Linux 9.5
Kernel: 5.4
Compiler: gcc gcc (GCC) 11.5.0 20240719 (Red Hat 11.5.0-2)
Ubuntu 24.04
Kernel: 5.4
Compiler: gcc gcc (Ubuntu 13.3.0-6ubuntu2~24.04) 13.3.0
Ubuntu 22.04
Kernel: 5.4
Compiler: gcc gcc (Ubuntu 11.4.0-1ubuntu1~22.04) 11.4.0
To view detailed results, visit:
https://lab.dpdk.org/results/dashboard/patchsets/33608/
UNH-IOL DPDK Community Lab
To manage your email subscriptions, visit:
https://lab.dpdk.org/results/dashboard/preferences/subscriptions/
^ permalink raw reply [flat|nested] 24+ messages in thread
* |FAILURE| pw155054 [PATCH] [v8,1/1] app/testpmd: canonicalize short
[not found] <20250708083740.128610-2-shperetz@nvidia.com>
` (6 preceding siblings ...)
2025-07-08 9:53 ` dpdklab
@ 2025-07-08 9:56 ` dpdklab
2025-07-08 9:59 ` |SUCCESS| " dpdklab
` (15 subsequent siblings)
23 siblings, 0 replies; 24+ messages in thread
From: dpdklab @ 2025-07-08 9:56 UTC (permalink / raw)
To: Test Report; +Cc: dpdk-test-reports, Shani Peretz
Test-Label: iol-unit-arm64-testing
Test-Status: FAILURE
http://dpdk.org/patch/155054
_Testing issues_
Submitter: Shani Peretz <shperetz@nvidia.com>
Date: Tuesday, July 08 2025 08:37:40
DPDK git baseline: Repo:dpdk
Branch: master
CommitID:ba982f9a1ca9b96ed0394b764f1523d482e963a2
155054 --> testing issues
Upstream job id: Generic-Unit-Test-DPDK#353454
Test environment and result as below:
+------------------------------+---------------------------+--------------+----------------+------------------------------+
| Environment | cryptodev_sw_zuc_autotest | lpm_autotest | dpdk_unit_test | cryptodev_sw_snow3g_autotest |
+==============================+===========================+==============+================+==============================+
| Debian 12 (arm) | PASS | SKIPPED | SKIPPED | PEND |
+------------------------------+---------------------------+--------------+----------------+------------------------------+
| Ubuntu 20.04 | SKIPPED | WARN | PEND | SKIPPED |
+------------------------------+---------------------------+--------------+----------------+------------------------------+
| CentOS Stream 9 | SKIPPED | SKIPPED | PEND | SKIPPED |
+------------------------------+---------------------------+--------------+----------------+------------------------------+
| Debian GNU/Linux 12 | SKIPPED | SKIPPED | PEND | SKIPPED |
+------------------------------+---------------------------+--------------+----------------+------------------------------+
| CentOS Stream 10 | SKIPPED | SKIPPED | PEND | SKIPPED |
+------------------------------+---------------------------+--------------+----------------+------------------------------+
| Fedora Linux 40 | SKIPPED | SKIPPED | PEND | SKIPPED |
+------------------------------+---------------------------+--------------+----------------+------------------------------+
| Fedora Linux 41 | SKIPPED | SKIPPED | PEND | SKIPPED |
+------------------------------+---------------------------+--------------+----------------+------------------------------+
| Red Hat Enterprise Linux 9.5 | SKIPPED | SKIPPED | PEND | SKIPPED |
+------------------------------+---------------------------+--------------+----------------+------------------------------+
| Ubuntu 24.04 | SKIPPED | SKIPPED | PEND | SKIPPED |
+------------------------------+---------------------------+--------------+----------------+------------------------------+
| Ubuntu 22.04 | SKIPPED | SKIPPED | PEND | SKIPPED |
+------------------------------+---------------------------+--------------+----------------+------------------------------+
==== 20 line log output for Ubuntu 20.04 (lpm_autotest): ====
[294/403] Compiling C object app/dpdk-testpmd.p/test-pmd_cmdline_flow.c.o
[295/403] Compiling C object app/dpdk-testpmd.p/test-pmd_icmpecho.c.o
[296/403] Compiling C object app/dpdk-testpmd.p/test-pmd_ieee1588fwd.c.o
[297/403] Compiling C object app/dpdk-testpmd.p/test-pmd_macfwd.c.o
[298/403] Compiling C object app/dpdk-testpmd.p/test-pmd_macswap.c.o
[299/403] Compiling C object app/dpdk-testpmd.p/test-pmd_config.c.o
[300/403] Compiling C object app/dpdk-testpmd.p/test-pmd_parameters.c.o
[301/403] Compiling C object app/dpdk-testpmd.p/test-pmd_recycle_mbufs.c.o
[302/403] Compiling C object app/dpdk-testpmd.p/test-pmd_rxonly.c.o
[303/403] Compiling C object app/dpdk-testpmd.p/test-pmd_testpmd.c.o
FAILED: app/dpdk-testpmd.p/test-pmd_testpmd.c.o
gcc-10 -Iapp/dpdk-testpmd.p -Iapp -I../app -Iapp/test-pmd -I../app/test-pmd -Ilib/ethdev -I../lib/ethdev -Ilib/eal/common -I../lib/eal/common -I. -I.. -Iconfig -I../config -Ilib/eal/include -I../lib/eal/include -Ilib/eal/linux/include -I../lib/eal/linux/include -Ilib/eal/arm/include -I../lib/eal/arm/include -I../kernel/linux -Ilib/eal -I../lib/eal -Ilib/kvargs -I../lib/kvargs -Ilib/log -I../lib/log -I../lib/metrics -Ilib/telemetry -I../lib/telemetry -Ilib/net -I../lib/net -Ilib/mbuf -I../lib/mbuf -Ilib/mempool -I../lib/mempool -Ilib/ring -I../lib/ring -Ilib/meter -I../lib/meter -Ilib/cmdline -I../lib/cmdline -fdiagnostics-color=always -pipe -D_FILE_OFFSET_BITS=64 -Wall -Winvalid-pch -Wextra -Werror -std=c11 -O3 -include rte_config.h -Wvla -Wcast-qual -Wdeprecated -Wformat -Wformat-nonliteral -Wformat-security -Wmissing-declarations -Wmissing-prototypes -Wnested-externs -Wold-style-definition -Wpointer-arith -Wsign-compare -Wstrict-prototypes -Wundef -Wwrite-strings -Wno-packed-not-al
igned -Wno-missing-field-initializers -D_GNU_SOURCE -march=armv8.2-a+crypto+sve -DALLOW_EXPERIMENTAL_API -MD -MQ app/dpdk-testpmd.p/test-pmd_testpmd.c.o -MF app/dpdk-testpmd.p/test-pmd_testpmd.c.o.d -o app/dpdk-testpmd.p/test-pmd_testpmd.c.o -c ../app/test-pmd/testpmd.c
../app/test-pmd/testpmd.c:50:10: fatal error: rte_pci.h: No such file or directory
50 | #include <rte_pci.h>
| ^~~~~~~~~~~
compilation terminated.
[304/403] Compiling C object app/dpdk-testpmd.p/test-pmd_shared_rxq_fwd.c.o
[305/403] Compiling C object app/dpdk-testpmd.p/test-pmd_noisy_vnf.c.o
[306/403] Compiling C object app/dpdk-testpmd.p/test-pmd_txonly.c.o
ninja: build stopped: subcommand failed.
==== End log output ====
Debian 12 (arm)
Kernel: Depends on container host
Compiler: gcc (Debian 12.2.0-14) 12.2.0
Ubuntu 20.04
Kernel: 5.4
Compiler: gcc gcc (Ubuntu 9.4.0-1ubuntu1~20.04.2) 9.4.0
CentOS Stream 9
Kernel: 5.4
Compiler: gcc gcc (GCC) 11.5.0 20240719 (Red Hat 11.5.0-7)
Debian GNU/Linux 12
Kernel: 5.4
Compiler: gcc gcc (Debian 12.2.0-14+deb12u1) 12.2.0
CentOS Stream 10
Kernel: 5.4
Compiler: gcc gcc (GCC) 14.2.1 20250110 (Red Hat 14.2.1-8)
Fedora Linux 40
Kernel: 5.4
Compiler: gcc gcc (GCC) 14.2.1 20240912 (Red Hat 14.2.1-3)
Fedora Linux 41
Kernel: 5.4
Compiler: gcc gcc (GCC) 14.3.1 20250523 (Red Hat 14.3.1-1)
Red Hat Enterprise Linux 9.5
Kernel: 5.4
Compiler: gcc gcc (GCC) 11.5.0 20240719 (Red Hat 11.5.0-2)
Ubuntu 24.04
Kernel: 5.4
Compiler: gcc gcc (Ubuntu 13.3.0-6ubuntu2~24.04) 13.3.0
Ubuntu 22.04
Kernel: 5.4
Compiler: gcc gcc (Ubuntu 11.4.0-1ubuntu1~22.04) 11.4.0
To view detailed results, visit:
https://lab.dpdk.org/results/dashboard/patchsets/33608/
UNH-IOL DPDK Community Lab
To manage your email subscriptions, visit:
https://lab.dpdk.org/results/dashboard/preferences/subscriptions/
^ permalink raw reply [flat|nested] 24+ messages in thread
* |SUCCESS| pw155054 [PATCH] [v8,1/1] app/testpmd: canonicalize short
[not found] <20250708083740.128610-2-shperetz@nvidia.com>
` (7 preceding siblings ...)
2025-07-08 9:56 ` |FAILURE| " dpdklab
@ 2025-07-08 9:59 ` dpdklab
2025-07-08 10:01 ` dpdklab
` (14 subsequent siblings)
23 siblings, 0 replies; 24+ messages in thread
From: dpdklab @ 2025-07-08 9:59 UTC (permalink / raw)
To: Ali Alnubani, Test Report; +Cc: dpdk-test-reports
Test-Label: iol-mellanox-Performance
Test-Status: SUCCESS
http://dpdk.org/patch/155054
_Performance Testing PASS_
Submitter: Shani Peretz <shperetz@nvidia.com>
Date: Tuesday, July 08 2025 08:37:40
DPDK git baseline: Repo:dpdk
Branch: master
CommitID:ba982f9a1ca9b96ed0394b764f1523d482e963a2
155054 --> performance testing pass
Upstream job id: Template-DTS-Pipeline#235603
Test environment and result as below:
Ubuntu 24.04
Kernel: 6.8
Compiler: gcc gcc (Ubuntu 13.3.0-6ubuntu2~24.04) 13.3.0
NIC: NVIDIA Mellanox ConnectX-7 100000 Mbps
Fail/Total: 0/6
Detail performance results:
+------------+---------+----------+-------------+------------------------------+
| frame_size | txd/rxd | num_cpus | num_threads | throughput difference from |
| | | | | expected |
+============+=========+==========+=============+==============================+
| 64 | 1024 | 1 | 1 | 0.4% |
+------------+---------+----------+-------------+------------------------------+
| 128 | 1024 | 1 | 1 | 0.3% |
+------------+---------+----------+-------------+------------------------------+
| 256 | 1024 | 1 | 1 | 0.1% |
+------------+---------+----------+-------------+------------------------------+
| 512 | 1024 | 1 | 1 | 0.0% |
+------------+---------+----------+-------------+------------------------------+
| 1024 | 1024 | 1 | 1 | 0.0% |
+------------+---------+----------+-------------+------------------------------+
| 1518 | 1024 | 1 | 1 | -0.1% |
+------------+---------+----------+-------------+------------------------------+
Ubuntu 24.04
Kernel: 6.8
Compiler: gcc gcc (Ubuntu 13.3.0-6ubuntu2~24.04) 13.3.0
NIC: Mellanox ConnectX-6 Lx 25000 Mbps
Fail/Total: 0/6
Detail performance results:
+------------+---------+----------+-------------+------------------------------+
| frame_size | txd/rxd | num_cpus | num_threads | throughput difference from |
| | | | | expected |
+============+=========+==========+=============+==============================+
| 64 | 1024 | 1 | 1 | -0.0% |
+------------+---------+----------+-------------+------------------------------+
| 128 | 1024 | 1 | 1 | 0.0% |
+------------+---------+----------+-------------+------------------------------+
| 256 | 1024 | 1 | 1 | -0.0% |
+------------+---------+----------+-------------+------------------------------+
| 512 | 1024 | 1 | 1 | 0.0% |
+------------+---------+----------+-------------+------------------------------+
| 1024 | 1024 | 1 | 1 | -0.0% |
+------------+---------+----------+-------------+------------------------------+
| 1518 | 1024 | 1 | 1 | 0.0% |
+------------+---------+----------+-------------+------------------------------+
To view detailed results, visit:
https://lab.dpdk.org/results/dashboard/patchsets/33608/
UNH-IOL DPDK Community Lab
To manage your email subscriptions, visit:
https://lab.dpdk.org/results/dashboard/preferences/subscriptions/
^ permalink raw reply [flat|nested] 24+ messages in thread
* |SUCCESS| pw155054 [PATCH] [v8,1/1] app/testpmd: canonicalize short
[not found] <20250708083740.128610-2-shperetz@nvidia.com>
` (8 preceding siblings ...)
2025-07-08 9:59 ` |SUCCESS| " dpdklab
@ 2025-07-08 10:01 ` dpdklab
2025-07-08 10:01 ` |FAILURE| " dpdklab
` (13 subsequent siblings)
23 siblings, 0 replies; 24+ messages in thread
From: dpdklab @ 2025-07-08 10:01 UTC (permalink / raw)
To: Test Report; +Cc: dpdk-test-reports
Test-Label: iol-intel-Functional
Test-Status: SUCCESS
http://dpdk.org/patch/155054
_Functional Testing PASS_
Submitter: Shani Peretz <shperetz@nvidia.com>
Date: Tuesday, July 08 2025 08:37:40
DPDK git baseline: Repo:dpdk
Branch: master
CommitID:ba982f9a1ca9b96ed0394b764f1523d482e963a2
155054 --> functional testing pass
Upstream job id: Template-DTS-Pipeline#235615
Test environment and result as below:
Ubuntu 24.04
Kernel: 6.8
Compiler: gcc gcc (Ubuntu 13.3.0-6ubuntu2~24.04) 13.3.0
NIC: Intel Corporation 4xxx Series QAT 0 Mbps
Aggregate Results by Test Suite
+----------------------------+--------+
| Test Suite | Result |
+============================+========+
| crypto_perf_cryptodev_perf | PASS |
+----------------------------+--------+
To view detailed results, visit:
https://lab.dpdk.org/results/dashboard/patchsets/33608/
UNH-IOL DPDK Community Lab
To manage your email subscriptions, visit:
https://lab.dpdk.org/results/dashboard/preferences/subscriptions/
^ permalink raw reply [flat|nested] 24+ messages in thread
* |FAILURE| pw155054 [PATCH] [v8,1/1] app/testpmd: canonicalize short
[not found] <20250708083740.128610-2-shperetz@nvidia.com>
` (9 preceding siblings ...)
2025-07-08 10:01 ` dpdklab
@ 2025-07-08 10:01 ` dpdklab
2025-07-08 10:10 ` dpdklab
` (12 subsequent siblings)
23 siblings, 0 replies; 24+ messages in thread
From: dpdklab @ 2025-07-08 10:01 UTC (permalink / raw)
To: Test Report; +Cc: dpdk-test-reports, Shani Peretz
Test-Label: iol-compile-arm64-testing
Test-Status: FAILURE
http://dpdk.org/patch/155054
_Testing issues_
Submitter: Shani Peretz <shperetz@nvidia.com>
Date: Tuesday, July 08 2025 08:37:40
DPDK git baseline: Repo:dpdk
Branch: master
CommitID:ba982f9a1ca9b96ed0394b764f1523d482e963a2
155054 --> testing issues
Upstream job id: Generic-DPDK-Compile-Meson#406444
Test environment and result as below:
+------------------------------+--------------------+
| Environment | dpdk_meson_compile |
+==============================+====================+
| Red Hat Enterprise Linux 9.5 | PEND |
+------------------------------+--------------------+
| Ubuntu 20.04 | PEND |
+------------------------------+--------------------+
| Debian GNU/Linux 12 | PEND |
+------------------------------+--------------------+
| Fedora Linux 40 | PEND |
+------------------------------+--------------------+
| Fedora Linux 41 | PEND |
+------------------------------+--------------------+
| Ubuntu 22.04 | PEND |
+------------------------------+--------------------+
| CentOS Stream 9 | PEND |
+------------------------------+--------------------+
| Ubuntu 24.04 | PEND |
+------------------------------+--------------------+
| CentOS Stream 10 | PEND |
+------------------------------+--------------------+
Red Hat Enterprise Linux 9.5
Kernel: 5.4
Compiler: gcc gcc (GCC) 11.5.0 20240719 (Red Hat 11.5.0-2)
Ubuntu 20.04
Kernel: 5.15
Compiler: aarch64-linux-gnu-gcc gcc (Ubuntu 9.4.0-1ubuntu1~20.04.2) 9.4.0
Debian GNU/Linux 12
Kernel: 5.4
Compiler: gcc gcc (Debian 12.2.0-14+deb12u1) 12.2.0
Fedora Linux 40
Kernel: 5.4
Compiler: clang gcc (GCC) 14.2.1 20240912 (Red Hat 14.2.1-3)
Fedora Linux 41
Kernel: 5.4
Compiler: gcc gcc (GCC) 14.3.1 20250523 (Red Hat 14.3.1-1)
Ubuntu 22.04
Kernel: 5.4
Compiler: gcc gcc (Ubuntu 11.4.0-1ubuntu1~22.04) 11.4.0
CentOS Stream 9
Kernel: 5.4
Compiler: gcc gcc (GCC) 11.5.0 20240719 (Red Hat 11.5.0-7)
Ubuntu 24.04
Kernel: 5.4
Compiler: gcc gcc (Ubuntu 13.3.0-6ubuntu2~24.04) 13.3.0
CentOS Stream 10
Kernel: 5.4
Compiler: gcc gcc (GCC) 14.2.1 20250110 (Red Hat 14.2.1-8)
To view detailed results, visit:
https://lab.dpdk.org/results/dashboard/patchsets/33608/
UNH-IOL DPDK Community Lab
To manage your email subscriptions, visit:
https://lab.dpdk.org/results/dashboard/preferences/subscriptions/
^ permalink raw reply [flat|nested] 24+ messages in thread
* |FAILURE| pw155054 [PATCH] [v8,1/1] app/testpmd: canonicalize short
[not found] <20250708083740.128610-2-shperetz@nvidia.com>
` (10 preceding siblings ...)
2025-07-08 10:01 ` |FAILURE| " dpdklab
@ 2025-07-08 10:10 ` dpdklab
2025-07-08 10:12 ` |SUCCESS| " dpdklab
` (11 subsequent siblings)
23 siblings, 0 replies; 24+ messages in thread
From: dpdklab @ 2025-07-08 10:10 UTC (permalink / raw)
To: Test Report; +Cc: dpdk-test-reports, Shani Peretz
Test-Label: iol-compile-arm64-testing
Test-Status: FAILURE
http://dpdk.org/patch/155054
_Testing issues_
Submitter: Shani Peretz <shperetz@nvidia.com>
Date: Tuesday, July 08 2025 08:37:40
DPDK git baseline: Repo:dpdk
Branch: master
CommitID:ba982f9a1ca9b96ed0394b764f1523d482e963a2
155054 --> testing issues
Upstream job id: Generic-DPDK-Compile-Meson#406445
Test environment and result as below:
+------------------------------+--------------------+
| Environment | dpdk_meson_compile |
+==============================+====================+
| Red Hat Enterprise Linux 9.5 | PEND |
+------------------------------+--------------------+
| Ubuntu 20.04 | PEND |
+------------------------------+--------------------+
| Debian GNU/Linux 12 | PEND |
+------------------------------+--------------------+
| Fedora Linux 40 | PEND |
+------------------------------+--------------------+
| Fedora Linux 41 | PEND |
+------------------------------+--------------------+
| Ubuntu 22.04 | PEND |
+------------------------------+--------------------+
| CentOS Stream 9 | PEND |
+------------------------------+--------------------+
| Ubuntu 24.04 | PEND |
+------------------------------+--------------------+
| CentOS Stream 10 | PEND |
+------------------------------+--------------------+
Red Hat Enterprise Linux 9.5
Kernel: 5.4
Compiler: gcc gcc (GCC) 11.5.0 20240719 (Red Hat 11.5.0-2)
Ubuntu 20.04
Kernel: 5.15
Compiler: aarch64-linux-gnu-gcc gcc (Ubuntu 9.4.0-1ubuntu1~20.04.2) 9.4.0
Debian GNU/Linux 12
Kernel: 5.4
Compiler: gcc gcc (Debian 12.2.0-14+deb12u1) 12.2.0
Fedora Linux 40
Kernel: 5.4
Compiler: clang gcc (GCC) 14.2.1 20240912 (Red Hat 14.2.1-3)
Fedora Linux 41
Kernel: 5.4
Compiler: gcc gcc (GCC) 14.3.1 20250523 (Red Hat 14.3.1-1)
Ubuntu 22.04
Kernel: 5.4
Compiler: gcc gcc (Ubuntu 11.4.0-1ubuntu1~22.04) 11.4.0
CentOS Stream 9
Kernel: 5.4
Compiler: gcc gcc (GCC) 11.5.0 20240719 (Red Hat 11.5.0-7)
Ubuntu 24.04
Kernel: 5.4
Compiler: gcc gcc (Ubuntu 13.3.0-6ubuntu2~24.04) 13.3.0
CentOS Stream 10
Kernel: 5.4
Compiler: gcc gcc (GCC) 14.2.1 20250110 (Red Hat 14.2.1-8)
To view detailed results, visit:
https://lab.dpdk.org/results/dashboard/patchsets/33608/
UNH-IOL DPDK Community Lab
To manage your email subscriptions, visit:
https://lab.dpdk.org/results/dashboard/preferences/subscriptions/
^ permalink raw reply [flat|nested] 24+ messages in thread
* |SUCCESS| pw155054 [PATCH] [v8,1/1] app/testpmd: canonicalize short
[not found] <20250708083740.128610-2-shperetz@nvidia.com>
` (11 preceding siblings ...)
2025-07-08 10:10 ` dpdklab
@ 2025-07-08 10:12 ` dpdklab
2025-07-08 10:13 ` |PENDING| " dpdklab
` (10 subsequent siblings)
23 siblings, 0 replies; 24+ messages in thread
From: dpdklab @ 2025-07-08 10:12 UTC (permalink / raw)
To: Test Report; +Cc: dpdk-test-reports
Test-Label: iol-intel-Functional
Test-Status: SUCCESS
http://dpdk.org/patch/155054
_Functional Testing PASS_
Submitter: Shani Peretz <shperetz@nvidia.com>
Date: Tuesday, July 08 2025 08:37:40
DPDK git baseline: Repo:dpdk
Branch: master
CommitID:ba982f9a1ca9b96ed0394b764f1523d482e963a2
155054 --> functional testing pass
Upstream job id: Template-DTS-Pipeline#235613
Test environment and result as below:
Ubuntu 24.04
Kernel: 6.8
Compiler: gcc gcc (Ubuntu 13.3.0-6ubuntu2~24.04) 13.3.0
NIC: Intel Corporation 4xxx Series QAT 0 Mbps
Aggregate Results by Test Suite
+----------------------------+--------+
| Test Suite | Result |
+============================+========+
| crypto_perf_cryptodev_perf | PASS |
+----------------------------+--------+
Ubuntu 22.04
Kernel: 5.15
Compiler: gcc gcc (Ubuntu 11.4.0-1ubuntu1~22.04) 11.4.0
NIC: Intel Corporation QAT 8970 0 Mbps
Aggregate Results by Test Suite
+----------------------------+--------+
| Test Suite | Result |
+============================+========+
| crypto_perf_cryptodev_perf | PASS |
+----------------------------+--------+
To view detailed results, visit:
https://lab.dpdk.org/results/dashboard/patchsets/33608/
UNH-IOL DPDK Community Lab
To manage your email subscriptions, visit:
https://lab.dpdk.org/results/dashboard/preferences/subscriptions/
^ permalink raw reply [flat|nested] 24+ messages in thread
* |PENDING| pw155054 [PATCH] [v8,1/1] app/testpmd: canonicalize short
[not found] <20250708083740.128610-2-shperetz@nvidia.com>
` (12 preceding siblings ...)
2025-07-08 10:12 ` |SUCCESS| " dpdklab
@ 2025-07-08 10:13 ` dpdklab
2025-07-08 10:22 ` |SUCCESS| " dpdklab
` (9 subsequent siblings)
23 siblings, 0 replies; 24+ messages in thread
From: dpdklab @ 2025-07-08 10:13 UTC (permalink / raw)
To: Test Report; +Cc: dpdk-test-reports
Test-Label: iol-compile-amd64-testing
Test-Status: PENDING
http://dpdk.org/patch/155054
_Testing pending_
Submitter: Shani Peretz <shperetz@nvidia.com>
Date: Tuesday, July 08 2025 08:37:40
DPDK git baseline: Repo:dpdk
Branch: master
CommitID:ba982f9a1ca9b96ed0394b764f1523d482e963a2
155054 --> testing pending
Upstream job id: Generic-DPDK-Compile-Meson#406459
Test environment and result as below:
+-------------------------------+--------------------+-------------------+------------------+
| Environment | dpdk_meson_compile | dpdk_compile_spdk | dpdk_compile_ovs |
+===============================+====================+===================+==================+
| CentOS Stream 9 | PEND | PEND | SKIPPED |
+-------------------------------+--------------------+-------------------+------------------+
| Debian GNU/Linux 12 | PEND | PEND | SKIPPED |
+-------------------------------+--------------------+-------------------+------------------+
| CentOS Stream 10 | PASS | SKIPPED | SKIPPED |
+-------------------------------+--------------------+-------------------+------------------+
| Fedora Linux 40 | PEND | PEND | SKIPPED |
+-------------------------------+--------------------+-------------------+------------------+
| Fedora Linux 41 | PEND | PEND | PEND |
+-------------------------------+--------------------+-------------------+------------------+
| openSUSE Leap 15.6 | PEND | SKIPPED | SKIPPED |
+-------------------------------+--------------------+-------------------+------------------+
| Red Hat Enterprise Linux 8.10 | PEND | SKIPPED | SKIPPED |
+-------------------------------+--------------------+-------------------+------------------+
CentOS Stream 9
Kernel: 5.15
Compiler: gcc gcc (GCC) 11.5.0 20240719 (Red Hat 11.5.0-7)
Debian GNU/Linux 12
Kernel: 5.15
Compiler: gcc gcc (Debian 12.2.0-14+deb12u1) 12.2.0
CentOS Stream 10
Kernel: 5.15
Compiler: gcc gcc (GCC) 14.2.1 20250110 (Red Hat 14.2.1-8)
Fedora Linux 40
Kernel: 5.15
Compiler: clang gcc (GCC) 14.2.1 20240912 (Red Hat 14.2.1-3)
Fedora Linux 41
Kernel: 5.15
Compiler: clang gcc (GCC) 14.3.1 20250523 (Red Hat 14.3.1-1)
openSUSE Leap 15.6
Kernel: 5.15
Compiler: gcc gcc (SUSE Linux) 7.5.0
Red Hat Enterprise Linux 8.10
Kernel: 5.15
Compiler: gcc gcc (GCC) 8.5.0 20210514 (Red Hat 8.5.0-22)
To view detailed results, visit:
https://lab.dpdk.org/results/dashboard/patchsets/33608/
UNH-IOL DPDK Community Lab
To manage your email subscriptions, visit:
https://lab.dpdk.org/results/dashboard/preferences/subscriptions/
^ permalink raw reply [flat|nested] 24+ messages in thread
* |SUCCESS| pw155054 [PATCH] [v8,1/1] app/testpmd: canonicalize short
[not found] <20250708083740.128610-2-shperetz@nvidia.com>
` (13 preceding siblings ...)
2025-07-08 10:13 ` |PENDING| " dpdklab
@ 2025-07-08 10:22 ` dpdklab
2025-07-08 10:25 ` |FAILURE| " dpdklab
` (8 subsequent siblings)
23 siblings, 0 replies; 24+ messages in thread
From: dpdklab @ 2025-07-08 10:22 UTC (permalink / raw)
To: Test Report; +Cc: dpdk-test-reports
Test-Label: iol-unit-amd64-testing
Test-Status: SUCCESS
http://dpdk.org/patch/155054
_Testing PASS_
Submitter: Shani Peretz <shperetz@nvidia.com>
Date: Tuesday, July 08 2025 08:37:40
DPDK git baseline: Repo:dpdk
Branch: master
CommitID:ba982f9a1ca9b96ed0394b764f1523d482e963a2
155054 --> testing pass
Upstream job id: Generic-Unit-Test-DPDK#353468
Test environment and result as below:
+-------------------------------+----------------+
| Environment | dpdk_unit_test |
+===============================+================+
| CentOS Stream 9 | PASS |
+-------------------------------+----------------+
| CentOS Stream 10 | PASS |
+-------------------------------+----------------+
| Fedora Linux 40 | PASS |
+-------------------------------+----------------+
| Debian GNU/Linux 12 | PASS |
+-------------------------------+----------------+
| Fedora Linux 41 | PASS |
+-------------------------------+----------------+
| Red Hat Enterprise Linux 9.5 | PASS |
+-------------------------------+----------------+
| Ubuntu 20.04 | PASS |
+-------------------------------+----------------+
| Ubuntu 22.04 | PASS |
+-------------------------------+----------------+
| Red Hat Enterprise Linux 8.10 | PASS |
+-------------------------------+----------------+
| Ubuntu 24.04 | PASS |
+-------------------------------+----------------+
CentOS Stream 9
Kernel: 5.15
Compiler: gcc gcc (GCC) 11.5.0 20240719 (Red Hat 11.5.0-7)
CentOS Stream 10
Kernel: 5.15
Compiler: gcc gcc (GCC) 14.2.1 20250110 (Red Hat 14.2.1-8)
Fedora Linux 40
Kernel: 5.15
Compiler: gcc gcc (GCC) 14.2.1 20240912 (Red Hat 14.2.1-3)
Debian GNU/Linux 12
Kernel: 5.15
Compiler: gcc gcc (Debian 12.2.0-14+deb12u1) 12.2.0
Fedora Linux 41
Kernel: 5.15
Compiler: gcc gcc (GCC) 14.3.1 20250523 (Red Hat 14.3.1-1)
Red Hat Enterprise Linux 9.5
Kernel: 5.15
Compiler: gcc gcc (GCC) 11.5.0 20240719 (Red Hat 11.5.0-2)
Ubuntu 20.04
Kernel: 5.15
Compiler: gcc gcc (Ubuntu 9.4.0-1ubuntu1~20.04.2) 9.4.0
Ubuntu 22.04
Kernel: 5.15
Compiler: gcc gcc (Ubuntu 11.4.0-1ubuntu1~22.04) 11.4.0
Red Hat Enterprise Linux 8.10
Kernel: 5.15
Compiler: gcc gcc (GCC) 8.5.0 20210514 (Red Hat 8.5.0-22)
Ubuntu 24.04
Kernel: 5.15
Compiler: gcc gcc (Ubuntu 13.3.0-6ubuntu2~24.04) 13.3.0
To view detailed results, visit:
https://lab.dpdk.org/results/dashboard/patchsets/33608/
UNH-IOL DPDK Community Lab
To manage your email subscriptions, visit:
https://lab.dpdk.org/results/dashboard/preferences/subscriptions/
^ permalink raw reply [flat|nested] 24+ messages in thread
* |FAILURE| pw155054 [PATCH] [v8,1/1] app/testpmd: canonicalize short
[not found] <20250708083740.128610-2-shperetz@nvidia.com>
` (14 preceding siblings ...)
2025-07-08 10:22 ` |SUCCESS| " dpdklab
@ 2025-07-08 10:25 ` dpdklab
2025-07-08 10:25 ` dpdklab
` (7 subsequent siblings)
23 siblings, 0 replies; 24+ messages in thread
From: dpdklab @ 2025-07-08 10:25 UTC (permalink / raw)
To: Test Report; +Cc: dpdk-test-reports, Shani Peretz
Test-Label: iol-compile-amd64-testing
Test-Status: FAILURE
http://dpdk.org/patch/155054
_Testing issues_
Submitter: Shani Peretz <shperetz@nvidia.com>
Date: Tuesday, July 08 2025 08:37:40
DPDK git baseline: Repo:dpdk
Branch: master
CommitID:ba982f9a1ca9b96ed0394b764f1523d482e963a2
155054 --> testing issues
Upstream job id: Generic-DPDK-Compile-Meson#406460
Test environment and result as below:
+-------------------------------+--------------------+-------------------+------------------+-------------------------+-------------------+
| Environment | dpdk_meson_compile | dpdk_compile_spdk | dpdk_compile_ovs | dpdk_llvm_clang_compile | dpdk_msvc_compile |
+===============================+====================+===================+==================+=========================+===================+
| CentOS Stream 9 | PASS | PASS | SKIPPED | SKIPPED | SKIPPED |
+-------------------------------+--------------------+-------------------+------------------+-------------------------+-------------------+
| Debian GNU/Linux 12 | PASS | PASS | SKIPPED | SKIPPED | SKIPPED |
+-------------------------------+--------------------+-------------------+------------------+-------------------------+-------------------+
| CentOS Stream 10 | PASS | SKIPPED | SKIPPED | SKIPPED | SKIPPED |
+-------------------------------+--------------------+-------------------+------------------+-------------------------+-------------------+
| Fedora Linux 40 | PASS | PASS | SKIPPED | SKIPPED | SKIPPED |
+-------------------------------+--------------------+-------------------+------------------+-------------------------+-------------------+
| Fedora Linux 41 | PEND | PEND | PEND | SKIPPED | SKIPPED |
+-------------------------------+--------------------+-------------------+------------------+-------------------------+-------------------+
| openSUSE Leap 15.6 | PEND | SKIPPED | SKIPPED | SKIPPED | SKIPPED |
+-------------------------------+--------------------+-------------------+------------------+-------------------------+-------------------+
| Red Hat Enterprise Linux 8.10 | PASS | SKIPPED | SKIPPED | SKIPPED | SKIPPED |
+-------------------------------+--------------------+-------------------+------------------+-------------------------+-------------------+
| Ubuntu 20.04 | PASS | SKIPPED | SKIPPED | SKIPPED | SKIPPED |
+-------------------------------+--------------------+-------------------+------------------+-------------------------+-------------------+
| Ubuntu 22.04 | PEND | PEND | SKIPPED | SKIPPED | SKIPPED |
+-------------------------------+--------------------+-------------------+------------------+-------------------------+-------------------+
| Ubuntu 24.04 | PEND | PEND | PEND | SKIPPED | SKIPPED |
+-------------------------------+--------------------+-------------------+------------------+-------------------------+-------------------+
| Alpine Linux 3.22.0 | PEND | SKIPPED | SKIPPED | SKIPPED | SKIPPED |
+-------------------------------+--------------------+-------------------+------------------+-------------------------+-------------------+
| Windows Server 2022 | SKIPPED | SKIPPED | SKIPPED | PASS | FAIL |
+-------------------------------+--------------------+-------------------+------------------+-------------------------+-------------------+
==== 20 line log output for Windows Server 2022 (dpdk_msvc_compile): ====
\0[\01\03\05\0/\04\05\02\0]\0 \0C\0o\0m\0p\0i\0l\0i\0n\0g\0 \0C\0 \0o\0b\0j\0e\0c\0t\0 \0a\0p\0p\0/\0d\0p\0d\0k\0-\0t\0e\0s\0t\0.\0e\0x\0e\0.\0p\0/\0t\0e\0s\0t\0_\0t\0e\0s\0t\0_\0c\0m\0d\0l\0i\0n\0e\0_\0i\0p\0a\0d\0d\0r\0.\0c\0.\0o\0b\0j\0
\0
\0[\01\03\06\0/\04\05\02\0]\0 \0C\0o\0m\0p\0i\0l\0i\0n\0g\0 \0C\0 \0o\0b\0j\0e\0c\0t\0 \0a\0p\0p\0/\0d\0p\0d\0k\0-\0t\0e\0s\0t\0.\0e\0x\0e\0.\0p\0/\0t\0e\0s\0t\0_\0t\0e\0s\0t\0_\0b\0i\0t\0c\0o\0u\0n\0t\0.\0c\0.\0o\0b\0j\0
\0
\0[\01\03\07\0/\04\05\02\0]\0 \0C\0o\0m\0p\0i\0l\0i\0n\0g\0 \0C\0 \0o\0b\0j\0e\0c\0t\0 \0a\0p\0p\0/\0d\0p\0d\0k\0-\0t\0e\0s\0t\0p\0m\0d\0.\0e\0x\0e\0.\0p\0/\0t\0e\0s\0t\0-\0p\0m\0d\0_\0s\0h\0a\0r\0e\0d\0_\0r\0x\0q\0_\0f\0w\0d\0.\0c\0.\0o\0b\0j\0
\0
\0[\01\03\08\0/\04\05\02\0]\0 \0C\0o\0m\0p\0i\0l\0i\0n\0g\0 \0C\0 \0o\0b\0j\0e\0c\0t\0 \0a\0p\0p\0/\0d\0p\0d\0k\0-\0t\0e\0s\0t\0p\0m\0d\0.\0e\0x\0e\0.\0p\0/\0t\0e\0s\0t\0-\0p\0m\0d\0_\0t\0e\0s\0t\0p\0m\0d\0.\0c\0.\0o\0b\0j\0
\0
\0F\0A\0I\0L\0E\0D\0:\0 \0a\0p\0p\0/\0d\0p\0d\0k\0-\0t\0e\0s\0t\0p\0m\0d\0.\0e\0x\0e\0.\0p\0/\0t\0e\0s\0t\0-\0p\0m\0d\0_\0t\0e\0s\0t\0p\0m\0d\0.\0c\0.\0o\0b\0j\0 \0
\0
\0"\0c\0l\0"\0 \0"\0-\0I\0a\0p\0p\0\\0d\0p\0d\0k\0-\0t\0e\0s\0t\0p\0m\0d\0.\0e\0x\0e\0.\0p\0"\0 \0"\0-\0I\0a\0p\0p\0"\0 \0"\0-\0I\0.\0.\0\\0a\0p\0p\0"\0 \0"\0-\0I\0a\0p\0p\0\\0t\0e\0s\0t\0-\0p\0m\0d\0"\0 \0"\0-\0I\0.\0.\0\\0a\0p\0p\0\\0t\0e\0s\0t\0-\0p\0m\0d\0"\0 \0"\0-\0I\0l\0i\0b\0\\0e\0t\0h\0d\0e\0v\0"\0 \0"\0-\0I\0.\0.\0\\0l\0i\0b\0\\0e\0t\0h\0d\0e\0v\0"\0 \0"\0-\0I\0l\0i\0b\0\\0e\0a\0l\0\\0c\0o\0m\0m\0o\0n\0"\0 \0"\0-\0I\0.\0.\0\\0l\0i\0b\0\\0e\0a\0l\0\\0c\0o\0m\0m\0o\0n\0"\0 \0"\0-\0I\0.\0"\0 \0"\0-\0I\0.\0.\0"\0 \0"\0-\0I\0c\0o\0n\0f\0i\0g\0"\0 \0"\0-\0I\0.\0.\0\\0c\0o\0n\0f\0i\0g\0"\0 \0"\0-\0I\0l\0i\0b\0\\0e\0a\0l\0\\0i\0n\0c\0l\0u\0d\0e\0"\0 \0"\0-\0I\0.\0.\0\\0l\0i\0b\0\\0e\0a\0l\0\\0i\0n\0c\0l\0u\0d\0e\0"\0 \0"\0-\0I\0l\0i\0b\0\\0e\0a\0l\0\\0w\0i\0n\0d\0o\0w\0s\0\\0i\0n\0c\0l\0u\0d\0e\0"\0 \0"\0-\0I\0.\0.\0\\0l\0i\0b\0\\0e\0a\0l\0\\0w\0i\0n\0d\0o\0w\0s\0\\0i\0n\0c\0l\0u\0d\0e\0"\0 \0"\0-\0I\0l\0i\0b\0\\0e\0a\0l\0\\0x\08\06\0\\0i\0n\0c\0l\0u\0d\0e\0"\0 \0"\0-\0I\0.\0.\0\\0l\0i\0b\0\\0e\0a\0l\0\\0x\08\06\0\\0i\0n\0c\0l\0u\0d\0e\0"\0 \0"\0-\0I\0l\0i\0b\0\\0e\0a\0l\0"\0 \0"\0-\0I\0.\0.\0\\0l\0i\0b\0\\0e\0a\0l\0"\0 \0"\0-\0I\0l\0i\0b\0\\0l\0o\0g\0"\0 \0"\0-\0I\0.\0.\0\\0l\0i\0b\0\\0l\0o\0g\0"\0 \0"\0-\0I\0l\0i\0b\0\\0k\0v\0a\0r\0g\0s\0"\0 \0"\0-\0I\0.\0.\0\\0l\0i\0b\0\\0k\0v\0a\0r\0g\0s\0"\0 \0"\0-\0I\0l\0i\0b\0\\0n\0e\0t\0"\0 \0"\0-\0I\0.\0.\0\\0l\0i\0b\0\\0n\0e\0t\0"\0 \0"\0-\0I\0l\0i\0b\0\\0m\0b\0u\0f\0"\0 \0"\0-\0I\0.\0.\0\\0l\0i\0b\0\\0m\0b\0u\0f\0"\0 \0"\0-\0I
\0l\0i\0b\0\\0m\0e\0m\0p\0o\0o\0l\0"\0 \0"\0-\0I\0.\0.\0\\0l\0i\0b\0\\0m\0e\0m\0p\0o\0o\0l\0"\0 \0"\0-\0I\0l\0i\0b\0\\0r\0i\0n\0g\0"\0 \0"\0-\0I\0.\0.\0\\0l\0i\0b\0\\0r\0i\0n\0g\0"\0 \0"\0-\0I\0l\0i\0b\0\\0m\0e\0t\0r\0i\0c\0s\0"\0 \0"\0-\0I\0.\0.\0\\0l\0i\0b\0\\0m\0e\0t\0r\0i\0c\0s\0"\0 \0"\0-\0I\0l\0i\0b\0\\0t\0e\0l\0e\0m\0e\0t\0r\0y\0"\0 \0"\0-\0I\0.\0.\0\\0l\0i\0b\0\\0t\0e\0l\0e\0m\0e\0t\0r\0y\0"\0 \0"\0-\0I\0l\0i\0b\0\\0m\0e\0t\0e\0r\0"\0 \0"\0-\0I\0.\0.\0\\0l\0i\0b\0\\0m\0e\0t\0e\0r\0"\0 \0"\0-\0I\0l\0i\0b\0\\0c\0m\0d\0l\0i\0n\0e\0"\0 \0"\0-\0I\0.\0.\0\\0l\0i\0b\0\\0c\0m\0d\0l\0i\0n\0e\0"\0 \0"\0-\0I\0l\0i\0b\0\\0b\0i\0t\0r\0a\0t\0e\0s\0t\0a\0t\0s\0"\0 \0"\0-\0I\0.\0.\0\\0l\0i\0b\0\\0b\0i\0t\0r\0a\0t\0e\0s\0t\0a\0t\0s\0"\0 \0"\0-\0I\0l\0i\0b\0\\0g\0r\0o\0"\0 \0"\0-\0I\0.\0.\0\\0l\0i\0b\0\\0g\0r\0o\0"\0 \0"\0-\0I\0l\0i\0b\0\\0g\0s\0o\0"\0 \0"\0-\0I\0.\0.\0\\0l\0i\0b\0\\0g\0s\0o\0"\0 \0"\0-\0I\0l\0i\0b\0\\0l\0a\0t\0e\0n\0c\0y\0s\0t\0a\0t\0s\0"\0 \0"\0-\0I\0.\0.\0\\0l\0i\0b\0\\0l\0a\0t\0e\0n\0c\0y\0s\0t\0a\0t\0s\0"\0 \0"\0-\0I\0C\0:\0\\0P\0r\0o\0g\0r\0a\0m\0 \0F\0i\0l\0e\0s\0\\0M\0e\0l\0l\0a\0n\0o\0x\0\\0M\0L\0N\0X\0_\0W\0i\0n\0O\0F\02\0_\0D\0e\0v\0X\0_\0S\0D\0K\0\\0i\0n\0c\0"\0 \0"\0/\0M\0D\0"\0 \0"\0/\0n\0o\0l\0o\0g\0o\0"\0 \0"\0/\0s\0h\0o\0w\0I\0n\0c\0l\0u\0d\0e\0s\0"\0 \0"\0/\0u\0t\0f\0-\08\0"\0 \0"\0/\0W\03\0"\0 \0"\0/\0W\0X\0"\0 \0"\0/\0s\0t\0d\0:\0c\01\01\0"\0 \0"\0/\0O\02\0"\0 \0"\0/\0G\0w\0"\0 \0"\0/\0w\0d\04\02\04\04\0"\0 \0"\0/\0w\0d\04\02\06\07\0"\0 \0"\0/\0
w\0d\04\01\04\06\0"\0 \0"\0/\0e\0x\0p\0e\0r\0i\0m\0e\0n\0t\0a\0l\0:\0c\01\01\0a\0t\0o\0m\0i\0c\0s\0"\0 \0"\0/\0d\01\0e\0x\0p\0e\0r\0i\0m\0e\0n\0t\0a\0l\0:\0t\0y\0p\0e\0o\0f\0"\0 \0"\0/\0e\0x\0p\0e\0r\0i\0m\0e\0n\0t\0a\0l\0:\0s\0t\0a\0t\0e\0m\0e\0n\0t\0E\0x\0p\0r\0e\0s\0s\0i\0o\0n\0s\0"\0 \0"\0/\0F\0I\0"\0 \0"\0r\0t\0e\0_\0c\0o\0n\0f\0i\0g\0.\0h\0"\0 \0"\0-\0D\0_\0G\0N\0U\0_\0S\0O\0U\0R\0C\0E\0"\0 \0"\0-\0D\0_\0W\0I\0N\03\02\0_\0W\0I\0N\0N\0T\0=\00\0x\00\0A\00\00\0"\0 \0"\0-\0D\0A\0L\0L\0O\0W\0_\0E\0X\0P\0E\0R\0I\0M\0E\0N\0T\0A\0L\0_\0A\0P\0I\0"\0 \0"\0/\0F\0d\0a\0p\0p\0\\0d\0p\0d\0k\0-\0t\0e\0s\0t\0p\0m\0d\0.\0e\0x\0e\0.\0p\0\\0t\0e\0s\0t\0-\0p\0m\0d\0_\0t\0e\0s\0t\0p\0m\0d\0.\0c\0.\0p\0d\0b\0"\0 \0/\0F\0o\0a\0p\0p\0/\0d\0p\0d\0k\0-\0t\0e\0s\0t\0p\0m\0d\0.\0e\0x\0e\0.\0p\0/\0t\0e\0s\0t\0-\0p\0m\0d\0_\0t\0e\0s\0t\0p\0m\0d\0.\0c\0.\0o\0b\0j\0 \0"\0/\0c\0"\0 \0.\0.\0/\0a\0p\0p\0/\0t\0e\0s\0t\0-\0p\0m\0d\0/\0t\0e\0s\0t\0p\0m\0d\0.\0c\0
\0
\0.\0.\0/\0a\0p\0p\0/\0t\0e\0s\0t\0-\0p\0m\0d\0/\0t\0e\0s\0t\0p\0m\0d\0.\0c\0(\05\00\0)\0:\0 \0f\0a\0t\0a\0l\0 \0e\0r\0r\0o\0r\0 \0C\01\00\08\03\0:\0 \0C\0a\0n\0n\0o\0t\0 \0o\0p\0e\0n\0 \0i\0n\0c\0l\0u\0d\0e\0 \0f\0i\0l\0e\0:\0 \0'\0r\0t\0e\0_\0p\0c\0i\0.\0h\0'\0:\0 \0N\0o\0 \0s\0u\0c\0h\0 \0f\0i\0l\0e\0 \0o\0r\0 \0d\0i\0r\0e\0c\0t\0o\0r\0y\0
\0
\0[\01\03\09\0/\04\05\02\0]\0 \0C\0o\0m\0p\0i\0l\0i\0n\0g\0 \0C\0 \0o\0b\0j\0e\0c\0t\0 \0a\0p\0p\0/\0d\0p\0d\0k\0-\0t\0e\0s\0t\0.\0e\0x\0e\0.\0p\0/\0t\0e\0s\0t\0_\0t\0e\0s\0t\0_\0a\0r\0g\0p\0a\0r\0s\0e\0.\0c\0.\0o\0b\0j\0
\0
\0[\01\04\00\0/\04\05\02\0]\0 \0C\0o\0m\0p\0i\0l\0i\0n\0g\0 \0C\0 \0o\0b\0j\0e\0c\0t\0 \0a\0p\0p\0/\0d\0p\0d\0k\0-\0t\0e\0s\0t\0.\0e\0x\0e\0.\0p\0/\0t\0e\0s\0t\0_\0t\0e\0s\0t\0.\0c\0.\0o\0b\0j\0
\0
\0[\01\04\01\0/\04\05\02\0]\0 \0C\0o\0m\0p\0i\0l\0i\0n\0g\0 \0C\0 \0o\0b\0j\0e\0c\0t\0 \0a\0p\0p\0/\0d\0p\0d\0k\0-\0t\0e\0s\0t\0.\0e\0x\0e\0.\0p\0/\0t\0e\0s\0t\0_\0t\0e\0s\0t\0_\0a\0l\0a\0r\0m\0.\0c\0.\0o\0b\0j\0
\0
\0[\01\04\02\0/\04\05\02\0]\0 \0C\0o\0m\0p\0i\0l\0i\0n\0g\0 \0C\0 \0o\0b\0j\0e\0c\0t\0 \0a\0p\0p\0/\0d\0p\0d\0k\0-\0t\0e\0s\0t\0.\0e\0x\0e\0.\0p\0/\0t\0e\0s\0t\0_\0t\0e\0s\0t\0_\0b\0a\0r\0r\0i\0e\0r\0.\0c\0.\0o\0b\0j\0
\0
\0[\01\04\03\0/\04\05\02\0]\0 \0C\0o\0m\0p\0i\0l\0i\0n\0g\0 \0C\0 \0o\0b\0j\0e\0c\0t\0 \0a\0p\0p\0/\0d\0p\0d\0k\0-\0t\0e\0s\0t\0.\0e\0x\0e\0.\0p\0/\0t\0e\0s\0t\0_\0t\0e\0s\0t\0_\0b\0i\0t\0m\0a\0p\0.\0c\0.\0o\0b\0j\0
\0
\0[\01\04\04\0/\04\05\02\0]\0 \0C\0o\0m\0p\0i\0l\0i\0n\0g\0 \0C\0 \0o\0b\0j\0e\0c\0t\0 \0a\0p\0p\0/\0d\0p\0d\0k\0-\0t\0e\0s\0t\0.\0e\0x\0e\0.\0p\0/\0t\0e\0s\0t\0_\0c\0o\0m\0m\0a\0n\0d\0s\0.\0c\0.\0o\0b\0j\0
\0
\0[\01\04\05\0/\04\05\02\0]\0 \0C\0o\0m\0p\0i\0l\0i\0n\0g\0 \0C\0 \0o\0b\0j\0e\0c\0t\0 \0a\0p\0p\0/\0d\0p\0d\0k\0-\0t\0e\0s\0t\0p\0m\0d\0.\0e\0x\0e\0.\0p\0/\0t\0e\0s\0t\0-\0p\0m\0d\0_\0t\0x\0o\0n\0l\0y\0.\0c\0.\0o\0b\0j\0
\0
\0[\01\04\06\0/\04\05\02\0]\0 \0C\0o\0m\0p\0i\0l\0i\0n\0g\0 \0C\0 \0o\0b\0j\0e\0c\0t\0 \0a\0p\0p\0/\0d\0p\0d\0k\0-\0t\0e\0s\0t\0p\0m\0d\0.\0e\0x\0e\0.\0p\0/\0t\0e\0s\0t\0-\0p\0m\0d\0_\0c\0m\0d\0l\0i\0n\0e\0_\0f\0l\0o\0w\0.\0c\0.\0o\0b\0j\0
\0
\0[\01\04\07\0/\04\05\02\0]\0 \0C\0o\0m\0p\0i\0l\0i\0n\0g\0 \0C\0 \0o\0b\0j\0e\0c\0t\0 \0a\0p\0p\0/\0d\0p\0d\0k\0-\0t\0e\0s\0t\0.\0e\0x\0e\0.\0p\0/\0t\0e\0s\0t\0_\0p\0a\0c\0k\0e\0t\0_\0b\0u\0r\0s\0t\0_\0g\0e\0n\0e\0r\0a\0t\0o\0r\0.\0c\0.\0o\0b\0j\0
\0
\0n\0i\0n\0j\0a\0:\0 \0b\0u\0i\0l\0d\0 \0s\0t\0o\0p\0p\0e\0d\0:\0 \0s\0u\0b\0c\0o\0m\0m\0a\0n\0d\0 \0f\0a\0i\0l\0e\0d\0.\0
\0
\0I\0N\0F\0O\0:\0 \0a\0u\0t\0o\0d\0e\0t\0e\0c\0t\0i\0n\0g\0 \0b\0a\0c\0k\0e\0n\0d\0 \0a\0s\0 \0n\0i\0n\0j\0a\0
\0
\0I\0N\0F\0O\0:\0 \0c\0a\0l\0c\0u\0l\0a\0t\0i\0n\0g\0 \0b\0a\0c\0k\0e\0n\0d\0 \0c\0o\0m\0m\0a\0n\0d\0 \0t\0o\0 \0r\0u\0n\0:\0 \0"\0C\0:\0\\0P\0r\0o\0g\0r\0a\0m\0 \0F\0i\0l\0e\0s\0\\0M\0e\0s\0o\0n\0\\0n\0i\0n\0j\0a\0.\0E\0X\0E\0"\0 \0-\0C\0 \0C\0:\0/\0U\0s\0e\0r\0s\0/\0b\0u\0i\0l\0d\0e\0r\0/\0j\0e\0n\0k\0i\0n\0s\0/\0w\0o\0r\0k\0s\0p\0a\0c\0e\0/\0W\0i\0n\0d\0o\0w\0s\0-\0C\0o\0m\0p\0i\0l\0e\0-\0D\0P\0D\0K\0-\0V\0S\0/\0d\0p\0d\0k\0/\0b\0u\0i\0l\0d\0
\0
\0
==== End log output ====
CentOS Stream 9
Kernel: 5.15
Compiler: gcc gcc (GCC) 11.5.0 20240719 (Red Hat 11.5.0-7)
Debian GNU/Linux 12
Kernel: 5.15
Compiler: gcc gcc (Debian 12.2.0-14+deb12u1) 12.2.0
CentOS Stream 10
Kernel: 5.15
Compiler: gcc gcc (GCC) 14.2.1 20250110 (Red Hat 14.2.1-8)
Fedora Linux 40
Kernel: 5.15
Compiler: clang gcc (GCC) 14.2.1 20240912 (Red Hat 14.2.1-3)
Fedora Linux 41
Kernel: 5.15
Compiler: clang gcc (GCC) 14.3.1 20250523 (Red Hat 14.3.1-1)
openSUSE Leap 15.6
Kernel: 5.15
Compiler: gcc gcc (SUSE Linux) 7.5.0
Red Hat Enterprise Linux 8.10
Kernel: 5.15
Compiler: gcc gcc (GCC) 8.5.0 20210514 (Red Hat 8.5.0-22)
Ubuntu 20.04
Kernel: 5.15
Compiler: gcc gcc (Ubuntu 9.4.0-1ubuntu1~20.04.2) 9.4.0
Ubuntu 22.04
Kernel: 5.15
Compiler: gcc gcc (Ubuntu 11.4.0-1ubuntu1~22.04) 11.4.0
Ubuntu 24.04
Kernel: 5.15
Compiler: gcc gcc (Ubuntu 13.3.0-6ubuntu2~24.04) 13.3.0
Alpine Linux 3.22.0
Kernel: 5.15
Compiler: gcc gcc (Alpine 14.2.0) 14.2.0
Windows Server 2022
Kernel: 10.0.20348.2031
Compiler: clang 15.0.7, gcc 14.1.0 (MinGW), and MSVC VS 19.39.33521
To view detailed results, visit:
https://lab.dpdk.org/results/dashboard/patchsets/33608/
UNH-IOL DPDK Community Lab
To manage your email subscriptions, visit:
https://lab.dpdk.org/results/dashboard/preferences/subscriptions/
^ permalink raw reply [flat|nested] 24+ messages in thread
* |FAILURE| pw155054 [PATCH] [v8,1/1] app/testpmd: canonicalize short
[not found] <20250708083740.128610-2-shperetz@nvidia.com>
` (15 preceding siblings ...)
2025-07-08 10:25 ` |FAILURE| " dpdklab
@ 2025-07-08 10:25 ` dpdklab
2025-07-08 10:38 ` |SUCCESS| " dpdklab
` (6 subsequent siblings)
23 siblings, 0 replies; 24+ messages in thread
From: dpdklab @ 2025-07-08 10:25 UTC (permalink / raw)
To: Test Report; +Cc: dpdk-test-reports, Shani Peretz
Test-Label: iol-compile-amd64-testing
Test-Status: FAILURE
http://dpdk.org/patch/155054
_Testing issues_
Submitter: Shani Peretz <shperetz@nvidia.com>
Date: Tuesday, July 08 2025 08:37:40
DPDK git baseline: Repo:dpdk
Branch: master
CommitID:ba982f9a1ca9b96ed0394b764f1523d482e963a2
155054 --> testing issues
Upstream job id: Windows-Compile-DPDK-Native#29638
Test environment and result as below:
+-------------------------------+--------------------+-------------------+------------------+-------------------------+-------------------+
| Environment | dpdk_meson_compile | dpdk_compile_spdk | dpdk_compile_ovs | dpdk_llvm_clang_compile | dpdk_msvc_compile |
+===============================+====================+===================+==================+=========================+===================+
| CentOS Stream 9 | PASS | PASS | SKIPPED | SKIPPED | SKIPPED |
+-------------------------------+--------------------+-------------------+------------------+-------------------------+-------------------+
| Debian GNU/Linux 12 | PASS | PASS | SKIPPED | SKIPPED | SKIPPED |
+-------------------------------+--------------------+-------------------+------------------+-------------------------+-------------------+
| CentOS Stream 10 | PASS | SKIPPED | SKIPPED | SKIPPED | SKIPPED |
+-------------------------------+--------------------+-------------------+------------------+-------------------------+-------------------+
| Fedora Linux 40 | PASS | PASS | SKIPPED | SKIPPED | SKIPPED |
+-------------------------------+--------------------+-------------------+------------------+-------------------------+-------------------+
| Fedora Linux 41 | PEND | PEND | PEND | SKIPPED | SKIPPED |
+-------------------------------+--------------------+-------------------+------------------+-------------------------+-------------------+
| openSUSE Leap 15.6 | PEND | SKIPPED | SKIPPED | SKIPPED | SKIPPED |
+-------------------------------+--------------------+-------------------+------------------+-------------------------+-------------------+
| Red Hat Enterprise Linux 8.10 | PASS | SKIPPED | SKIPPED | SKIPPED | SKIPPED |
+-------------------------------+--------------------+-------------------+------------------+-------------------------+-------------------+
| Ubuntu 20.04 | PASS | SKIPPED | SKIPPED | SKIPPED | SKIPPED |
+-------------------------------+--------------------+-------------------+------------------+-------------------------+-------------------+
| Ubuntu 22.04 | PEND | PEND | SKIPPED | SKIPPED | SKIPPED |
+-------------------------------+--------------------+-------------------+------------------+-------------------------+-------------------+
| Ubuntu 24.04 | PEND | PEND | PEND | SKIPPED | SKIPPED |
+-------------------------------+--------------------+-------------------+------------------+-------------------------+-------------------+
| Alpine Linux 3.22.0 | PEND | SKIPPED | SKIPPED | SKIPPED | SKIPPED |
+-------------------------------+--------------------+-------------------+------------------+-------------------------+-------------------+
| Red Hat Enterprise Linux 9.5 | PEND | SKIPPED | SKIPPED | SKIPPED | SKIPPED |
+-------------------------------+--------------------+-------------------+------------------+-------------------------+-------------------+
| Windows Server 2022 | SKIPPED | SKIPPED | SKIPPED | PASS | FAIL |
+-------------------------------+--------------------+-------------------+------------------+-------------------------+-------------------+
==== 20 line log output for Windows Server 2022 (dpdk_msvc_compile): ====
\0[\01\03\05\0/\04\05\02\0]\0 \0C\0o\0m\0p\0i\0l\0i\0n\0g\0 \0C\0 \0o\0b\0j\0e\0c\0t\0 \0a\0p\0p\0/\0d\0p\0d\0k\0-\0t\0e\0s\0t\0.\0e\0x\0e\0.\0p\0/\0t\0e\0s\0t\0_\0t\0e\0s\0t\0_\0c\0m\0d\0l\0i\0n\0e\0_\0i\0p\0a\0d\0d\0r\0.\0c\0.\0o\0b\0j\0
\0
\0[\01\03\06\0/\04\05\02\0]\0 \0C\0o\0m\0p\0i\0l\0i\0n\0g\0 \0C\0 \0o\0b\0j\0e\0c\0t\0 \0a\0p\0p\0/\0d\0p\0d\0k\0-\0t\0e\0s\0t\0.\0e\0x\0e\0.\0p\0/\0t\0e\0s\0t\0_\0t\0e\0s\0t\0_\0b\0i\0t\0c\0o\0u\0n\0t\0.\0c\0.\0o\0b\0j\0
\0
\0[\01\03\07\0/\04\05\02\0]\0 \0C\0o\0m\0p\0i\0l\0i\0n\0g\0 \0C\0 \0o\0b\0j\0e\0c\0t\0 \0a\0p\0p\0/\0d\0p\0d\0k\0-\0t\0e\0s\0t\0p\0m\0d\0.\0e\0x\0e\0.\0p\0/\0t\0e\0s\0t\0-\0p\0m\0d\0_\0s\0h\0a\0r\0e\0d\0_\0r\0x\0q\0_\0f\0w\0d\0.\0c\0.\0o\0b\0j\0
\0
\0[\01\03\08\0/\04\05\02\0]\0 \0C\0o\0m\0p\0i\0l\0i\0n\0g\0 \0C\0 \0o\0b\0j\0e\0c\0t\0 \0a\0p\0p\0/\0d\0p\0d\0k\0-\0t\0e\0s\0t\0p\0m\0d\0.\0e\0x\0e\0.\0p\0/\0t\0e\0s\0t\0-\0p\0m\0d\0_\0t\0e\0s\0t\0p\0m\0d\0.\0c\0.\0o\0b\0j\0
\0
\0F\0A\0I\0L\0E\0D\0:\0 \0a\0p\0p\0/\0d\0p\0d\0k\0-\0t\0e\0s\0t\0p\0m\0d\0.\0e\0x\0e\0.\0p\0/\0t\0e\0s\0t\0-\0p\0m\0d\0_\0t\0e\0s\0t\0p\0m\0d\0.\0c\0.\0o\0b\0j\0 \0
\0
\0"\0c\0l\0"\0 \0"\0-\0I\0a\0p\0p\0\\0d\0p\0d\0k\0-\0t\0e\0s\0t\0p\0m\0d\0.\0e\0x\0e\0.\0p\0"\0 \0"\0-\0I\0a\0p\0p\0"\0 \0"\0-\0I\0.\0.\0\\0a\0p\0p\0"\0 \0"\0-\0I\0a\0p\0p\0\\0t\0e\0s\0t\0-\0p\0m\0d\0"\0 \0"\0-\0I\0.\0.\0\\0a\0p\0p\0\\0t\0e\0s\0t\0-\0p\0m\0d\0"\0 \0"\0-\0I\0l\0i\0b\0\\0e\0t\0h\0d\0e\0v\0"\0 \0"\0-\0I\0.\0.\0\\0l\0i\0b\0\\0e\0t\0h\0d\0e\0v\0"\0 \0"\0-\0I\0l\0i\0b\0\\0e\0a\0l\0\\0c\0o\0m\0m\0o\0n\0"\0 \0"\0-\0I\0.\0.\0\\0l\0i\0b\0\\0e\0a\0l\0\\0c\0o\0m\0m\0o\0n\0"\0 \0"\0-\0I\0.\0"\0 \0"\0-\0I\0.\0.\0"\0 \0"\0-\0I\0c\0o\0n\0f\0i\0g\0"\0 \0"\0-\0I\0.\0.\0\\0c\0o\0n\0f\0i\0g\0"\0 \0"\0-\0I\0l\0i\0b\0\\0e\0a\0l\0\\0i\0n\0c\0l\0u\0d\0e\0"\0 \0"\0-\0I\0.\0.\0\\0l\0i\0b\0\\0e\0a\0l\0\\0i\0n\0c\0l\0u\0d\0e\0"\0 \0"\0-\0I\0l\0i\0b\0\\0e\0a\0l\0\\0w\0i\0n\0d\0o\0w\0s\0\\0i\0n\0c\0l\0u\0d\0e\0"\0 \0"\0-\0I\0.\0.\0\\0l\0i\0b\0\\0e\0a\0l\0\\0w\0i\0n\0d\0o\0w\0s\0\\0i\0n\0c\0l\0u\0d\0e\0"\0 \0"\0-\0I\0l\0i\0b\0\\0e\0a\0l\0\\0x\08\06\0\\0i\0n\0c\0l\0u\0d\0e\0"\0 \0"\0-\0I\0.\0.\0\\0l\0i\0b\0\\0e\0a\0l\0\\0x\08\06\0\\0i\0n\0c\0l\0u\0d\0e\0"\0 \0"\0-\0I\0l\0i\0b\0\\0e\0a\0l\0"\0 \0"\0-\0I\0.\0.\0\\0l\0i\0b\0\\0e\0a\0l\0"\0 \0"\0-\0I\0l\0i\0b\0\\0l\0o\0g\0"\0 \0"\0-\0I\0.\0.\0\\0l\0i\0b\0\\0l\0o\0g\0"\0 \0"\0-\0I\0l\0i\0b\0\\0k\0v\0a\0r\0g\0s\0"\0 \0"\0-\0I\0.\0.\0\\0l\0i\0b\0\\0k\0v\0a\0r\0g\0s\0"\0 \0"\0-\0I\0l\0i\0b\0\\0n\0e\0t\0"\0 \0"\0-\0I\0.\0.\0\\0l\0i\0b\0\\0n\0e\0t\0"\0 \0"\0-\0I\0l\0i\0b\0\\0m\0b\0u\0f\0"\0 \0"\0-\0I\0.\0.\0\\0l\0i\0b\0\\0m\0b\0u\0f\0"\0 \0"\0-\0I
\0l\0i\0b\0\\0m\0e\0m\0p\0o\0o\0l\0"\0 \0"\0-\0I\0.\0.\0\\0l\0i\0b\0\\0m\0e\0m\0p\0o\0o\0l\0"\0 \0"\0-\0I\0l\0i\0b\0\\0r\0i\0n\0g\0"\0 \0"\0-\0I\0.\0.\0\\0l\0i\0b\0\\0r\0i\0n\0g\0"\0 \0"\0-\0I\0l\0i\0b\0\\0m\0e\0t\0r\0i\0c\0s\0"\0 \0"\0-\0I\0.\0.\0\\0l\0i\0b\0\\0m\0e\0t\0r\0i\0c\0s\0"\0 \0"\0-\0I\0l\0i\0b\0\\0t\0e\0l\0e\0m\0e\0t\0r\0y\0"\0 \0"\0-\0I\0.\0.\0\\0l\0i\0b\0\\0t\0e\0l\0e\0m\0e\0t\0r\0y\0"\0 \0"\0-\0I\0l\0i\0b\0\\0m\0e\0t\0e\0r\0"\0 \0"\0-\0I\0.\0.\0\\0l\0i\0b\0\\0m\0e\0t\0e\0r\0"\0 \0"\0-\0I\0l\0i\0b\0\\0c\0m\0d\0l\0i\0n\0e\0"\0 \0"\0-\0I\0.\0.\0\\0l\0i\0b\0\\0c\0m\0d\0l\0i\0n\0e\0"\0 \0"\0-\0I\0l\0i\0b\0\\0b\0i\0t\0r\0a\0t\0e\0s\0t\0a\0t\0s\0"\0 \0"\0-\0I\0.\0.\0\\0l\0i\0b\0\\0b\0i\0t\0r\0a\0t\0e\0s\0t\0a\0t\0s\0"\0 \0"\0-\0I\0l\0i\0b\0\\0g\0r\0o\0"\0 \0"\0-\0I\0.\0.\0\\0l\0i\0b\0\\0g\0r\0o\0"\0 \0"\0-\0I\0l\0i\0b\0\\0g\0s\0o\0"\0 \0"\0-\0I\0.\0.\0\\0l\0i\0b\0\\0g\0s\0o\0"\0 \0"\0-\0I\0l\0i\0b\0\\0l\0a\0t\0e\0n\0c\0y\0s\0t\0a\0t\0s\0"\0 \0"\0-\0I\0.\0.\0\\0l\0i\0b\0\\0l\0a\0t\0e\0n\0c\0y\0s\0t\0a\0t\0s\0"\0 \0"\0-\0I\0C\0:\0\\0P\0r\0o\0g\0r\0a\0m\0 \0F\0i\0l\0e\0s\0\\0M\0e\0l\0l\0a\0n\0o\0x\0\\0M\0L\0N\0X\0_\0W\0i\0n\0O\0F\02\0_\0D\0e\0v\0X\0_\0S\0D\0K\0\\0i\0n\0c\0"\0 \0"\0/\0M\0D\0"\0 \0"\0/\0n\0o\0l\0o\0g\0o\0"\0 \0"\0/\0s\0h\0o\0w\0I\0n\0c\0l\0u\0d\0e\0s\0"\0 \0"\0/\0u\0t\0f\0-\08\0"\0 \0"\0/\0W\03\0"\0 \0"\0/\0W\0X\0"\0 \0"\0/\0s\0t\0d\0:\0c\01\01\0"\0 \0"\0/\0O\02\0"\0 \0"\0/\0G\0w\0"\0 \0"\0/\0w\0d\04\02\04\04\0"\0 \0"\0/\0w\0d\04\02\06\07\0"\0 \0"\0/\0
w\0d\04\01\04\06\0"\0 \0"\0/\0e\0x\0p\0e\0r\0i\0m\0e\0n\0t\0a\0l\0:\0c\01\01\0a\0t\0o\0m\0i\0c\0s\0"\0 \0"\0/\0d\01\0e\0x\0p\0e\0r\0i\0m\0e\0n\0t\0a\0l\0:\0t\0y\0p\0e\0o\0f\0"\0 \0"\0/\0e\0x\0p\0e\0r\0i\0m\0e\0n\0t\0a\0l\0:\0s\0t\0a\0t\0e\0m\0e\0n\0t\0E\0x\0p\0r\0e\0s\0s\0i\0o\0n\0s\0"\0 \0"\0/\0F\0I\0"\0 \0"\0r\0t\0e\0_\0c\0o\0n\0f\0i\0g\0.\0h\0"\0 \0"\0-\0D\0_\0G\0N\0U\0_\0S\0O\0U\0R\0C\0E\0"\0 \0"\0-\0D\0_\0W\0I\0N\03\02\0_\0W\0I\0N\0N\0T\0=\00\0x\00\0A\00\00\0"\0 \0"\0-\0D\0A\0L\0L\0O\0W\0_\0E\0X\0P\0E\0R\0I\0M\0E\0N\0T\0A\0L\0_\0A\0P\0I\0"\0 \0"\0/\0F\0d\0a\0p\0p\0\\0d\0p\0d\0k\0-\0t\0e\0s\0t\0p\0m\0d\0.\0e\0x\0e\0.\0p\0\\0t\0e\0s\0t\0-\0p\0m\0d\0_\0t\0e\0s\0t\0p\0m\0d\0.\0c\0.\0p\0d\0b\0"\0 \0/\0F\0o\0a\0p\0p\0/\0d\0p\0d\0k\0-\0t\0e\0s\0t\0p\0m\0d\0.\0e\0x\0e\0.\0p\0/\0t\0e\0s\0t\0-\0p\0m\0d\0_\0t\0e\0s\0t\0p\0m\0d\0.\0c\0.\0o\0b\0j\0 \0"\0/\0c\0"\0 \0.\0.\0/\0a\0p\0p\0/\0t\0e\0s\0t\0-\0p\0m\0d\0/\0t\0e\0s\0t\0p\0m\0d\0.\0c\0
\0
\0.\0.\0/\0a\0p\0p\0/\0t\0e\0s\0t\0-\0p\0m\0d\0/\0t\0e\0s\0t\0p\0m\0d\0.\0c\0(\05\00\0)\0:\0 \0f\0a\0t\0a\0l\0 \0e\0r\0r\0o\0r\0 \0C\01\00\08\03\0:\0 \0C\0a\0n\0n\0o\0t\0 \0o\0p\0e\0n\0 \0i\0n\0c\0l\0u\0d\0e\0 \0f\0i\0l\0e\0:\0 \0'\0r\0t\0e\0_\0p\0c\0i\0.\0h\0'\0:\0 \0N\0o\0 \0s\0u\0c\0h\0 \0f\0i\0l\0e\0 \0o\0r\0 \0d\0i\0r\0e\0c\0t\0o\0r\0y\0
\0
\0[\01\03\09\0/\04\05\02\0]\0 \0C\0o\0m\0p\0i\0l\0i\0n\0g\0 \0C\0 \0o\0b\0j\0e\0c\0t\0 \0a\0p\0p\0/\0d\0p\0d\0k\0-\0t\0e\0s\0t\0.\0e\0x\0e\0.\0p\0/\0t\0e\0s\0t\0_\0t\0e\0s\0t\0_\0a\0r\0g\0p\0a\0r\0s\0e\0.\0c\0.\0o\0b\0j\0
\0
\0[\01\04\00\0/\04\05\02\0]\0 \0C\0o\0m\0p\0i\0l\0i\0n\0g\0 \0C\0 \0o\0b\0j\0e\0c\0t\0 \0a\0p\0p\0/\0d\0p\0d\0k\0-\0t\0e\0s\0t\0.\0e\0x\0e\0.\0p\0/\0t\0e\0s\0t\0_\0t\0e\0s\0t\0.\0c\0.\0o\0b\0j\0
\0
\0[\01\04\01\0/\04\05\02\0]\0 \0C\0o\0m\0p\0i\0l\0i\0n\0g\0 \0C\0 \0o\0b\0j\0e\0c\0t\0 \0a\0p\0p\0/\0d\0p\0d\0k\0-\0t\0e\0s\0t\0.\0e\0x\0e\0.\0p\0/\0t\0e\0s\0t\0_\0t\0e\0s\0t\0_\0a\0l\0a\0r\0m\0.\0c\0.\0o\0b\0j\0
\0
\0[\01\04\02\0/\04\05\02\0]\0 \0C\0o\0m\0p\0i\0l\0i\0n\0g\0 \0C\0 \0o\0b\0j\0e\0c\0t\0 \0a\0p\0p\0/\0d\0p\0d\0k\0-\0t\0e\0s\0t\0.\0e\0x\0e\0.\0p\0/\0t\0e\0s\0t\0_\0t\0e\0s\0t\0_\0b\0a\0r\0r\0i\0e\0r\0.\0c\0.\0o\0b\0j\0
\0
\0[\01\04\03\0/\04\05\02\0]\0 \0C\0o\0m\0p\0i\0l\0i\0n\0g\0 \0C\0 \0o\0b\0j\0e\0c\0t\0 \0a\0p\0p\0/\0d\0p\0d\0k\0-\0t\0e\0s\0t\0.\0e\0x\0e\0.\0p\0/\0t\0e\0s\0t\0_\0t\0e\0s\0t\0_\0b\0i\0t\0m\0a\0p\0.\0c\0.\0o\0b\0j\0
\0
\0[\01\04\04\0/\04\05\02\0]\0 \0C\0o\0m\0p\0i\0l\0i\0n\0g\0 \0C\0 \0o\0b\0j\0e\0c\0t\0 \0a\0p\0p\0/\0d\0p\0d\0k\0-\0t\0e\0s\0t\0.\0e\0x\0e\0.\0p\0/\0t\0e\0s\0t\0_\0c\0o\0m\0m\0a\0n\0d\0s\0.\0c\0.\0o\0b\0j\0
\0
\0[\01\04\05\0/\04\05\02\0]\0 \0C\0o\0m\0p\0i\0l\0i\0n\0g\0 \0C\0 \0o\0b\0j\0e\0c\0t\0 \0a\0p\0p\0/\0d\0p\0d\0k\0-\0t\0e\0s\0t\0p\0m\0d\0.\0e\0x\0e\0.\0p\0/\0t\0e\0s\0t\0-\0p\0m\0d\0_\0t\0x\0o\0n\0l\0y\0.\0c\0.\0o\0b\0j\0
\0
\0[\01\04\06\0/\04\05\02\0]\0 \0C\0o\0m\0p\0i\0l\0i\0n\0g\0 \0C\0 \0o\0b\0j\0e\0c\0t\0 \0a\0p\0p\0/\0d\0p\0d\0k\0-\0t\0e\0s\0t\0p\0m\0d\0.\0e\0x\0e\0.\0p\0/\0t\0e\0s\0t\0-\0p\0m\0d\0_\0c\0m\0d\0l\0i\0n\0e\0_\0f\0l\0o\0w\0.\0c\0.\0o\0b\0j\0
\0
\0[\01\04\07\0/\04\05\02\0]\0 \0C\0o\0m\0p\0i\0l\0i\0n\0g\0 \0C\0 \0o\0b\0j\0e\0c\0t\0 \0a\0p\0p\0/\0d\0p\0d\0k\0-\0t\0e\0s\0t\0.\0e\0x\0e\0.\0p\0/\0t\0e\0s\0t\0_\0p\0a\0c\0k\0e\0t\0_\0b\0u\0r\0s\0t\0_\0g\0e\0n\0e\0r\0a\0t\0o\0r\0.\0c\0.\0o\0b\0j\0
\0
\0n\0i\0n\0j\0a\0:\0 \0b\0u\0i\0l\0d\0 \0s\0t\0o\0p\0p\0e\0d\0:\0 \0s\0u\0b\0c\0o\0m\0m\0a\0n\0d\0 \0f\0a\0i\0l\0e\0d\0.\0
\0
\0I\0N\0F\0O\0:\0 \0a\0u\0t\0o\0d\0e\0t\0e\0c\0t\0i\0n\0g\0 \0b\0a\0c\0k\0e\0n\0d\0 \0a\0s\0 \0n\0i\0n\0j\0a\0
\0
\0I\0N\0F\0O\0:\0 \0c\0a\0l\0c\0u\0l\0a\0t\0i\0n\0g\0 \0b\0a\0c\0k\0e\0n\0d\0 \0c\0o\0m\0m\0a\0n\0d\0 \0t\0o\0 \0r\0u\0n\0:\0 \0"\0C\0:\0\\0P\0r\0o\0g\0r\0a\0m\0 \0F\0i\0l\0e\0s\0\\0M\0e\0s\0o\0n\0\\0n\0i\0n\0j\0a\0.\0E\0X\0E\0"\0 \0-\0C\0 \0C\0:\0/\0U\0s\0e\0r\0s\0/\0b\0u\0i\0l\0d\0e\0r\0/\0j\0e\0n\0k\0i\0n\0s\0/\0w\0o\0r\0k\0s\0p\0a\0c\0e\0/\0W\0i\0n\0d\0o\0w\0s\0-\0C\0o\0m\0p\0i\0l\0e\0-\0D\0P\0D\0K\0-\0V\0S\0/\0d\0p\0d\0k\0/\0b\0u\0i\0l\0d\0
\0
\0
==== End log output ====
CentOS Stream 9
Kernel: 5.15
Compiler: gcc gcc (GCC) 11.5.0 20240719 (Red Hat 11.5.0-7)
Debian GNU/Linux 12
Kernel: 5.15
Compiler: gcc gcc (Debian 12.2.0-14+deb12u1) 12.2.0
CentOS Stream 10
Kernel: 5.15
Compiler: gcc gcc (GCC) 14.2.1 20250110 (Red Hat 14.2.1-8)
Fedora Linux 40
Kernel: 5.15
Compiler: clang gcc (GCC) 14.2.1 20240912 (Red Hat 14.2.1-3)
Fedora Linux 41
Kernel: 5.15
Compiler: clang gcc (GCC) 14.3.1 20250523 (Red Hat 14.3.1-1)
openSUSE Leap 15.6
Kernel: 5.15
Compiler: gcc gcc (SUSE Linux) 7.5.0
Red Hat Enterprise Linux 8.10
Kernel: 5.15
Compiler: gcc gcc (GCC) 8.5.0 20210514 (Red Hat 8.5.0-22)
Ubuntu 20.04
Kernel: 5.15
Compiler: gcc gcc (Ubuntu 9.4.0-1ubuntu1~20.04.2) 9.4.0
Ubuntu 22.04
Kernel: 5.15
Compiler: gcc gcc (Ubuntu 11.4.0-1ubuntu1~22.04) 11.4.0
Ubuntu 24.04
Kernel: 5.15
Compiler: gcc gcc (Ubuntu 13.3.0-6ubuntu2~24.04) 13.3.0
Alpine Linux 3.22.0
Kernel: 5.15
Compiler: gcc gcc (Alpine 14.2.0) 14.2.0
Red Hat Enterprise Linux 9.5
Kernel: 5.15
Compiler: gcc gcc (GCC) 11.5.0 20240719 (Red Hat 11.5.0-2)
Windows Server 2022
Kernel: 10.0.20348.2031
Compiler: clang 15.0.7, gcc 14.1.0 (MinGW), and MSVC VS 19.39.33521
To view detailed results, visit:
https://lab.dpdk.org/results/dashboard/patchsets/33608/
UNH-IOL DPDK Community Lab
To manage your email subscriptions, visit:
https://lab.dpdk.org/results/dashboard/preferences/subscriptions/
^ permalink raw reply [flat|nested] 24+ messages in thread
* |SUCCESS| pw155054 [PATCH] [v8,1/1] app/testpmd: canonicalize short
[not found] <20250708083740.128610-2-shperetz@nvidia.com>
` (16 preceding siblings ...)
2025-07-08 10:25 ` dpdklab
@ 2025-07-08 10:38 ` dpdklab
2025-07-08 10:51 ` dpdklab
` (5 subsequent siblings)
23 siblings, 0 replies; 24+ messages in thread
From: dpdklab @ 2025-07-08 10:38 UTC (permalink / raw)
To: Test Report; +Cc: dpdk-test-reports
Test-Label: iol-unit-amd64-testing
Test-Status: SUCCESS
http://dpdk.org/patch/155054
_Testing PASS_
Submitter: Shani Peretz <shperetz@nvidia.com>
Date: Tuesday, July 08 2025 08:37:40
DPDK git baseline: Repo:dpdk
Branch: master
CommitID:ba982f9a1ca9b96ed0394b764f1523d482e963a2
155054 --> testing pass
Upstream job id: Generic-VM-Unit-Test-DPDK#29790
Test environment and result as below:
+-------------------------------+----------------+
| Environment | dpdk_unit_test |
+===============================+================+
| CentOS Stream 9 | PASS |
+-------------------------------+----------------+
| CentOS Stream 10 | PASS |
+-------------------------------+----------------+
| Fedora Linux 40 | PASS |
+-------------------------------+----------------+
| Debian GNU/Linux 12 | PASS |
+-------------------------------+----------------+
| Fedora Linux 41 | PASS |
+-------------------------------+----------------+
| Red Hat Enterprise Linux 9.5 | PASS |
+-------------------------------+----------------+
| Ubuntu 20.04 | PASS |
+-------------------------------+----------------+
| Ubuntu 22.04 | PASS |
+-------------------------------+----------------+
| Red Hat Enterprise Linux 8.10 | PASS |
+-------------------------------+----------------+
| Ubuntu 24.04 | PASS |
+-------------------------------+----------------+
| Windows Server 2022 | PASS |
+-------------------------------+----------------+
CentOS Stream 9
Kernel: 5.15
Compiler: gcc gcc (GCC) 11.5.0 20240719 (Red Hat 11.5.0-7)
CentOS Stream 10
Kernel: 5.15
Compiler: gcc gcc (GCC) 14.2.1 20250110 (Red Hat 14.2.1-8)
Fedora Linux 40
Kernel: 5.15
Compiler: gcc gcc (GCC) 14.2.1 20240912 (Red Hat 14.2.1-3)
Debian GNU/Linux 12
Kernel: 5.15
Compiler: gcc gcc (Debian 12.2.0-14+deb12u1) 12.2.0
Fedora Linux 41
Kernel: 5.15
Compiler: gcc gcc (GCC) 14.3.1 20250523 (Red Hat 14.3.1-1)
Red Hat Enterprise Linux 9.5
Kernel: 5.15
Compiler: gcc gcc (GCC) 11.5.0 20240719 (Red Hat 11.5.0-2)
Ubuntu 20.04
Kernel: 5.15
Compiler: gcc gcc (Ubuntu 9.4.0-1ubuntu1~20.04.2) 9.4.0
Ubuntu 22.04
Kernel: 5.15
Compiler: gcc gcc (Ubuntu 11.4.0-1ubuntu1~22.04) 11.4.0
Red Hat Enterprise Linux 8.10
Kernel: 5.15
Compiler: gcc gcc (GCC) 8.5.0 20210514 (Red Hat 8.5.0-22)
Ubuntu 24.04
Kernel: 5.15
Compiler: gcc gcc (Ubuntu 13.3.0-6ubuntu2~24.04) 13.3.0
Windows Server 2022
Kernel: 10.0.20348.2031
Compiler: clang 15.0.7, gcc 14.1.0 (MinGW), and MSVC VS 19.39.33521
To view detailed results, visit:
https://lab.dpdk.org/results/dashboard/patchsets/33608/
UNH-IOL DPDK Community Lab
To manage your email subscriptions, visit:
https://lab.dpdk.org/results/dashboard/preferences/subscriptions/
^ permalink raw reply [flat|nested] 24+ messages in thread
* |SUCCESS| pw155054 [PATCH] [v8,1/1] app/testpmd: canonicalize short
[not found] <20250708083740.128610-2-shperetz@nvidia.com>
` (17 preceding siblings ...)
2025-07-08 10:38 ` |SUCCESS| " dpdklab
@ 2025-07-08 10:51 ` dpdklab
2025-07-08 11:07 ` |WARNING| " dpdklab
` (4 subsequent siblings)
23 siblings, 0 replies; 24+ messages in thread
From: dpdklab @ 2025-07-08 10:51 UTC (permalink / raw)
To: Test Report; +Cc: dpdk-test-reports
Test-Label: iol-abi-testing
Test-Status: SUCCESS
http://dpdk.org/patch/155054
_Testing PASS_
Submitter: Shani Peretz <shperetz@nvidia.com>
Date: Tuesday, July 08 2025 08:37:40
DPDK git baseline: Repo:dpdk
Branch: master
CommitID:ba982f9a1ca9b96ed0394b764f1523d482e963a2
155054 --> testing pass
Upstream job id: Generic-DPDK-Compile-ABI#133465
Test environment and result as below:
+-------------------------------+----------+
| Environment | abi_test |
+===============================+==========+
| CentOS Stream 9 | PASS |
+-------------------------------+----------+
| CentOS Stream 10 | PASS |
+-------------------------------+----------+
| Debian GNU/Linux 12 | PASS |
+-------------------------------+----------+
| Fedora Linux 40 | PASS |
+-------------------------------+----------+
| Fedora Linux 41 | PASS |
+-------------------------------+----------+
| openSUSE Leap 15.6 | PASS |
+-------------------------------+----------+
| Red Hat Enterprise Linux 8.10 | PASS |
+-------------------------------+----------+
| Ubuntu 22.04 | PASS |
+-------------------------------+----------+
| Ubuntu 24.04 | PASS |
+-------------------------------+----------+
| Red Hat Enterprise Linux 9.5 | PASS |
+-------------------------------+----------+
CentOS Stream 9
Kernel: 5.15
Compiler: gcc gcc (GCC) 11.5.0 20240719 (Red Hat 11.5.0-7)
CentOS Stream 10
Kernel: 5.15
Compiler: gcc gcc (GCC) 14.2.1 20250110 (Red Hat 14.2.1-8)
Debian GNU/Linux 12
Kernel: 5.15
Compiler: gcc gcc (Debian 12.2.0-14+deb12u1) 12.2.0
Fedora Linux 40
Kernel: 5.15
Compiler: clang gcc (GCC) 14.2.1 20240912 (Red Hat 14.2.1-3)
Fedora Linux 41
Kernel: 5.15
Compiler: clang gcc (GCC) 14.3.1 20250523 (Red Hat 14.3.1-1)
openSUSE Leap 15.6
Kernel: 5.15
Compiler: gcc gcc (SUSE Linux) 7.5.0
Red Hat Enterprise Linux 8.10
Kernel: 5.15
Compiler: gcc gcc (GCC) 8.5.0 20210514 (Red Hat 8.5.0-22)
Ubuntu 22.04
Kernel: 5.15
Compiler: gcc gcc (Ubuntu 11.4.0-1ubuntu1~22.04) 11.4.0
Ubuntu 24.04
Kernel: 5.15
Compiler: gcc gcc (Ubuntu 13.3.0-6ubuntu2~24.04) 13.3.0
Red Hat Enterprise Linux 9.5
Kernel: 5.15
Compiler: gcc gcc (GCC) 11.5.0 20240719 (Red Hat 11.5.0-2)
To view detailed results, visit:
https://lab.dpdk.org/results/dashboard/patchsets/33608/
UNH-IOL DPDK Community Lab
To manage your email subscriptions, visit:
https://lab.dpdk.org/results/dashboard/preferences/subscriptions/
^ permalink raw reply [flat|nested] 24+ messages in thread
* |WARNING| pw155054 [PATCH] [v8,1/1] app/testpmd: canonicalize short
[not found] <20250708083740.128610-2-shperetz@nvidia.com>
` (18 preceding siblings ...)
2025-07-08 10:51 ` dpdklab
@ 2025-07-08 11:07 ` dpdklab
2025-07-08 11:12 ` |SUCCESS| " dpdklab
` (3 subsequent siblings)
23 siblings, 0 replies; 24+ messages in thread
From: dpdklab @ 2025-07-08 11:07 UTC (permalink / raw)
To: Test Report; +Cc: dpdk-test-reports
Test-Label: iol-unit-arm64-testing
Test-Status: WARNING
http://dpdk.org/patch/155054
_Testing issues_
Submitter: Shani Peretz <shperetz@nvidia.com>
Date: Tuesday, July 08 2025 08:37:40
DPDK git baseline: Repo:dpdk
Branch: master
CommitID:ba982f9a1ca9b96ed0394b764f1523d482e963a2
155054 --> testing issues
Upstream job id: Generic-Unit-Test-DPDK#353469
Test environment and result as below:
+------------------------------+---------------------------+--------------+----------------+------------------------------+
| Environment | cryptodev_sw_zuc_autotest | lpm_autotest | dpdk_unit_test | cryptodev_sw_snow3g_autotest |
+==============================+===========================+==============+================+==============================+
| Debian 12 (arm) | PASS | SKIPPED | SKIPPED | PASS |
+------------------------------+---------------------------+--------------+----------------+------------------------------+
| Ubuntu 20.04 | SKIPPED | WARN | PASS | SKIPPED |
+------------------------------+---------------------------+--------------+----------------+------------------------------+
| CentOS Stream 9 | SKIPPED | SKIPPED | PASS | SKIPPED |
+------------------------------+---------------------------+--------------+----------------+------------------------------+
| Debian GNU/Linux 12 | SKIPPED | SKIPPED | PASS | SKIPPED |
+------------------------------+---------------------------+--------------+----------------+------------------------------+
| CentOS Stream 10 | SKIPPED | SKIPPED | PASS | SKIPPED |
+------------------------------+---------------------------+--------------+----------------+------------------------------+
| Fedora Linux 40 | SKIPPED | SKIPPED | PASS | SKIPPED |
+------------------------------+---------------------------+--------------+----------------+------------------------------+
| Fedora Linux 41 | SKIPPED | SKIPPED | PASS | SKIPPED |
+------------------------------+---------------------------+--------------+----------------+------------------------------+
| Red Hat Enterprise Linux 9.5 | SKIPPED | SKIPPED | PASS | SKIPPED |
+------------------------------+---------------------------+--------------+----------------+------------------------------+
| Ubuntu 24.04 | SKIPPED | SKIPPED | PASS | SKIPPED |
+------------------------------+---------------------------+--------------+----------------+------------------------------+
| Ubuntu 22.04 | SKIPPED | SKIPPED | PASS | SKIPPED |
+------------------------------+---------------------------+--------------+----------------+------------------------------+
==== 20 line log output for Ubuntu 20.04 (lpm_autotest): ====
[294/403] Compiling C object app/dpdk-testpmd.p/test-pmd_cmdline_flow.c.o
[295/403] Compiling C object app/dpdk-testpmd.p/test-pmd_icmpecho.c.o
[296/403] Compiling C object app/dpdk-testpmd.p/test-pmd_ieee1588fwd.c.o
[297/403] Compiling C object app/dpdk-testpmd.p/test-pmd_macfwd.c.o
[298/403] Compiling C object app/dpdk-testpmd.p/test-pmd_macswap.c.o
[299/403] Compiling C object app/dpdk-testpmd.p/test-pmd_config.c.o
[300/403] Compiling C object app/dpdk-testpmd.p/test-pmd_parameters.c.o
[301/403] Compiling C object app/dpdk-testpmd.p/test-pmd_recycle_mbufs.c.o
[302/403] Compiling C object app/dpdk-testpmd.p/test-pmd_rxonly.c.o
[303/403] Compiling C object app/dpdk-testpmd.p/test-pmd_testpmd.c.o
FAILED: app/dpdk-testpmd.p/test-pmd_testpmd.c.o
gcc-10 -Iapp/dpdk-testpmd.p -Iapp -I../app -Iapp/test-pmd -I../app/test-pmd -Ilib/ethdev -I../lib/ethdev -Ilib/eal/common -I../lib/eal/common -I. -I.. -Iconfig -I../config -Ilib/eal/include -I../lib/eal/include -Ilib/eal/linux/include -I../lib/eal/linux/include -Ilib/eal/arm/include -I../lib/eal/arm/include -I../kernel/linux -Ilib/eal -I../lib/eal -Ilib/kvargs -I../lib/kvargs -Ilib/log -I../lib/log -I../lib/metrics -Ilib/telemetry -I../lib/telemetry -Ilib/net -I../lib/net -Ilib/mbuf -I../lib/mbuf -Ilib/mempool -I../lib/mempool -Ilib/ring -I../lib/ring -Ilib/meter -I../lib/meter -Ilib/cmdline -I../lib/cmdline -fdiagnostics-color=always -pipe -D_FILE_OFFSET_BITS=64 -Wall -Winvalid-pch -Wextra -Werror -std=c11 -O3 -include rte_config.h -Wvla -Wcast-qual -Wdeprecated -Wformat -Wformat-nonliteral -Wformat-security -Wmissing-declarations -Wmissing-prototypes -Wnested-externs -Wold-style-definition -Wpointer-arith -Wsign-compare -Wstrict-prototypes -Wundef -Wwrite-strings -Wno-packed-not-al
igned -Wno-missing-field-initializers -D_GNU_SOURCE -march=armv8.2-a+crypto+sve -DALLOW_EXPERIMENTAL_API -MD -MQ app/dpdk-testpmd.p/test-pmd_testpmd.c.o -MF app/dpdk-testpmd.p/test-pmd_testpmd.c.o.d -o app/dpdk-testpmd.p/test-pmd_testpmd.c.o -c ../app/test-pmd/testpmd.c
../app/test-pmd/testpmd.c:50:10: fatal error: rte_pci.h: No such file or directory
50 | #include <rte_pci.h>
| ^~~~~~~~~~~
compilation terminated.
[304/403] Compiling C object app/dpdk-testpmd.p/test-pmd_shared_rxq_fwd.c.o
[305/403] Compiling C object app/dpdk-testpmd.p/test-pmd_noisy_vnf.c.o
[306/403] Compiling C object app/dpdk-testpmd.p/test-pmd_txonly.c.o
ninja: build stopped: subcommand failed.
==== End log output ====
Debian 12 (arm)
Kernel: Depends on container host
Compiler: gcc (Debian 12.2.0-14) 12.2.0
Ubuntu 20.04
Kernel: 5.4
Compiler: gcc gcc (Ubuntu 9.4.0-1ubuntu1~20.04.2) 9.4.0
CentOS Stream 9
Kernel: 5.4
Compiler: gcc gcc (GCC) 11.5.0 20240719 (Red Hat 11.5.0-7)
Debian GNU/Linux 12
Kernel: 5.4
Compiler: gcc gcc (Debian 12.2.0-14+deb12u1) 12.2.0
CentOS Stream 10
Kernel: 5.4
Compiler: gcc gcc (GCC) 14.2.1 20250110 (Red Hat 14.2.1-8)
Fedora Linux 40
Kernel: 5.4
Compiler: gcc gcc (GCC) 14.2.1 20240912 (Red Hat 14.2.1-3)
Fedora Linux 41
Kernel: 5.4
Compiler: gcc gcc (GCC) 14.3.1 20250523 (Red Hat 14.3.1-1)
Red Hat Enterprise Linux 9.5
Kernel: 5.4
Compiler: gcc gcc (GCC) 11.5.0 20240719 (Red Hat 11.5.0-2)
Ubuntu 24.04
Kernel: 5.4
Compiler: gcc gcc (Ubuntu 13.3.0-6ubuntu2~24.04) 13.3.0
Ubuntu 22.04
Kernel: 5.4
Compiler: gcc gcc (Ubuntu 11.4.0-1ubuntu1~22.04) 11.4.0
To view detailed results, visit:
https://lab.dpdk.org/results/dashboard/patchsets/33608/
UNH-IOL DPDK Community Lab
To manage your email subscriptions, visit:
https://lab.dpdk.org/results/dashboard/preferences/subscriptions/
^ permalink raw reply [flat|nested] 24+ messages in thread
* |SUCCESS| pw155054 [PATCH] [v8,1/1] app/testpmd: canonicalize short
[not found] <20250708083740.128610-2-shperetz@nvidia.com>
` (19 preceding siblings ...)
2025-07-08 11:07 ` |WARNING| " dpdklab
@ 2025-07-08 11:12 ` dpdklab
2025-07-08 11:22 ` |FAILURE| " dpdklab
` (2 subsequent siblings)
23 siblings, 0 replies; 24+ messages in thread
From: dpdklab @ 2025-07-08 11:12 UTC (permalink / raw)
To: Test Report; +Cc: dpdk-test-reports
Test-Label: iol-unit-amd64-testing
Test-Status: SUCCESS
http://dpdk.org/patch/155054
_Testing PASS_
Submitter: Shani Peretz <shperetz@nvidia.com>
Date: Tuesday, July 08 2025 08:37:40
DPDK git baseline: Repo:dpdk
Branch: master
CommitID:ba982f9a1ca9b96ed0394b764f1523d482e963a2
155054 --> testing pass
Upstream job id: Generic-VM-Unit-Test-DPDK#29791
Test environment and result as below:
+-------------------------------+----------------+
| Environment | dpdk_unit_test |
+===============================+================+
| CentOS Stream 9 | PASS |
+-------------------------------+----------------+
| CentOS Stream 10 | PASS |
+-------------------------------+----------------+
| Fedora Linux 40 | PASS |
+-------------------------------+----------------+
| Debian GNU/Linux 12 | PASS |
+-------------------------------+----------------+
| Fedora Linux 41 | PASS |
+-------------------------------+----------------+
| Red Hat Enterprise Linux 9.5 | PASS |
+-------------------------------+----------------+
| Ubuntu 20.04 | PASS |
+-------------------------------+----------------+
| Ubuntu 22.04 | PASS |
+-------------------------------+----------------+
| Red Hat Enterprise Linux 8.10 | PASS |
+-------------------------------+----------------+
| Ubuntu 24.04 | PASS |
+-------------------------------+----------------+
| Windows Server 2022 | PASS |
+-------------------------------+----------------+
CentOS Stream 9
Kernel: 5.15
Compiler: gcc gcc (GCC) 11.5.0 20240719 (Red Hat 11.5.0-7)
CentOS Stream 10
Kernel: 5.15
Compiler: gcc gcc (GCC) 14.2.1 20250110 (Red Hat 14.2.1-8)
Fedora Linux 40
Kernel: 5.15
Compiler: gcc gcc (GCC) 14.2.1 20240912 (Red Hat 14.2.1-3)
Debian GNU/Linux 12
Kernel: 5.15
Compiler: gcc gcc (Debian 12.2.0-14+deb12u1) 12.2.0
Fedora Linux 41
Kernel: 5.15
Compiler: gcc gcc (GCC) 14.3.1 20250523 (Red Hat 14.3.1-1)
Red Hat Enterprise Linux 9.5
Kernel: 5.15
Compiler: gcc gcc (GCC) 11.5.0 20240719 (Red Hat 11.5.0-2)
Ubuntu 20.04
Kernel: 5.15
Compiler: gcc gcc (Ubuntu 9.4.0-1ubuntu1~20.04.2) 9.4.0
Ubuntu 22.04
Kernel: 5.15
Compiler: gcc gcc (Ubuntu 11.4.0-1ubuntu1~22.04) 11.4.0
Red Hat Enterprise Linux 8.10
Kernel: 5.15
Compiler: gcc gcc (GCC) 8.5.0 20210514 (Red Hat 8.5.0-22)
Ubuntu 24.04
Kernel: 5.15
Compiler: gcc gcc (Ubuntu 13.3.0-6ubuntu2~24.04) 13.3.0
Windows Server 2022
Kernel: 10.0.20348.2031
Compiler: clang 15.0.7, gcc 14.1.0 (MinGW), and MSVC VS 19.39.33521
To view detailed results, visit:
https://lab.dpdk.org/results/dashboard/patchsets/33608/
UNH-IOL DPDK Community Lab
To manage your email subscriptions, visit:
https://lab.dpdk.org/results/dashboard/preferences/subscriptions/
^ permalink raw reply [flat|nested] 24+ messages in thread
* |FAILURE| pw155054 [PATCH] [v8,1/1] app/testpmd: canonicalize short
[not found] <20250708083740.128610-2-shperetz@nvidia.com>
` (20 preceding siblings ...)
2025-07-08 11:12 ` |SUCCESS| " dpdklab
@ 2025-07-08 11:22 ` dpdklab
2025-07-08 13:36 ` dpdklab
2025-07-08 13:40 ` |SUCCESS| " dpdklab
23 siblings, 0 replies; 24+ messages in thread
From: dpdklab @ 2025-07-08 11:22 UTC (permalink / raw)
To: Test Report; +Cc: dpdk-test-reports, Shani Peretz
Test-Label: iol-compile-amd64-testing
Test-Status: FAILURE
http://dpdk.org/patch/155054
_Testing issues_
Submitter: Shani Peretz <shperetz@nvidia.com>
Date: Tuesday, July 08 2025 08:37:40
DPDK git baseline: Repo:dpdk
Branch: master
CommitID:ba982f9a1ca9b96ed0394b764f1523d482e963a2
155054 --> testing issues
Upstream job id: Generic-DPDK-Compile-Meson#406469
Test environment and result as below:
+-------------------------------+--------------------+-------------------+------------------+-------------------------+-------------------+----------------------+
| Environment | dpdk_meson_compile | dpdk_compile_spdk | dpdk_compile_ovs | dpdk_llvm_clang_compile | dpdk_msvc_compile | dpdk_mingw64_compile |
+===============================+====================+===================+==================+=========================+===================+======================+
| CentOS Stream 9 | PASS | PASS | SKIPPED | SKIPPED | SKIPPED | SKIPPED |
+-------------------------------+--------------------+-------------------+------------------+-------------------------+-------------------+----------------------+
| Debian GNU/Linux 12 | PASS | PASS | SKIPPED | SKIPPED | SKIPPED | SKIPPED |
+-------------------------------+--------------------+-------------------+------------------+-------------------------+-------------------+----------------------+
| CentOS Stream 10 | PASS | SKIPPED | SKIPPED | SKIPPED | SKIPPED | SKIPPED |
+-------------------------------+--------------------+-------------------+------------------+-------------------------+-------------------+----------------------+
| Fedora Linux 40 | PASS | PASS | SKIPPED | SKIPPED | SKIPPED | SKIPPED |
+-------------------------------+--------------------+-------------------+------------------+-------------------------+-------------------+----------------------+
| Fedora Linux 41 | PASS | PASS | PASS | SKIPPED | SKIPPED | SKIPPED |
+-------------------------------+--------------------+-------------------+------------------+-------------------------+-------------------+----------------------+
| openSUSE Leap 15.6 | PASS | SKIPPED | SKIPPED | SKIPPED | SKIPPED | SKIPPED |
+-------------------------------+--------------------+-------------------+------------------+-------------------------+-------------------+----------------------+
| Red Hat Enterprise Linux 8.10 | PASS | SKIPPED | SKIPPED | SKIPPED | SKIPPED | SKIPPED |
+-------------------------------+--------------------+-------------------+------------------+-------------------------+-------------------+----------------------+
| Ubuntu 20.04 | PASS | SKIPPED | SKIPPED | SKIPPED | SKIPPED | SKIPPED |
+-------------------------------+--------------------+-------------------+------------------+-------------------------+-------------------+----------------------+
| Ubuntu 22.04 | PASS | PASS | SKIPPED | SKIPPED | SKIPPED | SKIPPED |
+-------------------------------+--------------------+-------------------+------------------+-------------------------+-------------------+----------------------+
| Ubuntu 24.04 | PASS | PASS | PASS | SKIPPED | SKIPPED | SKIPPED |
+-------------------------------+--------------------+-------------------+------------------+-------------------------+-------------------+----------------------+
| Alpine Linux 3.22.0 | PASS | SKIPPED | SKIPPED | SKIPPED | SKIPPED | SKIPPED |
+-------------------------------+--------------------+-------------------+------------------+-------------------------+-------------------+----------------------+
| Red Hat Enterprise Linux 9.5 | PASS | SKIPPED | SKIPPED | SKIPPED | SKIPPED | SKIPPED |
+-------------------------------+--------------------+-------------------+------------------+-------------------------+-------------------+----------------------+
| Windows Server 2022 | SKIPPED | SKIPPED | SKIPPED | PASS | FAIL | PASS |
+-------------------------------+--------------------+-------------------+------------------+-------------------------+-------------------+----------------------+
==== 20 line log output for Windows Server 2022 (dpdk_msvc_compile): ====
\0[\01\03\05\0/\04\05\02\0]\0 \0C\0o\0m\0p\0i\0l\0i\0n\0g\0 \0C\0 \0o\0b\0j\0e\0c\0t\0 \0a\0p\0p\0/\0d\0p\0d\0k\0-\0t\0e\0s\0t\0.\0e\0x\0e\0.\0p\0/\0t\0e\0s\0t\0_\0t\0e\0s\0t\0_\0c\0m\0d\0l\0i\0n\0e\0_\0i\0p\0a\0d\0d\0r\0.\0c\0.\0o\0b\0j\0
\0
\0[\01\03\06\0/\04\05\02\0]\0 \0C\0o\0m\0p\0i\0l\0i\0n\0g\0 \0C\0 \0o\0b\0j\0e\0c\0t\0 \0a\0p\0p\0/\0d\0p\0d\0k\0-\0t\0e\0s\0t\0.\0e\0x\0e\0.\0p\0/\0t\0e\0s\0t\0_\0t\0e\0s\0t\0_\0b\0i\0t\0c\0o\0u\0n\0t\0.\0c\0.\0o\0b\0j\0
\0
\0[\01\03\07\0/\04\05\02\0]\0 \0C\0o\0m\0p\0i\0l\0i\0n\0g\0 \0C\0 \0o\0b\0j\0e\0c\0t\0 \0a\0p\0p\0/\0d\0p\0d\0k\0-\0t\0e\0s\0t\0p\0m\0d\0.\0e\0x\0e\0.\0p\0/\0t\0e\0s\0t\0-\0p\0m\0d\0_\0s\0h\0a\0r\0e\0d\0_\0r\0x\0q\0_\0f\0w\0d\0.\0c\0.\0o\0b\0j\0
\0
\0[\01\03\08\0/\04\05\02\0]\0 \0C\0o\0m\0p\0i\0l\0i\0n\0g\0 \0C\0 \0o\0b\0j\0e\0c\0t\0 \0a\0p\0p\0/\0d\0p\0d\0k\0-\0t\0e\0s\0t\0p\0m\0d\0.\0e\0x\0e\0.\0p\0/\0t\0e\0s\0t\0-\0p\0m\0d\0_\0t\0e\0s\0t\0p\0m\0d\0.\0c\0.\0o\0b\0j\0
\0
\0F\0A\0I\0L\0E\0D\0:\0 \0a\0p\0p\0/\0d\0p\0d\0k\0-\0t\0e\0s\0t\0p\0m\0d\0.\0e\0x\0e\0.\0p\0/\0t\0e\0s\0t\0-\0p\0m\0d\0_\0t\0e\0s\0t\0p\0m\0d\0.\0c\0.\0o\0b\0j\0 \0
\0
\0"\0c\0l\0"\0 \0"\0-\0I\0a\0p\0p\0\\0d\0p\0d\0k\0-\0t\0e\0s\0t\0p\0m\0d\0.\0e\0x\0e\0.\0p\0"\0 \0"\0-\0I\0a\0p\0p\0"\0 \0"\0-\0I\0.\0.\0\\0a\0p\0p\0"\0 \0"\0-\0I\0a\0p\0p\0\\0t\0e\0s\0t\0-\0p\0m\0d\0"\0 \0"\0-\0I\0.\0.\0\\0a\0p\0p\0\\0t\0e\0s\0t\0-\0p\0m\0d\0"\0 \0"\0-\0I\0l\0i\0b\0\\0e\0t\0h\0d\0e\0v\0"\0 \0"\0-\0I\0.\0.\0\\0l\0i\0b\0\\0e\0t\0h\0d\0e\0v\0"\0 \0"\0-\0I\0l\0i\0b\0\\0e\0a\0l\0\\0c\0o\0m\0m\0o\0n\0"\0 \0"\0-\0I\0.\0.\0\\0l\0i\0b\0\\0e\0a\0l\0\\0c\0o\0m\0m\0o\0n\0"\0 \0"\0-\0I\0.\0"\0 \0"\0-\0I\0.\0.\0"\0 \0"\0-\0I\0c\0o\0n\0f\0i\0g\0"\0 \0"\0-\0I\0.\0.\0\\0c\0o\0n\0f\0i\0g\0"\0 \0"\0-\0I\0l\0i\0b\0\\0e\0a\0l\0\\0i\0n\0c\0l\0u\0d\0e\0"\0 \0"\0-\0I\0.\0.\0\\0l\0i\0b\0\\0e\0a\0l\0\\0i\0n\0c\0l\0u\0d\0e\0"\0 \0"\0-\0I\0l\0i\0b\0\\0e\0a\0l\0\\0w\0i\0n\0d\0o\0w\0s\0\\0i\0n\0c\0l\0u\0d\0e\0"\0 \0"\0-\0I\0.\0.\0\\0l\0i\0b\0\\0e\0a\0l\0\\0w\0i\0n\0d\0o\0w\0s\0\\0i\0n\0c\0l\0u\0d\0e\0"\0 \0"\0-\0I\0l\0i\0b\0\\0e\0a\0l\0\\0x\08\06\0\\0i\0n\0c\0l\0u\0d\0e\0"\0 \0"\0-\0I\0.\0.\0\\0l\0i\0b\0\\0e\0a\0l\0\\0x\08\06\0\\0i\0n\0c\0l\0u\0d\0e\0"\0 \0"\0-\0I\0l\0i\0b\0\\0e\0a\0l\0"\0 \0"\0-\0I\0.\0.\0\\0l\0i\0b\0\\0e\0a\0l\0"\0 \0"\0-\0I\0l\0i\0b\0\\0l\0o\0g\0"\0 \0"\0-\0I\0.\0.\0\\0l\0i\0b\0\\0l\0o\0g\0"\0 \0"\0-\0I\0l\0i\0b\0\\0k\0v\0a\0r\0g\0s\0"\0 \0"\0-\0I\0.\0.\0\\0l\0i\0b\0\\0k\0v\0a\0r\0g\0s\0"\0 \0"\0-\0I\0l\0i\0b\0\\0n\0e\0t\0"\0 \0"\0-\0I\0.\0.\0\\0l\0i\0b\0\\0n\0e\0t\0"\0 \0"\0-\0I\0l\0i\0b\0\\0m\0b\0u\0f\0"\0 \0"\0-\0I\0.\0.\0\\0l\0i\0b\0\\0m\0b\0u\0f\0"\0 \0"\0-\0I
\0l\0i\0b\0\\0m\0e\0m\0p\0o\0o\0l\0"\0 \0"\0-\0I\0.\0.\0\\0l\0i\0b\0\\0m\0e\0m\0p\0o\0o\0l\0"\0 \0"\0-\0I\0l\0i\0b\0\\0r\0i\0n\0g\0"\0 \0"\0-\0I\0.\0.\0\\0l\0i\0b\0\\0r\0i\0n\0g\0"\0 \0"\0-\0I\0l\0i\0b\0\\0m\0e\0t\0r\0i\0c\0s\0"\0 \0"\0-\0I\0.\0.\0\\0l\0i\0b\0\\0m\0e\0t\0r\0i\0c\0s\0"\0 \0"\0-\0I\0l\0i\0b\0\\0t\0e\0l\0e\0m\0e\0t\0r\0y\0"\0 \0"\0-\0I\0.\0.\0\\0l\0i\0b\0\\0t\0e\0l\0e\0m\0e\0t\0r\0y\0"\0 \0"\0-\0I\0l\0i\0b\0\\0m\0e\0t\0e\0r\0"\0 \0"\0-\0I\0.\0.\0\\0l\0i\0b\0\\0m\0e\0t\0e\0r\0"\0 \0"\0-\0I\0l\0i\0b\0\\0c\0m\0d\0l\0i\0n\0e\0"\0 \0"\0-\0I\0.\0.\0\\0l\0i\0b\0\\0c\0m\0d\0l\0i\0n\0e\0"\0 \0"\0-\0I\0l\0i\0b\0\\0b\0i\0t\0r\0a\0t\0e\0s\0t\0a\0t\0s\0"\0 \0"\0-\0I\0.\0.\0\\0l\0i\0b\0\\0b\0i\0t\0r\0a\0t\0e\0s\0t\0a\0t\0s\0"\0 \0"\0-\0I\0l\0i\0b\0\\0g\0r\0o\0"\0 \0"\0-\0I\0.\0.\0\\0l\0i\0b\0\\0g\0r\0o\0"\0 \0"\0-\0I\0l\0i\0b\0\\0g\0s\0o\0"\0 \0"\0-\0I\0.\0.\0\\0l\0i\0b\0\\0g\0s\0o\0"\0 \0"\0-\0I\0l\0i\0b\0\\0l\0a\0t\0e\0n\0c\0y\0s\0t\0a\0t\0s\0"\0 \0"\0-\0I\0.\0.\0\\0l\0i\0b\0\\0l\0a\0t\0e\0n\0c\0y\0s\0t\0a\0t\0s\0"\0 \0"\0-\0I\0C\0:\0\\0P\0r\0o\0g\0r\0a\0m\0 \0F\0i\0l\0e\0s\0\\0M\0e\0l\0l\0a\0n\0o\0x\0\\0M\0L\0N\0X\0_\0W\0i\0n\0O\0F\02\0_\0D\0e\0v\0X\0_\0S\0D\0K\0\\0i\0n\0c\0"\0 \0"\0/\0M\0D\0"\0 \0"\0/\0n\0o\0l\0o\0g\0o\0"\0 \0"\0/\0s\0h\0o\0w\0I\0n\0c\0l\0u\0d\0e\0s\0"\0 \0"\0/\0u\0t\0f\0-\08\0"\0 \0"\0/\0W\03\0"\0 \0"\0/\0W\0X\0"\0 \0"\0/\0s\0t\0d\0:\0c\01\01\0"\0 \0"\0/\0O\02\0"\0 \0"\0/\0G\0w\0"\0 \0"\0/\0w\0d\04\02\04\04\0"\0 \0"\0/\0w\0d\04\02\06\07\0"\0 \0"\0/\0
w\0d\04\01\04\06\0"\0 \0"\0/\0e\0x\0p\0e\0r\0i\0m\0e\0n\0t\0a\0l\0:\0c\01\01\0a\0t\0o\0m\0i\0c\0s\0"\0 \0"\0/\0d\01\0e\0x\0p\0e\0r\0i\0m\0e\0n\0t\0a\0l\0:\0t\0y\0p\0e\0o\0f\0"\0 \0"\0/\0e\0x\0p\0e\0r\0i\0m\0e\0n\0t\0a\0l\0:\0s\0t\0a\0t\0e\0m\0e\0n\0t\0E\0x\0p\0r\0e\0s\0s\0i\0o\0n\0s\0"\0 \0"\0/\0F\0I\0"\0 \0"\0r\0t\0e\0_\0c\0o\0n\0f\0i\0g\0.\0h\0"\0 \0"\0-\0D\0_\0G\0N\0U\0_\0S\0O\0U\0R\0C\0E\0"\0 \0"\0-\0D\0_\0W\0I\0N\03\02\0_\0W\0I\0N\0N\0T\0=\00\0x\00\0A\00\00\0"\0 \0"\0-\0D\0A\0L\0L\0O\0W\0_\0E\0X\0P\0E\0R\0I\0M\0E\0N\0T\0A\0L\0_\0A\0P\0I\0"\0 \0"\0/\0F\0d\0a\0p\0p\0\\0d\0p\0d\0k\0-\0t\0e\0s\0t\0p\0m\0d\0.\0e\0x\0e\0.\0p\0\\0t\0e\0s\0t\0-\0p\0m\0d\0_\0t\0e\0s\0t\0p\0m\0d\0.\0c\0.\0p\0d\0b\0"\0 \0/\0F\0o\0a\0p\0p\0/\0d\0p\0d\0k\0-\0t\0e\0s\0t\0p\0m\0d\0.\0e\0x\0e\0.\0p\0/\0t\0e\0s\0t\0-\0p\0m\0d\0_\0t\0e\0s\0t\0p\0m\0d\0.\0c\0.\0o\0b\0j\0 \0"\0/\0c\0"\0 \0.\0.\0/\0a\0p\0p\0/\0t\0e\0s\0t\0-\0p\0m\0d\0/\0t\0e\0s\0t\0p\0m\0d\0.\0c\0
\0
\0.\0.\0/\0a\0p\0p\0/\0t\0e\0s\0t\0-\0p\0m\0d\0/\0t\0e\0s\0t\0p\0m\0d\0.\0c\0(\05\00\0)\0:\0 \0f\0a\0t\0a\0l\0 \0e\0r\0r\0o\0r\0 \0C\01\00\08\03\0:\0 \0C\0a\0n\0n\0o\0t\0 \0o\0p\0e\0n\0 \0i\0n\0c\0l\0u\0d\0e\0 \0f\0i\0l\0e\0:\0 \0'\0r\0t\0e\0_\0p\0c\0i\0.\0h\0'\0:\0 \0N\0o\0 \0s\0u\0c\0h\0 \0f\0i\0l\0e\0 \0o\0r\0 \0d\0i\0r\0e\0c\0t\0o\0r\0y\0
\0
\0[\01\03\09\0/\04\05\02\0]\0 \0C\0o\0m\0p\0i\0l\0i\0n\0g\0 \0C\0 \0o\0b\0j\0e\0c\0t\0 \0a\0p\0p\0/\0d\0p\0d\0k\0-\0t\0e\0s\0t\0.\0e\0x\0e\0.\0p\0/\0t\0e\0s\0t\0_\0t\0e\0s\0t\0_\0a\0r\0g\0p\0a\0r\0s\0e\0.\0c\0.\0o\0b\0j\0
\0
\0[\01\04\00\0/\04\05\02\0]\0 \0C\0o\0m\0p\0i\0l\0i\0n\0g\0 \0C\0 \0o\0b\0j\0e\0c\0t\0 \0a\0p\0p\0/\0d\0p\0d\0k\0-\0t\0e\0s\0t\0.\0e\0x\0e\0.\0p\0/\0t\0e\0s\0t\0_\0t\0e\0s\0t\0.\0c\0.\0o\0b\0j\0
\0
\0[\01\04\01\0/\04\05\02\0]\0 \0C\0o\0m\0p\0i\0l\0i\0n\0g\0 \0C\0 \0o\0b\0j\0e\0c\0t\0 \0a\0p\0p\0/\0d\0p\0d\0k\0-\0t\0e\0s\0t\0.\0e\0x\0e\0.\0p\0/\0t\0e\0s\0t\0_\0t\0e\0s\0t\0_\0a\0l\0a\0r\0m\0.\0c\0.\0o\0b\0j\0
\0
\0[\01\04\02\0/\04\05\02\0]\0 \0C\0o\0m\0p\0i\0l\0i\0n\0g\0 \0C\0 \0o\0b\0j\0e\0c\0t\0 \0a\0p\0p\0/\0d\0p\0d\0k\0-\0t\0e\0s\0t\0.\0e\0x\0e\0.\0p\0/\0t\0e\0s\0t\0_\0t\0e\0s\0t\0_\0b\0a\0r\0r\0i\0e\0r\0.\0c\0.\0o\0b\0j\0
\0
\0[\01\04\03\0/\04\05\02\0]\0 \0C\0o\0m\0p\0i\0l\0i\0n\0g\0 \0C\0 \0o\0b\0j\0e\0c\0t\0 \0a\0p\0p\0/\0d\0p\0d\0k\0-\0t\0e\0s\0t\0.\0e\0x\0e\0.\0p\0/\0t\0e\0s\0t\0_\0t\0e\0s\0t\0_\0b\0i\0t\0m\0a\0p\0.\0c\0.\0o\0b\0j\0
\0
\0[\01\04\04\0/\04\05\02\0]\0 \0C\0o\0m\0p\0i\0l\0i\0n\0g\0 \0C\0 \0o\0b\0j\0e\0c\0t\0 \0a\0p\0p\0/\0d\0p\0d\0k\0-\0t\0e\0s\0t\0.\0e\0x\0e\0.\0p\0/\0t\0e\0s\0t\0_\0c\0o\0m\0m\0a\0n\0d\0s\0.\0c\0.\0o\0b\0j\0
\0
\0[\01\04\05\0/\04\05\02\0]\0 \0C\0o\0m\0p\0i\0l\0i\0n\0g\0 \0C\0 \0o\0b\0j\0e\0c\0t\0 \0a\0p\0p\0/\0d\0p\0d\0k\0-\0t\0e\0s\0t\0p\0m\0d\0.\0e\0x\0e\0.\0p\0/\0t\0e\0s\0t\0-\0p\0m\0d\0_\0t\0x\0o\0n\0l\0y\0.\0c\0.\0o\0b\0j\0
\0
\0[\01\04\06\0/\04\05\02\0]\0 \0C\0o\0m\0p\0i\0l\0i\0n\0g\0 \0C\0 \0o\0b\0j\0e\0c\0t\0 \0a\0p\0p\0/\0d\0p\0d\0k\0-\0t\0e\0s\0t\0p\0m\0d\0.\0e\0x\0e\0.\0p\0/\0t\0e\0s\0t\0-\0p\0m\0d\0_\0c\0m\0d\0l\0i\0n\0e\0_\0f\0l\0o\0w\0.\0c\0.\0o\0b\0j\0
\0
\0[\01\04\07\0/\04\05\02\0]\0 \0C\0o\0m\0p\0i\0l\0i\0n\0g\0 \0C\0 \0o\0b\0j\0e\0c\0t\0 \0a\0p\0p\0/\0d\0p\0d\0k\0-\0t\0e\0s\0t\0.\0e\0x\0e\0.\0p\0/\0t\0e\0s\0t\0_\0p\0a\0c\0k\0e\0t\0_\0b\0u\0r\0s\0t\0_\0g\0e\0n\0e\0r\0a\0t\0o\0r\0.\0c\0.\0o\0b\0j\0
\0
\0n\0i\0n\0j\0a\0:\0 \0b\0u\0i\0l\0d\0 \0s\0t\0o\0p\0p\0e\0d\0:\0 \0s\0u\0b\0c\0o\0m\0m\0a\0n\0d\0 \0f\0a\0i\0l\0e\0d\0.\0
\0
\0I\0N\0F\0O\0:\0 \0a\0u\0t\0o\0d\0e\0t\0e\0c\0t\0i\0n\0g\0 \0b\0a\0c\0k\0e\0n\0d\0 \0a\0s\0 \0n\0i\0n\0j\0a\0
\0
\0I\0N\0F\0O\0:\0 \0c\0a\0l\0c\0u\0l\0a\0t\0i\0n\0g\0 \0b\0a\0c\0k\0e\0n\0d\0 \0c\0o\0m\0m\0a\0n\0d\0 \0t\0o\0 \0r\0u\0n\0:\0 \0"\0C\0:\0\\0P\0r\0o\0g\0r\0a\0m\0 \0F\0i\0l\0e\0s\0\\0M\0e\0s\0o\0n\0\\0n\0i\0n\0j\0a\0.\0E\0X\0E\0"\0 \0-\0C\0 \0C\0:\0/\0U\0s\0e\0r\0s\0/\0b\0u\0i\0l\0d\0e\0r\0/\0j\0e\0n\0k\0i\0n\0s\0/\0w\0o\0r\0k\0s\0p\0a\0c\0e\0/\0W\0i\0n\0d\0o\0w\0s\0-\0C\0o\0m\0p\0i\0l\0e\0-\0D\0P\0D\0K\0-\0V\0S\0/\0d\0p\0d\0k\0/\0b\0u\0i\0l\0d\0
\0
\0
==== End log output ====
CentOS Stream 9
Kernel: 5.15
Compiler: gcc gcc (GCC) 11.5.0 20240719 (Red Hat 11.5.0-7)
Debian GNU/Linux 12
Kernel: 5.15
Compiler: gcc gcc (Debian 12.2.0-14+deb12u1) 12.2.0
CentOS Stream 10
Kernel: 5.15
Compiler: gcc gcc (GCC) 14.2.1 20250110 (Red Hat 14.2.1-8)
Fedora Linux 40
Kernel: 5.15
Compiler: clang gcc (GCC) 14.2.1 20240912 (Red Hat 14.2.1-3)
Fedora Linux 41
Kernel: 5.15
Compiler: clang gcc (GCC) 14.3.1 20250523 (Red Hat 14.3.1-1)
openSUSE Leap 15.6
Kernel: 5.15
Compiler: gcc gcc (SUSE Linux) 7.5.0
Red Hat Enterprise Linux 8.10
Kernel: 5.15
Compiler: gcc gcc (GCC) 8.5.0 20210514 (Red Hat 8.5.0-22)
Ubuntu 20.04
Kernel: 5.15
Compiler: gcc gcc (Ubuntu 9.4.0-1ubuntu1~20.04.2) 9.4.0
Ubuntu 22.04
Kernel: 5.15
Compiler: gcc gcc (Ubuntu 11.4.0-1ubuntu1~22.04) 11.4.0
Ubuntu 24.04
Kernel: 5.15
Compiler: gcc gcc (Ubuntu 13.3.0-6ubuntu2~24.04) 13.3.0
Alpine Linux 3.22.0
Kernel: 5.15
Compiler: gcc gcc (Alpine 14.2.0) 14.2.0
Red Hat Enterprise Linux 9.5
Kernel: 5.15
Compiler: gcc gcc (GCC) 11.5.0 20240719 (Red Hat 11.5.0-2)
Windows Server 2022
Kernel: 10.0.20348.2031
Compiler: clang 15.0.7, gcc 14.1.0 (MinGW), and MSVC VS 19.39.33521
To view detailed results, visit:
https://lab.dpdk.org/results/dashboard/patchsets/33608/
UNH-IOL DPDK Community Lab
To manage your email subscriptions, visit:
https://lab.dpdk.org/results/dashboard/preferences/subscriptions/
^ permalink raw reply [flat|nested] 24+ messages in thread
* |FAILURE| pw155054 [PATCH] [v8,1/1] app/testpmd: canonicalize short
[not found] <20250708083740.128610-2-shperetz@nvidia.com>
` (21 preceding siblings ...)
2025-07-08 11:22 ` |FAILURE| " dpdklab
@ 2025-07-08 13:36 ` dpdklab
2025-07-08 13:40 ` |SUCCESS| " dpdklab
23 siblings, 0 replies; 24+ messages in thread
From: dpdklab @ 2025-07-08 13:36 UTC (permalink / raw)
To: Test Report; +Cc: dpdk-test-reports, Shani Peretz
Test-Label: iol-compile-arm64-testing
Test-Status: FAILURE
http://dpdk.org/patch/155054
_Testing issues_
Submitter: Shani Peretz <shperetz@nvidia.com>
Date: Tuesday, July 08 2025 08:37:40
DPDK git baseline: Repo:dpdk
Branch: master
CommitID:ba982f9a1ca9b96ed0394b764f1523d482e963a2
155054 --> testing issues
Upstream job id: Generic-DPDK-Compile-Meson#406447
Test environment and result as below:
+------------------------------+--------------------+
| Environment | dpdk_meson_compile |
+==============================+====================+
| Red Hat Enterprise Linux 9.5 | PASS |
+------------------------------+--------------------+
| Ubuntu 20.04 | PASS |
+------------------------------+--------------------+
| Debian GNU/Linux 12 | PASS |
+------------------------------+--------------------+
| Fedora Linux 40 | PASS |
+------------------------------+--------------------+
| Fedora Linux 41 | PASS |
+------------------------------+--------------------+
| Ubuntu 22.04 | PASS |
+------------------------------+--------------------+
| CentOS Stream 9 | PASS |
+------------------------------+--------------------+
| Ubuntu 24.04 | PASS |
+------------------------------+--------------------+
| CentOS Stream 10 | PASS |
+------------------------------+--------------------+
Red Hat Enterprise Linux 9.5
Kernel: 5.4
Compiler: gcc gcc (GCC) 11.5.0 20240719 (Red Hat 11.5.0-2)
Ubuntu 20.04
Kernel: 5.15
Compiler: aarch64-linux-gnu-gcc gcc (Ubuntu 9.4.0-1ubuntu1~20.04.2) 9.4.0
Debian GNU/Linux 12
Kernel: 5.4
Compiler: gcc gcc (Debian 12.2.0-14+deb12u1) 12.2.0
Fedora Linux 40
Kernel: 5.4
Compiler: clang gcc (GCC) 14.2.1 20240912 (Red Hat 14.2.1-3)
Fedora Linux 41
Kernel: 5.4
Compiler: gcc gcc (GCC) 14.3.1 20250523 (Red Hat 14.3.1-1)
Ubuntu 22.04
Kernel: 5.4
Compiler: gcc gcc (Ubuntu 11.4.0-1ubuntu1~22.04) 11.4.0
CentOS Stream 9
Kernel: 5.4
Compiler: gcc gcc (GCC) 11.5.0 20240719 (Red Hat 11.5.0-7)
Ubuntu 24.04
Kernel: 5.4
Compiler: gcc gcc (Ubuntu 13.3.0-6ubuntu2~24.04) 13.3.0
CentOS Stream 10
Kernel: 5.4
Compiler: gcc gcc (GCC) 14.2.1 20250110 (Red Hat 14.2.1-8)
To view detailed results, visit:
https://lab.dpdk.org/results/dashboard/patchsets/33608/
UNH-IOL DPDK Community Lab
To manage your email subscriptions, visit:
https://lab.dpdk.org/results/dashboard/preferences/subscriptions/
^ permalink raw reply [flat|nested] 24+ messages in thread
* |SUCCESS| pw155054 [PATCH] [v8,1/1] app/testpmd: canonicalize short
[not found] <20250708083740.128610-2-shperetz@nvidia.com>
` (22 preceding siblings ...)
2025-07-08 13:36 ` dpdklab
@ 2025-07-08 13:40 ` dpdklab
23 siblings, 0 replies; 24+ messages in thread
From: dpdklab @ 2025-07-08 13:40 UTC (permalink / raw)
To: Test Report; +Cc: dpdk-test-reports
Test-Label: iol-sample-apps-testing
Test-Status: SUCCESS
http://dpdk.org/patch/155054
_Testing PASS_
Submitter: Shani Peretz <shperetz@nvidia.com>
Date: Tuesday, July 08 2025 08:37:40
DPDK git baseline: Repo:dpdk
Branch: master
CommitID:ba982f9a1ca9b96ed0394b764f1523d482e963a2
155054 --> testing pass
Upstream job id: ACVP-FIPS-testing#10427
Test environment and result as below:
+--------------+----------------------+
| Environment | dpdk_fips_validation |
+==============+======================+
| Ubuntu 20.04 | PASS |
+--------------+----------------------+
Ubuntu 20.04
Kernel: 5.15
Compiler: gcc gcc (Ubuntu 9.4.0-1ubuntu1~20.04.2) 9.4.0
To view detailed results, visit:
https://lab.dpdk.org/results/dashboard/patchsets/33608/
UNH-IOL DPDK Community Lab
To manage your email subscriptions, visit:
https://lab.dpdk.org/results/dashboard/preferences/subscriptions/
^ permalink raw reply [flat|nested] 24+ messages in thread
end of thread, other threads:[~2025-07-08 13:41 UTC | newest]
Thread overview: 24+ messages (download: mbox.gz / follow: Atom feed)
-- links below jump to the message on this page --
[not found] <20250708083740.128610-2-shperetz@nvidia.com>
2025-07-08 8:03 ` |SUCCESS| pw155054 [PATCH v8 1/1] app/testpmd: canonicalize short PCI name format qemudev
2025-07-08 8:07 ` qemudev
2025-07-08 8:38 ` |WARNING| " checkpatch
2025-07-08 9:22 ` |FAILURE| " 0-day Robot
2025-07-08 9:50 ` |SUCCESS| pw155054 [PATCH] [v8,1/1] app/testpmd: canonicalize short dpdklab
2025-07-08 9:51 ` |PENDING| " dpdklab
2025-07-08 9:53 ` dpdklab
2025-07-08 9:56 ` |FAILURE| " dpdklab
2025-07-08 9:59 ` |SUCCESS| " dpdklab
2025-07-08 10:01 ` dpdklab
2025-07-08 10:01 ` |FAILURE| " dpdklab
2025-07-08 10:10 ` dpdklab
2025-07-08 10:12 ` |SUCCESS| " dpdklab
2025-07-08 10:13 ` |PENDING| " dpdklab
2025-07-08 10:22 ` |SUCCESS| " dpdklab
2025-07-08 10:25 ` |FAILURE| " dpdklab
2025-07-08 10:25 ` dpdklab
2025-07-08 10:38 ` |SUCCESS| " dpdklab
2025-07-08 10:51 ` dpdklab
2025-07-08 11:07 ` |WARNING| " dpdklab
2025-07-08 11:12 ` |SUCCESS| " dpdklab
2025-07-08 11:22 ` |FAILURE| " dpdklab
2025-07-08 13:36 ` dpdklab
2025-07-08 13:40 ` |SUCCESS| " dpdklab
This is a public inbox, see mirroring instructions
for how to clone and mirror all data and code used for this inbox;
as well as URLs for NNTP newsgroup(s).