automatic DPDK test reports
 help / color / mirror / Atom feed
From: dpdklab@iol.unh.edu
To: Test Report <test-report@dpdk.org>
Cc: dpdk-test-reports@iol.unh.edu
Subject: |PENDING| pw155054 [PATCH] [v8,1/1] app/testpmd: canonicalize short
Date: Tue, 08 Jul 2025 03:13:52 -0700 (PDT)	[thread overview]
Message-ID: <686cef60.170a0220.1adc5a.c89fSMTPIN_ADDED_MISSING@mx.google.com> (raw)
In-Reply-To: <20250708083740.128610-2-shperetz@nvidia.com>

Test-Label: iol-compile-amd64-testing
Test-Status: PENDING
http://dpdk.org/patch/155054

_Testing pending_

Submitter: Shani Peretz <shperetz@nvidia.com>
Date: Tuesday, July 08 2025 08:37:40 
DPDK git baseline: Repo:dpdk
  Branch: master
  CommitID:ba982f9a1ca9b96ed0394b764f1523d482e963a2

155054 --> testing pending

Upstream job id: Generic-DPDK-Compile-Meson#406459

Test environment and result as below:

+-------------------------------+--------------------+-------------------+------------------+
|          Environment          | dpdk_meson_compile | dpdk_compile_spdk | dpdk_compile_ovs |
+===============================+====================+===================+==================+
| CentOS Stream 9               | PEND               | PEND              | SKIPPED          |
+-------------------------------+--------------------+-------------------+------------------+
| Debian GNU/Linux 12           | PEND               | PEND              | SKIPPED          |
+-------------------------------+--------------------+-------------------+------------------+
| CentOS Stream 10              | PASS               | SKIPPED           | SKIPPED          |
+-------------------------------+--------------------+-------------------+------------------+
| Fedora Linux 40               | PEND               | PEND              | SKIPPED          |
+-------------------------------+--------------------+-------------------+------------------+
| Fedora Linux 41               | PEND               | PEND              | PEND             |
+-------------------------------+--------------------+-------------------+------------------+
| openSUSE Leap 15.6            | PEND               | SKIPPED           | SKIPPED          |
+-------------------------------+--------------------+-------------------+------------------+
| Red Hat Enterprise Linux 8.10 | PEND               | SKIPPED           | SKIPPED          |
+-------------------------------+--------------------+-------------------+------------------+


CentOS Stream 9
	Kernel: 5.15
	Compiler: gcc gcc (GCC) 11.5.0 20240719 (Red Hat 11.5.0-7)

Debian GNU/Linux 12
	Kernel: 5.15
	Compiler: gcc gcc (Debian 12.2.0-14+deb12u1) 12.2.0

CentOS Stream 10
	Kernel: 5.15
	Compiler: gcc gcc (GCC) 14.2.1 20250110 (Red Hat 14.2.1-8)

Fedora Linux 40
	Kernel: 5.15
	Compiler: clang gcc (GCC) 14.2.1 20240912 (Red Hat 14.2.1-3)

Fedora Linux 41
	Kernel: 5.15
	Compiler: clang gcc (GCC) 14.3.1 20250523 (Red Hat 14.3.1-1)

openSUSE Leap 15.6
	Kernel: 5.15
	Compiler: gcc gcc (SUSE Linux) 7.5.0

Red Hat Enterprise Linux 8.10
	Kernel: 5.15
	Compiler: gcc gcc (GCC) 8.5.0 20210514 (Red Hat 8.5.0-22)

To view detailed results, visit:
https://lab.dpdk.org/results/dashboard/patchsets/33608/

UNH-IOL DPDK Community Lab

To manage your email subscriptions, visit: 
https://lab.dpdk.org/results/dashboard/preferences/subscriptions/

  parent reply	other threads:[~2025-07-08 10:13 UTC|newest]

Thread overview: 24+ messages / expand[flat|nested]  mbox.gz  Atom feed  top
     [not found] <20250708083740.128610-2-shperetz@nvidia.com>
2025-07-08  8:03 ` |SUCCESS| pw155054 [PATCH v8 1/1] app/testpmd: canonicalize short PCI name format qemudev
2025-07-08  8:07 ` qemudev
2025-07-08  8:38 ` |WARNING| " checkpatch
2025-07-08  9:22 ` |FAILURE| " 0-day Robot
2025-07-08  9:50 ` |SUCCESS| pw155054 [PATCH] [v8,1/1] app/testpmd: canonicalize short dpdklab
2025-07-08  9:51 ` |PENDING| " dpdklab
2025-07-08  9:53 ` dpdklab
2025-07-08  9:56 ` |FAILURE| " dpdklab
2025-07-08  9:59 ` |SUCCESS| " dpdklab
2025-07-08 10:01 ` dpdklab
2025-07-08 10:01 ` |FAILURE| " dpdklab
2025-07-08 10:10 ` dpdklab
2025-07-08 10:12 ` |SUCCESS| " dpdklab
2025-07-08 10:13 ` dpdklab [this message]
2025-07-08 10:22 ` dpdklab
2025-07-08 10:25 ` |FAILURE| " dpdklab
2025-07-08 10:25 ` dpdklab
2025-07-08 10:38 ` |SUCCESS| " dpdklab
2025-07-08 10:51 ` dpdklab
2025-07-08 11:07 ` |WARNING| " dpdklab
2025-07-08 11:12 ` |SUCCESS| " dpdklab
2025-07-08 11:22 ` |FAILURE| " dpdklab
2025-07-08 13:36 ` dpdklab
2025-07-08 13:40 ` |SUCCESS| " dpdklab

Reply instructions:

You may reply publicly to this message via plain-text email
using any one of the following methods:

* Save the following mbox file, import it into your mail client,
  and reply-to-all from there: mbox

  Avoid top-posting and favor interleaved quoting:
  https://en.wikipedia.org/wiki/Posting_style#Interleaved_style

* Reply using the --to, --cc, and --in-reply-to
  switches of git-send-email(1):

  git send-email \
    --in-reply-to=686cef60.170a0220.1adc5a.c89fSMTPIN_ADDED_MISSING@mx.google.com \
    --to=dpdklab@iol.unh.edu \
    --cc=dpdk-test-reports@iol.unh.edu \
    --cc=test-report@dpdk.org \
    /path/to/YOUR_REPLY

  https://kernel.org/pub/software/scm/git/docs/git-send-email.html

* If your mail client supports setting the In-Reply-To header
  via mailto: links, try the mailto: link
Be sure your reply has a Subject: header at the top and a blank line before the message body.
This is a public inbox, see mirroring instructions
for how to clone and mirror all data and code used for this inbox;
as well as URLs for NNTP newsgroup(s).