From mboxrd@z Thu Jan 1 00:00:00 1970 Return-Path: Received: from mails.dpdk.org (mails.dpdk.org [217.70.189.124]) by inbox.dpdk.org (Postfix) with ESMTP id 59E7D46B28 for ; Tue, 8 Jul 2025 12:25:24 +0200 (CEST) Received: from mails.dpdk.org (localhost [127.0.0.1]) by mails.dpdk.org (Postfix) with ESMTP id 52319402A0; Tue, 8 Jul 2025 12:25:24 +0200 (CEST) Received: from mail-il1-f227.google.com (mail-il1-f227.google.com [209.85.166.227]) by mails.dpdk.org (Postfix) with ESMTP id 7F2B3402A0 for ; Tue, 8 Jul 2025 12:25:22 +0200 (CEST) Received: by mail-il1-f227.google.com with SMTP id e9e14a558f8ab-3de2b02c69eso25752225ab.1 for ; Tue, 08 Jul 2025 03:25:22 -0700 (PDT) DKIM-Signature: v=1; a=rsa-sha256; c=relaxed/relaxed; d=iol.unh.edu; s=unh-iol; t=1751970322; x=1752575122; darn=dpdk.org; h=references:in-reply-to:cc:to:from:subject:message-id:date:from:to :cc:subject:date:message-id:reply-to; bh=7XuMoAsFltym6p1tX8VjzmW02SJcASRGPV7Eph6tweg=; b=OKeSRGQj5XAmpqawpp9Hdir79wRZLr+8ZdWGNV3slTHvlDUGmsLtm7S0/WiDAGa/tp jJxpAdoWvFfcJzbgjZXX7ZIkwhJh95vU18W3Hw3LXz3BynEn73VOfnwz2g1DWUmozwCy yh5V3s2BywD4IOJs9cpKOMifHioYxj3ZeFaB0= X-Google-DKIM-Signature: v=1; a=rsa-sha256; c=relaxed/relaxed; d=1e100.net; s=20230601; t=1751970322; x=1752575122; h=references:in-reply-to:cc:to:from:subject:message-id:date :x-gm-message-state:from:to:cc:subject:date:message-id:reply-to; bh=7XuMoAsFltym6p1tX8VjzmW02SJcASRGPV7Eph6tweg=; b=OLy3lFS5PSxgDzMneD0jBn6JyALwQYcRL0v1SNmbta/uo2fgi/qKG+bwBFlvJS9HM/ aSfyheFpGj5iuFgDBGSbh0iQ2MadoN4JF6K9HlTYPkp35GXYgLaa2DKufP607FiVihCW qXvVrz9rT5BxWW1yW2yJ/zt9m7Bc2IWRDPJ+C5p3+GQaw+/Wyl3si7XdBO4lltNmINE7 MKpO7dG/9RaDHb6h/SjUuyzJe0p7j+GSZdVntRiSKVp7AmjHa0WvoEZS+HlEkEYuf5Wo RBvfQ3V/f/CSEJJ8foyfAMrra8ldPdSXtrS407ZDK4t+tPTnN9sJoXhALIpNitbAOtfn c5XQ== X-Gm-Message-State: AOJu0YxhlOAnJKddA9UrNDECcmeK+YRf+L5jXOGW/qp/CWmtavY8u10k Tsmd942kaUL09g4JhOr5mtOs42gS5Zwv0JrlTs5xf1EWY258iOC11wYFKsWVJbndmIeqiRfK1V2 yMtp0AuNVxj/rjE/n6WYDmQrRcAd3POKZ9MEgLULpgIqJAY8HoOvqECVQK2qc X-Gm-Gg: ASbGncu8gjPRBizBiQVzPiaq90VZ1ivKa0YscmRrlrIR5rI7gnkYf9sd+//uNgIDJsX yEjOqodt2oDu8dRsh7qHl4VrMVjMdj7AGs88hJIuFW7Y0gfIuY8E8Atknh8P5JVJKBR0O/h1ksW hebV8TQfhjPVyGWih0R5hMSrT9tolJMyTGh1OcRwR3RuiajsshBcbigvo7HNENNleX3wRoMHPnq Kn3pj6+15V+/U5fDQ0iHwCUE4ty5T8At8N8TNYmgd/dEXyLv6H/KILrw83rEA8ZX4Sj0RhDoXmo xbtnFrkvRV65qSLu+/jg2xJe86bE8eGzV/XOhGPiMmuMg6c= X-Google-Smtp-Source: AGHT+IH2bKM5VzYVYIUcOPXq1YoWhGMPZWpRf0tOeq0rHqfhOV2x2zMyk9TpEXsjUwbosEf9d1eJUnyDBI/r X-Received: by 2002:a05:6e02:3283:b0:3df:154d:aa60 with SMTP id e9e14a558f8ab-3e1372384bemr164852205ab.22.1751970321802; Tue, 08 Jul 2025 03:25:21 -0700 (PDT) Received: from postal.iol.unh.edu (postal.iol.unh.edu. [2606:4100:3880:1234::84]) by smtp-relay.gmail.com with ESMTPS id e9e14a558f8ab-3e0f9b7fd63sm6387315ab.29.2025.07.08.03.25.15 (version=TLS1_2 cipher=ECDHE-ECDSA-AES128-GCM-SHA256 bits=128/128); Tue, 08 Jul 2025 03:25:21 -0700 (PDT) X-Relaying-Domain: iol.unh.edu Date: Tue, 08 Jul 2025 03:25:21 -0700 (PDT) Message-ID: <686cf211.050a0220.aca13.1a42SMTPIN_ADDED_MISSING@mx.google.com> Received: from [172.21.0.8] (unknown [172.18.0.240]) by postal.iol.unh.edu (Postfix) with ESMTP id 112DE6051830; Tue, 8 Jul 2025 06:25:15 -0400 (EDT) Subject: |FAILURE| pw155054 [PATCH] [v8,1/1] app/testpmd: canonicalize short From: dpdklab@iol.unh.edu To: Test Report Cc: dpdk-test-reports@iol.unh.edu, Shani Peretz In-Reply-To: <20250708083740.128610-2-shperetz@nvidia.com> References: <20250708083740.128610-2-shperetz@nvidia.com> Content-Type: text/plain X-BeenThere: test-report@dpdk.org X-Mailman-Version: 2.1.29 Precedence: list List-Id: automatic DPDK test reports List-Unsubscribe: , List-Archive: List-Post: List-Help: List-Subscribe: , Errors-To: test-report-bounces@dpdk.org Test-Label: iol-compile-amd64-testing Test-Status: FAILURE http://dpdk.org/patch/155054 _Testing issues_ Submitter: Shani Peretz Date: Tuesday, July 08 2025 08:37:40 DPDK git baseline: Repo:dpdk Branch: master CommitID:ba982f9a1ca9b96ed0394b764f1523d482e963a2 155054 --> testing issues Upstream job id: Generic-DPDK-Compile-Meson#406460 Test environment and result as below: +-------------------------------+--------------------+-------------------+------------------+-------------------------+-------------------+ | Environment | dpdk_meson_compile | dpdk_compile_spdk | dpdk_compile_ovs | dpdk_llvm_clang_compile | dpdk_msvc_compile | +===============================+====================+===================+==================+=========================+===================+ | CentOS Stream 9 | PASS | PASS | SKIPPED | SKIPPED | SKIPPED | +-------------------------------+--------------------+-------------------+------------------+-------------------------+-------------------+ | Debian GNU/Linux 12 | PASS | PASS | SKIPPED | SKIPPED | SKIPPED | +-------------------------------+--------------------+-------------------+------------------+-------------------------+-------------------+ | CentOS Stream 10 | PASS | SKIPPED | SKIPPED | SKIPPED | SKIPPED | +-------------------------------+--------------------+-------------------+------------------+-------------------------+-------------------+ | Fedora Linux 40 | PASS | PASS | SKIPPED | SKIPPED | SKIPPED | +-------------------------------+--------------------+-------------------+------------------+-------------------------+-------------------+ | Fedora Linux 41 | PEND | PEND | PEND | SKIPPED | SKIPPED | +-------------------------------+--------------------+-------------------+------------------+-------------------------+-------------------+ | openSUSE Leap 15.6 | PEND | SKIPPED | SKIPPED | SKIPPED | SKIPPED | +-------------------------------+--------------------+-------------------+------------------+-------------------------+-------------------+ | Red Hat Enterprise Linux 8.10 | PASS | SKIPPED | SKIPPED | SKIPPED | SKIPPED | +-------------------------------+--------------------+-------------------+------------------+-------------------------+-------------------+ | Ubuntu 20.04 | PASS | SKIPPED | SKIPPED | SKIPPED | SKIPPED | +-------------------------------+--------------------+-------------------+------------------+-------------------------+-------------------+ | Ubuntu 22.04 | PEND | PEND | SKIPPED | SKIPPED | SKIPPED | +-------------------------------+--------------------+-------------------+------------------+-------------------------+-------------------+ | Ubuntu 24.04 | PEND | PEND | PEND | SKIPPED | SKIPPED | +-------------------------------+--------------------+-------------------+------------------+-------------------------+-------------------+ | Alpine Linux 3.22.0 | PEND | SKIPPED | SKIPPED | SKIPPED | SKIPPED | +-------------------------------+--------------------+-------------------+------------------+-------------------------+-------------------+ | Windows Server 2022 | SKIPPED | SKIPPED | SKIPPED | PASS | FAIL | +-------------------------------+--------------------+-------------------+------------------+-------------------------+-------------------+ ==== 20 line log output for Windows Server 2022 (dpdk_msvc_compile): ==== [135/452] Compiling C object app/dpdk-test.exe.p/test_test_cmdline_ipaddr.c.obj [136/452] Compiling C object app/dpdk-test.exe.p/test_test_bitcount.c.obj [137/452] Compiling C object app/dpdk-testpmd.exe.p/test-pmd_shared_rxq_fwd.c.obj [138/452] Compiling C object app/dpdk-testpmd.exe.p/test-pmd_testpmd.c.obj FAILED: app/dpdk-testpmd.exe.p/test-pmd_testpmd.c.obj "cl" "-Iapp\dpdk-testpmd.exe.p" "-Iapp" "-I..\app" "-Iapp\test-pmd" "-I..\app\test-pmd" "-Ilib\ethdev" "-I..\lib\ethdev" "-Ilib\eal\common" "-I..\lib\eal\common" "-I." "-I.." "-Iconfig" "-I..\config" "-Ilib\eal\include" "-I..\lib\eal\include" "-Ilib\eal\windows\include" "-I..\lib\eal\windows\include" "-Ilib\eal\x86\include" "-I..\lib\eal\x86\include" "-Ilib\eal" "-I..\lib\eal" "-Ilib\log" "-I..\lib\log" "-Ilib\kvargs" "-I..\lib\kvargs" "-Ilib\net" "-I..\lib\net" "-Ilib\mbuf" "-I..\lib\mbuf" "-I lib\mempool" "-I..\lib\mempool" "-Ilib\ring" "-I..\lib\ring" "-Ilib\metrics" "-I..\lib\metrics" "-Ilib\telemetry" "-I..\lib\telemetry" "-Ilib\meter" "-I..\lib\meter" "-Ilib\cmdline" "-I..\lib\cmdline" "-Ilib\bitratestats" "-I..\lib\bitratestats" "-Ilib\gro" "-I..\lib\gro" "-Ilib\gso" "-I..\lib\gso" "-Ilib\latencystats" "-I..\lib\latencystats" "-IC:\Program Files\Mellanox\MLNX_WinOF2_DevX_SDK\inc" "/MD" "/nologo" "/showIncludes" "/utf-8" "/W3" "/WX" "/std:c11" "/O2" "/Gw" "/wd4244" "/wd4267" "/ wd4146" "/experimental:c11atomics" "/d1experimental:typeof" "/experimental:statementExpressions" "/FI" "rte_config.h" "-D_GNU_SOURCE" "-D_WIN32_WINNT=0x0A00" "-DALLOW_EXPERIMENTAL_API" "/Fdapp\dpdk-testpmd.exe.p\test-pmd_testpmd.c.pdb" /Foapp/dpdk-testpmd.exe.p/test-pmd_testpmd.c.obj "/c" ../app/test-pmd/testpmd.c ../app/test-pmd/testpmd.c(50): fatal error C1083: Cannot open include file: 'rte_pci.h': No such file or directory [139/452] Compiling C object app/dpdk-test.exe.p/test_test_argparse.c.obj [140/452] Compiling C object app/dpdk-test.exe.p/test_test.c.obj [141/452] Compiling C object app/dpdk-test.exe.p/test_test_alarm.c.obj [142/452] Compiling C object app/dpdk-test.exe.p/test_test_barrier.c.obj [143/452] Compiling C object app/dpdk-test.exe.p/test_test_bitmap.c.obj [144/452] Compiling C object app/dpdk-test.exe.p/test_commands.c.obj [145/452] Compiling C object app/dpdk-testpmd.exe.p/test-pmd_txonly.c.obj [146/452] Compiling C object app/dpdk-testpmd.exe.p/test-pmd_cmdline_flow.c.obj [147/452] Compiling C object app/dpdk-test.exe.p/test_packet_burst_generator.c.obj ninja: build stopped: subcommand failed. INFO: autodetecting backend as ninja INFO: calculating backend command to run: "C:\Program Files\Meson\ninja.EXE" -C C:/Users/builder/jenkins/workspace/Windows-Compile-DPDK-VS/dpdk/build ==== End log output ==== CentOS Stream 9 Kernel: 5.15 Compiler: gcc gcc (GCC) 11.5.0 20240719 (Red Hat 11.5.0-7) Debian GNU/Linux 12 Kernel: 5.15 Compiler: gcc gcc (Debian 12.2.0-14+deb12u1) 12.2.0 CentOS Stream 10 Kernel: 5.15 Compiler: gcc gcc (GCC) 14.2.1 20250110 (Red Hat 14.2.1-8) Fedora Linux 40 Kernel: 5.15 Compiler: clang gcc (GCC) 14.2.1 20240912 (Red Hat 14.2.1-3) Fedora Linux 41 Kernel: 5.15 Compiler: clang gcc (GCC) 14.3.1 20250523 (Red Hat 14.3.1-1) openSUSE Leap 15.6 Kernel: 5.15 Compiler: gcc gcc (SUSE Linux) 7.5.0 Red Hat Enterprise Linux 8.10 Kernel: 5.15 Compiler: gcc gcc (GCC) 8.5.0 20210514 (Red Hat 8.5.0-22) Ubuntu 20.04 Kernel: 5.15 Compiler: gcc gcc (Ubuntu 9.4.0-1ubuntu1~20.04.2) 9.4.0 Ubuntu 22.04 Kernel: 5.15 Compiler: gcc gcc (Ubuntu 11.4.0-1ubuntu1~22.04) 11.4.0 Ubuntu 24.04 Kernel: 5.15 Compiler: gcc gcc (Ubuntu 13.3.0-6ubuntu2~24.04) 13.3.0 Alpine Linux 3.22.0 Kernel: 5.15 Compiler: gcc gcc (Alpine 14.2.0) 14.2.0 Windows Server 2022 Kernel: 10.0.20348.2031 Compiler: clang 15.0.7, gcc 14.1.0 (MinGW), and MSVC VS 19.39.33521 To view detailed results, visit: https://lab.dpdk.org/results/dashboard/patchsets/33608/ UNH-IOL DPDK Community Lab To manage your email subscriptions, visit: https://lab.dpdk.org/results/dashboard/preferences/subscriptions/