From mboxrd@z Thu Jan 1 00:00:00 1970 Return-Path: Received: from mails.dpdk.org (mails.dpdk.org [217.70.189.124]) by inbox.dpdk.org (Postfix) with ESMTP id 6F92346B28 for ; Tue, 8 Jul 2025 12:25:54 +0200 (CEST) Received: from mails.dpdk.org (localhost [127.0.0.1]) by mails.dpdk.org (Postfix) with ESMTP id 6BD6E402A0; Tue, 8 Jul 2025 12:25:54 +0200 (CEST) Received: from mail-yb1-f226.google.com (mail-yb1-f226.google.com [209.85.219.226]) by mails.dpdk.org (Postfix) with ESMTP id 6E7C4402A0 for ; Tue, 8 Jul 2025 12:25:53 +0200 (CEST) Received: by mail-yb1-f226.google.com with SMTP id 3f1490d57ef6-e819ebc3144so3812596276.0 for ; Tue, 08 Jul 2025 03:25:53 -0700 (PDT) DKIM-Signature: v=1; a=rsa-sha256; c=relaxed/relaxed; d=iol.unh.edu; s=unh-iol; t=1751970353; x=1752575153; darn=dpdk.org; h=references:in-reply-to:cc:to:from:subject:message-id:date:from:to :cc:subject:date:message-id:reply-to; bh=HknZoEZA3V3mQl5aJVPPqNb5C7RMNilFiJEINiu6ck0=; b=TzitYVgMj7as5sBBt6Jf/+OR+8RSZBjwjrtOY09L7l5YXPFhHMFfmZqCZtFwOeFnO0 2hlASpcdJv+u0iX4jNE5yZTbB6wdqsORCJEktZ7eqlL0REoZ4HZyQCZtmPERh6SsXA8P eKTwJc2JKZ/KgrgqieeRO4YS0yBX3GtHINkqM= X-Google-DKIM-Signature: v=1; a=rsa-sha256; c=relaxed/relaxed; d=1e100.net; s=20230601; t=1751970353; x=1752575153; h=references:in-reply-to:cc:to:from:subject:message-id:date :x-gm-message-state:from:to:cc:subject:date:message-id:reply-to; bh=HknZoEZA3V3mQl5aJVPPqNb5C7RMNilFiJEINiu6ck0=; b=rCSk0diUKS1u8vpVcRFISOBEQNPQMIcH2bs+aZz6FXEXzfC3oKB4Xid3eK2jYXBCIz ZaeFP5z6OrfCnu+9Ut1qkmXwdseexO7oN6IJjiZrYNBcm9bO5ysvOkjNk3UYpjqrDZ3K 07PboaOp7IthZ9OxHQLPHQ52gieNWbUzpYaPXYL/I8vFbMA5H2sWEuqtCRx+68cudKHo VIbiClLV5OOzf98nA3a5gElvBTgssHXgSynhR12DYKOf2uliCKhsuXt7RM/tbvMae6HI 4KtKJnlVqjc7fv0Ecs/F2m/AZ26lzGhyNwX7GMLmUu7JohPn9yrh7hDnRVn49BDx4luV zZJg== X-Gm-Message-State: AOJu0Yx59OZCnlscwNYrQ3UHdMUjK6fgYGpBKT+s3DttTuHxcZ1vAQZT 9NXTa8ZVxwC3OofBLadvJBFrtqxZxE+zwxFeT9B6CA1OPHVhZKvzOGpFQQmtYi2Azh91wpi6knB y789tY9QyBSMgqdp5SHD63mOIN2MkrgfyC8AZE0JhiKBJ X-Gm-Gg: ASbGncvKk751/sGXiYYa+K72PvH4NvWZImZ/rkD/fWsRqhCxPjvX5qNLSVrTsX/OU6z 80yC+fYCP1pThvgWSAoLg+X/LN9nY6Nb3gL/aLW9GUdzuIgonCNs1EVlrOL3jIo/vC5syEmmeYu kjfVa58+2YRP64JoIOYaVEBCdyECOecBFGMCJFtrCxvxnR/CJD9Vwh0zVh9k+r2ASsQv8QFfVl+ WF4gP6mLwD7D5TT1XHSpt3HG0gVoZ9Q6PzNdTuq3SRDNZEShnA1GuWO9mjl7BDbJOJUvuVEVBN6 V941Ib+ZIufN5MNRTYrmV0/sR+7Iccuweeg73Gwn7rJ+fuqKBbFvs1eAbxJxVUfX/UCbDw== X-Google-Smtp-Source: AGHT+IH9QWXhxDnhS02iWWgZOmuxRXzF7XvBVdaXnPl8ywVnnXmItJWaP235wzVEjNtUUa3niW/lMgrk07PR X-Received: by 2002:a05:6902:1685:b0:e8b:4539:8d2f with SMTP id 3f1490d57ef6-e8b629f2e17mr2447935276.8.1751970352781; Tue, 08 Jul 2025 03:25:52 -0700 (PDT) Received: from postal.iol.unh.edu (postal.iol.unh.edu. [132.177.123.84]) by smtp-relay.gmail.com with ESMTPS id 3f1490d57ef6-e899c2fefa9sm511754276.10.2025.07.08.03.25.52 (version=TLS1_2 cipher=ECDHE-ECDSA-AES128-GCM-SHA256 bits=128/128); Tue, 08 Jul 2025 03:25:52 -0700 (PDT) X-Relaying-Domain: iol.unh.edu Date: Tue, 08 Jul 2025 03:25:52 -0700 (PDT) Message-ID: <686cf230.250a0220.2c5090.b8caSMTPIN_ADDED_MISSING@mx.google.com> Received: from [172.21.0.6] (unknown [172.18.0.240]) by postal.iol.unh.edu (Postfix) with ESMTP id 6C3AE6051830; Tue, 8 Jul 2025 06:25:52 -0400 (EDT) Subject: |FAILURE| pw155054 [PATCH] [v8,1/1] app/testpmd: canonicalize short From: dpdklab@iol.unh.edu To: Test Report Cc: dpdk-test-reports@iol.unh.edu, Shani Peretz In-Reply-To: <20250708083740.128610-2-shperetz@nvidia.com> References: <20250708083740.128610-2-shperetz@nvidia.com> Content-Type: text/plain X-BeenThere: test-report@dpdk.org X-Mailman-Version: 2.1.29 Precedence: list List-Id: automatic DPDK test reports List-Unsubscribe: , List-Archive: List-Post: List-Help: List-Subscribe: , Errors-To: test-report-bounces@dpdk.org Test-Label: iol-compile-amd64-testing Test-Status: FAILURE http://dpdk.org/patch/155054 _Testing issues_ Submitter: Shani Peretz Date: Tuesday, July 08 2025 08:37:40 DPDK git baseline: Repo:dpdk Branch: master CommitID:ba982f9a1ca9b96ed0394b764f1523d482e963a2 155054 --> testing issues Upstream job id: Windows-Compile-DPDK-Native#29638 Test environment and result as below: +-------------------------------+--------------------+-------------------+------------------+-------------------------+-------------------+ | Environment | dpdk_meson_compile | dpdk_compile_spdk | dpdk_compile_ovs | dpdk_llvm_clang_compile | dpdk_msvc_compile | +===============================+====================+===================+==================+=========================+===================+ | CentOS Stream 9 | PASS | PASS | SKIPPED | SKIPPED | SKIPPED | +-------------------------------+--------------------+-------------------+------------------+-------------------------+-------------------+ | Debian GNU/Linux 12 | PASS | PASS | SKIPPED | SKIPPED | SKIPPED | +-------------------------------+--------------------+-------------------+------------------+-------------------------+-------------------+ | CentOS Stream 10 | PASS | SKIPPED | SKIPPED | SKIPPED | SKIPPED | +-------------------------------+--------------------+-------------------+------------------+-------------------------+-------------------+ | Fedora Linux 40 | PASS | PASS | SKIPPED | SKIPPED | SKIPPED | +-------------------------------+--------------------+-------------------+------------------+-------------------------+-------------------+ | Fedora Linux 41 | PEND | PEND | PEND | SKIPPED | SKIPPED | +-------------------------------+--------------------+-------------------+------------------+-------------------------+-------------------+ | openSUSE Leap 15.6 | PEND | SKIPPED | SKIPPED | SKIPPED | SKIPPED | +-------------------------------+--------------------+-------------------+------------------+-------------------------+-------------------+ | Red Hat Enterprise Linux 8.10 | PASS | SKIPPED | SKIPPED | SKIPPED | SKIPPED | +-------------------------------+--------------------+-------------------+------------------+-------------------------+-------------------+ | Ubuntu 20.04 | PASS | SKIPPED | SKIPPED | SKIPPED | SKIPPED | +-------------------------------+--------------------+-------------------+------------------+-------------------------+-------------------+ | Ubuntu 22.04 | PEND | PEND | SKIPPED | SKIPPED | SKIPPED | +-------------------------------+--------------------+-------------------+------------------+-------------------------+-------------------+ | Ubuntu 24.04 | PEND | PEND | PEND | SKIPPED | SKIPPED | +-------------------------------+--------------------+-------------------+------------------+-------------------------+-------------------+ | Alpine Linux 3.22.0 | PEND | SKIPPED | SKIPPED | SKIPPED | SKIPPED | +-------------------------------+--------------------+-------------------+------------------+-------------------------+-------------------+ | Red Hat Enterprise Linux 9.5 | PEND | SKIPPED | SKIPPED | SKIPPED | SKIPPED | +-------------------------------+--------------------+-------------------+------------------+-------------------------+-------------------+ | Windows Server 2022 | SKIPPED | SKIPPED | SKIPPED | PASS | FAIL | +-------------------------------+--------------------+-------------------+------------------+-------------------------+-------------------+ ==== 20 line log output for Windows Server 2022 (dpdk_msvc_compile): ==== [135/452] Compiling C object app/dpdk-test.exe.p/test_test_cmdline_ipaddr.c.obj [136/452] Compiling C object app/dpdk-test.exe.p/test_test_bitcount.c.obj [137/452] Compiling C object app/dpdk-testpmd.exe.p/test-pmd_shared_rxq_fwd.c.obj [138/452] Compiling C object app/dpdk-testpmd.exe.p/test-pmd_testpmd.c.obj FAILED: app/dpdk-testpmd.exe.p/test-pmd_testpmd.c.obj "cl" "-Iapp\dpdk-testpmd.exe.p" "-Iapp" "-I..\app" "-Iapp\test-pmd" "-I..\app\test-pmd" "-Ilib\ethdev" "-I..\lib\ethdev" "-Ilib\eal\common" "-I..\lib\eal\common" "-I." "-I.." "-Iconfig" "-I..\config" "-Ilib\eal\include" "-I..\lib\eal\include" "-Ilib\eal\windows\include" "-I..\lib\eal\windows\include" "-Ilib\eal\x86\include" "-I..\lib\eal\x86\include" "-Ilib\eal" "-I..\lib\eal" "-Ilib\log" "-I..\lib\log" "-Ilib\kvargs" "-I..\lib\kvargs" "-Ilib\net" "-I..\lib\net" "-Ilib\mbuf" "-I..\lib\mbuf" "-I lib\mempool" "-I..\lib\mempool" "-Ilib\ring" "-I..\lib\ring" "-Ilib\metrics" "-I..\lib\metrics" "-Ilib\telemetry" "-I..\lib\telemetry" "-Ilib\meter" "-I..\lib\meter" "-Ilib\cmdline" "-I..\lib\cmdline" "-Ilib\bitratestats" "-I..\lib\bitratestats" "-Ilib\gro" "-I..\lib\gro" "-Ilib\gso" "-I..\lib\gso" "-Ilib\latencystats" "-I..\lib\latencystats" "-IC:\Program Files\Mellanox\MLNX_WinOF2_DevX_SDK\inc" "/MD" "/nologo" "/showIncludes" "/utf-8" "/W3" "/WX" "/std:c11" "/O2" "/Gw" "/wd4244" "/wd4267" "/ wd4146" "/experimental:c11atomics" "/d1experimental:typeof" "/experimental:statementExpressions" "/FI" "rte_config.h" "-D_GNU_SOURCE" "-D_WIN32_WINNT=0x0A00" "-DALLOW_EXPERIMENTAL_API" "/Fdapp\dpdk-testpmd.exe.p\test-pmd_testpmd.c.pdb" /Foapp/dpdk-testpmd.exe.p/test-pmd_testpmd.c.obj "/c" ../app/test-pmd/testpmd.c ../app/test-pmd/testpmd.c(50): fatal error C1083: Cannot open include file: 'rte_pci.h': No such file or directory [139/452] Compiling C object app/dpdk-test.exe.p/test_test_argparse.c.obj [140/452] Compiling C object app/dpdk-test.exe.p/test_test.c.obj [141/452] Compiling C object app/dpdk-test.exe.p/test_test_alarm.c.obj [142/452] Compiling C object app/dpdk-test.exe.p/test_test_barrier.c.obj [143/452] Compiling C object app/dpdk-test.exe.p/test_test_bitmap.c.obj [144/452] Compiling C object app/dpdk-test.exe.p/test_commands.c.obj [145/452] Compiling C object app/dpdk-testpmd.exe.p/test-pmd_txonly.c.obj [146/452] Compiling C object app/dpdk-testpmd.exe.p/test-pmd_cmdline_flow.c.obj [147/452] Compiling C object app/dpdk-test.exe.p/test_packet_burst_generator.c.obj ninja: build stopped: subcommand failed. INFO: autodetecting backend as ninja INFO: calculating backend command to run: "C:\Program Files\Meson\ninja.EXE" -C C:/Users/builder/jenkins/workspace/Windows-Compile-DPDK-VS/dpdk/build ==== End log output ==== CentOS Stream 9 Kernel: 5.15 Compiler: gcc gcc (GCC) 11.5.0 20240719 (Red Hat 11.5.0-7) Debian GNU/Linux 12 Kernel: 5.15 Compiler: gcc gcc (Debian 12.2.0-14+deb12u1) 12.2.0 CentOS Stream 10 Kernel: 5.15 Compiler: gcc gcc (GCC) 14.2.1 20250110 (Red Hat 14.2.1-8) Fedora Linux 40 Kernel: 5.15 Compiler: clang gcc (GCC) 14.2.1 20240912 (Red Hat 14.2.1-3) Fedora Linux 41 Kernel: 5.15 Compiler: clang gcc (GCC) 14.3.1 20250523 (Red Hat 14.3.1-1) openSUSE Leap 15.6 Kernel: 5.15 Compiler: gcc gcc (SUSE Linux) 7.5.0 Red Hat Enterprise Linux 8.10 Kernel: 5.15 Compiler: gcc gcc (GCC) 8.5.0 20210514 (Red Hat 8.5.0-22) Ubuntu 20.04 Kernel: 5.15 Compiler: gcc gcc (Ubuntu 9.4.0-1ubuntu1~20.04.2) 9.4.0 Ubuntu 22.04 Kernel: 5.15 Compiler: gcc gcc (Ubuntu 11.4.0-1ubuntu1~22.04) 11.4.0 Ubuntu 24.04 Kernel: 5.15 Compiler: gcc gcc (Ubuntu 13.3.0-6ubuntu2~24.04) 13.3.0 Alpine Linux 3.22.0 Kernel: 5.15 Compiler: gcc gcc (Alpine 14.2.0) 14.2.0 Red Hat Enterprise Linux 9.5 Kernel: 5.15 Compiler: gcc gcc (GCC) 11.5.0 20240719 (Red Hat 11.5.0-2) Windows Server 2022 Kernel: 10.0.20348.2031 Compiler: clang 15.0.7, gcc 14.1.0 (MinGW), and MSVC VS 19.39.33521 To view detailed results, visit: https://lab.dpdk.org/results/dashboard/patchsets/33608/ UNH-IOL DPDK Community Lab To manage your email subscriptions, visit: https://lab.dpdk.org/results/dashboard/preferences/subscriptions/