From mboxrd@z Thu Jan 1 00:00:00 1970 Return-Path: Received: from mails.dpdk.org (mails.dpdk.org [217.70.189.124]) by inbox.dpdk.org (Postfix) with ESMTP id 92B0146B28 for ; Tue, 8 Jul 2025 13:07:24 +0200 (CEST) Received: from mails.dpdk.org (localhost [127.0.0.1]) by mails.dpdk.org (Postfix) with ESMTP id 8F5714028C; Tue, 8 Jul 2025 13:07:24 +0200 (CEST) Received: from mail-il1-f226.google.com (mail-il1-f226.google.com [209.85.166.226]) by mails.dpdk.org (Postfix) with ESMTP id 7DD624028C for ; Tue, 8 Jul 2025 13:07:23 +0200 (CEST) Received: by mail-il1-f226.google.com with SMTP id e9e14a558f8ab-3df303e45d3so12866095ab.0 for ; Tue, 08 Jul 2025 04:07:23 -0700 (PDT) DKIM-Signature: v=1; a=rsa-sha256; c=relaxed/relaxed; d=iol.unh.edu; s=unh-iol; t=1751972843; x=1752577643; darn=dpdk.org; h=references:in-reply-to:cc:to:from:subject:message-id:date:from:to :cc:subject:date:message-id:reply-to; bh=bkjoJCRBII2n/giEg3//Jnm51nELUL/GtNBDW46kyq4=; b=ING3E9Us5QRLAB76ewZ4NSxrHCNWOkl9vSzWMJbtVaKW2SHf7FjU1OE02jYeaBLjHg rgIrVQ8pLt9wvTTHgygLbmZKUEnV/HsgiH8FpWSdMmiScGkYlMRMl2K8M3l4rBUX5DwY mTmz8S3MIe9pHeGYScRk6oht8nR5ocMFqEaKg= X-Google-DKIM-Signature: v=1; a=rsa-sha256; c=relaxed/relaxed; d=1e100.net; s=20230601; t=1751972843; x=1752577643; h=references:in-reply-to:cc:to:from:subject:message-id:date :x-gm-message-state:from:to:cc:subject:date:message-id:reply-to; bh=bkjoJCRBII2n/giEg3//Jnm51nELUL/GtNBDW46kyq4=; b=Z3kpW7uigQHAo4etAqNekCOSHbT/zQmoJXo7NNTQ1KSI/1aEoJnBHq7BnwhBDK55j6 T2PJ3WEX8AdKi4e96CqVfc7VzMyxDo/a8aZG1dUyvwzPWcGKWkEKSbLVLUI/etUnp9vX UUbIDyi+BKxycW5Nz4a35cpiwNvYlJfyO/U3vhPTSx6kgV9UG0HG3rg3TKKu8AKLhUEj qTjsTqnbiX7l3v9zIKbCupmBv63oJ5psYiiKIhytvbTtNDYeqG39u6nQZMbFPBTl3o13 +nJzUh1hxW8oPcAvhzE9TbIie5v8yWsJw6Tvd6mmUVSBvUihfQO5gS/v1j+4wxrGc0oy eG0A== X-Gm-Message-State: AOJu0YywXRPgQTF5aW8jKNR/LQL8d9H8VYUGFmUR4rwNMoglzrG9ZrOY lSqyPMVVTDkTSTmI6UHBeztUXxNkE9pWePrv0vpz4cRZs8A7N2OMvK3+TUWJAscyo5O8a2RiecA ukVBc9xX4FC/Y7r8r4Qu6mwRNPXeLsjxJqRyhCFB3zgcjdvD3enyGmmO9e/hQ X-Gm-Gg: ASbGncsjF/zVSYCSdYbnwDYB9x9ahYprdC102BmxXO5Ca0sD286Ba8VRVr5STJTVyDu fchA/eboc9AZL++HGBp/xvfVjSE2x9yDF3aT06JtdRhjXOjPhvcgM17ZSjeIYSftuF1lL8LBHvp 7bVukFCWLqrL6PAvu3Cm11Bz7LSKk3jrIe9sndQh0Mk/6UIU9bSfQHaBCP+1TCIKvIH54FSSGwz 0OfiQCDWCmOZcwzKzRxNSDg3aKjGjHemlsjAQ8OtCgXTsgs56zqSp63iZlkwCe9n2j4Ec+9FeHt eQHzc58oiUQhjnPyiGPEmNnr8Zq4xhY6eMBTU9enkVv5H1k= X-Google-Smtp-Source: AGHT+IG5dNCxVHeVQRzIMSzzuKndj4oZrlRliK5AekIiqjiiiXPlLeZTHQXppzRlEAvqb3QKFk8TBzLRXGd7 X-Received: by 2002:a05:6e02:3713:b0:3dc:7f3b:aca9 with SMTP id e9e14a558f8ab-3e154e3cb23mr24170535ab.14.1751972842787; Tue, 08 Jul 2025 04:07:22 -0700 (PDT) Received: from postal.iol.unh.edu (postal.iol.unh.edu. [2606:4100:3880:1234::84]) by smtp-relay.gmail.com with ESMTPS id 8926c6da1cb9f-503b5be413csm334163173.68.2025.07.08.04.07.22 (version=TLS1_2 cipher=ECDHE-ECDSA-AES128-GCM-SHA256 bits=128/128); Tue, 08 Jul 2025 04:07:22 -0700 (PDT) X-Relaying-Domain: iol.unh.edu Date: Tue, 08 Jul 2025 04:07:22 -0700 (PDT) Message-ID: <686cfbea.050a0220.ef307.1d72SMTPIN_ADDED_MISSING@mx.google.com> Received: from [172.21.0.7] (unknown [172.18.0.240]) by postal.iol.unh.edu (Postfix) with ESMTP id 4D8926051830; Tue, 8 Jul 2025 07:07:22 -0400 (EDT) Subject: |WARNING| pw155054 [PATCH] [v8,1/1] app/testpmd: canonicalize short From: dpdklab@iol.unh.edu To: Test Report Cc: dpdk-test-reports@iol.unh.edu In-Reply-To: <20250708083740.128610-2-shperetz@nvidia.com> References: <20250708083740.128610-2-shperetz@nvidia.com> Content-Type: text/plain X-BeenThere: test-report@dpdk.org X-Mailman-Version: 2.1.29 Precedence: list List-Id: automatic DPDK test reports List-Unsubscribe: , List-Archive: List-Post: List-Help: List-Subscribe: , Errors-To: test-report-bounces@dpdk.org Test-Label: iol-unit-arm64-testing Test-Status: WARNING http://dpdk.org/patch/155054 _Testing issues_ Submitter: Shani Peretz Date: Tuesday, July 08 2025 08:37:40 DPDK git baseline: Repo:dpdk Branch: master CommitID:ba982f9a1ca9b96ed0394b764f1523d482e963a2 155054 --> testing issues Upstream job id: Generic-Unit-Test-DPDK#353469 Test environment and result as below: +------------------------------+---------------------------+--------------+----------------+------------------------------+ | Environment | cryptodev_sw_zuc_autotest | lpm_autotest | dpdk_unit_test | cryptodev_sw_snow3g_autotest | +==============================+===========================+==============+================+==============================+ | Debian 12 (arm) | PASS | SKIPPED | SKIPPED | PASS | +------------------------------+---------------------------+--------------+----------------+------------------------------+ | Ubuntu 20.04 | SKIPPED | WARN | PASS | SKIPPED | +------------------------------+---------------------------+--------------+----------------+------------------------------+ | CentOS Stream 9 | SKIPPED | SKIPPED | PASS | SKIPPED | +------------------------------+---------------------------+--------------+----------------+------------------------------+ | Debian GNU/Linux 12 | SKIPPED | SKIPPED | PASS | SKIPPED | +------------------------------+---------------------------+--------------+----------------+------------------------------+ | CentOS Stream 10 | SKIPPED | SKIPPED | PASS | SKIPPED | +------------------------------+---------------------------+--------------+----------------+------------------------------+ | Fedora Linux 40 | SKIPPED | SKIPPED | PASS | SKIPPED | +------------------------------+---------------------------+--------------+----------------+------------------------------+ | Fedora Linux 41 | SKIPPED | SKIPPED | PASS | SKIPPED | +------------------------------+---------------------------+--------------+----------------+------------------------------+ | Red Hat Enterprise Linux 9.5 | SKIPPED | SKIPPED | PASS | SKIPPED | +------------------------------+---------------------------+--------------+----------------+------------------------------+ | Ubuntu 24.04 | SKIPPED | SKIPPED | PASS | SKIPPED | +------------------------------+---------------------------+--------------+----------------+------------------------------+ | Ubuntu 22.04 | SKIPPED | SKIPPED | PASS | SKIPPED | +------------------------------+---------------------------+--------------+----------------+------------------------------+ ==== 20 line log output for Ubuntu 20.04 (lpm_autotest): ==== [294/403] Compiling C object app/dpdk-testpmd.p/test-pmd_cmdline_flow.c.o [295/403] Compiling C object app/dpdk-testpmd.p/test-pmd_icmpecho.c.o [296/403] Compiling C object app/dpdk-testpmd.p/test-pmd_ieee1588fwd.c.o [297/403] Compiling C object app/dpdk-testpmd.p/test-pmd_macfwd.c.o [298/403] Compiling C object app/dpdk-testpmd.p/test-pmd_macswap.c.o [299/403] Compiling C object app/dpdk-testpmd.p/test-pmd_config.c.o [300/403] Compiling C object app/dpdk-testpmd.p/test-pmd_parameters.c.o [301/403] Compiling C object app/dpdk-testpmd.p/test-pmd_recycle_mbufs.c.o [302/403] Compiling C object app/dpdk-testpmd.p/test-pmd_rxonly.c.o [303/403] Compiling C object app/dpdk-testpmd.p/test-pmd_testpmd.c.o FAILED: app/dpdk-testpmd.p/test-pmd_testpmd.c.o gcc-10 -Iapp/dpdk-testpmd.p -Iapp -I../app -Iapp/test-pmd -I../app/test-pmd -Ilib/ethdev -I../lib/ethdev -Ilib/eal/common -I../lib/eal/common -I. -I.. -Iconfig -I../config -Ilib/eal/include -I../lib/eal/include -Ilib/eal/linux/include -I../lib/eal/linux/include -Ilib/eal/arm/include -I../lib/eal/arm/include -I../kernel/linux -Ilib/eal -I../lib/eal -Ilib/kvargs -I../lib/kvargs -Ilib/log -I../lib/log -I../lib/metrics -Ilib/telemetry -I../lib/telemetry -Ilib/net -I../lib/net -Ilib/mbuf -I../lib/mbuf -Ilib/mempool -I../lib/mempool -Ilib/ring -I../lib/ring -Ilib/meter -I../lib/meter -Ilib/cmdline -I../lib/cmdline -fdiagnostics-color=always -pipe -D_FILE_OFFSET_BITS=64 -Wall -Winvalid-pch -Wextra -Werror -std=c11 -O3 -include rte_config.h -Wvla -Wcast-qual -Wdeprecated -Wformat -Wformat-nonliteral -Wformat-security -Wmissing-declarations -Wmissing-prototypes -Wnested-externs -Wold-style-definition -Wpointer-arith -Wsign-compare -Wstrict-prototypes -Wundef -Wwrite-strings -Wno-packed-not-al igned -Wno-missing-field-initializers -D_GNU_SOURCE -march=armv8.2-a+crypto+sve -DALLOW_EXPERIMENTAL_API -MD -MQ app/dpdk-testpmd.p/test-pmd_testpmd.c.o -MF app/dpdk-testpmd.p/test-pmd_testpmd.c.o.d -o app/dpdk-testpmd.p/test-pmd_testpmd.c.o -c ../app/test-pmd/testpmd.c ../app/test-pmd/testpmd.c:50:10: fatal error: rte_pci.h: No such file or directory 50 | #include | ^~~~~~~~~~~ compilation terminated. [304/403] Compiling C object app/dpdk-testpmd.p/test-pmd_shared_rxq_fwd.c.o [305/403] Compiling C object app/dpdk-testpmd.p/test-pmd_noisy_vnf.c.o [306/403] Compiling C object app/dpdk-testpmd.p/test-pmd_txonly.c.o ninja: build stopped: subcommand failed. ==== End log output ==== Debian 12 (arm) Kernel: Depends on container host Compiler: gcc (Debian 12.2.0-14) 12.2.0 Ubuntu 20.04 Kernel: 5.4 Compiler: gcc gcc (Ubuntu 9.4.0-1ubuntu1~20.04.2) 9.4.0 CentOS Stream 9 Kernel: 5.4 Compiler: gcc gcc (GCC) 11.5.0 20240719 (Red Hat 11.5.0-7) Debian GNU/Linux 12 Kernel: 5.4 Compiler: gcc gcc (Debian 12.2.0-14+deb12u1) 12.2.0 CentOS Stream 10 Kernel: 5.4 Compiler: gcc gcc (GCC) 14.2.1 20250110 (Red Hat 14.2.1-8) Fedora Linux 40 Kernel: 5.4 Compiler: gcc gcc (GCC) 14.2.1 20240912 (Red Hat 14.2.1-3) Fedora Linux 41 Kernel: 5.4 Compiler: gcc gcc (GCC) 14.3.1 20250523 (Red Hat 14.3.1-1) Red Hat Enterprise Linux 9.5 Kernel: 5.4 Compiler: gcc gcc (GCC) 11.5.0 20240719 (Red Hat 11.5.0-2) Ubuntu 24.04 Kernel: 5.4 Compiler: gcc gcc (Ubuntu 13.3.0-6ubuntu2~24.04) 13.3.0 Ubuntu 22.04 Kernel: 5.4 Compiler: gcc gcc (Ubuntu 11.4.0-1ubuntu1~22.04) 11.4.0 To view detailed results, visit: https://lab.dpdk.org/results/dashboard/patchsets/33608/ UNH-IOL DPDK Community Lab To manage your email subscriptions, visit: https://lab.dpdk.org/results/dashboard/preferences/subscriptions/