From mboxrd@z Thu Jan 1 00:00:00 1970 Return-Path: Received: from mails.dpdk.org (mails.dpdk.org [217.70.189.124]) by inbox.dpdk.org (Postfix) with ESMTP id BB20246B29 for ; Tue, 8 Jul 2025 14:03:48 +0200 (CEST) Received: from mails.dpdk.org (localhost [127.0.0.1]) by mails.dpdk.org (Postfix) with ESMTP id B5DB24028C; Tue, 8 Jul 2025 14:03:48 +0200 (CEST) Received: from mail-oo1-f98.google.com (mail-oo1-f98.google.com [209.85.161.98]) by mails.dpdk.org (Postfix) with ESMTP id 2683B4028C for ; Tue, 8 Jul 2025 14:03:47 +0200 (CEST) Received: by mail-oo1-f98.google.com with SMTP id 006d021491bc7-60efc773b5fso2948025eaf.3 for ; Tue, 08 Jul 2025 05:03:47 -0700 (PDT) DKIM-Signature: v=1; a=rsa-sha256; c=relaxed/relaxed; d=iol.unh.edu; s=unh-iol; t=1751976226; x=1752581026; darn=dpdk.org; h=references:in-reply-to:cc:to:from:subject:message-id:date:from:to :cc:subject:date:message-id:reply-to; bh=gpn4coBdgYlLzPrqJLQ/D91NK+MJnP1kph0TQxXhBwo=; b=CdELiZrAI/a5ICAz7ua3mkMpQIeQkTSYetQSi9vGAubcqPvzhdDQTfa6dDCnLajhSW GCBfiBdBbV68ziISypReL79E2/qjTGDkU4sCL16GCQ2PYU9H+JmV9SoEdBTBTVyoz/Sd u0NtpccCqwFQkisNJCmn/c0eT+sCmyFBEqjtM= X-Google-DKIM-Signature: v=1; a=rsa-sha256; c=relaxed/relaxed; d=1e100.net; s=20230601; t=1751976226; x=1752581026; h=references:in-reply-to:cc:to:from:subject:message-id:date :x-gm-message-state:from:to:cc:subject:date:message-id:reply-to; bh=gpn4coBdgYlLzPrqJLQ/D91NK+MJnP1kph0TQxXhBwo=; b=TJBvO2EJY/RpcYqVHwBWmIdCMnxvnVtDBMhthdMuRIIYIWEe/2uMCzTa3qm3BlTSvK K8OHo40rDiRUJQ0VDvRCFfJ2u9I1I3QXemfKVm1fhxazaTTAxzp4UuEfojH5S2dZP4wD fbLuNCKmIPDEXX4Q9H93ldtK80Akl1E39/dH9nWNb2nidzIdi5YBC2Cb+nItUsrKl7lS y876Mjo4iTXpgCoILHdD/upYYAtil2jNJqCN3FMUX8d8lI1nwtax0q98XtEts+Mth8yH IXdMJiXhl0xfI6bZbxHg6kTDw3LuCUbQL7vhkZcQ8cpvW8kCwkAJKisqfnIB3JDJBNtG t+ww== X-Gm-Message-State: AOJu0YwGhotBz+cLE66uRQb9lVOtc/MXOzdyNFr4IZriFqNp6YshmDPg Et2wjduw3rmZUnK5+FRBk2gCFcPHN+a1Zysf9lpKtEsXBHlh8nXzBhKSpWYGpBXzHnRvIdaYit4 74H+htsepdpUVQtbci7U0ObNZ0hYlziUN3qbMDvP5470M X-Gm-Gg: ASbGncu7ovayXG98Rmnbz1IOVP32WKCy+WMGXMUhWpZx01IhWH7SXlP+g4LBfaM0VrS +3aHUXdidmDZilQiofoVb6YOmwlSZicGZRPrD/YLG2uTcuX19cM0osK/EnouSx/9cUVg6HhK0ab zsvoYVRXENaPZI3uFixEKEE80okqYxYD/6NViA9taJzdijy8X6Nj3VTGR8lPMCo9B8nmCVmlpdv 7eFsto8V3OYlpUf/izKWXx8LREhk8M+EqBuXau4DTmD3VKYKaRrZUk2/mh6kWzDwnqtFYZ9fB9s yqP/UtqBa0YVHMEKvT/wE43P1hTDAGBrc75Lwm7YlxW37Ac8SKmbnw== X-Google-Smtp-Source: AGHT+IEszv+Fmo0vHVZGMVgvhAoes8Zz9nfyh8KSELx586xxZhK5VfkZaobOdCATz1iApu/bonjhGdHMt0Tw X-Received: by 2002:a05:6820:1798:b0:611:a1e4:59ad with SMTP id 006d021491bc7-613c1043caamr2054838eaf.4.1751976225983; Tue, 08 Jul 2025 05:03:45 -0700 (PDT) Received: from postal.iol.unh.edu ([132.177.123.84]) by smtp-relay.gmail.com with ESMTPS id 006d021491bc7-6138e49934csm390889eaf.6.2025.07.08.05.03.45 (version=TLS1_2 cipher=ECDHE-ECDSA-AES128-GCM-SHA256 bits=128/128); Tue, 08 Jul 2025 05:03:45 -0700 (PDT) X-Relaying-Domain: iol.unh.edu Date: Tue, 08 Jul 2025 05:03:45 -0700 (PDT) Message-ID: <686d0921.050a0220.3a57c4.3f94SMTPIN_ADDED_MISSING@mx.google.com> Received: from [172.21.0.6] (unknown [172.18.0.240]) by postal.iol.unh.edu (Postfix) with ESMTP id 734A56051830; Tue, 8 Jul 2025 08:03:39 -0400 (EDT) Subject: |FAILURE| pw155055 [PATCH] net/mlx5: fix out of order completions in From: dpdklab@iol.unh.edu To: Test Report Cc: dpdk-test-reports@iol.unh.edu, Viacheslav Ovsiienko In-Reply-To: <20250708095341.441890-1-viacheslavo@nvidia.com> References: <20250708095341.441890-1-viacheslavo@nvidia.com> Content-Type: text/plain X-BeenThere: test-report@dpdk.org X-Mailman-Version: 2.1.29 Precedence: list List-Id: automatic DPDK test reports List-Unsubscribe: , List-Archive: List-Post: List-Help: List-Subscribe: , Errors-To: test-report-bounces@dpdk.org Test-Label: iol-compile-amd64-testing Test-Status: FAILURE http://dpdk.org/patch/155055 _Testing issues_ Submitter: Viacheslav Ovsiienko Date: Tuesday, July 08 2025 09:53:41 DPDK git baseline: Repo:dpdk Branch: master CommitID:e2888614268cbf0abcc7cd72ad97ff4e4901d0a5 155055 --> testing issues Upstream job id: Generic-DPDK-Compile-Meson#406492 Test environment and result as below: +-------------------------------+--------------------+-------------------+------------------+-------------------------+-------------------+----------------------+ | Environment | dpdk_meson_compile | dpdk_compile_spdk | dpdk_compile_ovs | dpdk_llvm_clang_compile | dpdk_msvc_compile | dpdk_mingw64_compile | +===============================+====================+===================+==================+=========================+===================+======================+ | CentOS Stream 10 | PASS | SKIPPED | SKIPPED | SKIPPED | SKIPPED | SKIPPED | +-------------------------------+--------------------+-------------------+------------------+-------------------------+-------------------+----------------------+ | Debian GNU/Linux 12 | PASS | PASS | SKIPPED | SKIPPED | SKIPPED | SKIPPED | +-------------------------------+--------------------+-------------------+------------------+-------------------------+-------------------+----------------------+ | Fedora Linux 40 | PEND | PEND | SKIPPED | SKIPPED | SKIPPED | SKIPPED | +-------------------------------+--------------------+-------------------+------------------+-------------------------+-------------------+----------------------+ | Fedora Linux 41 | PEND | PEND | PEND | SKIPPED | SKIPPED | SKIPPED | +-------------------------------+--------------------+-------------------+------------------+-------------------------+-------------------+----------------------+ | openSUSE Leap 15.6 | PASS | SKIPPED | SKIPPED | SKIPPED | SKIPPED | SKIPPED | +-------------------------------+--------------------+-------------------+------------------+-------------------------+-------------------+----------------------+ | Red Hat Enterprise Linux 8.10 | PASS | SKIPPED | SKIPPED | SKIPPED | SKIPPED | SKIPPED | +-------------------------------+--------------------+-------------------+------------------+-------------------------+-------------------+----------------------+ | Red Hat Enterprise Linux 9.5 | PASS | SKIPPED | SKIPPED | SKIPPED | SKIPPED | SKIPPED | +-------------------------------+--------------------+-------------------+------------------+-------------------------+-------------------+----------------------+ | Ubuntu 20.04 | PASS | SKIPPED | SKIPPED | SKIPPED | SKIPPED | SKIPPED | +-------------------------------+--------------------+-------------------+------------------+-------------------------+-------------------+----------------------+ | Ubuntu 22.04 | PASS | PASS | SKIPPED | SKIPPED | SKIPPED | SKIPPED | +-------------------------------+--------------------+-------------------+------------------+-------------------------+-------------------+----------------------+ | Ubuntu 24.04 | PEND | PEND | PEND | SKIPPED | SKIPPED | SKIPPED | +-------------------------------+--------------------+-------------------+------------------+-------------------------+-------------------+----------------------+ | Alpine Linux 3.22.0 | PEND | SKIPPED | SKIPPED | SKIPPED | SKIPPED | SKIPPED | +-------------------------------+--------------------+-------------------+------------------+-------------------------+-------------------+----------------------+ | CentOS Stream 9 | PEND | PEND | SKIPPED | SKIPPED | SKIPPED | SKIPPED | +-------------------------------+--------------------+-------------------+------------------+-------------------------+-------------------+----------------------+ | Windows Server 2022 | SKIPPED | SKIPPED | SKIPPED | PASS | PEND | PEND | +-------------------------------+--------------------+-------------------+------------------+-------------------------+-------------------+----------------------+ CentOS Stream 10 Kernel: 5.15 Compiler: gcc gcc (GCC) 14.2.1 20250110 (Red Hat 14.2.1-8) Debian GNU/Linux 12 Kernel: 5.15 Compiler: gcc gcc (Debian 12.2.0-14+deb12u1) 12.2.0 Fedora Linux 40 Kernel: 5.15 Compiler: clang gcc (GCC) 14.2.1 20240912 (Red Hat 14.2.1-3) Fedora Linux 41 Kernel: 5.15 Compiler: gcc gcc (GCC) 14.3.1 20250523 (Red Hat 14.3.1-1) openSUSE Leap 15.6 Kernel: 5.15 Compiler: gcc gcc (SUSE Linux) 7.5.0 Red Hat Enterprise Linux 8.10 Kernel: 5.15 Compiler: gcc gcc (GCC) 8.5.0 20210514 (Red Hat 8.5.0-22) Red Hat Enterprise Linux 9.5 Kernel: 5.15 Compiler: gcc gcc (GCC) 11.5.0 20240719 (Red Hat 11.5.0-2) Ubuntu 20.04 Kernel: 5.15 Compiler: gcc gcc (Ubuntu 9.4.0-1ubuntu1~20.04.2) 9.4.0 Ubuntu 22.04 Kernel: 5.15 Compiler: gcc gcc (Ubuntu 11.4.0-1ubuntu1~22.04) 11.4.0 Ubuntu 24.04 Kernel: 5.15 Compiler: gcc gcc (Ubuntu 13.3.0-6ubuntu2~24.04) 13.3.0 Alpine Linux 3.22.0 Kernel: 5.15 Compiler: gcc gcc (Alpine 14.2.0) 14.2.0 CentOS Stream 9 Kernel: 5.15 Compiler: gcc gcc (GCC) 11.5.0 20240719 (Red Hat 11.5.0-7) Windows Server 2022 Kernel: 10.0.20348.2031 Compiler: clang 15.0.7, gcc 14.1.0 (MinGW), and MSVC VS 19.39.33521 To view detailed results, visit: https://lab.dpdk.org/results/dashboard/patchsets/33609/ UNH-IOL DPDK Community Lab To manage your email subscriptions, visit: https://lab.dpdk.org/results/dashboard/preferences/subscriptions/