automatic DPDK test reports
 help / color / mirror / Atom feed
From: dpdklab@iol.unh.edu
To: Test Report <test-report@dpdk.org>
Cc: dpdk-test-reports@iol.unh.edu
Subject: |PENDING| pw155056 [PATCH] [v2] net/mlx5: fix out of order completio
Date: Tue, 08 Jul 2025 05:26:43 -0700 (PDT)	[thread overview]
Message-ID: <686d0e83.050a0220.112a60.1e82SMTPIN_ADDED_MISSING@mx.google.com> (raw)
In-Reply-To: <20250708104641.444172-1-viacheslavo@nvidia.com>

Test-Label: iol-abi-testing
Test-Status: PENDING
http://dpdk.org/patch/155056

_Testing pending_

Submitter: Viacheslav Ovsiienko <viacheslavo@nvidia.com>
Date: Tuesday, July 08 2025 10:46:41 
DPDK git baseline: Repo:dpdk
  Branch: master
  CommitID:e2888614268cbf0abcc7cd72ad97ff4e4901d0a5

155056 --> testing pending

Upstream job id: Generic-DPDK-Compile-ABI#133480

Test environment and result as below:

+---------------------+----------+
|     Environment     | abi_test |
+=====================+==========+
| CentOS Stream 9     | PASS     |
+---------------------+----------+
| Debian GNU/Linux 12 | PEND     |
+---------------------+----------+
| CentOS Stream 10    | PEND     |
+---------------------+----------+
| Fedora Linux 40     | PEND     |
+---------------------+----------+
| Fedora Linux 41     | PEND     |
+---------------------+----------+
| openSUSE Leap 15.6  | PEND     |
+---------------------+----------+


CentOS Stream 9
	Kernel: 5.15
	Compiler: gcc gcc (GCC) 11.5.0 20240719 (Red Hat 11.5.0-7)

Debian GNU/Linux 12
	Kernel: 5.15
	Compiler: gcc gcc (Debian 12.2.0-14+deb12u1) 12.2.0

CentOS Stream 10
	Kernel: 5.15
	Compiler: gcc gcc (GCC) 14.2.1 20250110 (Red Hat 14.2.1-8)

Fedora Linux 40
	Kernel: 5.15
	Compiler: clang gcc (GCC) 14.2.1 20240912 (Red Hat 14.2.1-3)

Fedora Linux 41
	Kernel: 5.15
	Compiler: gcc gcc (GCC) 14.3.1 20250523 (Red Hat 14.3.1-1)

openSUSE Leap 15.6
	Kernel: 5.15
	Compiler: gcc gcc (SUSE Linux) 7.5.0

To view detailed results, visit:
https://lab.dpdk.org/results/dashboard/patchsets/33610/

UNH-IOL DPDK Community Lab

To manage your email subscriptions, visit: 
https://lab.dpdk.org/results/dashboard/preferences/subscriptions/

  parent reply	other threads:[~2025-07-08 12:26 UTC|newest]

Thread overview: 18+ messages / expand[flat|nested]  mbox.gz  Atom feed  top
     [not found] <20250708104641.444172-1-viacheslavo@nvidia.com>
2025-07-08 10:13 ` |SUCCESS| pw155056 [PATCH v2] net/mlx5: fix out of order completions in ordinary Rx burst qemudev
2025-07-08 10:17 ` qemudev
2025-07-08 10:47 ` |WARNING| " checkpatch
2025-07-08 11:43 ` |SUCCESS| " 0-day Robot
2025-07-08 12:21 ` |SUCCESS| pw155056 [PATCH] [v2] net/mlx5: fix out of order completio dpdklab
2025-07-08 12:26 ` dpdklab [this message]
2025-07-08 12:32 ` dpdklab
2025-07-08 12:36 ` dpdklab
2025-07-08 12:45 ` dpdklab
2025-07-08 12:52 ` |PENDING| " dpdklab
2025-07-08 13:14 ` |SUCCESS| " dpdklab
2025-07-08 13:26 ` |FAILURE| " dpdklab
2025-07-08 13:27 ` dpdklab
2025-07-08 13:44 ` |SUCCESS| " dpdklab
2025-07-08 14:02 ` dpdklab
2025-07-08 15:31 ` dpdklab
2025-07-08 16:36 ` dpdklab
2025-07-08 16:43 ` dpdklab

Reply instructions:

You may reply publicly to this message via plain-text email
using any one of the following methods:

* Save the following mbox file, import it into your mail client,
  and reply-to-all from there: mbox

  Avoid top-posting and favor interleaved quoting:
  https://en.wikipedia.org/wiki/Posting_style#Interleaved_style

* Reply using the --to, --cc, and --in-reply-to
  switches of git-send-email(1):

  git send-email \
    --in-reply-to=686d0e83.050a0220.112a60.1e82SMTPIN_ADDED_MISSING@mx.google.com \
    --to=dpdklab@iol.unh.edu \
    --cc=dpdk-test-reports@iol.unh.edu \
    --cc=test-report@dpdk.org \
    /path/to/YOUR_REPLY

  https://kernel.org/pub/software/scm/git/docs/git-send-email.html

* If your mail client supports setting the In-Reply-To header
  via mailto: links, try the mailto: link
Be sure your reply has a Subject: header at the top and a blank line before the message body.
This is a public inbox, see mirroring instructions
for how to clone and mirror all data and code used for this inbox;
as well as URLs for NNTP newsgroup(s).