From: dpdklab@iol.unh.edu
To: Test Report <test-report@dpdk.org>
Cc: dpdk-test-reports@iol.unh.edu
Subject: |SUCCESS| pw155055 [PATCH] net/mlx5: fix out of order completions in
Date: Tue, 08 Jul 2025 05:47:44 -0700 (PDT) [thread overview]
Message-ID: <686d1370.170a0220.2c7513.a1bfSMTPIN_ADDED_MISSING@mx.google.com> (raw)
In-Reply-To: <20250708095341.441890-1-viacheslavo@nvidia.com>
Test-Label: iol-unit-amd64-testing
Test-Status: SUCCESS
http://dpdk.org/patch/155055
_Testing PASS_
Submitter: Viacheslav Ovsiienko <viacheslavo@nvidia.com>
Date: Tuesday, July 08 2025 09:53:41
DPDK git baseline: Repo:dpdk
Branch: master
CommitID:e2888614268cbf0abcc7cd72ad97ff4e4901d0a5
155055 --> testing pass
Upstream job id: Generic-VM-Unit-Test-DPDK#29793
Test environment and result as below:
+-------------------------------+----------------+
| Environment | dpdk_unit_test |
+===============================+================+
| CentOS Stream 9 | PASS |
+-------------------------------+----------------+
| Debian GNU/Linux 12 | PASS |
+-------------------------------+----------------+
| Fedora Linux 40 | PASS |
+-------------------------------+----------------+
| CentOS Stream 10 | PASS |
+-------------------------------+----------------+
| Red Hat Enterprise Linux 8.10 | PASS |
+-------------------------------+----------------+
| Fedora Linux 41 | PASS |
+-------------------------------+----------------+
| Ubuntu 20.04 | PASS |
+-------------------------------+----------------+
| Ubuntu 24.04 | PASS |
+-------------------------------+----------------+
| Red Hat Enterprise Linux 9.5 | PASS |
+-------------------------------+----------------+
| Ubuntu 22.04 | PASS |
+-------------------------------+----------------+
| Windows Server 2022 | PASS |
+-------------------------------+----------------+
CentOS Stream 9
Kernel: 5.15
Compiler: gcc gcc (GCC) 11.5.0 20240719 (Red Hat 11.5.0-7)
Debian GNU/Linux 12
Kernel: 5.15
Compiler: gcc gcc (Debian 12.2.0-14+deb12u1) 12.2.0
Fedora Linux 40
Kernel: 5.15
Compiler: gcc gcc (GCC) 14.2.1 20240912 (Red Hat 14.2.1-3)
CentOS Stream 10
Kernel: 5.15
Compiler: gcc gcc (GCC) 14.2.1 20250110 (Red Hat 14.2.1-8)
Red Hat Enterprise Linux 8.10
Kernel: 5.15
Compiler: gcc gcc (GCC) 8.5.0 20210514 (Red Hat 8.5.0-22)
Fedora Linux 41
Kernel: 5.15
Compiler: gcc gcc (GCC) 14.3.1 20250523 (Red Hat 14.3.1-1)
Ubuntu 20.04
Kernel: 5.15
Compiler: gcc gcc (Ubuntu 9.4.0-1ubuntu1~20.04.2) 9.4.0
Ubuntu 24.04
Kernel: 5.15
Compiler: gcc gcc (Ubuntu 13.3.0-6ubuntu2~24.04) 13.3.0
Red Hat Enterprise Linux 9.5
Kernel: 5.15
Compiler: gcc gcc (GCC) 11.5.0 20240719 (Red Hat 11.5.0-2)
Ubuntu 22.04
Kernel: 5.15
Compiler: gcc gcc (Ubuntu 11.4.0-1ubuntu1~22.04) 11.4.0
Windows Server 2022
Kernel: 10.0.20348.2031
Compiler: clang 15.0.7, gcc 14.1.0 (MinGW), and MSVC VS 19.39.33521
To view detailed results, visit:
https://lab.dpdk.org/results/dashboard/patchsets/33609/
UNH-IOL DPDK Community Lab
To manage your email subscriptions, visit:
https://lab.dpdk.org/results/dashboard/preferences/subscriptions/
next prev parent reply other threads:[~2025-07-08 12:47 UTC|newest]
Thread overview: 21+ messages / expand[flat|nested] mbox.gz Atom feed top
[not found] <20250708095341.441890-1-viacheslavo@nvidia.com>
2025-07-08 9:19 ` |SUCCESS| pw155055 [PATCH] net/mlx5: fix out of order completions in ordinary Rx burst qemudev
2025-07-08 9:23 ` qemudev
2025-07-08 9:53 ` checkpatch
2025-07-08 10:43 ` 0-day Robot
2025-07-08 10:57 ` |SUCCESS| pw155055 [PATCH] net/mlx5: fix out of order completions in dpdklab
2025-07-08 11:04 ` dpdklab
2025-07-08 11:07 ` |PENDING| " dpdklab
2025-07-08 11:07 ` |SUCCESS| " dpdklab
2025-07-08 11:09 ` |PENDING| " dpdklab
2025-07-08 11:11 ` |SUCCESS| " dpdklab
2025-07-08 11:12 ` dpdklab
2025-07-08 11:29 ` |PENDING| " dpdklab
2025-07-08 11:37 ` |SUCCESS| " dpdklab
2025-07-08 12:03 ` |FAILURE| " dpdklab
2025-07-08 12:14 ` |SUCCESS| " dpdklab
2025-07-08 12:15 ` dpdklab
2025-07-08 12:21 ` dpdklab
2025-07-08 12:47 ` dpdklab [this message]
2025-07-08 12:52 ` |WARNING| " dpdklab
2025-07-08 14:33 ` |SUCCESS| " dpdklab
2025-07-08 15:08 ` dpdklab
Reply instructions:
You may reply publicly to this message via plain-text email
using any one of the following methods:
* Save the following mbox file, import it into your mail client,
and reply-to-all from there: mbox
Avoid top-posting and favor interleaved quoting:
https://en.wikipedia.org/wiki/Posting_style#Interleaved_style
* Reply using the --to, --cc, and --in-reply-to
switches of git-send-email(1):
git send-email \
--in-reply-to=686d1370.170a0220.2c7513.a1bfSMTPIN_ADDED_MISSING@mx.google.com \
--to=dpdklab@iol.unh.edu \
--cc=dpdk-test-reports@iol.unh.edu \
--cc=test-report@dpdk.org \
/path/to/YOUR_REPLY
https://kernel.org/pub/software/scm/git/docs/git-send-email.html
* If your mail client supports setting the In-Reply-To header
via mailto: links, try the mailto: link
Be sure your reply has a Subject: header at the top and a blank line
before the message body.
This is a public inbox, see mirroring instructions
for how to clone and mirror all data and code used for this inbox;
as well as URLs for NNTP newsgroup(s).