From mboxrd@z Thu Jan 1 00:00:00 1970 Return-Path: Received: from mails.dpdk.org (mails.dpdk.org [217.70.189.124]) by inbox.dpdk.org (Postfix) with ESMTP id DF52E46B29 for ; Tue, 8 Jul 2025 15:26:12 +0200 (CEST) Received: from mails.dpdk.org (localhost [127.0.0.1]) by mails.dpdk.org (Postfix) with ESMTP id BEAC2402A0; Tue, 8 Jul 2025 15:26:12 +0200 (CEST) Received: from mail-pl1-f227.google.com (mail-pl1-f227.google.com [209.85.214.227]) by mails.dpdk.org (Postfix) with ESMTP id 7F4A1402A0 for ; Tue, 8 Jul 2025 15:26:11 +0200 (CEST) Received: by mail-pl1-f227.google.com with SMTP id d9443c01a7336-23c703c471dso45919135ad.0 for ; Tue, 08 Jul 2025 06:26:11 -0700 (PDT) DKIM-Signature: v=1; a=rsa-sha256; c=relaxed/relaxed; d=iol.unh.edu; s=unh-iol; t=1751981170; x=1752585970; darn=dpdk.org; h=references:in-reply-to:cc:to:from:subject:message-id:date:from:to :cc:subject:date:message-id:reply-to; bh=zc2CmDIUnjXDBPuOMeGlb/Np0qhQlyhmJI0MeFO2Q8Q=; b=jC6I9aifF+21Za2M/ICD/hWMNw5aNbajJdvqBuZTmoEqrK7RzZM+r9/+VUFC9dOG3U PPDvi6goOPEnvJmo7AKXQAmY1+irDdVZsEI7RIJ39qvEpkTdhLS56wlHfJJsseTVLVm0 9zPQdSleteZ9xVD+wzxbueK3xO3nMg2GhivBg= X-Google-DKIM-Signature: v=1; a=rsa-sha256; c=relaxed/relaxed; d=1e100.net; s=20230601; t=1751981170; x=1752585970; h=references:in-reply-to:cc:to:from:subject:message-id:date :x-gm-message-state:from:to:cc:subject:date:message-id:reply-to; bh=zc2CmDIUnjXDBPuOMeGlb/Np0qhQlyhmJI0MeFO2Q8Q=; b=Rq12zSr0ObnDMIjxLe5RQrzQvA7CS8XBX1wp9UHpYA2OwgRAW1ak3SjgjFEFKijjMG 78p0uYilBG9JGRjUSzNVqNFqwWBdLgKxdFyHUeEnod37aTfEdRfyGgfSSkH4/9dSUC3w LmoOpTpDF1Ke8Hjlm5P3bahaFF5zplWzADzz1DrjlCpWFZ5WCbzRSk5wYaQQeWRc0qey kV1q6poL/2s+Hm0WRcR7fWfKMdttMaP2cao5XPENNkqzXAmUGqQAhkA2DHdwOGuWC5HI CUFLdSRayjJyCsCSym567qRyVMvLH38R6f4LLIEdIqwtxYhCoMJOTx0sHeJFhj535Duz OUsA== X-Gm-Message-State: AOJu0Yz6sOSxM/L83Yf5ElEMBP4jdBwj2W5FgoRtabpSuo+wjXxkaKcv zZV3tvsMC2kPVE7+E7WDIiohF0IccuanBeg4Z4iVEBeg48rn7AkWA+oXQSnfDKSKoE3jz68pVd+ T7EViHY3iWnLSwRtpVYexzDUJOJgnUO4FLKgLpAmXY36Y X-Gm-Gg: ASbGncvrghIFd6gmvFBN254M/v/0UwSF1Io6BYA7t7PGJ6fr0pIf7bUA2xFI6ReQYZ2 Na2Fs1cvXZbNn7dLv+JOrRbVygpOcO7+BKmEaPMJTcb0VGODfJmms/3POVfgpqW3u8YxJeqoflA rd/uYe797S0NobG41wXl5xBaC0w+Lt8gVIWdUKkgS7CAu3Y1tqcKqG4ldEB22IulYUv5OrWKA8a E+KApaw0Wu89F2YKSWppvDsyL0itDOaziNZ6HUHVVBTCBqNnizqFkYolV7s8A3Z7SB4LECAiDzR 2X6xdEPPK7enh2TaH+wSjEfWTh+5I/Ty5vN9Kylej7rzJPaTtovuIrCKUFLYQaLCUx4h2Q== X-Google-Smtp-Source: AGHT+IG8xKRmjihx84UiQ5PFDjXtXBk82kLqCHzxSECCk/1rENP5FLPniCp4HuYwTnq0P5DiEc8T5ZSImXN/ X-Received: by 2002:a17:902:cf43:b0:235:efbb:9537 with SMTP id d9443c01a7336-23dd1a8b8c6mr36442465ad.3.1751981170518; Tue, 08 Jul 2025 06:26:10 -0700 (PDT) Received: from postal.iol.unh.edu (postal.iol.unh.edu. [132.177.123.84]) by smtp-relay.gmail.com with ESMTPS id 41be03b00d2f7-b38ee3fd6e9sm575811a12.8.2025.07.08.06.26.10 (version=TLS1_2 cipher=ECDHE-ECDSA-AES128-GCM-SHA256 bits=128/128); Tue, 08 Jul 2025 06:26:10 -0700 (PDT) X-Relaying-Domain: iol.unh.edu Date: Tue, 08 Jul 2025 06:26:10 -0700 (PDT) Message-ID: <686d1c72.630a0220.3d8c1d.f8d6SMTPIN_ADDED_MISSING@mx.google.com> Received: from [172.21.0.5] (unknown [172.18.0.240]) by postal.iol.unh.edu (Postfix) with ESMTP id AEEB1604D420; Tue, 8 Jul 2025 09:26:09 -0400 (EDT) Subject: |FAILURE| pw155056 [PATCH] [v2] net/mlx5: fix out of order completio From: dpdklab@iol.unh.edu To: Test Report Cc: dpdk-test-reports@iol.unh.edu, Viacheslav Ovsiienko In-Reply-To: <20250708104641.444172-1-viacheslavo@nvidia.com> References: <20250708104641.444172-1-viacheslavo@nvidia.com> Content-Type: text/plain X-BeenThere: test-report@dpdk.org X-Mailman-Version: 2.1.29 Precedence: list List-Id: automatic DPDK test reports List-Unsubscribe: , List-Archive: List-Post: List-Help: List-Subscribe: , Errors-To: test-report-bounces@dpdk.org Test-Label: iol-compile-amd64-testing Test-Status: FAILURE http://dpdk.org/patch/155056 _Testing issues_ Submitter: Viacheslav Ovsiienko Date: Tuesday, July 08 2025 10:46:41 DPDK git baseline: Repo:dpdk Branch: master CommitID:e2888614268cbf0abcc7cd72ad97ff4e4901d0a5 155056 --> testing issues Upstream job id: Windows-Compile-DPDK-Native#29643 Test environment and result as below: +-------------------------------+--------------------+-------------------+------------------+-------------------+-------------------------+----------------------+ | Environment | dpdk_meson_compile | dpdk_compile_spdk | dpdk_compile_ovs | dpdk_msvc_compile | dpdk_llvm_clang_compile | dpdk_mingw64_compile | +===============================+====================+===================+==================+===================+=========================+======================+ | CentOS Stream 10 | PASS | SKIPPED | SKIPPED | SKIPPED | SKIPPED | SKIPPED | +-------------------------------+--------------------+-------------------+------------------+-------------------+-------------------------+----------------------+ | Debian GNU/Linux 12 | PASS | PASS | SKIPPED | SKIPPED | SKIPPED | SKIPPED | +-------------------------------+--------------------+-------------------+------------------+-------------------+-------------------------+----------------------+ | Fedora Linux 40 | PASS | PASS | SKIPPED | SKIPPED | SKIPPED | SKIPPED | +-------------------------------+--------------------+-------------------+------------------+-------------------+-------------------------+----------------------+ | Fedora Linux 41 | PEND | PEND | PEND | SKIPPED | SKIPPED | SKIPPED | +-------------------------------+--------------------+-------------------+------------------+-------------------+-------------------------+----------------------+ | openSUSE Leap 15.6 | PASS | SKIPPED | SKIPPED | SKIPPED | SKIPPED | SKIPPED | +-------------------------------+--------------------+-------------------+------------------+-------------------+-------------------------+----------------------+ | Ubuntu 20.04 | PEND | SKIPPED | SKIPPED | SKIPPED | SKIPPED | SKIPPED | +-------------------------------+--------------------+-------------------+------------------+-------------------+-------------------------+----------------------+ | Red Hat Enterprise Linux 9.5 | PASS | SKIPPED | SKIPPED | SKIPPED | SKIPPED | SKIPPED | +-------------------------------+--------------------+-------------------+------------------+-------------------+-------------------------+----------------------+ | Ubuntu 24.04 | PEND | SKIPPED | SKIPPED | SKIPPED | SKIPPED | SKIPPED | +-------------------------------+--------------------+-------------------+------------------+-------------------+-------------------------+----------------------+ | Ubuntu 22.04 | PEND | SKIPPED | SKIPPED | SKIPPED | SKIPPED | SKIPPED | +-------------------------------+--------------------+-------------------+------------------+-------------------+-------------------------+----------------------+ | Red Hat Enterprise Linux 8.10 | PEND | SKIPPED | SKIPPED | SKIPPED | SKIPPED | SKIPPED | +-------------------------------+--------------------+-------------------+------------------+-------------------+-------------------------+----------------------+ | Alpine Linux 3.22.0 | PEND | SKIPPED | SKIPPED | SKIPPED | SKIPPED | SKIPPED | +-------------------------------+--------------------+-------------------+------------------+-------------------+-------------------------+----------------------+ | CentOS Stream 9 | PEND | PEND | SKIPPED | SKIPPED | SKIPPED | SKIPPED | +-------------------------------+--------------------+-------------------+------------------+-------------------+-------------------------+----------------------+ | Windows Server 2022 | SKIPPED | SKIPPED | SKIPPED | PEND | PEND | PASS | +-------------------------------+--------------------+-------------------+------------------+-------------------+-------------------------+----------------------+ CentOS Stream 10 Kernel: 5.15 Compiler: gcc gcc (GCC) 14.2.1 20250110 (Red Hat 14.2.1-8) Debian GNU/Linux 12 Kernel: 5.15 Compiler: gcc gcc (Debian 12.2.0-14+deb12u1) 12.2.0 Fedora Linux 40 Kernel: 5.15 Compiler: clang gcc (GCC) 14.2.1 20240912 (Red Hat 14.2.1-3) Fedora Linux 41 Kernel: 5.15 Compiler: gcc gcc (GCC) 14.3.1 20250523 (Red Hat 14.3.1-1) openSUSE Leap 15.6 Kernel: 5.15 Compiler: gcc gcc (SUSE Linux) 7.5.0 Ubuntu 20.04 Kernel: 5.15 Compiler: gcc gcc (Ubuntu 9.4.0-1ubuntu1~20.04.2) 9.4.0 Red Hat Enterprise Linux 9.5 Kernel: 5.15 Compiler: gcc gcc (GCC) 11.5.0 20240719 (Red Hat 11.5.0-2) Ubuntu 24.04 Kernel: 5.15 Compiler: gcc gcc (Ubuntu 13.3.0-6ubuntu2~24.04) 13.3.0 Ubuntu 22.04 Kernel: 5.15 Compiler: gcc gcc (Ubuntu 11.4.0-1ubuntu1~22.04) 11.4.0 Red Hat Enterprise Linux 8.10 Kernel: 5.15 Compiler: gcc gcc (GCC) 8.5.0 20210514 (Red Hat 8.5.0-22) Alpine Linux 3.22.0 Kernel: 5.15 Compiler: gcc gcc (Alpine 14.2.0) 14.2.0 CentOS Stream 9 Kernel: 5.15 Compiler: gcc gcc (GCC) 11.5.0 20240719 (Red Hat 11.5.0-7) Windows Server 2022 Kernel: 10.0.20348.2031 Compiler: clang 15.0.7, gcc 14.1.0 (MinGW), and MSVC VS 19.39.33521 To view detailed results, visit: https://lab.dpdk.org/results/dashboard/patchsets/33610/ UNH-IOL DPDK Community Lab To manage your email subscriptions, visit: https://lab.dpdk.org/results/dashboard/preferences/subscriptions/