From mboxrd@z Thu Jan 1 00:00:00 1970 Return-Path: Received: from mails.dpdk.org (mails.dpdk.org [217.70.189.124]) by inbox.dpdk.org (Postfix) with ESMTP id C3E0A46B29 for ; Tue, 8 Jul 2025 15:27:04 +0200 (CEST) Received: from mails.dpdk.org (localhost [127.0.0.1]) by mails.dpdk.org (Postfix) with ESMTP id B781F402A0; Tue, 8 Jul 2025 15:27:04 +0200 (CEST) Received: from mail-pg1-f227.google.com (mail-pg1-f227.google.com [209.85.215.227]) by mails.dpdk.org (Postfix) with ESMTP id F1CE0402A0 for ; Tue, 8 Jul 2025 15:27:02 +0200 (CEST) Received: by mail-pg1-f227.google.com with SMTP id 41be03b00d2f7-b3182c6d03bso4982124a12.0 for ; Tue, 08 Jul 2025 06:27:02 -0700 (PDT) DKIM-Signature: v=1; a=rsa-sha256; c=relaxed/relaxed; d=iol.unh.edu; s=unh-iol; t=1751981222; x=1752586022; darn=dpdk.org; h=references:in-reply-to:cc:to:from:subject:message-id:date:from:to :cc:subject:date:message-id:reply-to; bh=I6zWTkZwQvqzMEUrTgDRxjNXrwYHGLEl/mm+xNrj5JI=; b=RB7aAEPBtCA2TwYeJBZUZI/mod386/0eJ7TrCyDtjzZyIA+1bHzST9juNE7Ev4cOB+ MIk1UENkHN9MDBdY0d3VvsCvnHb3pt2VsqNYE1DGKpL5p1Dq0UIFXeFjcrhiZeMS+h9q BFW+Bma4UyBpNGBFVZpJtrGvkblJRVUCWAtZs= X-Google-DKIM-Signature: v=1; a=rsa-sha256; c=relaxed/relaxed; d=1e100.net; s=20230601; t=1751981222; x=1752586022; h=references:in-reply-to:cc:to:from:subject:message-id:date :x-gm-message-state:from:to:cc:subject:date:message-id:reply-to; bh=I6zWTkZwQvqzMEUrTgDRxjNXrwYHGLEl/mm+xNrj5JI=; b=SzrpglxJIjWDTSpqVPgJqQD3HZ4ooLjgMM8eMA3tGOf5xY7O+WpKDu+G1Gk7H301mV wMGBzNYyWYF0wwSvqFg2vKYohfklyDBWEWndsejAHnHdiQ8nn+sKIZcAshkaezmO+JJX J4khWX9JQH8rVf6CWhrSw95uZhGtvzyp5NOSXHT/fJVpFU1XPc8BiRKAHPV0Vf2zEt+T XJazdvYTYdhcDy8M23WGghLimA/6HKKHtlup7i/iJmfHqlkascYYjF7cY/h8TZXgTQGB xgAtaq36HhDE7b6RfI2aepjx+F2+gtfVcI/+iCq75p+zTppAJYvV4QsJydXzhne8yBf6 BWww== X-Gm-Message-State: AOJu0YxSaX6A9IH2AKW/8btzYBrLOH0w9WOaA+V2osIuKhnnOzOk37sJ ctknHH/rdCWnRuf9CJgX3Gr+H4ICVrmJOvvMgqQI3NLslrrHQkXPU+nM/HcgROJV7rbpMXZXePE fn2TiyupE7joPixZn51pWJQ4wwy0df+PJ4C71+Bd3y5wExkFEV1y+b5Rub8GU X-Gm-Gg: ASbGncvfLqbrZEFLIZMoKjCTaq+bpnlyQr/91j84imW4NQmdOq+a5HuKEzxW5o33NVW QiSBl5jICG2MMcMMBf2/06RCYoXt3tCoUz4tBjgO/yxCZnCqC5z8h/qV/zO8KlZSdEPsgUzqYt+ y2SA6nqrPhjf+GTIdeGJPIE8+iOjZkRsUpRi7YbDSJQMc53i/PAi2D1TsB4EtqE4OohE/MqGbW5 W6oZh3IGQocpEz1/o0i3q0KiPT4qqt5BX1OMTpR2hODHUpwAyS3k1wCVkDbUtOVOWCirBWGd1Mz mSbG3eoaJhj7m8QrDbRDx9wdRJ0po60wid+FjAbPGEkuXX4= X-Google-Smtp-Source: AGHT+IFbYRz7Cjepo2XqBFQ2OB2Zbl0DpVLFiOf29gp4fKepMbrbE2pUrzwC0JajCbsRhCjHUAntKwZWfe5G X-Received: by 2002:a05:6a20:734e:b0:21f:7430:148a with SMTP id adf61e73a8af0-22b440b621bmr4924791637.28.1751981221634; Tue, 08 Jul 2025 06:27:01 -0700 (PDT) Received: from postal.iol.unh.edu (postal.iol.unh.edu. [2606:4100:3880:1234::84]) by smtp-relay.gmail.com with ESMTPS id d2e1a72fcca58-74ce3510792sm636855b3a.10.2025.07.08.06.27.01 (version=TLS1_2 cipher=ECDHE-ECDSA-AES128-GCM-SHA256 bits=128/128); Tue, 08 Jul 2025 06:27:01 -0700 (PDT) X-Relaying-Domain: iol.unh.edu Date: Tue, 08 Jul 2025 06:27:01 -0700 (PDT) Message-ID: <686d1ca5.050a0220.2b36e0.2a8bSMTPIN_ADDED_MISSING@mx.google.com> Received: from [172.21.0.7] (unknown [172.18.0.240]) by postal.iol.unh.edu (Postfix) with ESMTP id BAE7A604D420; Tue, 8 Jul 2025 09:27:00 -0400 (EDT) Subject: |FAILURE| pw155056 [PATCH] [v2] net/mlx5: fix out of order completio From: dpdklab@iol.unh.edu To: Test Report Cc: dpdk-test-reports@iol.unh.edu, Viacheslav Ovsiienko In-Reply-To: <20250708104641.444172-1-viacheslavo@nvidia.com> References: <20250708104641.444172-1-viacheslavo@nvidia.com> Content-Type: text/plain X-BeenThere: test-report@dpdk.org X-Mailman-Version: 2.1.29 Precedence: list List-Id: automatic DPDK test reports List-Unsubscribe: , List-Archive: List-Post: List-Help: List-Subscribe: , Errors-To: test-report-bounces@dpdk.org Test-Label: iol-compile-amd64-testing Test-Status: FAILURE http://dpdk.org/patch/155056 _Testing issues_ Submitter: Viacheslav Ovsiienko Date: Tuesday, July 08 2025 10:46:41 DPDK git baseline: Repo:dpdk Branch: master CommitID:e2888614268cbf0abcc7cd72ad97ff4e4901d0a5 155056 --> testing issues Upstream job id: Generic-DPDK-Compile-Meson#406523 Test environment and result as below: +-------------------------------+--------------------+-------------------+------------------+-------------------+-------------------------+----------------------+ | Environment | dpdk_meson_compile | dpdk_compile_spdk | dpdk_compile_ovs | dpdk_msvc_compile | dpdk_llvm_clang_compile | dpdk_mingw64_compile | +===============================+====================+===================+==================+===================+=========================+======================+ | CentOS Stream 10 | PASS | SKIPPED | SKIPPED | SKIPPED | SKIPPED | SKIPPED | +-------------------------------+--------------------+-------------------+------------------+-------------------+-------------------------+----------------------+ | Debian GNU/Linux 12 | PASS | PASS | SKIPPED | SKIPPED | SKIPPED | SKIPPED | +-------------------------------+--------------------+-------------------+------------------+-------------------+-------------------------+----------------------+ | Fedora Linux 40 | PASS | PASS | SKIPPED | SKIPPED | SKIPPED | SKIPPED | +-------------------------------+--------------------+-------------------+------------------+-------------------+-------------------------+----------------------+ | Fedora Linux 41 | PEND | PEND | PEND | SKIPPED | SKIPPED | SKIPPED | +-------------------------------+--------------------+-------------------+------------------+-------------------+-------------------------+----------------------+ | openSUSE Leap 15.6 | PASS | SKIPPED | SKIPPED | SKIPPED | SKIPPED | SKIPPED | +-------------------------------+--------------------+-------------------+------------------+-------------------+-------------------------+----------------------+ | Ubuntu 20.04 | PEND | SKIPPED | SKIPPED | SKIPPED | SKIPPED | SKIPPED | +-------------------------------+--------------------+-------------------+------------------+-------------------+-------------------------+----------------------+ | Red Hat Enterprise Linux 9.5 | PASS | SKIPPED | SKIPPED | SKIPPED | SKIPPED | SKIPPED | +-------------------------------+--------------------+-------------------+------------------+-------------------+-------------------------+----------------------+ | Ubuntu 24.04 | PEND | SKIPPED | SKIPPED | SKIPPED | SKIPPED | SKIPPED | +-------------------------------+--------------------+-------------------+------------------+-------------------+-------------------------+----------------------+ | Ubuntu 22.04 | PEND | SKIPPED | SKIPPED | SKIPPED | SKIPPED | SKIPPED | +-------------------------------+--------------------+-------------------+------------------+-------------------+-------------------------+----------------------+ | Red Hat Enterprise Linux 8.10 | PEND | SKIPPED | SKIPPED | SKIPPED | SKIPPED | SKIPPED | +-------------------------------+--------------------+-------------------+------------------+-------------------+-------------------------+----------------------+ | Alpine Linux 3.22.0 | PEND | SKIPPED | SKIPPED | SKIPPED | SKIPPED | SKIPPED | +-------------------------------+--------------------+-------------------+------------------+-------------------+-------------------------+----------------------+ | CentOS Stream 9 | PEND | PEND | SKIPPED | SKIPPED | SKIPPED | SKIPPED | +-------------------------------+--------------------+-------------------+------------------+-------------------+-------------------------+----------------------+ | Windows Server 2022 | SKIPPED | SKIPPED | SKIPPED | PEND | PEND | PASS | +-------------------------------+--------------------+-------------------+------------------+-------------------+-------------------------+----------------------+ CentOS Stream 10 Kernel: 5.15 Compiler: gcc gcc (GCC) 14.2.1 20250110 (Red Hat 14.2.1-8) Debian GNU/Linux 12 Kernel: 5.15 Compiler: gcc gcc (Debian 12.2.0-14+deb12u1) 12.2.0 Fedora Linux 40 Kernel: 5.15 Compiler: clang gcc (GCC) 14.2.1 20240912 (Red Hat 14.2.1-3) Fedora Linux 41 Kernel: 5.15 Compiler: gcc gcc (GCC) 14.3.1 20250523 (Red Hat 14.3.1-1) openSUSE Leap 15.6 Kernel: 5.15 Compiler: gcc gcc (SUSE Linux) 7.5.0 Ubuntu 20.04 Kernel: 5.15 Compiler: gcc gcc (Ubuntu 9.4.0-1ubuntu1~20.04.2) 9.4.0 Red Hat Enterprise Linux 9.5 Kernel: 5.15 Compiler: gcc gcc (GCC) 11.5.0 20240719 (Red Hat 11.5.0-2) Ubuntu 24.04 Kernel: 5.15 Compiler: gcc gcc (Ubuntu 13.3.0-6ubuntu2~24.04) 13.3.0 Ubuntu 22.04 Kernel: 5.15 Compiler: gcc gcc (Ubuntu 11.4.0-1ubuntu1~22.04) 11.4.0 Red Hat Enterprise Linux 8.10 Kernel: 5.15 Compiler: gcc gcc (GCC) 8.5.0 20210514 (Red Hat 8.5.0-22) Alpine Linux 3.22.0 Kernel: 5.15 Compiler: gcc gcc (Alpine 14.2.0) 14.2.0 CentOS Stream 9 Kernel: 5.15 Compiler: gcc gcc (GCC) 11.5.0 20240719 (Red Hat 11.5.0-7) Windows Server 2022 Kernel: 10.0.20348.2031 Compiler: clang 15.0.7, gcc 14.1.0 (MinGW), and MSVC VS 19.39.33521 To view detailed results, visit: https://lab.dpdk.org/results/dashboard/patchsets/33610/ UNH-IOL DPDK Community Lab To manage your email subscriptions, visit: https://lab.dpdk.org/results/dashboard/preferences/subscriptions/