From mboxrd@z Thu Jan 1 00:00:00 1970 Return-Path: Received: from mails.dpdk.org (mails.dpdk.org [217.70.189.124]) by inbox.dpdk.org (Postfix) with ESMTP id B351546B29 for ; Tue, 8 Jul 2025 15:36:34 +0200 (CEST) Received: from mails.dpdk.org (localhost [127.0.0.1]) by mails.dpdk.org (Postfix) with ESMTP id 8E361402A0; Tue, 8 Jul 2025 15:36:34 +0200 (CEST) Received: from mail-pl1-f227.google.com (mail-pl1-f227.google.com [209.85.214.227]) by mails.dpdk.org (Postfix) with ESMTP id EE56F402A0 for ; Tue, 8 Jul 2025 15:36:32 +0200 (CEST) Received: by mail-pl1-f227.google.com with SMTP id d9443c01a7336-23c8a505177so28752395ad.2 for ; Tue, 08 Jul 2025 06:36:32 -0700 (PDT) DKIM-Signature: v=1; a=rsa-sha256; c=relaxed/relaxed; d=iol.unh.edu; s=unh-iol; t=1751981792; x=1752586592; darn=dpdk.org; h=references:in-reply-to:cc:to:from:subject:message-id:date:from:to :cc:subject:date:message-id:reply-to; bh=giXWJbqCNWuRzp4VVhw6coWFq8e0UxBRSDbpe6ZCpqI=; b=baaEYBmwr1RikOUKUThJmiQnpVFwaq1lVwm1GKbq03J0Bc47VcI/b72Wa1/dZ4/idE a2u2vmuDoLBfrfG40hNRG2O3JLc3wEN1WxrZfdSLOHjhKVUet+6nsjwHqqf808VCcIxC qhgQQ02v9NreRHtE3+m0sfWiC1x0G5ex9x55g= X-Google-DKIM-Signature: v=1; a=rsa-sha256; c=relaxed/relaxed; d=1e100.net; s=20230601; t=1751981792; x=1752586592; h=references:in-reply-to:cc:to:from:subject:message-id:date :x-gm-message-state:from:to:cc:subject:date:message-id:reply-to; bh=giXWJbqCNWuRzp4VVhw6coWFq8e0UxBRSDbpe6ZCpqI=; b=K+nCO8Sjk4LIagJ19orHdq4Qr6i1+KuajtQykL0OUuG5QOqm9kD6u+7H818es1HqFp bfR/RFmusP1qGrvvH8PKjC6kCztPMQ3oiPSn49Qxb2rtfcU/JCZPcSJpKcfuZgNsHM6r rfuICEiA8iU8t53YVcishmeY59Pvu1kIdSHzueYiHWiCEqFxOt1BT0Ci7jt8s4YoatsT pcQZc6YoIo58kzasNZ+DEtVzScVRWMhgUwcec6MajcTY3TJtfUMzoM9yAhwrUTDpGhjs e/gV+Fy+HlwxNO797QpcoWsBD8h6XCkC9nv22al21Jdm6kD9R6e9D/yscUkRogu0F13G qqXw== X-Gm-Message-State: AOJu0YycxzifSb4ebzf1qbZBkLox3pyjhRKR94vfTfFYO7fnLtLTr/4E 3sGpTWq4q24pjB/eDYtleU5VnkiTy0p7CE+uJBZGDGhRRJtkX78f7QajQtjqJI5+oBrz2HJPJZB 7BL2eoCAnaCq8f33/xJoXnvG0z5BTeCuhdg774Tm4kU9rGBMPKRs9NRz8saHV X-Gm-Gg: ASbGncuLHAtcOeTmd/I4mJsUhqHAYkavykOLIxOLapzJqJYegZH4V7wq7vXP7oWwLsq aMmmhXvxha297Dvf5n2Z57xeO0PxDjcxfStbB6bUykGhNdBRbjPb5T5ZhMnm3MjVdU/X1WP5hXS 1C8XI/j+xqqW/u2KZFqH59wxxr493mWxni3vwwA98ZzwNfhW3JWq6sqs+BwamgGrU+C7R9pdWcl JNr+vSHSczTUGIShYYCdfXx+b/jKG/mFqTj0Yev0VOjCUEJ+VtH4OtkEgtftlqFp7bv/i0790l3 p8oHRDaaAjd6FgXBj3uoP6JCcGEKWVFRjO0qiLgKw2ImQq8= X-Google-Smtp-Source: AGHT+IF5Nu933r+faR+l9mw9HwbBal/T2ZDy2fqwKNG66XSb5KvgUrSLLvh+BYC2oMwTpjYK/39Sr8NRdstB X-Received: by 2002:a17:902:f64a:b0:235:f3df:bc26 with SMTP id d9443c01a7336-23dd0a81a7cmr50549385ad.3.1751981791955; Tue, 08 Jul 2025 06:36:31 -0700 (PDT) Received: from postal.iol.unh.edu (postal.iol.unh.edu. [2606:4100:3880:1234::84]) by smtp-relay.gmail.com with ESMTPS id d9443c01a7336-23c84519e06sm5262305ad.123.2025.07.08.06.36.31 (version=TLS1_2 cipher=ECDHE-ECDSA-AES128-GCM-SHA256 bits=128/128); Tue, 08 Jul 2025 06:36:31 -0700 (PDT) X-Relaying-Domain: iol.unh.edu Date: Tue, 08 Jul 2025 06:36:31 -0700 (PDT) Message-ID: <686d1edf.170a0220.f0096.b6cdSMTPIN_ADDED_MISSING@mx.google.com> Received: from [172.21.0.6] (unknown [172.18.0.240]) by postal.iol.unh.edu (Postfix) with ESMTP id 313C76051830; Tue, 8 Jul 2025 09:36:31 -0400 (EDT) Subject: |FAILURE| pw155054 [PATCH] [v8,1/1] app/testpmd: canonicalize short From: dpdklab@iol.unh.edu To: Test Report Cc: dpdk-test-reports@iol.unh.edu, Shani Peretz In-Reply-To: <20250708083740.128610-2-shperetz@nvidia.com> References: <20250708083740.128610-2-shperetz@nvidia.com> Content-Type: text/plain X-BeenThere: test-report@dpdk.org X-Mailman-Version: 2.1.29 Precedence: list List-Id: automatic DPDK test reports List-Unsubscribe: , List-Archive: List-Post: List-Help: List-Subscribe: , Errors-To: test-report-bounces@dpdk.org Test-Label: iol-compile-arm64-testing Test-Status: FAILURE http://dpdk.org/patch/155054 _Testing issues_ Submitter: Shani Peretz Date: Tuesday, July 08 2025 08:37:40 DPDK git baseline: Repo:dpdk Branch: master CommitID:ba982f9a1ca9b96ed0394b764f1523d482e963a2 155054 --> testing issues Upstream job id: Generic-DPDK-Compile-Meson#406447 Test environment and result as below: +------------------------------+--------------------+ | Environment | dpdk_meson_compile | +==============================+====================+ | Red Hat Enterprise Linux 9.5 | PASS | +------------------------------+--------------------+ | Ubuntu 20.04 | PASS | +------------------------------+--------------------+ | Debian GNU/Linux 12 | PASS | +------------------------------+--------------------+ | Fedora Linux 40 | PASS | +------------------------------+--------------------+ | Fedora Linux 41 | PASS | +------------------------------+--------------------+ | Ubuntu 22.04 | PASS | +------------------------------+--------------------+ | CentOS Stream 9 | PASS | +------------------------------+--------------------+ | Ubuntu 24.04 | PASS | +------------------------------+--------------------+ | CentOS Stream 10 | PASS | +------------------------------+--------------------+ Red Hat Enterprise Linux 9.5 Kernel: 5.4 Compiler: gcc gcc (GCC) 11.5.0 20240719 (Red Hat 11.5.0-2) Ubuntu 20.04 Kernel: 5.15 Compiler: aarch64-linux-gnu-gcc gcc (Ubuntu 9.4.0-1ubuntu1~20.04.2) 9.4.0 Debian GNU/Linux 12 Kernel: 5.4 Compiler: gcc gcc (Debian 12.2.0-14+deb12u1) 12.2.0 Fedora Linux 40 Kernel: 5.4 Compiler: clang gcc (GCC) 14.2.1 20240912 (Red Hat 14.2.1-3) Fedora Linux 41 Kernel: 5.4 Compiler: gcc gcc (GCC) 14.3.1 20250523 (Red Hat 14.3.1-1) Ubuntu 22.04 Kernel: 5.4 Compiler: gcc gcc (Ubuntu 11.4.0-1ubuntu1~22.04) 11.4.0 CentOS Stream 9 Kernel: 5.4 Compiler: gcc gcc (GCC) 11.5.0 20240719 (Red Hat 11.5.0-7) Ubuntu 24.04 Kernel: 5.4 Compiler: gcc gcc (Ubuntu 13.3.0-6ubuntu2~24.04) 13.3.0 CentOS Stream 10 Kernel: 5.4 Compiler: gcc gcc (GCC) 14.2.1 20250110 (Red Hat 14.2.1-8) To view detailed results, visit: https://lab.dpdk.org/results/dashboard/patchsets/33608/ UNH-IOL DPDK Community Lab To manage your email subscriptions, visit: https://lab.dpdk.org/results/dashboard/preferences/subscriptions/