* |SUCCESS| pw155056 [PATCH v2] net/mlx5: fix out of order completions in ordinary Rx burst
[not found] <20250708104641.444172-1-viacheslavo@nvidia.com>
@ 2025-07-08 10:13 ` qemudev
2025-07-08 10:17 ` qemudev
` (17 subsequent siblings)
18 siblings, 0 replies; 19+ messages in thread
From: qemudev @ 2025-07-08 10:13 UTC (permalink / raw)
To: test-report
Test-Label: loongarch-compilation
Test-Status: SUCCESS
http://dpdk.org/patch/155056
_Compilation OK_
Submitter: Viacheslav Ovsiienko <viacheslavo@nvidia.com>
Date: Tue, 8 Jul 2025 13:46:41 +0300
DPDK git baseline: Repo:dpdk-next-net-mlx
Branch: for-next-net
CommitID: e2888614268cbf0abcc7cd72ad97ff4e4901d0a5
155056 --> meson & ninja build successfully
Test environment and result as below:
+---------------------+----------------+
| Environment | compilation |
+---------------------+----------------+
| Loongnix-Server 8.3 | PASS |
+---------------------+----------------+
Loongnix-Server 8.3
Kernel: 4.19.190+
Compiler: gcc 8.3
^ permalink raw reply [flat|nested] 19+ messages in thread
* |SUCCESS| pw155056 [PATCH v2] net/mlx5: fix out of order completions in ordinary Rx burst
[not found] <20250708104641.444172-1-viacheslavo@nvidia.com>
2025-07-08 10:13 ` |SUCCESS| pw155056 [PATCH v2] net/mlx5: fix out of order completions in ordinary Rx burst qemudev
@ 2025-07-08 10:17 ` qemudev
2025-07-08 10:47 ` |WARNING| " checkpatch
` (16 subsequent siblings)
18 siblings, 0 replies; 19+ messages in thread
From: qemudev @ 2025-07-08 10:17 UTC (permalink / raw)
To: test-report
Test-Label: loongarch-unit-testing
Test-Status: SUCCESS
http://dpdk.org/patch/155056
_Unit Testing PASS_
Submitter: Viacheslav Ovsiienko <viacheslavo@nvidia.com>
Date: Tue, 8 Jul 2025 13:46:41 +0300
DPDK git baseline: Repo:dpdk-next-net-mlx
Branch: for-next-net
CommitID: e2888614268cbf0abcc7cd72ad97ff4e4901d0a5
155056 --> testing pass
Test environment and result as below:
+---------------------+----------------+
| Environment | dpdk_unit_test |
+---------------------+----------------+
| Loongnix-Server 8.3 | PASS |
+---------------------+----------------+
Loongnix-Server 8.3
Kernel: 4.19.190+
Compiler: gcc 8.3
Test result details:
1/120 DPDK:fast-tests / acl_autotest OK 3.27s
2/120 DPDK:fast-tests / alarm_autotest OK 1.63s
3/120 DPDK:fast-tests / argparse_autotest OK 0.64s
4/120 DPDK:fast-tests / atomic_autotest OK 7.24s
5/120 DPDK:fast-tests / bitcount_autotest OK 0.30s
6/120 DPDK:fast-tests / bitmap_autotest OK 0.30s
7/120 DPDK:fast-tests / bitops_autotest OK 1.80s
8/120 DPDK:fast-tests / bitratestats_autotest OK 0.31s
9/120 DPDK:fast-tests / bitset_autotest OK 3.04s
10/120 DPDK:fast-tests / bpf_autotest OK 0.30s
11/120 DPDK:fast-tests / bpf_convert_autotest OK 0.31s
12/120 DPDK:fast-tests / byteorder_autotest OK 0.30s
13/120 DPDK:fast-tests / cfgfile_autotest OK 0.30s
14/120 DPDK:fast-tests / cksum_autotest OK 0.30s
15/120 DPDK:fast-tests / cmdline_autotest OK 0.31s
16/120 DPDK:fast-tests / common_autotest OK 1.19s
17/120 DPDK:fast-tests / compressdev_autotest SKIP 0.06s exit status 77
18/120 DPDK:fast-tests / cpuflags_autotest OK 0.30s
19/120 DPDK:fast-tests / crc_autotest OK 0.30s
20/120 DPDK:fast-tests / user_delay_us OK 0.30s
21/120 DPDK:fast-tests / debug_autotest OK 21.98s
22/120 DPDK:fast-tests / devargs_autotest OK 0.30s
23/120 DPDK:fast-tests / dispatcher_autotest OK 2.48s
24/120 DPDK:fast-tests / distributor_autotest OK 1.20s
25/120 DPDK:fast-tests / eal_flags_c_opt_autotest OK 0.78s
26/120 DPDK:fast-tests / eal_flags_main_opt_autotest OK 0.21s
27/120 DPDK:fast-tests / eal_flags_n_opt_autotest OK 0.19s
28/120 DPDK:fast-tests / eal_flags_hpet_autotest OK 0.13s
29/120 DPDK:fast-tests / eal_flags_no_huge_autotest OK 0.21s
30/120 DPDK:fast-tests / eal_flags_a_opt_autotest OK 0.29s
31/120 DPDK:fast-tests / eal_flags_b_opt_autotest OK 0.24s
32/120 DPDK:fast-tests / eal_flags_vdev_opt_autotest OK 0.19s
33/120 DPDK:fast-tests / eal_flags_r_opt_autotest OK 0.18s
34/120 DPDK:fast-tests / eal_flags_mem_autotest OK 0.58s
35/120 DPDK:fast-tests / eal_flags_file_prefix_autotest OK 22.25s
36/120 DPDK:fast-tests / eal_flags_misc_autotest OK 1.02s
37/120 DPDK:fast-tests / eal_fs_autotest OK 0.30s
38/120 DPDK:fast-tests / errno_autotest OK 0.30s
39/120 DPDK:fast-tests / ethdev_link_status OK 0.30s
40/120 DPDK:fast-tests / event_eth_tx_adapter_autotest OK 1.68s
41/120 DPDK:fast-tests / event_ring_autotest OK 0.31s
42/120 DPDK:fast-tests / eventdev_common_autotest OK 0.31s
43/120 DPDK:fast-tests / eventdev_selftest_sw OK 7.23s
44/120 DPDK:fast-tests / fbarray_autotest OK 0.31s
45/120 DPDK:fast-tests / fib_autotest OK 1.16s
46/120 DPDK:fast-tests / fib6_autotest OK 0.94s
47/120 DPDK:fast-tests / func_reentrancy_autotest OK 2.29s
48/120 DPDK:fast-tests / graph_autotest OK 0.31s
49/120 DPDK:fast-tests / node_list_dump OK 0.30s
50/120 DPDK:fast-tests / graph_feature_arc_autotest OK 0.31s
51/120 DPDK:fast-tests / hash_autotest OK 0.93s
52/120 DPDK:fast-tests / hash_readwrite_func_autotest OK 6.36s
53/120 DPDK:fast-tests / interrupt_autotest OK 1.61s
54/120 DPDK:fast-tests / ipfrag_autotest OK 0.07s
55/120 DPDK:fast-tests / ipsec_autotest SKIP 0.31s exit status 77
56/120 DPDK:fast-tests / kvargs_autotest OK 0.31s
57/120 DPDK:fast-tests / latencystats_autotest OK 0.31s
58/120 DPDK:fast-tests / lcore_var_autotest OK 0.45s
59/120 DPDK:fast-tests / lcores_autotest OK 5.11s
60/120 DPDK:fast-tests / logs_autotest OK 0.30s
61/120 DPDK:fast-tests / lpm_autotest OK 2.35s
62/120 DPDK:fast-tests / lpm6_autotest OK 5.45s
63/120 DPDK:fast-tests / malloc_autotest OK 49.54s
64/120 DPDK:fast-tests / mbuf_autotest OK 5.76s
65/120 DPDK:fast-tests / mcslock_autotest OK 2.56s
66/120 DPDK:fast-tests / member_autotest OK 1.51s
67/120 DPDK:fast-tests / memcpy_autotest OK 7.02s
68/120 DPDK:fast-tests / memory_autotest OK 0.08s
69/120 DPDK:fast-tests / mempool_autotest OK 0.43s
70/120 DPDK:fast-tests / memzone_autotest OK 0.14s
71/120 DPDK:fast-tests / meter_autotest OK 0.30s
72/120 DPDK:fast-tests / metrics_autotest OK 0.31s
73/120 DPDK:fast-tests / multiprocess_autotest OK 0.18s
74/120 DPDK:fast-tests / net_ether_autotest OK 0.96s
75/120 DPDK:fast-tests / net_ipv6_autotest OK 0.30s
76/120 DPDK:fast-tests / pcapng_autotest OK 6.40s
77/120 DPDK:fast-tests / pdcp_autotest SKIP 0.06s exit status 77
78/120 DPDK:fast-tests / pdump_autotest OK 0.40s
79/120 DPDK:fast-tests / per_lcore_autotest OK 0.41s
80/120 DPDK:fast-tests / pflock_autotest OK 1.11s
81/120 DPDK:fast-tests / pie_autotest OK 0.31s
82/120 DPDK:fast-tests / ring_pmd_autotest OK 0.31s
83/120 DPDK:fast-tests / power_autotest OK 0.30s
84/120 DPDK:fast-tests / power_cpufreq_autotest SKIP 0.06s exit status 77
85/120 DPDK:fast-tests / power_intel_uncore_autotest SKIP 0.40s exit status 77
86/120 DPDK:fast-tests / power_kvm_vm_autotest SKIP 0.06s exit status 77
87/120 DPDK:fast-tests / prefetch_autotest OK 0.30s
88/120 DPDK:fast-tests / ptr_compress_autotest OK 0.31s
89/120 DPDK:fast-tests / rawdev_autotest OK 0.30s
90/120 DPDK:fast-tests / rcu_qsbr_autotest OK 0.83s
91/120 DPDK:fast-tests / reorder_autotest OK 0.36s
92/120 DPDK:fast-tests / rib_autotest OK 8.95s
93/120 DPDK:fast-tests / rib6_autotest OK 8.94s
94/120 DPDK:fast-tests / ring_autotest OK 0.33s
95/120 DPDK:fast-tests / rwlock_test1_autotest OK 1.05s
96/120 DPDK:fast-tests / rwlock_rda_autotest OK 5.31s
97/120 DPDK:fast-tests / rwlock_rds_wrm_autotest OK 5.31s
98/120 DPDK:fast-tests / rwlock_rde_wro_autotest OK 5.31s
99/120 DPDK:fast-tests / sched_autotest OK 0.31s
100/120 DPDK:fast-tests / security_autotest OK 0.06s
101/120 DPDK:fast-tests / seqlock_autotest OK 2.31s
102/120 DPDK:fast-tests / service_autotest OK 3.01s
103/120 DPDK:fast-tests / soring_autotest OK 0.31s
104/120 DPDK:fast-tests / spinlock_autotest OK 0.38s
105/120 DPDK:fast-tests / stack_autotest OK 0.86s
106/120 DPDK:fast-tests / stack_lf_autotest SKIP 0.05s exit status 77
107/120 DPDK:fast-tests / string_autotest OK 0.30s
108/120 DPDK:fast-tests / table_autotest OK 7.43s
109/120 DPDK:fast-tests / tailq_autotest OK 0.30s
110/120 DPDK:fast-tests / telemetry_data_autotest OK 0.31s
111/120 DPDK:fast-tests / telemetry_json_autotest OK 0.31s
112/120 DPDK:fast-tests / thash_autotest OK 0.32s
113/120 DPDK:fast-tests / threads_autotest OK 0.48s
114/120 DPDK:fast-tests / ticketlock_autotest OK 0.46s
115/120 DPDK:fast-tests / timer_autotest OK 3.86s
116/120 DPDK:fast-tests / trace_autotest OK 0.31s
117/120 DPDK:fast-tests / trace_autotest_with_traces OK 0.53s
118/120 DPDK:fast-tests / vdev_autotest OK 0.52s
119/120 DPDK:fast-tests / version_autotest OK 0.52s
120/120 DPDK:fast-tests / telemetry_all OK 1.29s
Ok: 113
Expected Fail: 0
Fail: 0
Unexpected Pass: 0
Skipped: 7
Timeout: 0
^ permalink raw reply [flat|nested] 19+ messages in thread
* |WARNING| pw155056 [PATCH v2] net/mlx5: fix out of order completions in ordinary Rx burst
[not found] <20250708104641.444172-1-viacheslavo@nvidia.com>
2025-07-08 10:13 ` |SUCCESS| pw155056 [PATCH v2] net/mlx5: fix out of order completions in ordinary Rx burst qemudev
2025-07-08 10:17 ` qemudev
@ 2025-07-08 10:47 ` checkpatch
2025-07-08 11:43 ` |SUCCESS| " 0-day Robot
` (15 subsequent siblings)
18 siblings, 0 replies; 19+ messages in thread
From: checkpatch @ 2025-07-08 10:47 UTC (permalink / raw)
To: test-report; +Cc: Viacheslav Ovsiienko
Test-Label: checkpatch
Test-Status: WARNING
http://dpdk.org/patch/155056
_coding style issues_
Must be a reply to the first patch (--in-reply-to).
^ permalink raw reply [flat|nested] 19+ messages in thread
* |SUCCESS| pw155056 [PATCH v2] net/mlx5: fix out of order completions in ordinary Rx burst
[not found] <20250708104641.444172-1-viacheslavo@nvidia.com>
` (2 preceding siblings ...)
2025-07-08 10:47 ` |WARNING| " checkpatch
@ 2025-07-08 11:43 ` 0-day Robot
2025-07-08 12:21 ` |SUCCESS| pw155056 [PATCH] [v2] net/mlx5: fix out of order completio dpdklab
` (14 subsequent siblings)
18 siblings, 0 replies; 19+ messages in thread
From: 0-day Robot @ 2025-07-08 11:43 UTC (permalink / raw)
To: test-report; +Cc: robot
From: robot@bytheb.org
Test-Label: github-robot: build
Test-Status: SUCCESS
http://patchwork.dpdk.org/patch/155056/
_github build: passed_
Build URL: https://github.com/ovsrobot/dpdk/actions/runs/16141474051
^ permalink raw reply [flat|nested] 19+ messages in thread
* |SUCCESS| pw155056 [PATCH] [v2] net/mlx5: fix out of order completio
[not found] <20250708104641.444172-1-viacheslavo@nvidia.com>
` (3 preceding siblings ...)
2025-07-08 11:43 ` |SUCCESS| " 0-day Robot
@ 2025-07-08 12:21 ` dpdklab
2025-07-08 12:26 ` |PENDING| " dpdklab
` (13 subsequent siblings)
18 siblings, 0 replies; 19+ messages in thread
From: dpdklab @ 2025-07-08 12:21 UTC (permalink / raw)
To: Test Report; +Cc: dpdk-test-reports
Test-Label: iol-broadcom-Performance
Test-Status: SUCCESS
http://dpdk.org/patch/155056
_Performance Testing PASS_
Submitter: Viacheslav Ovsiienko <viacheslavo@nvidia.com>
Date: Tuesday, July 08 2025 10:46:41
DPDK git baseline: Repo:dpdk
Branch: master
CommitID:e2888614268cbf0abcc7cd72ad97ff4e4901d0a5
155056 --> performance testing pass
Upstream job id: Template-DTS-Pipeline#235649
Test environment and result as below:
Ubuntu 22.04
Kernel: 5.15
Compiler: gcc gcc (Ubuntu 11.4.0-1ubuntu1~22.04) 11.4.0
NIC: Broadcom Inc. and subsidiaries BCM57414 NetXtreme-E 10Gb/25Gb RDMA Ethernet Controller 16d7 25 Mbps
Fail/Total: 0/3
Detail performance results:
+------------+---------+----------+-------------+------------------------------+
| frame_size | txd/rxd | num_cpus | num_threads | throughput difference from |
| | | | | expected |
+============+=========+==========+=============+==============================+
| 64 | 128 | 1 | 1 | 0.5% |
+------------+---------+----------+-------------+------------------------------+
| 64 | 512 | 1 | 1 | 0.2% |
+------------+---------+----------+-------------+------------------------------+
| 64 | 2048 | 1 | 1 | 1.9% |
+------------+---------+----------+-------------+------------------------------+
To view detailed results, visit:
https://lab.dpdk.org/results/dashboard/patchsets/33610/
UNH-IOL DPDK Community Lab
To manage your email subscriptions, visit:
https://lab.dpdk.org/results/dashboard/preferences/subscriptions/
^ permalink raw reply [flat|nested] 19+ messages in thread
* |PENDING| pw155056 [PATCH] [v2] net/mlx5: fix out of order completio
[not found] <20250708104641.444172-1-viacheslavo@nvidia.com>
` (4 preceding siblings ...)
2025-07-08 12:21 ` |SUCCESS| pw155056 [PATCH] [v2] net/mlx5: fix out of order completio dpdklab
@ 2025-07-08 12:26 ` dpdklab
2025-07-08 12:32 ` |SUCCESS| " dpdklab
` (12 subsequent siblings)
18 siblings, 0 replies; 19+ messages in thread
From: dpdklab @ 2025-07-08 12:26 UTC (permalink / raw)
To: Test Report; +Cc: dpdk-test-reports
Test-Label: iol-abi-testing
Test-Status: PENDING
http://dpdk.org/patch/155056
_Testing pending_
Submitter: Viacheslav Ovsiienko <viacheslavo@nvidia.com>
Date: Tuesday, July 08 2025 10:46:41
DPDK git baseline: Repo:dpdk
Branch: master
CommitID:e2888614268cbf0abcc7cd72ad97ff4e4901d0a5
155056 --> testing pending
Upstream job id: Generic-DPDK-Compile-ABI#133480
Test environment and result as below:
+---------------------+----------+
| Environment | abi_test |
+=====================+==========+
| CentOS Stream 9 | PASS |
+---------------------+----------+
| Debian GNU/Linux 12 | PEND |
+---------------------+----------+
| CentOS Stream 10 | PEND |
+---------------------+----------+
| Fedora Linux 40 | PEND |
+---------------------+----------+
| Fedora Linux 41 | PEND |
+---------------------+----------+
| openSUSE Leap 15.6 | PEND |
+---------------------+----------+
CentOS Stream 9
Kernel: 5.15
Compiler: gcc gcc (GCC) 11.5.0 20240719 (Red Hat 11.5.0-7)
Debian GNU/Linux 12
Kernel: 5.15
Compiler: gcc gcc (Debian 12.2.0-14+deb12u1) 12.2.0
CentOS Stream 10
Kernel: 5.15
Compiler: gcc gcc (GCC) 14.2.1 20250110 (Red Hat 14.2.1-8)
Fedora Linux 40
Kernel: 5.15
Compiler: clang gcc (GCC) 14.2.1 20240912 (Red Hat 14.2.1-3)
Fedora Linux 41
Kernel: 5.15
Compiler: gcc gcc (GCC) 14.3.1 20250523 (Red Hat 14.3.1-1)
openSUSE Leap 15.6
Kernel: 5.15
Compiler: gcc gcc (SUSE Linux) 7.5.0
To view detailed results, visit:
https://lab.dpdk.org/results/dashboard/patchsets/33610/
UNH-IOL DPDK Community Lab
To manage your email subscriptions, visit:
https://lab.dpdk.org/results/dashboard/preferences/subscriptions/
^ permalink raw reply [flat|nested] 19+ messages in thread
* |SUCCESS| pw155056 [PATCH] [v2] net/mlx5: fix out of order completio
[not found] <20250708104641.444172-1-viacheslavo@nvidia.com>
` (5 preceding siblings ...)
2025-07-08 12:26 ` |PENDING| " dpdklab
@ 2025-07-08 12:32 ` dpdklab
2025-07-08 12:36 ` dpdklab
` (11 subsequent siblings)
18 siblings, 0 replies; 19+ messages in thread
From: dpdklab @ 2025-07-08 12:32 UTC (permalink / raw)
To: Ali Alnubani, Test Report; +Cc: dpdk-test-reports
Test-Label: iol-mellanox-Performance
Test-Status: SUCCESS
http://dpdk.org/patch/155056
_Performance Testing PASS_
Submitter: Viacheslav Ovsiienko <viacheslavo@nvidia.com>
Date: Tuesday, July 08 2025 10:46:41
DPDK git baseline: Repo:dpdk
Branch: master
CommitID:e2888614268cbf0abcc7cd72ad97ff4e4901d0a5
155056 --> performance testing pass
Upstream job id: Template-DTS-Pipeline#235645
Test environment and result as below:
Ubuntu 24.04
Kernel: 6.8
Compiler: gcc gcc (Ubuntu 13.3.0-6ubuntu2~24.04) 13.3.0
NIC: NVIDIA Mellanox ConnectX-7 100000 Mbps
Fail/Total: 0/6
Detail performance results:
+------------+---------+----------+-------------+------------------------------+
| frame_size | txd/rxd | num_cpus | num_threads | throughput difference from |
| | | | | expected |
+============+=========+==========+=============+==============================+
| 64 | 1024 | 1 | 1 | 0.8% |
+------------+---------+----------+-------------+------------------------------+
| 128 | 1024 | 1 | 1 | 0.5% |
+------------+---------+----------+-------------+------------------------------+
| 256 | 1024 | 1 | 1 | -0.9% |
+------------+---------+----------+-------------+------------------------------+
| 512 | 1024 | 1 | 1 | 0.1% |
+------------+---------+----------+-------------+------------------------------+
| 1024 | 1024 | 1 | 1 | -0.1% |
+------------+---------+----------+-------------+------------------------------+
| 1518 | 1024 | 1 | 1 | -0.0% |
+------------+---------+----------+-------------+------------------------------+
Ubuntu 24.04
Kernel: 6.8
Compiler: gcc gcc (Ubuntu 13.3.0-6ubuntu2~24.04) 13.3.0
NIC: Mellanox ConnectX-6 Lx 25000 Mbps
Fail/Total: 0/6
Detail performance results:
+------------+---------+----------+-------------+------------------------------+
| frame_size | txd/rxd | num_cpus | num_threads | throughput difference from |
| | | | | expected |
+============+=========+==========+=============+==============================+
| 64 | 1024 | 1 | 1 | -0.1% |
+------------+---------+----------+-------------+------------------------------+
| 128 | 1024 | 1 | 1 | -0.1% |
+------------+---------+----------+-------------+------------------------------+
| 256 | 1024 | 1 | 1 | -0.1% |
+------------+---------+----------+-------------+------------------------------+
| 512 | 1024 | 1 | 1 | -0.1% |
+------------+---------+----------+-------------+------------------------------+
| 1024 | 1024 | 1 | 1 | -0.0% |
+------------+---------+----------+-------------+------------------------------+
| 1518 | 1024 | 1 | 1 | -0.1% |
+------------+---------+----------+-------------+------------------------------+
To view detailed results, visit:
https://lab.dpdk.org/results/dashboard/patchsets/33610/
UNH-IOL DPDK Community Lab
To manage your email subscriptions, visit:
https://lab.dpdk.org/results/dashboard/preferences/subscriptions/
^ permalink raw reply [flat|nested] 19+ messages in thread
* |SUCCESS| pw155056 [PATCH] [v2] net/mlx5: fix out of order completio
[not found] <20250708104641.444172-1-viacheslavo@nvidia.com>
` (6 preceding siblings ...)
2025-07-08 12:32 ` |SUCCESS| " dpdklab
@ 2025-07-08 12:36 ` dpdklab
2025-07-08 12:45 ` dpdklab
` (10 subsequent siblings)
18 siblings, 0 replies; 19+ messages in thread
From: dpdklab @ 2025-07-08 12:36 UTC (permalink / raw)
To: Test Report; +Cc: dpdk-test-reports
Test-Label: iol-intel-Functional
Test-Status: SUCCESS
http://dpdk.org/patch/155056
_Functional Testing PASS_
Submitter: Viacheslav Ovsiienko <viacheslavo@nvidia.com>
Date: Tuesday, July 08 2025 10:46:41
DPDK git baseline: Repo:dpdk
Branch: master
CommitID:e2888614268cbf0abcc7cd72ad97ff4e4901d0a5
155056 --> functional testing pass
Upstream job id: Template-DTS-Pipeline#235657
Test environment and result as below:
Ubuntu 24.04
Kernel: 6.8
Compiler: gcc gcc (Ubuntu 13.3.0-6ubuntu2~24.04) 13.3.0
NIC: Intel Corporation 4xxx Series QAT 0 Mbps
Aggregate Results by Test Suite
+----------------------------+--------+
| Test Suite | Result |
+============================+========+
| crypto_perf_cryptodev_perf | PASS |
+----------------------------+--------+
To view detailed results, visit:
https://lab.dpdk.org/results/dashboard/patchsets/33610/
UNH-IOL DPDK Community Lab
To manage your email subscriptions, visit:
https://lab.dpdk.org/results/dashboard/preferences/subscriptions/
^ permalink raw reply [flat|nested] 19+ messages in thread
* |SUCCESS| pw155056 [PATCH] [v2] net/mlx5: fix out of order completio
[not found] <20250708104641.444172-1-viacheslavo@nvidia.com>
` (7 preceding siblings ...)
2025-07-08 12:36 ` dpdklab
@ 2025-07-08 12:45 ` dpdklab
2025-07-08 12:52 ` |PENDING| " dpdklab
` (9 subsequent siblings)
18 siblings, 0 replies; 19+ messages in thread
From: dpdklab @ 2025-07-08 12:45 UTC (permalink / raw)
To: Test Report; +Cc: dpdk-test-reports
Test-Label: iol-intel-Functional
Test-Status: SUCCESS
http://dpdk.org/patch/155056
_Functional Testing PASS_
Submitter: Viacheslav Ovsiienko <viacheslavo@nvidia.com>
Date: Tuesday, July 08 2025 10:46:41
DPDK git baseline: Repo:dpdk
Branch: master
CommitID:e2888614268cbf0abcc7cd72ad97ff4e4901d0a5
155056 --> functional testing pass
Upstream job id: Template-DTS-Pipeline#235655
Test environment and result as below:
Ubuntu 24.04
Kernel: 6.8
Compiler: gcc gcc (Ubuntu 13.3.0-6ubuntu2~24.04) 13.3.0
NIC: Intel Corporation 4xxx Series QAT 0 Mbps
Aggregate Results by Test Suite
+----------------------------+--------+
| Test Suite | Result |
+============================+========+
| crypto_perf_cryptodev_perf | PASS |
+----------------------------+--------+
Ubuntu 22.04
Kernel: 5.15
Compiler: gcc gcc (Ubuntu 11.4.0-1ubuntu1~22.04) 11.4.0
NIC: Intel Corporation QAT 8970 0 Mbps
Aggregate Results by Test Suite
+----------------------------+--------+
| Test Suite | Result |
+============================+========+
| crypto_perf_cryptodev_perf | PASS |
+----------------------------+--------+
To view detailed results, visit:
https://lab.dpdk.org/results/dashboard/patchsets/33610/
UNH-IOL DPDK Community Lab
To manage your email subscriptions, visit:
https://lab.dpdk.org/results/dashboard/preferences/subscriptions/
^ permalink raw reply [flat|nested] 19+ messages in thread
* |PENDING| pw155056 [PATCH] [v2] net/mlx5: fix out of order completio
[not found] <20250708104641.444172-1-viacheslavo@nvidia.com>
` (8 preceding siblings ...)
2025-07-08 12:45 ` dpdklab
@ 2025-07-08 12:52 ` dpdklab
2025-07-08 13:14 ` |SUCCESS| " dpdklab
` (8 subsequent siblings)
18 siblings, 0 replies; 19+ messages in thread
From: dpdklab @ 2025-07-08 12:52 UTC (permalink / raw)
To: Test Report; +Cc: dpdk-test-reports
Test-Label: iol-unit-arm64-testing
Test-Status: PENDING
http://dpdk.org/patch/155056
_Testing pending_
Submitter: Viacheslav Ovsiienko <viacheslavo@nvidia.com>
Date: Tuesday, July 08 2025 10:46:41
DPDK git baseline: Repo:dpdk
Branch: master
CommitID:e2888614268cbf0abcc7cd72ad97ff4e4901d0a5
155056 --> testing pending
Upstream job id: Generic-Unit-Test-DPDK#353533
Test environment and result as below:
+------------------------------+---------------------------+--------------+----------------+------------------------------+
| Environment | cryptodev_sw_zuc_autotest | lpm_autotest | dpdk_unit_test | cryptodev_sw_snow3g_autotest |
+==============================+===========================+==============+================+==============================+
| Debian 12 (arm) | PASS | SKIPPED | SKIPPED | PEND |
+------------------------------+---------------------------+--------------+----------------+------------------------------+
| Ubuntu 20.04 | SKIPPED | PEND | PEND | SKIPPED |
+------------------------------+---------------------------+--------------+----------------+------------------------------+
| Fedora Linux 40 | SKIPPED | SKIPPED | PEND | SKIPPED |
+------------------------------+---------------------------+--------------+----------------+------------------------------+
| CentOS Stream 9 | SKIPPED | SKIPPED | PEND | SKIPPED |
+------------------------------+---------------------------+--------------+----------------+------------------------------+
| Debian GNU/Linux 12 | SKIPPED | SKIPPED | PEND | SKIPPED |
+------------------------------+---------------------------+--------------+----------------+------------------------------+
| Fedora Linux 41 | SKIPPED | SKIPPED | PEND | SKIPPED |
+------------------------------+---------------------------+--------------+----------------+------------------------------+
| CentOS Stream 10 | SKIPPED | SKIPPED | PEND | SKIPPED |
+------------------------------+---------------------------+--------------+----------------+------------------------------+
| Red Hat Enterprise Linux 9.5 | SKIPPED | SKIPPED | PEND | SKIPPED |
+------------------------------+---------------------------+--------------+----------------+------------------------------+
| Ubuntu 22.04 | SKIPPED | SKIPPED | PEND | SKIPPED |
+------------------------------+---------------------------+--------------+----------------+------------------------------+
| Ubuntu 24.04 | SKIPPED | SKIPPED | PEND | SKIPPED |
+------------------------------+---------------------------+--------------+----------------+------------------------------+
Debian 12 (arm)
Kernel: Depends on container host
Compiler: gcc (Debian 12.2.0-14) 12.2.0
Ubuntu 20.04
Kernel: 5.4
Compiler: gcc gcc (Ubuntu 9.4.0-1ubuntu1~20.04.2) 9.4.0
Fedora Linux 40
Kernel: 5.4
Compiler: gcc gcc (GCC) 14.2.1 20240912 (Red Hat 14.2.1-3)
CentOS Stream 9
Kernel: 5.4
Compiler: gcc gcc (GCC) 11.5.0 20240719 (Red Hat 11.5.0-7)
Debian GNU/Linux 12
Kernel: 5.4
Compiler: gcc gcc (Debian 12.2.0-14+deb12u1) 12.2.0
Fedora Linux 41
Kernel: 5.4
Compiler: clang gcc (GCC) 14.3.1 20250523 (Red Hat 14.3.1-1)
CentOS Stream 10
Kernel: 5.4
Compiler: gcc gcc (GCC) 14.2.1 20250110 (Red Hat 14.2.1-8)
Red Hat Enterprise Linux 9.5
Kernel: 5.4
Compiler: gcc gcc (GCC) 11.5.0 20240719 (Red Hat 11.5.0-2)
Ubuntu 22.04
Kernel: 5.4
Compiler: gcc gcc (Ubuntu 11.4.0-1ubuntu1~22.04) 11.4.0
Ubuntu 24.04
Kernel: 5.4
Compiler: gcc gcc (Ubuntu 13.3.0-6ubuntu2~24.04) 13.3.0
To view detailed results, visit:
https://lab.dpdk.org/results/dashboard/patchsets/33610/
UNH-IOL DPDK Community Lab
To manage your email subscriptions, visit:
https://lab.dpdk.org/results/dashboard/preferences/subscriptions/
^ permalink raw reply [flat|nested] 19+ messages in thread
* |SUCCESS| pw155056 [PATCH] [v2] net/mlx5: fix out of order completio
[not found] <20250708104641.444172-1-viacheslavo@nvidia.com>
` (9 preceding siblings ...)
2025-07-08 12:52 ` |PENDING| " dpdklab
@ 2025-07-08 13:14 ` dpdklab
2025-07-08 13:26 ` |FAILURE| " dpdklab
` (7 subsequent siblings)
18 siblings, 0 replies; 19+ messages in thread
From: dpdklab @ 2025-07-08 13:14 UTC (permalink / raw)
To: Test Report; +Cc: dpdk-test-reports
Test-Label: iol-unit-amd64-testing
Test-Status: SUCCESS
http://dpdk.org/patch/155056
_Testing PASS_
Submitter: Viacheslav Ovsiienko <viacheslavo@nvidia.com>
Date: Tuesday, July 08 2025 10:46:41
DPDK git baseline: Repo:dpdk
Branch: master
CommitID:e2888614268cbf0abcc7cd72ad97ff4e4901d0a5
155056 --> testing pass
Upstream job id: Generic-Unit-Test-DPDK#353546
Test environment and result as below:
+-------------------------------+----------------+
| Environment | dpdk_unit_test |
+===============================+================+
| CentOS Stream 9 | PASS |
+-------------------------------+----------------+
| Fedora Linux 40 | PASS |
+-------------------------------+----------------+
| Debian GNU/Linux 12 | PASS |
+-------------------------------+----------------+
| Fedora Linux 41 | PASS |
+-------------------------------+----------------+
| CentOS Stream 10 | PASS |
+-------------------------------+----------------+
| Ubuntu 20.04 | PASS |
+-------------------------------+----------------+
| Red Hat Enterprise Linux 8.10 | PASS |
+-------------------------------+----------------+
| Red Hat Enterprise Linux 9.5 | PASS |
+-------------------------------+----------------+
| Ubuntu 22.04 | PASS |
+-------------------------------+----------------+
| Ubuntu 24.04 | PASS |
+-------------------------------+----------------+
CentOS Stream 9
Kernel: 5.15
Compiler: gcc gcc (GCC) 11.5.0 20240719 (Red Hat 11.5.0-7)
Fedora Linux 40
Kernel: 5.15
Compiler: gcc gcc (GCC) 14.2.1 20240912 (Red Hat 14.2.1-3)
Debian GNU/Linux 12
Kernel: 5.15
Compiler: gcc gcc (Debian 12.2.0-14+deb12u1) 12.2.0
Fedora Linux 41
Kernel: 5.15
Compiler: gcc gcc (GCC) 14.3.1 20250523 (Red Hat 14.3.1-1)
CentOS Stream 10
Kernel: 5.15
Compiler: gcc gcc (GCC) 14.2.1 20250110 (Red Hat 14.2.1-8)
Ubuntu 20.04
Kernel: 5.15
Compiler: gcc gcc (Ubuntu 9.4.0-1ubuntu1~20.04.2) 9.4.0
Red Hat Enterprise Linux 8.10
Kernel: 5.15
Compiler: gcc gcc (GCC) 8.5.0 20210514 (Red Hat 8.5.0-22)
Red Hat Enterprise Linux 9.5
Kernel: 5.15
Compiler: gcc gcc (GCC) 11.5.0 20240719 (Red Hat 11.5.0-2)
Ubuntu 22.04
Kernel: 5.15
Compiler: gcc gcc (Ubuntu 11.4.0-1ubuntu1~22.04) 11.4.0
Ubuntu 24.04
Kernel: 5.15
Compiler: gcc gcc (Ubuntu 13.3.0-6ubuntu2~24.04) 13.3.0
To view detailed results, visit:
https://lab.dpdk.org/results/dashboard/patchsets/33610/
UNH-IOL DPDK Community Lab
To manage your email subscriptions, visit:
https://lab.dpdk.org/results/dashboard/preferences/subscriptions/
^ permalink raw reply [flat|nested] 19+ messages in thread
* |FAILURE| pw155056 [PATCH] [v2] net/mlx5: fix out of order completio
[not found] <20250708104641.444172-1-viacheslavo@nvidia.com>
` (10 preceding siblings ...)
2025-07-08 13:14 ` |SUCCESS| " dpdklab
@ 2025-07-08 13:26 ` dpdklab
2025-07-08 13:27 ` dpdklab
` (6 subsequent siblings)
18 siblings, 0 replies; 19+ messages in thread
From: dpdklab @ 2025-07-08 13:26 UTC (permalink / raw)
To: Test Report; +Cc: dpdk-test-reports, Viacheslav Ovsiienko
Test-Label: iol-compile-amd64-testing
Test-Status: FAILURE
http://dpdk.org/patch/155056
_Testing issues_
Submitter: Viacheslav Ovsiienko <viacheslavo@nvidia.com>
Date: Tuesday, July 08 2025 10:46:41
DPDK git baseline: Repo:dpdk
Branch: master
CommitID:e2888614268cbf0abcc7cd72ad97ff4e4901d0a5
155056 --> testing issues
Upstream job id: Windows-Compile-DPDK-Native#29643
Test environment and result as below:
+-------------------------------+--------------------+-------------------+------------------+-------------------+-------------------------+----------------------+
| Environment | dpdk_meson_compile | dpdk_compile_spdk | dpdk_compile_ovs | dpdk_msvc_compile | dpdk_llvm_clang_compile | dpdk_mingw64_compile |
+===============================+====================+===================+==================+===================+=========================+======================+
| CentOS Stream 10 | PASS | SKIPPED | SKIPPED | SKIPPED | SKIPPED | SKIPPED |
+-------------------------------+--------------------+-------------------+------------------+-------------------+-------------------------+----------------------+
| Debian GNU/Linux 12 | PASS | PASS | SKIPPED | SKIPPED | SKIPPED | SKIPPED |
+-------------------------------+--------------------+-------------------+------------------+-------------------+-------------------------+----------------------+
| Fedora Linux 40 | PASS | PASS | SKIPPED | SKIPPED | SKIPPED | SKIPPED |
+-------------------------------+--------------------+-------------------+------------------+-------------------+-------------------------+----------------------+
| Fedora Linux 41 | PEND | PEND | PEND | SKIPPED | SKIPPED | SKIPPED |
+-------------------------------+--------------------+-------------------+------------------+-------------------+-------------------------+----------------------+
| openSUSE Leap 15.6 | PASS | SKIPPED | SKIPPED | SKIPPED | SKIPPED | SKIPPED |
+-------------------------------+--------------------+-------------------+------------------+-------------------+-------------------------+----------------------+
| Ubuntu 20.04 | PEND | SKIPPED | SKIPPED | SKIPPED | SKIPPED | SKIPPED |
+-------------------------------+--------------------+-------------------+------------------+-------------------+-------------------------+----------------------+
| Red Hat Enterprise Linux 9.5 | PASS | SKIPPED | SKIPPED | SKIPPED | SKIPPED | SKIPPED |
+-------------------------------+--------------------+-------------------+------------------+-------------------+-------------------------+----------------------+
| Ubuntu 24.04 | PEND | SKIPPED | SKIPPED | SKIPPED | SKIPPED | SKIPPED |
+-------------------------------+--------------------+-------------------+------------------+-------------------+-------------------------+----------------------+
| Ubuntu 22.04 | PEND | SKIPPED | SKIPPED | SKIPPED | SKIPPED | SKIPPED |
+-------------------------------+--------------------+-------------------+------------------+-------------------+-------------------------+----------------------+
| Red Hat Enterprise Linux 8.10 | PEND | SKIPPED | SKIPPED | SKIPPED | SKIPPED | SKIPPED |
+-------------------------------+--------------------+-------------------+------------------+-------------------+-------------------------+----------------------+
| Alpine Linux 3.22.0 | PEND | SKIPPED | SKIPPED | SKIPPED | SKIPPED | SKIPPED |
+-------------------------------+--------------------+-------------------+------------------+-------------------+-------------------------+----------------------+
| CentOS Stream 9 | PEND | PEND | SKIPPED | SKIPPED | SKIPPED | SKIPPED |
+-------------------------------+--------------------+-------------------+------------------+-------------------+-------------------------+----------------------+
| Windows Server 2022 | SKIPPED | SKIPPED | SKIPPED | PEND | PEND | PASS |
+-------------------------------+--------------------+-------------------+------------------+-------------------+-------------------------+----------------------+
CentOS Stream 10
Kernel: 5.15
Compiler: gcc gcc (GCC) 14.2.1 20250110 (Red Hat 14.2.1-8)
Debian GNU/Linux 12
Kernel: 5.15
Compiler: gcc gcc (Debian 12.2.0-14+deb12u1) 12.2.0
Fedora Linux 40
Kernel: 5.15
Compiler: clang gcc (GCC) 14.2.1 20240912 (Red Hat 14.2.1-3)
Fedora Linux 41
Kernel: 5.15
Compiler: gcc gcc (GCC) 14.3.1 20250523 (Red Hat 14.3.1-1)
openSUSE Leap 15.6
Kernel: 5.15
Compiler: gcc gcc (SUSE Linux) 7.5.0
Ubuntu 20.04
Kernel: 5.15
Compiler: gcc gcc (Ubuntu 9.4.0-1ubuntu1~20.04.2) 9.4.0
Red Hat Enterprise Linux 9.5
Kernel: 5.15
Compiler: gcc gcc (GCC) 11.5.0 20240719 (Red Hat 11.5.0-2)
Ubuntu 24.04
Kernel: 5.15
Compiler: gcc gcc (Ubuntu 13.3.0-6ubuntu2~24.04) 13.3.0
Ubuntu 22.04
Kernel: 5.15
Compiler: gcc gcc (Ubuntu 11.4.0-1ubuntu1~22.04) 11.4.0
Red Hat Enterprise Linux 8.10
Kernel: 5.15
Compiler: gcc gcc (GCC) 8.5.0 20210514 (Red Hat 8.5.0-22)
Alpine Linux 3.22.0
Kernel: 5.15
Compiler: gcc gcc (Alpine 14.2.0) 14.2.0
CentOS Stream 9
Kernel: 5.15
Compiler: gcc gcc (GCC) 11.5.0 20240719 (Red Hat 11.5.0-7)
Windows Server 2022
Kernel: 10.0.20348.2031
Compiler: clang 15.0.7, gcc 14.1.0 (MinGW), and MSVC VS 19.39.33521
To view detailed results, visit:
https://lab.dpdk.org/results/dashboard/patchsets/33610/
UNH-IOL DPDK Community Lab
To manage your email subscriptions, visit:
https://lab.dpdk.org/results/dashboard/preferences/subscriptions/
^ permalink raw reply [flat|nested] 19+ messages in thread
* |FAILURE| pw155056 [PATCH] [v2] net/mlx5: fix out of order completio
[not found] <20250708104641.444172-1-viacheslavo@nvidia.com>
` (11 preceding siblings ...)
2025-07-08 13:26 ` |FAILURE| " dpdklab
@ 2025-07-08 13:27 ` dpdklab
2025-07-08 13:44 ` |SUCCESS| " dpdklab
` (5 subsequent siblings)
18 siblings, 0 replies; 19+ messages in thread
From: dpdklab @ 2025-07-08 13:27 UTC (permalink / raw)
To: Test Report; +Cc: dpdk-test-reports, Viacheslav Ovsiienko
Test-Label: iol-compile-amd64-testing
Test-Status: FAILURE
http://dpdk.org/patch/155056
_Testing issues_
Submitter: Viacheslav Ovsiienko <viacheslavo@nvidia.com>
Date: Tuesday, July 08 2025 10:46:41
DPDK git baseline: Repo:dpdk
Branch: master
CommitID:e2888614268cbf0abcc7cd72ad97ff4e4901d0a5
155056 --> testing issues
Upstream job id: Generic-DPDK-Compile-Meson#406523
Test environment and result as below:
+-------------------------------+--------------------+-------------------+------------------+-------------------+-------------------------+----------------------+
| Environment | dpdk_meson_compile | dpdk_compile_spdk | dpdk_compile_ovs | dpdk_msvc_compile | dpdk_llvm_clang_compile | dpdk_mingw64_compile |
+===============================+====================+===================+==================+===================+=========================+======================+
| CentOS Stream 10 | PASS | SKIPPED | SKIPPED | SKIPPED | SKIPPED | SKIPPED |
+-------------------------------+--------------------+-------------------+------------------+-------------------+-------------------------+----------------------+
| Debian GNU/Linux 12 | PASS | PASS | SKIPPED | SKIPPED | SKIPPED | SKIPPED |
+-------------------------------+--------------------+-------------------+------------------+-------------------+-------------------------+----------------------+
| Fedora Linux 40 | PASS | PASS | SKIPPED | SKIPPED | SKIPPED | SKIPPED |
+-------------------------------+--------------------+-------------------+------------------+-------------------+-------------------------+----------------------+
| Fedora Linux 41 | PEND | PEND | PEND | SKIPPED | SKIPPED | SKIPPED |
+-------------------------------+--------------------+-------------------+------------------+-------------------+-------------------------+----------------------+
| openSUSE Leap 15.6 | PASS | SKIPPED | SKIPPED | SKIPPED | SKIPPED | SKIPPED |
+-------------------------------+--------------------+-------------------+------------------+-------------------+-------------------------+----------------------+
| Ubuntu 20.04 | PEND | SKIPPED | SKIPPED | SKIPPED | SKIPPED | SKIPPED |
+-------------------------------+--------------------+-------------------+------------------+-------------------+-------------------------+----------------------+
| Red Hat Enterprise Linux 9.5 | PASS | SKIPPED | SKIPPED | SKIPPED | SKIPPED | SKIPPED |
+-------------------------------+--------------------+-------------------+------------------+-------------------+-------------------------+----------------------+
| Ubuntu 24.04 | PEND | SKIPPED | SKIPPED | SKIPPED | SKIPPED | SKIPPED |
+-------------------------------+--------------------+-------------------+------------------+-------------------+-------------------------+----------------------+
| Ubuntu 22.04 | PEND | SKIPPED | SKIPPED | SKIPPED | SKIPPED | SKIPPED |
+-------------------------------+--------------------+-------------------+------------------+-------------------+-------------------------+----------------------+
| Red Hat Enterprise Linux 8.10 | PEND | SKIPPED | SKIPPED | SKIPPED | SKIPPED | SKIPPED |
+-------------------------------+--------------------+-------------------+------------------+-------------------+-------------------------+----------------------+
| Alpine Linux 3.22.0 | PEND | SKIPPED | SKIPPED | SKIPPED | SKIPPED | SKIPPED |
+-------------------------------+--------------------+-------------------+------------------+-------------------+-------------------------+----------------------+
| CentOS Stream 9 | PEND | PEND | SKIPPED | SKIPPED | SKIPPED | SKIPPED |
+-------------------------------+--------------------+-------------------+------------------+-------------------+-------------------------+----------------------+
| Windows Server 2022 | SKIPPED | SKIPPED | SKIPPED | PEND | PEND | PASS |
+-------------------------------+--------------------+-------------------+------------------+-------------------+-------------------------+----------------------+
CentOS Stream 10
Kernel: 5.15
Compiler: gcc gcc (GCC) 14.2.1 20250110 (Red Hat 14.2.1-8)
Debian GNU/Linux 12
Kernel: 5.15
Compiler: gcc gcc (Debian 12.2.0-14+deb12u1) 12.2.0
Fedora Linux 40
Kernel: 5.15
Compiler: clang gcc (GCC) 14.2.1 20240912 (Red Hat 14.2.1-3)
Fedora Linux 41
Kernel: 5.15
Compiler: gcc gcc (GCC) 14.3.1 20250523 (Red Hat 14.3.1-1)
openSUSE Leap 15.6
Kernel: 5.15
Compiler: gcc gcc (SUSE Linux) 7.5.0
Ubuntu 20.04
Kernel: 5.15
Compiler: gcc gcc (Ubuntu 9.4.0-1ubuntu1~20.04.2) 9.4.0
Red Hat Enterprise Linux 9.5
Kernel: 5.15
Compiler: gcc gcc (GCC) 11.5.0 20240719 (Red Hat 11.5.0-2)
Ubuntu 24.04
Kernel: 5.15
Compiler: gcc gcc (Ubuntu 13.3.0-6ubuntu2~24.04) 13.3.0
Ubuntu 22.04
Kernel: 5.15
Compiler: gcc gcc (Ubuntu 11.4.0-1ubuntu1~22.04) 11.4.0
Red Hat Enterprise Linux 8.10
Kernel: 5.15
Compiler: gcc gcc (GCC) 8.5.0 20210514 (Red Hat 8.5.0-22)
Alpine Linux 3.22.0
Kernel: 5.15
Compiler: gcc gcc (Alpine 14.2.0) 14.2.0
CentOS Stream 9
Kernel: 5.15
Compiler: gcc gcc (GCC) 11.5.0 20240719 (Red Hat 11.5.0-7)
Windows Server 2022
Kernel: 10.0.20348.2031
Compiler: clang 15.0.7, gcc 14.1.0 (MinGW), and MSVC VS 19.39.33521
To view detailed results, visit:
https://lab.dpdk.org/results/dashboard/patchsets/33610/
UNH-IOL DPDK Community Lab
To manage your email subscriptions, visit:
https://lab.dpdk.org/results/dashboard/preferences/subscriptions/
^ permalink raw reply [flat|nested] 19+ messages in thread
* |SUCCESS| pw155056 [PATCH] [v2] net/mlx5: fix out of order completio
[not found] <20250708104641.444172-1-viacheslavo@nvidia.com>
` (12 preceding siblings ...)
2025-07-08 13:27 ` dpdklab
@ 2025-07-08 13:44 ` dpdklab
2025-07-08 14:02 ` dpdklab
` (4 subsequent siblings)
18 siblings, 0 replies; 19+ messages in thread
From: dpdklab @ 2025-07-08 13:44 UTC (permalink / raw)
To: Test Report; +Cc: dpdk-test-reports
Test-Label: iol-abi-testing
Test-Status: SUCCESS
http://dpdk.org/patch/155056
_Testing PASS_
Submitter: Viacheslav Ovsiienko <viacheslavo@nvidia.com>
Date: Tuesday, July 08 2025 10:46:41
DPDK git baseline: Repo:dpdk
Branch: master
CommitID:e2888614268cbf0abcc7cd72ad97ff4e4901d0a5
155056 --> testing pass
Upstream job id: Generic-DPDK-Compile-ABI#133486
Test environment and result as below:
+-------------------------------+----------+
| Environment | abi_test |
+===============================+==========+
| CentOS Stream 9 | PASS |
+-------------------------------+----------+
| Debian GNU/Linux 12 | PASS |
+-------------------------------+----------+
| CentOS Stream 10 | PASS |
+-------------------------------+----------+
| Fedora Linux 40 | PASS |
+-------------------------------+----------+
| Fedora Linux 41 | PASS |
+-------------------------------+----------+
| openSUSE Leap 15.6 | PASS |
+-------------------------------+----------+
| Ubuntu 22.04 | PASS |
+-------------------------------+----------+
| Red Hat Enterprise Linux 9.5 | PASS |
+-------------------------------+----------+
| Red Hat Enterprise Linux 8.10 | PASS |
+-------------------------------+----------+
CentOS Stream 9
Kernel: 5.15
Compiler: gcc gcc (GCC) 11.5.0 20240719 (Red Hat 11.5.0-7)
Debian GNU/Linux 12
Kernel: 5.15
Compiler: gcc gcc (Debian 12.2.0-14+deb12u1) 12.2.0
CentOS Stream 10
Kernel: 5.15
Compiler: gcc gcc (GCC) 14.2.1 20250110 (Red Hat 14.2.1-8)
Fedora Linux 40
Kernel: 5.15
Compiler: clang gcc (GCC) 14.2.1 20240912 (Red Hat 14.2.1-3)
Fedora Linux 41
Kernel: 5.15
Compiler: gcc gcc (GCC) 14.3.1 20250523 (Red Hat 14.3.1-1)
openSUSE Leap 15.6
Kernel: 5.15
Compiler: gcc gcc (SUSE Linux) 7.5.0
Ubuntu 22.04
Kernel: 5.15
Compiler: gcc gcc (Ubuntu 11.4.0-1ubuntu1~22.04) 11.4.0
Red Hat Enterprise Linux 9.5
Kernel: 5.15
Compiler: gcc gcc (GCC) 11.5.0 20240719 (Red Hat 11.5.0-2)
Red Hat Enterprise Linux 8.10
Kernel: 5.15
Compiler: gcc gcc (GCC) 8.5.0 20210514 (Red Hat 8.5.0-22)
To view detailed results, visit:
https://lab.dpdk.org/results/dashboard/patchsets/33610/
UNH-IOL DPDK Community Lab
To manage your email subscriptions, visit:
https://lab.dpdk.org/results/dashboard/preferences/subscriptions/
^ permalink raw reply [flat|nested] 19+ messages in thread
* |SUCCESS| pw155056 [PATCH] [v2] net/mlx5: fix out of order completio
[not found] <20250708104641.444172-1-viacheslavo@nvidia.com>
` (13 preceding siblings ...)
2025-07-08 13:44 ` |SUCCESS| " dpdklab
@ 2025-07-08 14:02 ` dpdklab
2025-07-08 15:31 ` dpdklab
` (3 subsequent siblings)
18 siblings, 0 replies; 19+ messages in thread
From: dpdklab @ 2025-07-08 14:02 UTC (permalink / raw)
To: Test Report; +Cc: dpdk-test-reports
Test-Label: iol-unit-arm64-testing
Test-Status: SUCCESS
http://dpdk.org/patch/155056
_Testing PASS_
Submitter: Viacheslav Ovsiienko <viacheslavo@nvidia.com>
Date: Tuesday, July 08 2025 10:46:41
DPDK git baseline: Repo:dpdk
Branch: master
CommitID:e2888614268cbf0abcc7cd72ad97ff4e4901d0a5
155056 --> testing pass
Upstream job id: Generic-Unit-Test-DPDK#353543
Test environment and result as below:
+------------------------------+---------------------------+--------------+----------------+------------------------------+
| Environment | cryptodev_sw_zuc_autotest | lpm_autotest | dpdk_unit_test | cryptodev_sw_snow3g_autotest |
+==============================+===========================+==============+================+==============================+
| Debian 12 (arm) | PASS | SKIPPED | SKIPPED | PASS |
+------------------------------+---------------------------+--------------+----------------+------------------------------+
| Ubuntu 20.04 | SKIPPED | PASS | PASS | SKIPPED |
+------------------------------+---------------------------+--------------+----------------+------------------------------+
| Fedora Linux 40 | SKIPPED | SKIPPED | PASS | SKIPPED |
+------------------------------+---------------------------+--------------+----------------+------------------------------+
| CentOS Stream 9 | SKIPPED | SKIPPED | PASS | SKIPPED |
+------------------------------+---------------------------+--------------+----------------+------------------------------+
| Debian GNU/Linux 12 | SKIPPED | SKIPPED | PASS | SKIPPED |
+------------------------------+---------------------------+--------------+----------------+------------------------------+
| Fedora Linux 41 | SKIPPED | SKIPPED | PASS | SKIPPED |
+------------------------------+---------------------------+--------------+----------------+------------------------------+
| CentOS Stream 10 | SKIPPED | SKIPPED | PASS | SKIPPED |
+------------------------------+---------------------------+--------------+----------------+------------------------------+
| Red Hat Enterprise Linux 9.5 | SKIPPED | SKIPPED | PASS | SKIPPED |
+------------------------------+---------------------------+--------------+----------------+------------------------------+
| Ubuntu 22.04 | SKIPPED | SKIPPED | PASS | SKIPPED |
+------------------------------+---------------------------+--------------+----------------+------------------------------+
| Ubuntu 24.04 | SKIPPED | SKIPPED | PASS | SKIPPED |
+------------------------------+---------------------------+--------------+----------------+------------------------------+
Debian 12 (arm)
Kernel: Depends on container host
Compiler: gcc (Debian 12.2.0-14) 12.2.0
Ubuntu 20.04
Kernel: 5.4
Compiler: gcc gcc (Ubuntu 9.4.0-1ubuntu1~20.04.2) 9.4.0
Fedora Linux 40
Kernel: 5.4
Compiler: gcc gcc (GCC) 14.2.1 20240912 (Red Hat 14.2.1-3)
CentOS Stream 9
Kernel: 5.4
Compiler: gcc gcc (GCC) 11.5.0 20240719 (Red Hat 11.5.0-7)
Debian GNU/Linux 12
Kernel: 5.4
Compiler: gcc gcc (Debian 12.2.0-14+deb12u1) 12.2.0
Fedora Linux 41
Kernel: 5.4
Compiler: clang gcc (GCC) 14.3.1 20250523 (Red Hat 14.3.1-1)
CentOS Stream 10
Kernel: 5.4
Compiler: gcc gcc (GCC) 14.2.1 20250110 (Red Hat 14.2.1-8)
Red Hat Enterprise Linux 9.5
Kernel: 5.4
Compiler: gcc gcc (GCC) 11.5.0 20240719 (Red Hat 11.5.0-2)
Ubuntu 22.04
Kernel: 5.4
Compiler: gcc gcc (Ubuntu 11.4.0-1ubuntu1~22.04) 11.4.0
Ubuntu 24.04
Kernel: 5.4
Compiler: gcc gcc (Ubuntu 13.3.0-6ubuntu2~24.04) 13.3.0
To view detailed results, visit:
https://lab.dpdk.org/results/dashboard/patchsets/33610/
UNH-IOL DPDK Community Lab
To manage your email subscriptions, visit:
https://lab.dpdk.org/results/dashboard/preferences/subscriptions/
^ permalink raw reply [flat|nested] 19+ messages in thread
* |SUCCESS| pw155056 [PATCH] [v2] net/mlx5: fix out of order completio
[not found] <20250708104641.444172-1-viacheslavo@nvidia.com>
` (14 preceding siblings ...)
2025-07-08 14:02 ` dpdklab
@ 2025-07-08 15:31 ` dpdklab
2025-07-08 16:36 ` dpdklab
` (2 subsequent siblings)
18 siblings, 0 replies; 19+ messages in thread
From: dpdklab @ 2025-07-08 15:31 UTC (permalink / raw)
To: Test Report; +Cc: dpdk-test-reports
Test-Label: iol-unit-amd64-testing
Test-Status: SUCCESS
http://dpdk.org/patch/155056
_Testing PASS_
Submitter: Viacheslav Ovsiienko <viacheslavo@nvidia.com>
Date: Tuesday, July 08 2025 10:46:41
DPDK git baseline: Repo:dpdk
Branch: master
CommitID:e2888614268cbf0abcc7cd72ad97ff4e4901d0a5
155056 --> testing pass
Upstream job id: Generic-VM-Unit-Test-DPDK#29796
Test environment and result as below:
+-------------------------------+----------------+
| Environment | dpdk_unit_test |
+===============================+================+
| CentOS Stream 9 | PASS |
+-------------------------------+----------------+
| Fedora Linux 40 | PASS |
+-------------------------------+----------------+
| Debian GNU/Linux 12 | PASS |
+-------------------------------+----------------+
| Fedora Linux 41 | PASS |
+-------------------------------+----------------+
| CentOS Stream 10 | PASS |
+-------------------------------+----------------+
| Ubuntu 20.04 | PASS |
+-------------------------------+----------------+
| Red Hat Enterprise Linux 8.10 | PASS |
+-------------------------------+----------------+
| Red Hat Enterprise Linux 9.5 | PASS |
+-------------------------------+----------------+
| Ubuntu 22.04 | PASS |
+-------------------------------+----------------+
| Ubuntu 24.04 | PASS |
+-------------------------------+----------------+
| Windows Server 2022 | PASS |
+-------------------------------+----------------+
CentOS Stream 9
Kernel: 5.15
Compiler: gcc gcc (GCC) 11.5.0 20240719 (Red Hat 11.5.0-7)
Fedora Linux 40
Kernel: 5.15
Compiler: gcc gcc (GCC) 14.2.1 20240912 (Red Hat 14.2.1-3)
Debian GNU/Linux 12
Kernel: 5.15
Compiler: gcc gcc (Debian 12.2.0-14+deb12u1) 12.2.0
Fedora Linux 41
Kernel: 5.15
Compiler: gcc gcc (GCC) 14.3.1 20250523 (Red Hat 14.3.1-1)
CentOS Stream 10
Kernel: 5.15
Compiler: gcc gcc (GCC) 14.2.1 20250110 (Red Hat 14.2.1-8)
Ubuntu 20.04
Kernel: 5.15
Compiler: gcc gcc (Ubuntu 9.4.0-1ubuntu1~20.04.2) 9.4.0
Red Hat Enterprise Linux 8.10
Kernel: 5.15
Compiler: gcc gcc (GCC) 8.5.0 20210514 (Red Hat 8.5.0-22)
Red Hat Enterprise Linux 9.5
Kernel: 5.15
Compiler: gcc gcc (GCC) 11.5.0 20240719 (Red Hat 11.5.0-2)
Ubuntu 22.04
Kernel: 5.15
Compiler: gcc gcc (Ubuntu 11.4.0-1ubuntu1~22.04) 11.4.0
Ubuntu 24.04
Kernel: 5.15
Compiler: gcc gcc (Ubuntu 13.3.0-6ubuntu2~24.04) 13.3.0
Windows Server 2022
Kernel: 10.0.20348.2031
Compiler: clang 15.0.7, gcc 14.1.0 (MinGW), and MSVC VS 19.39.33521
To view detailed results, visit:
https://lab.dpdk.org/results/dashboard/patchsets/33610/
UNH-IOL DPDK Community Lab
To manage your email subscriptions, visit:
https://lab.dpdk.org/results/dashboard/preferences/subscriptions/
^ permalink raw reply [flat|nested] 19+ messages in thread
* |SUCCESS| pw155056 [PATCH] [v2] net/mlx5: fix out of order completio
[not found] <20250708104641.444172-1-viacheslavo@nvidia.com>
` (15 preceding siblings ...)
2025-07-08 15:31 ` dpdklab
@ 2025-07-08 16:36 ` dpdklab
2025-07-08 16:43 ` dpdklab
2025-07-08 19:42 ` dpdklab
18 siblings, 0 replies; 19+ messages in thread
From: dpdklab @ 2025-07-08 16:36 UTC (permalink / raw)
To: Test Report; +Cc: dpdk-test-reports
Test-Label: iol-unit-amd64-testing
Test-Status: SUCCESS
http://dpdk.org/patch/155056
_Testing PASS_
Submitter: Viacheslav Ovsiienko <viacheslavo@nvidia.com>
Date: Tuesday, July 08 2025 10:46:41
DPDK git baseline: Repo:dpdk
Branch: master
CommitID:e2888614268cbf0abcc7cd72ad97ff4e4901d0a5
155056 --> testing pass
Upstream job id: Generic-VM-Unit-Test-DPDK#29797
Test environment and result as below:
+-------------------------------+----------------+
| Environment | dpdk_unit_test |
+===============================+================+
| CentOS Stream 9 | PASS |
+-------------------------------+----------------+
| Fedora Linux 40 | PASS |
+-------------------------------+----------------+
| Debian GNU/Linux 12 | PASS |
+-------------------------------+----------------+
| Fedora Linux 41 | PASS |
+-------------------------------+----------------+
| CentOS Stream 10 | PASS |
+-------------------------------+----------------+
| Ubuntu 20.04 | PASS |
+-------------------------------+----------------+
| Red Hat Enterprise Linux 8.10 | PASS |
+-------------------------------+----------------+
| Red Hat Enterprise Linux 9.5 | PASS |
+-------------------------------+----------------+
| Ubuntu 22.04 | PASS |
+-------------------------------+----------------+
| Ubuntu 24.04 | PASS |
+-------------------------------+----------------+
| Windows Server 2022 | PASS |
+-------------------------------+----------------+
CentOS Stream 9
Kernel: 5.15
Compiler: gcc gcc (GCC) 11.5.0 20240719 (Red Hat 11.5.0-7)
Fedora Linux 40
Kernel: 5.15
Compiler: gcc gcc (GCC) 14.2.1 20240912 (Red Hat 14.2.1-3)
Debian GNU/Linux 12
Kernel: 5.15
Compiler: gcc gcc (Debian 12.2.0-14+deb12u1) 12.2.0
Fedora Linux 41
Kernel: 5.15
Compiler: gcc gcc (GCC) 14.3.1 20250523 (Red Hat 14.3.1-1)
CentOS Stream 10
Kernel: 5.15
Compiler: gcc gcc (GCC) 14.2.1 20250110 (Red Hat 14.2.1-8)
Ubuntu 20.04
Kernel: 5.15
Compiler: gcc gcc (Ubuntu 9.4.0-1ubuntu1~20.04.2) 9.4.0
Red Hat Enterprise Linux 8.10
Kernel: 5.15
Compiler: gcc gcc (GCC) 8.5.0 20210514 (Red Hat 8.5.0-22)
Red Hat Enterprise Linux 9.5
Kernel: 5.15
Compiler: gcc gcc (GCC) 11.5.0 20240719 (Red Hat 11.5.0-2)
Ubuntu 22.04
Kernel: 5.15
Compiler: gcc gcc (Ubuntu 11.4.0-1ubuntu1~22.04) 11.4.0
Ubuntu 24.04
Kernel: 5.15
Compiler: gcc gcc (Ubuntu 13.3.0-6ubuntu2~24.04) 13.3.0
Windows Server 2022
Kernel: 10.0.20348.2031
Compiler: clang 15.0.7, gcc 14.1.0 (MinGW), and MSVC VS 19.39.33521
To view detailed results, visit:
https://lab.dpdk.org/results/dashboard/patchsets/33610/
UNH-IOL DPDK Community Lab
To manage your email subscriptions, visit:
https://lab.dpdk.org/results/dashboard/preferences/subscriptions/
^ permalink raw reply [flat|nested] 19+ messages in thread
* |SUCCESS| pw155056 [PATCH] [v2] net/mlx5: fix out of order completio
[not found] <20250708104641.444172-1-viacheslavo@nvidia.com>
` (16 preceding siblings ...)
2025-07-08 16:36 ` dpdklab
@ 2025-07-08 16:43 ` dpdklab
2025-07-08 19:42 ` dpdklab
18 siblings, 0 replies; 19+ messages in thread
From: dpdklab @ 2025-07-08 16:43 UTC (permalink / raw)
To: Test Report; +Cc: dpdk-test-reports
Test-Label: iol-abi-testing
Test-Status: SUCCESS
http://dpdk.org/patch/155056
_Testing PASS_
Submitter: Viacheslav Ovsiienko <viacheslavo@nvidia.com>
Date: Tuesday, July 08 2025 10:46:41
DPDK git baseline: Repo:dpdk
Branch: master
CommitID:e2888614268cbf0abcc7cd72ad97ff4e4901d0a5
155056 --> testing pass
Upstream job id: Generic-DPDK-Compile-ABI#133528
Test environment and result as below:
+-------------------------------+----------+
| Environment | abi_test |
+===============================+==========+
| CentOS Stream 9 | PASS |
+-------------------------------+----------+
| Debian GNU/Linux 12 | PASS |
+-------------------------------+----------+
| CentOS Stream 10 | PASS |
+-------------------------------+----------+
| Fedora Linux 40 | PASS |
+-------------------------------+----------+
| Fedora Linux 41 | PASS |
+-------------------------------+----------+
| openSUSE Leap 15.6 | PASS |
+-------------------------------+----------+
| Ubuntu 22.04 | PASS |
+-------------------------------+----------+
| Red Hat Enterprise Linux 9.5 | PASS |
+-------------------------------+----------+
| Red Hat Enterprise Linux 8.10 | PASS |
+-------------------------------+----------+
| Ubuntu 24.04 | PASS |
+-------------------------------+----------+
CentOS Stream 9
Kernel: 5.15
Compiler: gcc gcc (GCC) 11.5.0 20240719 (Red Hat 11.5.0-7)
Debian GNU/Linux 12
Kernel: 5.15
Compiler: gcc gcc (Debian 12.2.0-14+deb12u1) 12.2.0
CentOS Stream 10
Kernel: 5.15
Compiler: gcc gcc (GCC) 14.2.1 20250110 (Red Hat 14.2.1-8)
Fedora Linux 40
Kernel: 5.15
Compiler: clang gcc (GCC) 14.2.1 20240912 (Red Hat 14.2.1-3)
Fedora Linux 41
Kernel: 5.15
Compiler: gcc gcc (GCC) 14.3.1 20250523 (Red Hat 14.3.1-1)
openSUSE Leap 15.6
Kernel: 5.15
Compiler: gcc gcc (SUSE Linux) 7.5.0
Ubuntu 22.04
Kernel: 5.15
Compiler: gcc gcc (Ubuntu 11.4.0-1ubuntu1~22.04) 11.4.0
Red Hat Enterprise Linux 9.5
Kernel: 5.15
Compiler: gcc gcc (GCC) 11.5.0 20240719 (Red Hat 11.5.0-2)
Red Hat Enterprise Linux 8.10
Kernel: 5.15
Compiler: gcc gcc (GCC) 8.5.0 20210514 (Red Hat 8.5.0-22)
Ubuntu 24.04
Kernel: 5.15
Compiler: gcc gcc (Ubuntu 13.3.0-6ubuntu2~24.04) 13.3.0
To view detailed results, visit:
https://lab.dpdk.org/results/dashboard/patchsets/33610/
UNH-IOL DPDK Community Lab
To manage your email subscriptions, visit:
https://lab.dpdk.org/results/dashboard/preferences/subscriptions/
^ permalink raw reply [flat|nested] 19+ messages in thread
* |SUCCESS| pw155056 [PATCH] [v2] net/mlx5: fix out of order completio
[not found] <20250708104641.444172-1-viacheslavo@nvidia.com>
` (17 preceding siblings ...)
2025-07-08 16:43 ` dpdklab
@ 2025-07-08 19:42 ` dpdklab
18 siblings, 0 replies; 19+ messages in thread
From: dpdklab @ 2025-07-08 19:42 UTC (permalink / raw)
To: Test Report; +Cc: dpdk-test-reports
Test-Label: iol-sample-apps-testing
Test-Status: SUCCESS
http://dpdk.org/patch/155056
_Testing PASS_
Submitter: Viacheslav Ovsiienko <viacheslavo@nvidia.com>
Date: Tuesday, July 08 2025 10:46:41
DPDK git baseline: Repo:dpdk
Branch: master
CommitID:e2888614268cbf0abcc7cd72ad97ff4e4901d0a5
155056 --> testing pass
Upstream job id: ACVP-FIPS-testing#10430
Test environment and result as below:
+--------------+----------------------+
| Environment | dpdk_fips_validation |
+==============+======================+
| Ubuntu 20.04 | PASS |
+--------------+----------------------+
Ubuntu 20.04
Kernel: 5.15
Compiler: gcc gcc (Ubuntu 9.4.0-1ubuntu1~20.04.2) 9.4.0
To view detailed results, visit:
https://lab.dpdk.org/results/dashboard/patchsets/33610/
UNH-IOL DPDK Community Lab
To manage your email subscriptions, visit:
https://lab.dpdk.org/results/dashboard/preferences/subscriptions/
^ permalink raw reply [flat|nested] 19+ messages in thread