From: dpdklab@iol.unh.edu
To: Test Report <test-report@dpdk.org>
Cc: dpdk-test-reports@iol.unh.edu
Subject: |PENDING| pw155077 [PATCH] net/virtio: revert Tx free threshold fix
Date: Tue, 08 Jul 2025 11:17:38 -0700 (PDT) [thread overview]
Message-ID: <686d60c2.050a0220.1f55f.8d62SMTPIN_ADDED_MISSING@mx.google.com> (raw)
In-Reply-To: <20250708142305.3636707-1-david.marchand@redhat.com>
Test-Label: iol-compile-arm64-testing
Test-Status: PENDING
http://dpdk.org/patch/155077
_Testing pending_
Submitter: David Marchand <david.marchand@redhat.com>
Date: Tuesday, July 08 2025 14:23:04
DPDK git baseline: Repo:dpdk
Branch: master
CommitID:64267ffa9474c6becddcc07fc2e603adb621b44d
155077 --> testing pending
Upstream job id: Generic-DPDK-Compile-Meson#406678
Test environment and result as below:
+------------------------------+--------------------+
| Environment | dpdk_meson_compile |
+==============================+====================+
| Red Hat Enterprise Linux 9.5 | PEND |
+------------------------------+--------------------+
| Ubuntu 20.04 | PEND |
+------------------------------+--------------------+
| Debian GNU/Linux 12 | PEND |
+------------------------------+--------------------+
| Fedora Linux 40 | PEND |
+------------------------------+--------------------+
| Fedora Linux 41 | PEND |
+------------------------------+--------------------+
| Ubuntu 24.04 | PEND |
+------------------------------+--------------------+
| Ubuntu 22.04 | PEND |
+------------------------------+--------------------+
| CentOS Stream 9 | PEND |
+------------------------------+--------------------+
| CentOS Stream 10 | PEND |
+------------------------------+--------------------+
Red Hat Enterprise Linux 9.5
Kernel: 5.4
Compiler: gcc gcc (GCC) 11.5.0 20240719 (Red Hat 11.5.0-2)
Ubuntu 20.04
Kernel: 5.15
Compiler: aarch64-linux-gnu-gcc gcc (Ubuntu 9.4.0-1ubuntu1~20.04.2) 9.4.0
Debian GNU/Linux 12
Kernel: 5.4
Compiler: gcc gcc (Debian 12.2.0-14+deb12u1) 12.2.0
Fedora Linux 40
Kernel: 5.4
Compiler: gcc gcc (GCC) 14.2.1 20240912 (Red Hat 14.2.1-3)
Fedora Linux 41
Kernel: 5.4
Compiler: gcc gcc (GCC) 14.3.1 20250523 (Red Hat 14.3.1-1)
Ubuntu 24.04
Kernel: 5.4
Compiler: gcc gcc (Ubuntu 13.3.0-6ubuntu2~24.04) 13.3.0
Ubuntu 22.04
Kernel: 5.4
Compiler: gcc gcc (Ubuntu 11.4.0-1ubuntu1~22.04) 11.4.0
CentOS Stream 9
Kernel: 5.4
Compiler: gcc gcc (GCC) 11.5.0 20240719 (Red Hat 11.5.0-7)
CentOS Stream 10
Kernel: 5.4
Compiler: gcc gcc (GCC) 14.2.1 20250110 (Red Hat 14.2.1-8)
To view detailed results, visit:
https://lab.dpdk.org/results/dashboard/patchsets/33614/
UNH-IOL DPDK Community Lab
To manage your email subscriptions, visit:
https://lab.dpdk.org/results/dashboard/preferences/subscriptions/
next prev parent reply other threads:[~2025-07-08 18:17 UTC|newest]
Thread overview: 18+ messages / expand[flat|nested] mbox.gz Atom feed top
[not found] <20250708142305.3636707-1-david.marchand@redhat.com>
2025-07-08 13:57 ` |SUCCESS| " qemudev
2025-07-08 14:01 ` qemudev
2025-07-08 14:23 ` checkpatch
2025-07-08 15:42 ` 0-day Robot
2025-07-08 17:19 ` dpdklab
2025-07-08 17:23 ` dpdklab
2025-07-08 17:33 ` dpdklab
2025-07-08 17:43 ` |PENDING| " dpdklab
2025-07-08 18:00 ` dpdklab
2025-07-08 18:01 ` dpdklab
2025-07-08 18:17 ` dpdklab [this message]
2025-07-08 19:05 ` |FAILURE| " dpdklab
2025-07-08 19:11 ` |SUCCESS| " dpdklab
2025-07-08 19:23 ` |FAILURE| " dpdklab
2025-07-08 19:30 ` dpdklab
2025-07-08 19:57 ` |PENDING| " dpdklab
2025-07-08 20:53 ` |SUCCESS| " dpdklab
2025-07-08 20:58 ` |FAILURE| " dpdklab
Reply instructions:
You may reply publicly to this message via plain-text email
using any one of the following methods:
* Save the following mbox file, import it into your mail client,
and reply-to-all from there: mbox
Avoid top-posting and favor interleaved quoting:
https://en.wikipedia.org/wiki/Posting_style#Interleaved_style
* Reply using the --to, --cc, and --in-reply-to
switches of git-send-email(1):
git send-email \
--in-reply-to=686d60c2.050a0220.1f55f.8d62SMTPIN_ADDED_MISSING@mx.google.com \
--to=dpdklab@iol.unh.edu \
--cc=dpdk-test-reports@iol.unh.edu \
--cc=test-report@dpdk.org \
/path/to/YOUR_REPLY
https://kernel.org/pub/software/scm/git/docs/git-send-email.html
* If your mail client supports setting the In-Reply-To header
via mailto: links, try the mailto: link
Be sure your reply has a Subject: header at the top and a blank line
before the message body.
This is a public inbox, see mirroring instructions
for how to clone and mirror all data and code used for this inbox;
as well as URLs for NNTP newsgroup(s).