From: dpdklab@iol.unh.edu
To: Test Report <test-report@dpdk.org>
Cc: dpdk-test-reports@iol.unh.edu,
Bruce Richardson <bruce.richardson@intel.com>
Subject: |FAILURE| pw154968 [PATCH] build/x86: fix support for older compiler
Date: Tue, 08 Jul 2025 11:55:23 -0700 (PDT) [thread overview]
Message-ID: <686d699b.170a0220.36221e.f160SMTPIN_ADDED_MISSING@mx.google.com> (raw)
In-Reply-To: <20250702155129.3440210-1-bruce.richardson@intel.com>
Test-Label: iol-compile-amd64-testing
Test-Status: FAILURE
http://dpdk.org/patch/154968
_Testing issues_
Submitter: Bruce Richardson <bruce.richardson@intel.com>
Date: Wednesday, July 02 2025 15:51:29
DPDK git baseline: Repo:dpdk
Branch: master
CommitID:5d47e73e5f4f2eb69bd73f642cfd72b49436bf96
154968 --> testing issues
Upstream job id: Windows-Compile-DPDK-VS#6299
Test environment and result as below:
+---------------------+--------------------+-------------------+
| Environment | dpdk_meson_compile | dpdk_msvc_compile |
+=====================+====================+===================+
| FreeBSD 14.2 | FAIL | SKIPPED |
+---------------------+--------------------+-------------------+
| Ubuntu 20.04 | FAIL | SKIPPED |
+---------------------+--------------------+-------------------+
| Windows Server 2022 | SKIPPED | PASS |
+---------------------+--------------------+-------------------+
==== 20 line log output for Ubuntu 20.04 (dpdk_meson_compile): ====
Compiler for C supports arguments -Wsign-compare: YES
Compiler for C supports arguments -Wstrict-prototypes: YES
Compiler for C supports arguments -Wundef: YES
Compiler for C supports arguments -Wwrite-strings: YES
Compiler for C supports arguments -Wno-packed-not-aligned: YES
Compiler for C supports arguments -Wno-missing-field-initializers: YES
Compiler for C supports arguments -fzero-init-padding-bits=all: NO
Fetching value of define "__AVX2__" : 1
Fetching value of define "__znver1__" :
Fetching value of define "__znver2__" :
Fetching value of define "__znver3__" :
Fetching value of define "__znver4__" :
Fetching value of define "__znver5__" :
Program objdump found: YES (/usr/bin/objdump)
Compiler for C supports arguments -march=x86-64-v4: NO
Fetching value of define "__AVX512F__" : 1
config/x86/meson.build:81:6: ERROR: List item must be one of <class 'str'>, not <class 'list'>
A full log can be found at /home-local/jenkins-local/workspace/Generic-VM-DPDK-Compile-Meson/dpdk/build/meson-logs/meson-log.txt
==== End log output ====
FreeBSD 14.2
Kernel: 14.2-RELEASE
Compiler: clang 18.1.6
Ubuntu 20.04
Kernel: 4.19
Compiler: gcc gcc (Ubuntu 9.4.0-1ubuntu1~20.04.2) 9.4.0
Windows Server 2022
Kernel: 10.0.20348.2031
Compiler: clang 15.0.7, gcc 14.1.0 (MinGW), and MSVC VS 19.39.33521
To view detailed results, visit:
https://lab.dpdk.org/results/dashboard/patchsets/33569/
UNH-IOL DPDK Community Lab
To manage your email subscriptions, visit:
https://lab.dpdk.org/results/dashboard/preferences/subscriptions/
next prev parent reply other threads:[~2025-07-08 18:55 UTC|newest]
Thread overview: 29+ messages / expand[flat|nested] mbox.gz Atom feed top
[not found] <20250702155129.3440210-1-bruce.richardson@intel.com>
2025-07-02 15:17 ` |SUCCESS| pw154968 [PATCH] build/x86: fix support for older compilers qemudev
2025-07-02 15:21 ` qemudev
2025-07-02 15:50 ` checkpatch
2025-07-08 18:34 ` |SUCCESS| pw154968 [PATCH] build/x86: fix support for older compiler dpdklab
2025-07-08 18:37 ` |FAILURE| " dpdklab
2025-07-08 18:40 ` |SUCCESS| " dpdklab
2025-07-08 18:42 ` dpdklab
2025-07-08 18:55 ` dpdklab [this message]
2025-07-08 19:21 ` |PENDING| " dpdklab
2025-07-08 19:22 ` |SUCCESS| " dpdklab
2025-07-08 19:22 ` |FAILURE| " dpdklab
2025-07-08 19:26 ` dpdklab
2025-07-08 20:01 ` |WARNING| " dpdklab
2025-07-08 20:01 ` dpdklab
2025-07-08 20:02 ` dpdklab
2025-07-08 20:02 ` dpdklab
2025-07-08 20:09 ` |FAILURE| " dpdklab
2025-07-08 20:10 ` dpdklab
2025-07-08 20:11 ` dpdklab
2025-07-08 20:11 ` dpdklab
2025-07-08 20:13 ` dpdklab
2025-07-08 20:14 ` dpdklab
2025-07-08 20:15 ` dpdklab
2025-07-08 20:15 ` dpdklab
2025-07-08 21:12 ` |PENDING| " dpdklab
2025-07-08 21:43 ` |SUCCESS| " dpdklab
2025-07-08 21:58 ` |WARNING| " dpdklab
2025-07-08 22:49 ` |FAILURE| " dpdklab
2025-07-09 1:52 ` |SUCCESS| " dpdklab
Reply instructions:
You may reply publicly to this message via plain-text email
using any one of the following methods:
* Save the following mbox file, import it into your mail client,
and reply-to-all from there: mbox
Avoid top-posting and favor interleaved quoting:
https://en.wikipedia.org/wiki/Posting_style#Interleaved_style
* Reply using the --to, --cc, and --in-reply-to
switches of git-send-email(1):
git send-email \
--in-reply-to=686d699b.170a0220.36221e.f160SMTPIN_ADDED_MISSING@mx.google.com \
--to=dpdklab@iol.unh.edu \
--cc=bruce.richardson@intel.com \
--cc=dpdk-test-reports@iol.unh.edu \
--cc=test-report@dpdk.org \
/path/to/YOUR_REPLY
https://kernel.org/pub/software/scm/git/docs/git-send-email.html
* If your mail client supports setting the In-Reply-To header
via mailto: links, try the mailto: link
Be sure your reply has a Subject: header at the top and a blank line
before the message body.
This is a public inbox, see mirroring instructions
for how to clone and mirror all data and code used for this inbox;
as well as URLs for NNTP newsgroup(s).