From mboxrd@z Thu Jan 1 00:00:00 1970 Return-Path: Received: from mails.dpdk.org (mails.dpdk.org [217.70.189.124]) by inbox.dpdk.org (Postfix) with ESMTP id 1B43B46B2C for ; Tue, 8 Jul 2025 20:55:26 +0200 (CEST) Received: from mails.dpdk.org (localhost [127.0.0.1]) by mails.dpdk.org (Postfix) with ESMTP id E83F140292; Tue, 8 Jul 2025 20:55:25 +0200 (CEST) Received: from mail-pl1-f225.google.com (mail-pl1-f225.google.com [209.85.214.225]) by mails.dpdk.org (Postfix) with ESMTP id B123440292 for ; Tue, 8 Jul 2025 20:55:24 +0200 (CEST) Received: by mail-pl1-f225.google.com with SMTP id d9443c01a7336-23636167b30so48205655ad.1 for ; Tue, 08 Jul 2025 11:55:24 -0700 (PDT) DKIM-Signature: v=1; a=rsa-sha256; c=relaxed/relaxed; d=iol.unh.edu; s=unh-iol; t=1752000924; x=1752605724; darn=dpdk.org; h=references:in-reply-to:cc:to:from:subject:message-id:date:from:to :cc:subject:date:message-id:reply-to; bh=3iXckZ0nvSAtJfHdWjdKXYoEdDX7sN+JL9IcPkSPyBk=; b=XCjIAGuZK+V0pkyIEGYah0huPmydtKTOTRwoBe6W0FELgxmOB/uJlh11yRKzS4fR+i EuKmJ5q06mD5KIsHq5JYEpWoYYDzWu1hGCaKQy++qlKFSiwB2Nq1LNM46zsOK8SUAo7I siidksharb/iaDZY1QAZIG3fEi5Zbn8L93/uw= X-Google-DKIM-Signature: v=1; a=rsa-sha256; c=relaxed/relaxed; d=1e100.net; s=20230601; t=1752000924; x=1752605724; h=references:in-reply-to:cc:to:from:subject:message-id:date :x-gm-message-state:from:to:cc:subject:date:message-id:reply-to; bh=3iXckZ0nvSAtJfHdWjdKXYoEdDX7sN+JL9IcPkSPyBk=; b=ne4547NMDxCmJ8sCxJY4fPlQ78m8hwM+9/HQwSpWaS76LM4eeXPWaBjmH4giVz3ziz Uas+bxcb599WuYeYkFV4PnOP7nawZYAnCSayRhOJcYp4CJVinwVAzko7WY/nPgR3RotE xsvx7DZDjYdL9AERv35OALOCPfQY3yyTLYphWOo4zsQQ6f9zoNZ/ZN/XKznHlT6yBE3T nk1T7fEXN1ZkN1wijkSDTv7/7eZrr6qcudPmYRsmYgH2TLOAKx/4iB90MZzmJP7Du/3m Skyu2UMxrSXKMLS6mr2ZuL4yUprL6SertTqreCrvOvQpmnFWO/jBdOklcI9x6b2CqYGu SjoQ== X-Gm-Message-State: AOJu0Yyn+qdY8qEcYw/fmkZpFY8pWIfzjZSP4a+EhELNJ3lusrInhhHf T3JHG/faNcCLWhBw4USaSRG4h+imQpD8q9313K31VdihbOJQzkoTqcXXgaFdMmdrV/Wb1gVXe/k 9qu29se92hhztGARlOG50wI5I6eIcKjjeXLA1mgspbpGNRf8MDJwg8AD6l5Yn X-Gm-Gg: ASbGncvvG0tPt49IBdKCYEciAOO/rx47TUsNsC6BWHj+ZBdeKiNYMfCQ3rq9gMXawCh Wull72d/UIChmDYJrBmbxjfQjrwjVWtuBHQ67hn0BTtlJ9NHXW2M/HgNuCNJpPW5YIEjlZ8SdDW UCVu4O5mOYu6iWPI/gprzKVDx+r1awHdpNIYBglmg1i+m4n+8sEUz7GGRY+Zq5xFuMfpgxROXqj dLRUa6gZO7CzPgBw0rPQHQKaozC0h7Q5wWNouai3IJOxRfc8DXW3QaVRMspw+opn5ZuZWjwh7Nd 0QtzaNwfmgjH1eHeOjmZvAzzdAjZHMTI3nJQ7z5Cxm7Pugg= X-Google-Smtp-Source: AGHT+IEA5UY40B6931B/hufLUFJpb7Ba9Mxq2T5plnlsm6gkHd91swxW+p5dNykFC3T7NMALC0wsWfdzeGwD X-Received: by 2002:a17:903:1b43:b0:237:f7f8:7453 with SMTP id d9443c01a7336-23dda5582a2mr2386405ad.51.1752000923787; Tue, 08 Jul 2025 11:55:23 -0700 (PDT) Received: from postal.iol.unh.edu (postal.iol.unh.edu. [2606:4100:3880:1234::84]) by smtp-relay.gmail.com with ESMTPS id d9443c01a7336-23c845199d6sm5801745ad.128.2025.07.08.11.55.23 (version=TLS1_2 cipher=ECDHE-ECDSA-AES128-GCM-SHA256 bits=128/128); Tue, 08 Jul 2025 11:55:23 -0700 (PDT) X-Relaying-Domain: iol.unh.edu Date: Tue, 08 Jul 2025 11:55:23 -0700 (PDT) Message-ID: <686d699b.170a0220.36221e.f160SMTPIN_ADDED_MISSING@mx.google.com> Received: from [172.21.0.5] (unknown [172.18.0.240]) by postal.iol.unh.edu (Postfix) with ESMTP id 0760C604D420; Tue, 8 Jul 2025 14:55:23 -0400 (EDT) Subject: |FAILURE| pw154968 [PATCH] build/x86: fix support for older compiler From: dpdklab@iol.unh.edu To: Test Report Cc: dpdk-test-reports@iol.unh.edu, Bruce Richardson In-Reply-To: <20250702155129.3440210-1-bruce.richardson@intel.com> References: <20250702155129.3440210-1-bruce.richardson@intel.com> Content-Type: text/plain X-BeenThere: test-report@dpdk.org X-Mailman-Version: 2.1.29 Precedence: list List-Id: automatic DPDK test reports List-Unsubscribe: , List-Archive: List-Post: List-Help: List-Subscribe: , Errors-To: test-report-bounces@dpdk.org Test-Label: iol-compile-amd64-testing Test-Status: FAILURE http://dpdk.org/patch/154968 _Testing issues_ Submitter: Bruce Richardson Date: Wednesday, July 02 2025 15:51:29 DPDK git baseline: Repo:dpdk Branch: master CommitID:5d47e73e5f4f2eb69bd73f642cfd72b49436bf96 154968 --> testing issues Upstream job id: Windows-Compile-DPDK-VS#6299 Test environment and result as below: +---------------------+--------------------+-------------------+ | Environment | dpdk_meson_compile | dpdk_msvc_compile | +=====================+====================+===================+ | FreeBSD 14.2 | FAIL | SKIPPED | +---------------------+--------------------+-------------------+ | Ubuntu 20.04 | FAIL | SKIPPED | +---------------------+--------------------+-------------------+ | Windows Server 2022 | SKIPPED | PASS | +---------------------+--------------------+-------------------+ ==== 20 line log output for Ubuntu 20.04 (dpdk_meson_compile): ==== Compiler for C supports arguments -Wsign-compare: YES Compiler for C supports arguments -Wstrict-prototypes: YES Compiler for C supports arguments -Wundef: YES Compiler for C supports arguments -Wwrite-strings: YES Compiler for C supports arguments -Wno-packed-not-aligned: YES Compiler for C supports arguments -Wno-missing-field-initializers: YES Compiler for C supports arguments -fzero-init-padding-bits=all: NO Fetching value of define "__AVX2__" : 1 Fetching value of define "__znver1__" : Fetching value of define "__znver2__" : Fetching value of define "__znver3__" : Fetching value of define "__znver4__" : Fetching value of define "__znver5__" : Program objdump found: YES (/usr/bin/objdump) Compiler for C supports arguments -march=x86-64-v4: NO Fetching value of define "__AVX512F__" : 1 config/x86/meson.build:81:6: ERROR: List item must be one of , not A full log can be found at /home-local/jenkins-local/workspace/Generic-VM-DPDK-Compile-Meson/dpdk/build/meson-logs/meson-log.txt ==== End log output ==== FreeBSD 14.2 Kernel: 14.2-RELEASE Compiler: clang 18.1.6 Ubuntu 20.04 Kernel: 4.19 Compiler: gcc gcc (Ubuntu 9.4.0-1ubuntu1~20.04.2) 9.4.0 Windows Server 2022 Kernel: 10.0.20348.2031 Compiler: clang 15.0.7, gcc 14.1.0 (MinGW), and MSVC VS 19.39.33521 To view detailed results, visit: https://lab.dpdk.org/results/dashboard/patchsets/33569/ UNH-IOL DPDK Community Lab To manage your email subscriptions, visit: https://lab.dpdk.org/results/dashboard/preferences/subscriptions/