From mboxrd@z Thu Jan 1 00:00:00 1970 Return-Path: Received: from mails.dpdk.org (mails.dpdk.org [217.70.189.124]) by inbox.dpdk.org (Postfix) with ESMTP id D04B046B2C for ; Tue, 8 Jul 2025 21:05:49 +0200 (CEST) Received: from mails.dpdk.org (localhost [127.0.0.1]) by mails.dpdk.org (Postfix) with ESMTP id C985E40292; Tue, 8 Jul 2025 21:05:49 +0200 (CEST) Received: from mail-pl1-f228.google.com (mail-pl1-f228.google.com [209.85.214.228]) by mails.dpdk.org (Postfix) with ESMTP id 9DF0640292 for ; Tue, 8 Jul 2025 21:05:48 +0200 (CEST) Received: by mail-pl1-f228.google.com with SMTP id d9443c01a7336-235a3dd4f0dso30266805ad.0 for ; Tue, 08 Jul 2025 12:05:48 -0700 (PDT) DKIM-Signature: v=1; a=rsa-sha256; c=relaxed/relaxed; d=iol.unh.edu; s=unh-iol; t=1752001548; x=1752606348; darn=dpdk.org; h=references:in-reply-to:cc:to:from:subject:message-id:date:from:to :cc:subject:date:message-id:reply-to; bh=suIZYAwVYL0eMfyB83Dr6x5/R6AP01OrNnflhoyGFhA=; b=OGTHGy4nIfpWsF+KjEGhwgMNqFHmpXA5TXdDehzWO/QMIEo31IQVnRRIzfoo22UBtP RD/2FNUdalZIhAvsWzbWw3brMXFfLNo3E+0ey4N5V3qoG4z20W7cZpZom+rR88RkmuDS zsYKXBubmxy7vbIfuqoM++owqQlxxPvTT66Jg= X-Google-DKIM-Signature: v=1; a=rsa-sha256; c=relaxed/relaxed; d=1e100.net; s=20230601; t=1752001548; x=1752606348; h=references:in-reply-to:cc:to:from:subject:message-id:date :x-gm-message-state:from:to:cc:subject:date:message-id:reply-to; bh=suIZYAwVYL0eMfyB83Dr6x5/R6AP01OrNnflhoyGFhA=; b=HsTwX28FHplxDE26sthMLVv+I/l99N9Hflf3X+62Fk+zjoYRrG0GpVdIwomv6bTwpE ATvwSuuO7/JWSwsELVF/X6Mn8om8xnKwpaCG9l+8xk5jWvzULeeTA1mUKzcPeJei4hg/ ax+a4KiGXM/8a6PvyXDUjlpRXs9J8pKlyq9/n2YKOl3PGvKo0GN/alFF7c2DjwyF00w2 7NLxnvBN9M7RcE2m6TDLWQFdtGFprAeZe1C3cXuq9hI01Q3yFx+3U8X/fkTEuHQA3N8V +V32M+SEbLqasiwYwaX5Rk6+knDGzIMdVex8CAueEVD3TLGfW0nBNacGtM80A1/b9lGz orow== X-Gm-Message-State: AOJu0Yz4rsqxo7vrSMZiH7Dwblz6B2WZK8Ge6AZB90LjmFH5KbP2SRUh YC7bgJ8o2vHInF32d6dZ7mWX2FRWFRpQFTl9gdHK4UEiZoP16kWgOsi9ysJtmNIfVkg7EEOx/aD U4Gf58+vd74c2RxYq4V79Tn/2Acs7GrFZtb9pZtzcYn6j X-Gm-Gg: ASbGncumAEJFNMIfFW/VNJYAQFsXQRQtY/8oyUnOZl0bXLOjreZIz3duI4JCKlF6mXg KwR0Q4ynKk1dA3GAbD8X4XMTAKRRAK7DDZ74tB+U9HeaAlp6hSuVdVCqtSgUA9OuLVxiSBUK57l urhEo3VciN5yGtrHiLcXvymZrQNB/3D/fOoRE/RH1TQHfVaCsYcSRptQVpMte7oTdZpCKe22jmX wqbh89M+EF7fEcY0dM1/qKRy0m0O10KnOi5w/2BH6k/Qxq93onbXW5O22T7HaCJqrMaCEBSeb1l pq4UNG5ROAduPmreBK29Xx+K/e6uC6M0ZRD/ZoSH7pN9eH/8UxBURAXGYnfOOUcYpv0hMA== X-Google-Smtp-Source: AGHT+IGHp0asfeqtUg8ZR66W9G+VOAKT4k4U752V49MTU9AK8mDKUe3L6KcGzbz/XjPUIanw8EA1KjszSjmT X-Received: by 2002:a17:902:fc87:b0:235:779:ede0 with SMTP id d9443c01a7336-23dd98cca97mr8107365ad.35.1752001547737; Tue, 08 Jul 2025 12:05:47 -0700 (PDT) Received: from postal.iol.unh.edu (postal.iol.unh.edu. [132.177.123.84]) by smtp-relay.gmail.com with ESMTPS id d9443c01a7336-23c842b5494sm5700735ad.13.2025.07.08.12.05.47 (version=TLS1_2 cipher=ECDHE-ECDSA-AES128-GCM-SHA256 bits=128/128); Tue, 08 Jul 2025 12:05:47 -0700 (PDT) X-Relaying-Domain: iol.unh.edu Date: Tue, 08 Jul 2025 12:05:47 -0700 (PDT) Message-ID: <686d6c0b.170a0220.16fa49.eae1SMTPIN_ADDED_MISSING@mx.google.com> Received: from [172.21.0.5] (unknown [172.18.0.240]) by postal.iol.unh.edu (Postfix) with ESMTP id 35C25604D420; Tue, 8 Jul 2025 15:05:47 -0400 (EDT) Subject: |FAILURE| pw155077 [PATCH] net/virtio: revert Tx free threshold fix From: dpdklab@iol.unh.edu To: Test Report Cc: dpdk-test-reports@iol.unh.edu, David Marchand In-Reply-To: <20250708142305.3636707-1-david.marchand@redhat.com> References: <20250708142305.3636707-1-david.marchand@redhat.com> Content-Type: text/plain X-BeenThere: test-report@dpdk.org X-Mailman-Version: 2.1.29 Precedence: list List-Id: automatic DPDK test reports List-Unsubscribe: , List-Archive: List-Post: List-Help: List-Subscribe: , Errors-To: test-report-bounces@dpdk.org Test-Label: iol-compile-amd64-testing Test-Status: FAILURE http://dpdk.org/patch/155077 _Testing issues_ Submitter: David Marchand Date: Tuesday, July 08 2025 14:23:04 DPDK git baseline: Repo:dpdk Branch: master CommitID:64267ffa9474c6becddcc07fc2e603adb621b44d 155077 --> testing issues Upstream job id: Windows-Compile-DPDK-Native#29652 Test environment and result as below: +-------------------------------+--------------------+-------------------+------------------+-------------------+-------------------------+ | Environment | dpdk_meson_compile | dpdk_compile_spdk | dpdk_compile_ovs | dpdk_msvc_compile | dpdk_llvm_clang_compile | +===============================+====================+===================+==================+===================+=========================+ | CentOS Stream 9 | PEND | PEND | SKIPPED | SKIPPED | SKIPPED | +-------------------------------+--------------------+-------------------+------------------+-------------------+-------------------------+ | Debian GNU/Linux 12 | PEND | PEND | SKIPPED | SKIPPED | SKIPPED | +-------------------------------+--------------------+-------------------+------------------+-------------------+-------------------------+ | CentOS Stream 10 | PEND | SKIPPED | SKIPPED | SKIPPED | SKIPPED | +-------------------------------+--------------------+-------------------+------------------+-------------------+-------------------------+ | Fedora Linux 40 | PEND | PEND | SKIPPED | SKIPPED | SKIPPED | +-------------------------------+--------------------+-------------------+------------------+-------------------+-------------------------+ | Fedora Linux 41 | PEND | PEND | PEND | SKIPPED | SKIPPED | +-------------------------------+--------------------+-------------------+------------------+-------------------+-------------------------+ | openSUSE Leap 15.6 | PEND | SKIPPED | SKIPPED | SKIPPED | SKIPPED | +-------------------------------+--------------------+-------------------+------------------+-------------------+-------------------------+ | Red Hat Enterprise Linux 8.10 | PEND | SKIPPED | SKIPPED | SKIPPED | SKIPPED | +-------------------------------+--------------------+-------------------+------------------+-------------------+-------------------------+ | Ubuntu 20.04 | PASS | SKIPPED | SKIPPED | SKIPPED | SKIPPED | +-------------------------------+--------------------+-------------------+------------------+-------------------+-------------------------+ | Red Hat Enterprise Linux 9.5 | PEND | SKIPPED | SKIPPED | SKIPPED | SKIPPED | +-------------------------------+--------------------+-------------------+------------------+-------------------+-------------------------+ | Ubuntu 24.04 | PEND | PEND | PEND | SKIPPED | SKIPPED | +-------------------------------+--------------------+-------------------+------------------+-------------------+-------------------------+ | FreeBSD 14.2 | PASS | SKIPPED | SKIPPED | SKIPPED | SKIPPED | +-------------------------------+--------------------+-------------------+------------------+-------------------+-------------------------+ | Ubuntu 22.04 | PEND | PEND | SKIPPED | SKIPPED | SKIPPED | +-------------------------------+--------------------+-------------------+------------------+-------------------+-------------------------+ | Alpine Linux 3.22.0 | PEND | SKIPPED | SKIPPED | SKIPPED | SKIPPED | +-------------------------------+--------------------+-------------------+------------------+-------------------+-------------------------+ | Windows Server 2022 | SKIPPED | SKIPPED | SKIPPED | PASS | FAIL | +-------------------------------+--------------------+-------------------+------------------+-------------------+-------------------------+ ==== 20 line log output for Windows Server 2022 (dpdk_llvm_clang_compile): ==== Message: Disabling table [lib/table]: missing internal dependency "port" Compiler for C supports arguments -Wno-format-truncation: NO (cached) Compiler for C supports arguments -Wno-address-of-packed-member: YES (cached) Compiler for C supports arguments -Wno-cast-qual: YES Compiler for C supports arguments -Wno-pointer-arith: YES Message: drivers/bus/auxiliary: Defining dependency "bus_auxiliary" Compiler for C supports arguments -Wno-cast-qual: YES (cached) Compiler for C supports arguments -Wno-pointer-arith: YES (cached) Message: drivers/bus/pci: Defining dependency "bus_pci" Message: drivers/bus/vdev: Defining dependency "bus_vdev" Compiler for C supports arguments -std=c11: YES Compiler for C supports arguments -Wno-strict-prototypes: YES Compiler for C supports arguments -D_BSD_SOURCE: YES Compiler for C supports arguments -D_DEFAULT_SOURCE: YES Compiler for C supports arguments -D_XOPEN_SOURCE=600: YES Has header "mlx5devx.h" : YES drivers\common\mlx5\windows\meson.build:10:13: ERROR: C shared or static library 'mlx5devx' not found A full log can be found at C:\Users\builder\jenkins\workspace\Windows-Compile-DPDK-Native\dpdk\build\meson-logs\meson-log.txt ==== End log output ==== CentOS Stream 9 Kernel: 5.15 Compiler: gcc gcc (GCC) 11.5.0 20240719 (Red Hat 11.5.0-7) Debian GNU/Linux 12 Kernel: 5.15 Compiler: gcc gcc (Debian 12.2.0-14+deb12u1) 12.2.0 CentOS Stream 10 Kernel: 5.15 Compiler: gcc gcc (GCC) 14.2.1 20250110 (Red Hat 14.2.1-8) Fedora Linux 40 Kernel: 5.15 Compiler: clang gcc (GCC) 14.2.1 20240912 (Red Hat 14.2.1-3) Fedora Linux 41 Kernel: 5.15 Compiler: gcc gcc (GCC) 14.3.1 20250523 (Red Hat 14.3.1-1) openSUSE Leap 15.6 Kernel: 5.15 Compiler: gcc gcc (SUSE Linux) 7.5.0 Red Hat Enterprise Linux 8.10 Kernel: 5.15 Compiler: gcc gcc (GCC) 8.5.0 20210514 (Red Hat 8.5.0-22) Ubuntu 20.04 Kernel: 5.15 Compiler: gcc gcc (Ubuntu 9.4.0-1ubuntu1~20.04.2) 9.4.0 Red Hat Enterprise Linux 9.5 Kernel: 5.15 Compiler: gcc gcc (GCC) 11.5.0 20240719 (Red Hat 11.5.0-2) Ubuntu 24.04 Kernel: 5.15 Compiler: gcc gcc (Ubuntu 13.3.0-6ubuntu2~24.04) 13.3.0 FreeBSD 14.2 Kernel: 14.2-RELEASE Compiler: clang 18.1.6 Ubuntu 22.04 Kernel: 5.15 Compiler: gcc gcc (Ubuntu 11.4.0-1ubuntu1~22.04) 11.4.0 Alpine Linux 3.22.0 Kernel: 5.15 Compiler: gcc gcc (Alpine 14.2.0) 14.2.0 Windows Server 2022 Kernel: 10.0.20348.2031 Compiler: clang 15.0.7, gcc 14.1.0 (MinGW), and MSVC VS 19.39.33521 To view detailed results, visit: https://lab.dpdk.org/results/dashboard/patchsets/33614/ UNH-IOL DPDK Community Lab To manage your email subscriptions, visit: https://lab.dpdk.org/results/dashboard/preferences/subscriptions/