From mboxrd@z Thu Jan 1 00:00:00 1970 Return-Path: Received: from mails.dpdk.org (mails.dpdk.org [217.70.189.124]) by inbox.dpdk.org (Postfix) with ESMTP id 9E36D46B2C for ; Tue, 8 Jul 2025 21:23:06 +0200 (CEST) Received: from mails.dpdk.org (localhost [127.0.0.1]) by mails.dpdk.org (Postfix) with ESMTP id 9694140649; Tue, 8 Jul 2025 21:23:06 +0200 (CEST) Received: from mail-oa1-f98.google.com (mail-oa1-f98.google.com [209.85.160.98]) by mails.dpdk.org (Postfix) with ESMTP id A0E3E40292 for ; Tue, 8 Jul 2025 21:23:05 +0200 (CEST) Received: by mail-oa1-f98.google.com with SMTP id 586e51a60fabf-2ebb72384dbso1501484fac.1 for ; Tue, 08 Jul 2025 12:23:05 -0700 (PDT) DKIM-Signature: v=1; a=rsa-sha256; c=relaxed/relaxed; d=iol.unh.edu; s=unh-iol; t=1752002585; x=1752607385; darn=dpdk.org; h=references:in-reply-to:cc:to:from:subject:message-id:date:from:to :cc:subject:date:message-id:reply-to; bh=XLqksbZB7mWb/qrrYH+CCy6Q1aNu5ULJbbT7Yc0vUV8=; b=BptLrxHiA31GDmIhXMBRnoJBgE9F3z1RYVUA1SfTUuVNc+AarOg1a19sSE8Xvx7vQY LKQJh61F6Cj3VVqOyyu2ixm+fvEfxiamabVFh89qFg90pSxmkywZR6ULXWzoLXEnWbrF pJm/a4cEPCCQupR61X0B/fpjbyL2Z/FPbd/LY= X-Google-DKIM-Signature: v=1; a=rsa-sha256; c=relaxed/relaxed; d=1e100.net; s=20230601; t=1752002585; x=1752607385; h=references:in-reply-to:cc:to:from:subject:message-id:date :x-gm-message-state:from:to:cc:subject:date:message-id:reply-to; bh=XLqksbZB7mWb/qrrYH+CCy6Q1aNu5ULJbbT7Yc0vUV8=; b=lww5VjDPuxPfhJ5LWOUoxpz98QS8Gy85wwnI13/5uAwmAN0xh+bYb9GYOxx+E4Q4dn kGaNLFXtQbXZKemSXhR7GpLFiHjDVTiwi1xNYcHSMl2cFlQcmzxsoDf8T6d/DDP26PF6 hrsFX3Ku5dCybUhLxXm9c0sog0E6q/8Kpkor6ZmpkBoPOiDREa7REoHXL2l0smHBOUZ8 2OdweaHFd+0Ix1ayl11e9ifKB+56eK5m443IkYu5Wm5lZxJY6/3EtCNYiun/wYwH/3NB 6uGmtdLKvuLqrtVgdZtS1GfXrJiWg932G2b9ZoBx50Sptqo5WI4p4yI7w9O/lHZS6Ety Lwaw== X-Gm-Message-State: AOJu0YwW1chvXb5gpFCbTj6/XdjeYXJHkDbk8j3SX90A2On/SijMuXhF MSa2FE+1I3lVd6X3LLiICD3M8YvStRaky9rjc0d77d3yYyNAP1Nke3GeHseFFPk2OzHlEkzNeb5 GLp1g6qTi2LNYc/0tKcUyzI4eCi9wrZPgpJqhOALNL0pDTni5tYmvlfE3mBM6 X-Gm-Gg: ASbGncvVuK0UnS2k+makYWGva428OC6lOMmS9AtB0kmSPkGuVEpS32BN4HJbg8wfLr7 tPaxxEOregROU6mqpdQhoaVoemXtpbfuweNCPI7COEnGgTmcF28LnqNNBmyy19XjevT/TFZs10u cdwej1LmGkfOBTwFCvP+oJvAesZLOOLCcu4znym02xhaHkKguyTXmKaubb+ti/YQWDCadmIfDTr 9AGd36QYO2uTrW6rX61ZtREzcIXvqzBJ9liM9QDqhImRllyUCEd9FAh1/qgUDIev3uRAWKbfdrR 4cTiTqO97XpNpoCGKjt8EYHZ5NmbJxEikpl18tvDE6TP9v8= X-Google-Smtp-Source: AGHT+IGVCYra78JON+4GhQJKCUGdJ9a0MkXGgf77+OSRUeGPdGRokLPze3ESNx4yoeOmdixvjyK0Jd8b3e5A X-Received: by 2002:a05:6871:3308:b0:2c2:27c8:5865 with SMTP id 586e51a60fabf-2fef4aad412mr179730fac.9.1752002584808; Tue, 08 Jul 2025 12:23:04 -0700 (PDT) Received: from postal.iol.unh.edu (postal.iol.unh.edu. [2606:4100:3880:1234::84]) by smtp-relay.gmail.com with ESMTPS id 586e51a60fabf-2f78f97fd7dsm742159fac.0.2025.07.08.12.23.04 (version=TLS1_2 cipher=ECDHE-ECDSA-AES128-GCM-SHA256 bits=128/128); Tue, 08 Jul 2025 12:23:04 -0700 (PDT) X-Relaying-Domain: iol.unh.edu Date: Tue, 08 Jul 2025 12:23:04 -0700 (PDT) Message-ID: <686d7018.050a0220.80555.6521SMTPIN_ADDED_MISSING@mx.google.com> Received: from [172.21.0.11] (unknown [172.18.0.240]) by postal.iol.unh.edu (Postfix) with ESMTP id 3BC75604D420; Tue, 8 Jul 2025 15:23:04 -0400 (EDT) Subject: |FAILURE| pw155077 [PATCH] net/virtio: revert Tx free threshold fix From: dpdklab@iol.unh.edu To: Test Report Cc: dpdk-test-reports@iol.unh.edu, David Marchand In-Reply-To: <20250708142305.3636707-1-david.marchand@redhat.com> References: <20250708142305.3636707-1-david.marchand@redhat.com> Content-Type: text/plain X-BeenThere: test-report@dpdk.org X-Mailman-Version: 2.1.29 Precedence: list List-Id: automatic DPDK test reports List-Unsubscribe: , List-Archive: List-Post: List-Help: List-Subscribe: , Errors-To: test-report-bounces@dpdk.org Test-Label: iol-unit-amd64-testing Test-Status: FAILURE http://dpdk.org/patch/155077 _Testing issues_ Submitter: David Marchand Date: Tuesday, July 08 2025 14:23:04 DPDK git baseline: Repo:dpdk Branch: master CommitID:64267ffa9474c6becddcc07fc2e603adb621b44d 155077 --> testing issues Upstream job id: Generic-VM-Unit-Test-DPDK#29804 Test environment and result as below: +-------------------------------+----------------+ | Environment | dpdk_unit_test | +===============================+================+ | Fedora Linux 40 | PASS | +-------------------------------+----------------+ | Debian GNU/Linux 12 | PASS | +-------------------------------+----------------+ | Fedora Linux 41 | PASS | +-------------------------------+----------------+ | Ubuntu 22.04 | PASS | +-------------------------------+----------------+ | Red Hat Enterprise Linux 9.5 | PASS | +-------------------------------+----------------+ | CentOS Stream 10 | PASS | +-------------------------------+----------------+ | CentOS Stream 9 | PASS | +-------------------------------+----------------+ | Ubuntu 20.04 | PASS | +-------------------------------+----------------+ | Red Hat Enterprise Linux 8.10 | PASS | +-------------------------------+----------------+ | Ubuntu 24.04 | PASS | +-------------------------------+----------------+ | Windows Server 2022 | FAIL | +-------------------------------+----------------+ ==== Unit test summary for Windows Server 2022 (dpdk_unit_test): ==== Failed to get the unit test results. Displaying the unit test results is not supported for some environments, such as our aarch32 testing, where meson is not used to run the tests. Download the logs available on our CI site. ==== End log output ==== Fedora Linux 40 Kernel: 5.15 Compiler: gcc gcc (GCC) 14.2.1 20240912 (Red Hat 14.2.1-3) Debian GNU/Linux 12 Kernel: 5.15 Compiler: gcc gcc (Debian 12.2.0-14+deb12u1) 12.2.0 Fedora Linux 41 Kernel: 5.15 Compiler: clang gcc (GCC) 14.3.1 20250523 (Red Hat 14.3.1-1) Ubuntu 22.04 Kernel: 5.15 Compiler: gcc gcc (Ubuntu 11.4.0-1ubuntu1~22.04) 11.4.0 Red Hat Enterprise Linux 9.5 Kernel: 5.15 Compiler: gcc gcc (GCC) 11.5.0 20240719 (Red Hat 11.5.0-2) CentOS Stream 10 Kernel: 5.15 Compiler: gcc gcc (GCC) 14.2.1 20250110 (Red Hat 14.2.1-8) CentOS Stream 9 Kernel: 5.15 Compiler: gcc gcc (GCC) 11.5.0 20240719 (Red Hat 11.5.0-7) Ubuntu 20.04 Kernel: 5.15 Compiler: gcc gcc (Ubuntu 9.4.0-1ubuntu1~20.04.2) 9.4.0 Red Hat Enterprise Linux 8.10 Kernel: 5.15 Compiler: gcc gcc (GCC) 8.5.0 20210514 (Red Hat 8.5.0-22) Ubuntu 24.04 Kernel: 5.15 Compiler: gcc gcc (Ubuntu 13.3.0-6ubuntu2~24.04) 13.3.0 Windows Server 2022 Kernel: 10.0.20348.2031 Compiler: clang 15.0.7, gcc 14.1.0 (MinGW), and MSVC VS 19.39.33521 To view detailed results, visit: https://lab.dpdk.org/results/dashboard/patchsets/33614/ UNH-IOL DPDK Community Lab To manage your email subscriptions, visit: https://lab.dpdk.org/results/dashboard/preferences/subscriptions/