From mboxrd@z Thu Jan 1 00:00:00 1970 Return-Path: Received: from mails.dpdk.org (mails.dpdk.org [217.70.189.124]) by inbox.dpdk.org (Postfix) with ESMTP id 6F11446B2C for ; Tue, 8 Jul 2025 21:30:44 +0200 (CEST) Received: from mails.dpdk.org (localhost [127.0.0.1]) by mails.dpdk.org (Postfix) with ESMTP id 464D140292; Tue, 8 Jul 2025 21:30:44 +0200 (CEST) Received: from mail-io1-f97.google.com (mail-io1-f97.google.com [209.85.166.97]) by mails.dpdk.org (Postfix) with ESMTP id E684A40292 for ; Tue, 8 Jul 2025 21:30:42 +0200 (CEST) Received: by mail-io1-f97.google.com with SMTP id ca18e2360f4ac-86cf9f46b06so171733439f.2 for ; Tue, 08 Jul 2025 12:30:42 -0700 (PDT) DKIM-Signature: v=1; a=rsa-sha256; c=relaxed/relaxed; d=iol.unh.edu; s=unh-iol; t=1752003042; x=1752607842; darn=dpdk.org; h=references:in-reply-to:cc:to:from:subject:message-id:date:from:to :cc:subject:date:message-id:reply-to; bh=hZrfxnguaLWjOhT/+EVxbZAbEPeefEhkPILzaMEtu3E=; b=jzgPiB5DqFE/CFqFHymIt6q7ESlaAZsfP/Z4R/IXoWH6hQ9QjogGr8gkXbJXgUUOFy cyXry1t5LVzHpIku6TrGcLejq+aenNLGL29zfdscSBeVW7kFwvIE6RdQlJIK1BX9kPVO DrRU3Y2i4SuMOH30/8BW1CRC2m2VJoMfyeghk= X-Google-DKIM-Signature: v=1; a=rsa-sha256; c=relaxed/relaxed; d=1e100.net; s=20230601; t=1752003042; x=1752607842; h=references:in-reply-to:cc:to:from:subject:message-id:date :x-gm-message-state:from:to:cc:subject:date:message-id:reply-to; bh=hZrfxnguaLWjOhT/+EVxbZAbEPeefEhkPILzaMEtu3E=; b=cdtOg/2UMaG6pPKJJQynYjQM9+KqjFIaT1qaMjs2uzB4wmu+oEzDOpZXysrFOlM8GW qjBzIoVjpk2AIgqoEB/xYySUYjT77QSbOjCpHSvWxblu3zXUiZFZi2GBLK9FGQhHlvhv +HQnogxH8Fdrr6VFKYPY68RrK4iUJotZ0b+o7eW3jcN6WLooFtU7SqFvvoo35ZJq3eTp 3xjz4v2R1GH4hmy+Y0HFnMrQYUwyN6+t/CGTGIjZo41ivMt4L083G1VQKbh6rc2Ext5+ 5LuRdZzuB+lK4hNEeL+uptdtv4xdidzMwudzvz5HgXiwG1zKA4dzVtvpGuDlB6A3srL4 OjQA== X-Gm-Message-State: AOJu0Yy0aaq26BYBHeaj7Q7Mur5+e3pLlBFT/4G5+FtlrHzRoqRT1v/o AIcrd9L0PrXphGAAzaCanOJkFkvxLYtOPS3bA86KGw3DeIELPPdpHhKlBoPbVrSa8WQzOwT/aSM HDNk4NEdB5bweBUbAovtRImczx1/dtWrOxOJLbMhs59NV7SUV+ch2suuNEzWA X-Gm-Gg: ASbGncviOmGH3BJ+j8JvvgzK0wrTQn0FEBMXvHsH/XUOMlLvL352lBHFByaguxKKfoL gAwYaLI/5yEmBTTwkebxtcoLJVe/aE0W+ISliRWkQrkAIbrw86OUTYdt0kWFyQfUwZd+YB+lERS daB/hymiBad8KB56wCbz51u4a6IOSia6U+0mPmbCU0FVwB4Rv4weEXnHohbwUBd7ezcI272CUTP sTkvk4/74lpt8ie5VHfoOpyudXXpCqEPB1mUzMUJEgrocVTW8+hCc4WC2ocE99EQ2ggZIfonNIC mcTjKeSO8oKpCOt0AGB2bHuOJ7q1Au5HyEr5/oJ1x/V5Omo= X-Google-Smtp-Source: AGHT+IHweCHnNJALrHQSn3dqJrR8dIM6zdsnccrsFTLbmx0dOnqpzIm3SndThbvOIbnvpfqqHkzRMZWW3LPw X-Received: by 2002:a05:6602:3805:b0:873:f21:d912 with SMTP id ca18e2360f4ac-876e15722c9mr1565507439f.2.1752003041861; Tue, 08 Jul 2025 12:30:41 -0700 (PDT) Received: from postal.iol.unh.edu (postal.iol.unh.edu. [2606:4100:3880:1234::84]) by smtp-relay.gmail.com with ESMTPS id ca18e2360f4ac-876e084a3fasm50053039f.23.2025.07.08.12.30.41 (version=TLS1_2 cipher=ECDHE-ECDSA-AES128-GCM-SHA256 bits=128/128); Tue, 08 Jul 2025 12:30:41 -0700 (PDT) X-Relaying-Domain: iol.unh.edu Date: Tue, 08 Jul 2025 12:30:41 -0700 (PDT) Message-ID: <686d71e1.050a0220.1b1f6f.beb6SMTPIN_ADDED_MISSING@mx.google.com> Received: from [172.21.0.7] (unknown [172.18.0.240]) by postal.iol.unh.edu (Postfix) with ESMTP id 53689604D420; Tue, 8 Jul 2025 15:30:41 -0400 (EDT) Subject: |FAILURE| pw155077 [PATCH] net/virtio: revert Tx free threshold fix From: dpdklab@iol.unh.edu To: Test Report Cc: dpdk-test-reports@iol.unh.edu, David Marchand In-Reply-To: <20250708142305.3636707-1-david.marchand@redhat.com> References: <20250708142305.3636707-1-david.marchand@redhat.com> Content-Type: text/plain X-BeenThere: test-report@dpdk.org X-Mailman-Version: 2.1.29 Precedence: list List-Id: automatic DPDK test reports List-Unsubscribe: , List-Archive: List-Post: List-Help: List-Subscribe: , Errors-To: test-report-bounces@dpdk.org Test-Label: iol-unit-amd64-testing Test-Status: FAILURE http://dpdk.org/patch/155077 _Testing issues_ Submitter: David Marchand Date: Tuesday, July 08 2025 14:23:04 DPDK git baseline: Repo:dpdk Branch: master CommitID:64267ffa9474c6becddcc07fc2e603adb621b44d 155077 --> testing issues Upstream job id: Generic-VM-Unit-Test-DPDK#29805 Test environment and result as below: +-------------------------------+----------------+ | Environment | dpdk_unit_test | +===============================+================+ | Fedora Linux 40 | PASS | +-------------------------------+----------------+ | Debian GNU/Linux 12 | PASS | +-------------------------------+----------------+ | Fedora Linux 41 | PASS | +-------------------------------+----------------+ | Ubuntu 22.04 | PASS | +-------------------------------+----------------+ | Red Hat Enterprise Linux 9.5 | PASS | +-------------------------------+----------------+ | CentOS Stream 10 | PASS | +-------------------------------+----------------+ | CentOS Stream 9 | PASS | +-------------------------------+----------------+ | Ubuntu 20.04 | PASS | +-------------------------------+----------------+ | Red Hat Enterprise Linux 8.10 | PASS | +-------------------------------+----------------+ | Ubuntu 24.04 | PASS | +-------------------------------+----------------+ | Windows Server 2022 | FAIL | +-------------------------------+----------------+ ==== Unit test summary for Windows Server 2022 (dpdk_unit_test): ==== Failed to get the unit test results. Displaying the unit test results is not supported for some environments, such as our aarch32 testing, where meson is not used to run the tests. Download the logs available on our CI site. ==== End log output ==== Fedora Linux 40 Kernel: 5.15 Compiler: gcc gcc (GCC) 14.2.1 20240912 (Red Hat 14.2.1-3) Debian GNU/Linux 12 Kernel: 5.15 Compiler: gcc gcc (Debian 12.2.0-14+deb12u1) 12.2.0 Fedora Linux 41 Kernel: 5.15 Compiler: clang gcc (GCC) 14.3.1 20250523 (Red Hat 14.3.1-1) Ubuntu 22.04 Kernel: 5.15 Compiler: gcc gcc (Ubuntu 11.4.0-1ubuntu1~22.04) 11.4.0 Red Hat Enterprise Linux 9.5 Kernel: 5.15 Compiler: gcc gcc (GCC) 11.5.0 20240719 (Red Hat 11.5.0-2) CentOS Stream 10 Kernel: 5.15 Compiler: gcc gcc (GCC) 14.2.1 20250110 (Red Hat 14.2.1-8) CentOS Stream 9 Kernel: 5.15 Compiler: gcc gcc (GCC) 11.5.0 20240719 (Red Hat 11.5.0-7) Ubuntu 20.04 Kernel: 5.15 Compiler: gcc gcc (Ubuntu 9.4.0-1ubuntu1~20.04.2) 9.4.0 Red Hat Enterprise Linux 8.10 Kernel: 5.15 Compiler: gcc gcc (GCC) 8.5.0 20210514 (Red Hat 8.5.0-22) Ubuntu 24.04 Kernel: 5.15 Compiler: gcc gcc (Ubuntu 13.3.0-6ubuntu2~24.04) 13.3.0 Windows Server 2022 Kernel: 10.0.20348.2031 Compiler: clang 15.0.7, gcc 14.1.0 (MinGW), and MSVC VS 19.39.33521 To view detailed results, visit: https://lab.dpdk.org/results/dashboard/patchsets/33614/ UNH-IOL DPDK Community Lab To manage your email subscriptions, visit: https://lab.dpdk.org/results/dashboard/preferences/subscriptions/