From mboxrd@z Thu Jan 1 00:00:00 1970 Return-Path: Received: from mails.dpdk.org (mails.dpdk.org [217.70.189.124]) by inbox.dpdk.org (Postfix) with ESMTP id 8B22046B2D for ; Tue, 8 Jul 2025 22:11:49 +0200 (CEST) Received: from mails.dpdk.org (localhost [127.0.0.1]) by mails.dpdk.org (Postfix) with ESMTP id 6D56E40292; Tue, 8 Jul 2025 22:11:49 +0200 (CEST) Received: from mail-qv1-f98.google.com (mail-qv1-f98.google.com [209.85.219.98]) by mails.dpdk.org (Postfix) with ESMTP id 524FD40649 for ; Tue, 8 Jul 2025 22:11:48 +0200 (CEST) Received: by mail-qv1-f98.google.com with SMTP id 6a1803df08f44-6ecf99dd567so66832826d6.0 for ; Tue, 08 Jul 2025 13:11:48 -0700 (PDT) DKIM-Signature: v=1; a=rsa-sha256; c=relaxed/relaxed; d=iol.unh.edu; s=unh-iol; t=1752005507; x=1752610307; darn=dpdk.org; h=references:in-reply-to:cc:to:from:subject:message-id:date:from:to :cc:subject:date:message-id:reply-to; bh=3QZ5YQcll/iWIu6K116LDWEIDbxy3X4mYURFu4pA5H4=; b=Wx7iN2k9RrmXQh3qwODImqjjk16dIsy3fzKfkkr/4kHJ+JaJrvRIKki1SIu5JJYFbw oy7XhaCu/MYrpMhR8tizFP/F9oFqpc8JcaD0rPa8rBf6A//laCCU3jm55FESbMqTAVSb n4DbREsBMLwC0C+yPJicun9od3LAZYPBYY3mw= X-Google-DKIM-Signature: v=1; a=rsa-sha256; c=relaxed/relaxed; d=1e100.net; s=20230601; t=1752005507; x=1752610307; h=references:in-reply-to:cc:to:from:subject:message-id:date :x-gm-message-state:from:to:cc:subject:date:message-id:reply-to; bh=3QZ5YQcll/iWIu6K116LDWEIDbxy3X4mYURFu4pA5H4=; b=XyYTA4Q7v3HQceSQFzVjyRz529uvyrwqlJ1WzrB9YXXoeSOUHogrYA6ZdNfCkYvFjQ nJg8xHc0kqykmyhkxLHW3vm1cPAGGGgcESGDMo5l0sQ/7yt3SYbGwHrVlTGO7QFmI4e0 aEAZEYsjfzr8ybxnC1ac+tfjKmxAoC+LMQpa/yNnvRxtEmto/BXW18Ki8FJBRBU+g6h0 eSXgXxHEjk5MRAasKik+pxVmxXMDzjqlmx4BvAlglaf6EpDorSDcJJcUuMcRJdqWbz8A Nrdg1aM0BotS90iiVZG4mNJH720ZzgARelrnfEz+DxWDKUtoID+7vlIFzAyj/f3FKD/5 6NrQ== X-Gm-Message-State: AOJu0Yx/WIUeq5LouGKnpr98aqUXVTGBjGhazpccFdDUARff/PTlXLKp LZosprasGhM0S60HhfMrKAhiqwe2lWYsjIx2QCNuBL4ha93/quGANj3/MfYIkffl8wGMs1SZdiO oNG2CwNtMbLhVANNzCUMD/FWkuoViGFQFMMCo13EdPKxp X-Gm-Gg: ASbGnctlB0mbbLmcV+OPqY1FirpGFmH9n4wGz8OjGsmHoUVv5AZclBryrM91CGzHjSa jMww2Xocy8+nI7vonOKcqz/Mmg4Npo1Z2UgBXpYuevklsZ5RG0Xc1ucbveVPXUJwo5SZqWEjBRq mDNrV7qJ4xk6CjIqUzmlOmFbo+VgFETf+m5LY7icKqgoODdEkKcc34S+7X61FZQ6tElgN0RFY+a C/V/nmA2d4UVW7yF8Hy9Ei4JHGbNx9YJI+4cJcTdXtBU6wWuUdU+Djz8XPsh0MOQI7onONfJr0q D/edv0Z8k1KJ847BYK1wLw32H6KpZMnYd5Pd/nm4X1eqFylR5qAxcbXVB7f4rTaHb4Yylw== X-Google-Smtp-Source: AGHT+IGB4E/xgtU7vyzxsLqZ+NQJbtUzf6C9jPCUUue9mCsBmrM8gwKLRu4DJk8lJqFdu1KPnrIWMxLT6Wwl X-Received: by 2002:a05:6214:590a:b0:702:b805:276b with SMTP id 6a1803df08f44-702c8bc0ec7mr300465956d6.20.1752005507708; Tue, 08 Jul 2025 13:11:47 -0700 (PDT) Received: from postal.iol.unh.edu (postal.iol.unh.edu. [132.177.123.84]) by smtp-relay.gmail.com with ESMTPS id 6a1803df08f44-702c4cca3a8sm5761476d6.21.2025.07.08.13.11.47 (version=TLS1_2 cipher=ECDHE-ECDSA-AES128-GCM-SHA256 bits=128/128); Tue, 08 Jul 2025 13:11:47 -0700 (PDT) X-Relaying-Domain: iol.unh.edu Date: Tue, 08 Jul 2025 13:11:47 -0700 (PDT) Message-ID: <686d7b83.050a0220.190be5.da84SMTPIN_ADDED_MISSING@mx.google.com> Received: from [172.21.0.11] (unknown [172.18.0.240]) by postal.iol.unh.edu (Postfix) with ESMTP id 268766050A61; Tue, 8 Jul 2025 16:11:47 -0400 (EDT) Subject: |FAILURE| pw154968 [PATCH] build/x86: fix support for older compiler From: dpdklab@iol.unh.edu To: Test Report Cc: dpdk-test-reports@iol.unh.edu, Bruce Richardson In-Reply-To: <20250702155129.3440210-1-bruce.richardson@intel.com> References: <20250702155129.3440210-1-bruce.richardson@intel.com> Content-Type: text/plain X-BeenThere: test-report@dpdk.org X-Mailman-Version: 2.1.29 Precedence: list List-Id: automatic DPDK test reports List-Unsubscribe: , List-Archive: List-Post: List-Help: List-Subscribe: , Errors-To: test-report-bounces@dpdk.org Test-Label: iol-abi-testing Test-Status: FAILURE http://dpdk.org/patch/154968 _Testing issues_ Submitter: Bruce Richardson Date: Wednesday, July 02 2025 15:51:29 DPDK git baseline: Repo:dpdk Branch: master CommitID:5d47e73e5f4f2eb69bd73f642cfd72b49436bf96 154968 --> testing issues Upstream job id: Generic-DPDK-Compile-ABI#133558 Test environment and result as below: +-------------------------------+----------+ | Environment | abi_test | +===============================+==========+ | CentOS Stream 9 | FAIL | +-------------------------------+----------+ | CentOS Stream 10 | FAIL | +-------------------------------+----------+ | Fedora Linux 40 | FAIL | +-------------------------------+----------+ | Fedora Linux 41 | FAIL | +-------------------------------+----------+ | openSUSE Leap 15.6 | FAIL | +-------------------------------+----------+ | Ubuntu 22.04 | FAIL | +-------------------------------+----------+ | Ubuntu 24.04 | FAIL | +-------------------------------+----------+ | Debian GNU/Linux 12 | FAIL | +-------------------------------+----------+ | Red Hat Enterprise Linux 8.10 | FAIL | +-------------------------------+----------+ | Red Hat Enterprise Linux 9.5 | FAIL | +-------------------------------+----------+ ==== 20 line log output for Red Hat Enterprise Linux 9.5 (abi_test): ==== Compiler for C supports arguments -Wsign-compare: YES Compiler for C supports arguments -Wstrict-prototypes: YES Compiler for C supports arguments -Wundef: YES Compiler for C supports arguments -Wwrite-strings: YES Compiler for C supports arguments -Wno-packed-not-aligned: YES Compiler for C supports arguments -Wno-missing-field-initializers: YES Compiler for C supports arguments -fzero-init-padding-bits=all: NO Fetching value of define "__AVX2__" : 1 Fetching value of define "__znver1__" : Fetching value of define "__znver2__" : Fetching value of define "__znver3__" : Fetching value of define "__znver4__" : Fetching value of define "__znver5__" : Program objdump found: YES (/usr/bin/objdump) Compiler for C supports arguments -march=x86-64-v4: YES Fetching value of define "__AVX512F__" : 1 dpdk/config/x86/meson.build:81:6: ERROR: List item must be one of , not A full log can be found at /root/workspace/Generic-DPDK-Compile-ABI@5/dpdk/build/meson-logs/meson-log.txt ==== End log output ==== CentOS Stream 9 Kernel: 5.15 Compiler: gcc gcc (GCC) 11.5.0 20240719 (Red Hat 11.5.0-7) CentOS Stream 10 Kernel: 5.15 Compiler: gcc gcc (GCC) 14.2.1 20250110 (Red Hat 14.2.1-8) Fedora Linux 40 Kernel: 5.15 Compiler: clang gcc (GCC) 14.2.1 20240912 (Red Hat 14.2.1-3) Fedora Linux 41 Kernel: 5.15 Compiler: clang gcc (GCC) 14.3.1 20250523 (Red Hat 14.3.1-1) openSUSE Leap 15.6 Kernel: 5.15 Compiler: gcc gcc (SUSE Linux) 7.5.0 Ubuntu 22.04 Kernel: 5.15 Compiler: gcc gcc (Ubuntu 11.4.0-1ubuntu1~22.04) 11.4.0 Ubuntu 24.04 Kernel: 5.15 Compiler: gcc gcc (Ubuntu 13.3.0-6ubuntu2~24.04) 13.3.0 Debian GNU/Linux 12 Kernel: 5.15 Compiler: gcc gcc (Debian 12.2.0-14+deb12u1) 12.2.0 Red Hat Enterprise Linux 8.10 Kernel: 5.15 Compiler: gcc gcc (GCC) 8.5.0 20210514 (Red Hat 8.5.0-22) Red Hat Enterprise Linux 9.5 Kernel: 5.15 Compiler: gcc gcc (GCC) 11.5.0 20240719 (Red Hat 11.5.0-2) To view detailed results, visit: https://lab.dpdk.org/results/dashboard/patchsets/33569/ UNH-IOL DPDK Community Lab To manage your email subscriptions, visit: https://lab.dpdk.org/results/dashboard/preferences/subscriptions/