From mboxrd@z Thu Jan 1 00:00:00 1970 Return-Path: Received: from mails.dpdk.org (mails.dpdk.org [217.70.189.124]) by inbox.dpdk.org (Postfix) with ESMTP id BD70F46B2D for ; Tue, 8 Jul 2025 22:13:35 +0200 (CEST) Received: from mails.dpdk.org (localhost [127.0.0.1]) by mails.dpdk.org (Postfix) with ESMTP id B701740292; Tue, 8 Jul 2025 22:13:35 +0200 (CEST) Received: from mail-qt1-f227.google.com (mail-qt1-f227.google.com [209.85.160.227]) by mails.dpdk.org (Postfix) with ESMTP id 1605140292 for ; Tue, 8 Jul 2025 22:13:34 +0200 (CEST) Received: by mail-qt1-f227.google.com with SMTP id d75a77b69052e-4a7f61ea32aso96714321cf.3 for ; Tue, 08 Jul 2025 13:13:34 -0700 (PDT) DKIM-Signature: v=1; a=rsa-sha256; c=relaxed/relaxed; d=iol.unh.edu; s=unh-iol; t=1752005613; x=1752610413; darn=dpdk.org; h=references:in-reply-to:cc:to:from:subject:message-id:date:from:to :cc:subject:date:message-id:reply-to; bh=n2iYfAqxDR3upu7XGzcuPv7viZV7jLinHyinTdO1F0M=; b=WGw8Y+NSOMKDd53w42ZIMYdbvUHkvL32RKyWHBQ4Tt+ZEdhdjPNnphrokq8y6I7nKz j7y38g3Bydg3L4niX514FNvdOlfrsKWAu9mBM7JiKpJbRQd+FUKCSk5UqM0a7XfnC7DR JHe9n3Um6RXmP4lVwilUpTDqsmcsKyCpH4MJk= X-Google-DKIM-Signature: v=1; a=rsa-sha256; c=relaxed/relaxed; d=1e100.net; s=20230601; t=1752005613; x=1752610413; h=references:in-reply-to:cc:to:from:subject:message-id:date :x-gm-message-state:from:to:cc:subject:date:message-id:reply-to; bh=n2iYfAqxDR3upu7XGzcuPv7viZV7jLinHyinTdO1F0M=; b=mkQZM/k1LDyzCgeeQw0gtOQcylm/yojESQU3JK1RnpzUxpzaHVG2QjDmQ8EvIxh5wQ 4v1B3/bXDq+uG7wCPR6t72GFJXa1s+dRa43S/mbp15suvXfjHJBl01TCuVSQQCXIbmzS AkHWTTxSwH+LFoTdsSy37r9p4T/Y0lL6dsyBR5nsAqhySr+Smlhik0DkmvONGnoQFdpP YskrONew9cdRniWnMZazZBm5AHh04LAUZP1sZ9OH9r/1Chdn7qfYyYvyl1NRdY4vclGv MUS4pa8lr/AU/49m46KpksecI/0idZTy7QJ4wXimfsukIGATLIwClysOHil7S4RGhEPG cWHQ== X-Gm-Message-State: AOJu0Yy4XuBRZGTAEmU4hmQnWGc+PYanIb2gBZnxzCKrCpn/vxL/A1wA tPJA5KAx53Tp/qLMpHJipsWzP/2AGRp5llNestqlKuELC0q5U2pGQDmh9AbYHtjRJrBnTUK7BZJ Wxu/QbX04flEwTq4x2/zrsCACTOeitgyH5wm2d7pxhnmd X-Gm-Gg: ASbGncs8ewK22J/v1pap8l2/W6VNaW5xWfoz1rAHS7Jp3ohb+GHiRn06mHzAdeek6/B H5P7O0OEMb1mH6IPo9XcT38QXb9FvNQQizZuoah6FOHRiC4aL6pnTl9SN/ZlmlgxSXPZnlIzcga G9Es9kerTwr4oIwv17wQv3BkICdcNV/HS1ObUihtw/KhR/8MmHYSWZcSz7jRRSpWE9KgGdaI3Zr clWGBxL8oQAtWlxA0vt3c5xkjaqNPb503VEy6g4nJio49y06/myXP6Qdxa6buSn8ZZ4uo/N1WQX oZU/JHu5LIyMKdoVIfk1eDAvtreaMe+b+6o5CPYXbnfiUJkPCr2e6PaRNxDAHqadStqF2A== X-Google-Smtp-Source: AGHT+IGYIgnaFwdOkhuR2ufRF6zqUnKL2Twn4COBtVpsKRsIjjSxnitHzAsbMVb2/2sl/hxxLk7Gyrh26dsd X-Received: by 2002:a0c:f409:0:b0:6fb:15d3:7f3d with SMTP id 6a1803df08f44-7048a6c22dfmr7444936d6.13.1752005613432; Tue, 08 Jul 2025 13:13:33 -0700 (PDT) Received: from postal.iol.unh.edu (postal.iol.unh.edu. [132.177.123.84]) by smtp-relay.gmail.com with ESMTPS id 6a1803df08f44-702c4d33fe9sm5769886d6.36.2025.07.08.13.13.33 (version=TLS1_2 cipher=ECDHE-ECDSA-AES128-GCM-SHA256 bits=128/128); Tue, 08 Jul 2025 13:13:33 -0700 (PDT) X-Relaying-Domain: iol.unh.edu Date: Tue, 08 Jul 2025 13:13:33 -0700 (PDT) Message-ID: <686d7bed.050a0220.48f1f.e50aSMTPIN_ADDED_MISSING@mx.google.com> Received: from [172.21.0.5] (unknown [172.18.0.240]) by postal.iol.unh.edu (Postfix) with ESMTP id F1BB66050A61; Tue, 8 Jul 2025 16:13:32 -0400 (EDT) Subject: |FAILURE| pw154968 [PATCH] build/x86: fix support for older compiler From: dpdklab@iol.unh.edu To: Test Report Cc: dpdk-test-reports@iol.unh.edu, Bruce Richardson In-Reply-To: <20250702155129.3440210-1-bruce.richardson@intel.com> References: <20250702155129.3440210-1-bruce.richardson@intel.com> Content-Type: text/plain X-BeenThere: test-report@dpdk.org X-Mailman-Version: 2.1.29 Precedence: list List-Id: automatic DPDK test reports List-Unsubscribe: , List-Archive: List-Post: List-Help: List-Subscribe: , Errors-To: test-report-bounces@dpdk.org Test-Label: iol-abi-testing Test-Status: FAILURE http://dpdk.org/patch/154968 _Testing issues_ Submitter: Bruce Richardson Date: Wednesday, July 02 2025 15:51:29 DPDK git baseline: Repo:dpdk Branch: master CommitID:5d47e73e5f4f2eb69bd73f642cfd72b49436bf96 154968 --> testing issues Upstream job id: Generic-DPDK-Compile-ABI#133564 Test environment and result as below: +-------------------------------+----------+ | Environment | abi_test | +===============================+==========+ | CentOS Stream 9 | FAIL | +-------------------------------+----------+ | CentOS Stream 10 | FAIL | +-------------------------------+----------+ | Fedora Linux 40 | FAIL | +-------------------------------+----------+ | Fedora Linux 41 | FAIL | +-------------------------------+----------+ | openSUSE Leap 15.6 | FAIL | +-------------------------------+----------+ | Ubuntu 22.04 | FAIL | +-------------------------------+----------+ | Ubuntu 24.04 | FAIL | +-------------------------------+----------+ | Debian GNU/Linux 12 | FAIL | +-------------------------------+----------+ | Red Hat Enterprise Linux 8.10 | FAIL | +-------------------------------+----------+ | Red Hat Enterprise Linux 9.5 | FAIL | +-------------------------------+----------+ ==== 20 line log output for Red Hat Enterprise Linux 9.5 (abi_test): ==== Compiler for C supports arguments -Wsign-compare: YES Compiler for C supports arguments -Wstrict-prototypes: YES Compiler for C supports arguments -Wundef: YES Compiler for C supports arguments -Wwrite-strings: YES Compiler for C supports arguments -Wno-packed-not-aligned: YES Compiler for C supports arguments -Wno-missing-field-initializers: YES Compiler for C supports arguments -fzero-init-padding-bits=all: NO Fetching value of define "__AVX2__" : 1 Fetching value of define "__znver1__" : Fetching value of define "__znver2__" : Fetching value of define "__znver3__" : Fetching value of define "__znver4__" : Fetching value of define "__znver5__" : Program objdump found: YES (/usr/bin/objdump) Compiler for C supports arguments -march=x86-64-v4: YES Fetching value of define "__AVX512F__" : 1 dpdk/config/x86/meson.build:81:6: ERROR: List item must be one of , not A full log can be found at /root/workspace/Generic-DPDK-Compile-ABI@5/dpdk/build/meson-logs/meson-log.txt ==== End log output ==== CentOS Stream 9 Kernel: 5.15 Compiler: gcc gcc (GCC) 11.5.0 20240719 (Red Hat 11.5.0-7) CentOS Stream 10 Kernel: 5.15 Compiler: gcc gcc (GCC) 14.2.1 20250110 (Red Hat 14.2.1-8) Fedora Linux 40 Kernel: 5.15 Compiler: clang gcc (GCC) 14.2.1 20240912 (Red Hat 14.2.1-3) Fedora Linux 41 Kernel: 5.15 Compiler: clang gcc (GCC) 14.3.1 20250523 (Red Hat 14.3.1-1) openSUSE Leap 15.6 Kernel: 5.15 Compiler: gcc gcc (SUSE Linux) 7.5.0 Ubuntu 22.04 Kernel: 5.15 Compiler: gcc gcc (Ubuntu 11.4.0-1ubuntu1~22.04) 11.4.0 Ubuntu 24.04 Kernel: 5.15 Compiler: gcc gcc (Ubuntu 13.3.0-6ubuntu2~24.04) 13.3.0 Debian GNU/Linux 12 Kernel: 5.15 Compiler: gcc gcc (Debian 12.2.0-14+deb12u1) 12.2.0 Red Hat Enterprise Linux 8.10 Kernel: 5.15 Compiler: gcc gcc (GCC) 8.5.0 20210514 (Red Hat 8.5.0-22) Red Hat Enterprise Linux 9.5 Kernel: 5.15 Compiler: gcc gcc (GCC) 11.5.0 20240719 (Red Hat 11.5.0-2) To view detailed results, visit: https://lab.dpdk.org/results/dashboard/patchsets/33569/ UNH-IOL DPDK Community Lab To manage your email subscriptions, visit: https://lab.dpdk.org/results/dashboard/preferences/subscriptions/