From mboxrd@z Thu Jan 1 00:00:00 1970 Return-Path: Received: from mails.dpdk.org (mails.dpdk.org [217.70.189.124]) by inbox.dpdk.org (Postfix) with ESMTP id F124746B2D for ; Tue, 8 Jul 2025 22:15:15 +0200 (CEST) Received: from mails.dpdk.org (localhost [127.0.0.1]) by mails.dpdk.org (Postfix) with ESMTP id EBFD140292; Tue, 8 Jul 2025 22:15:15 +0200 (CEST) Received: from mail-il1-f226.google.com (mail-il1-f226.google.com [209.85.166.226]) by mails.dpdk.org (Postfix) with ESMTP id 3284140292 for ; Tue, 8 Jul 2025 22:15:15 +0200 (CEST) Received: by mail-il1-f226.google.com with SMTP id e9e14a558f8ab-3df2df6a25aso17033415ab.1 for ; Tue, 08 Jul 2025 13:15:15 -0700 (PDT) DKIM-Signature: v=1; a=rsa-sha256; c=relaxed/relaxed; d=iol.unh.edu; s=unh-iol; t=1752005714; x=1752610514; darn=dpdk.org; h=references:in-reply-to:cc:to:from:subject:message-id:date:from:to :cc:subject:date:message-id:reply-to; bh=aDzSMI++d4xjjWTPR5/0SW5Zw8hsVCS7MS4n7OYdkmc=; b=c6XHcWiESqlyq4gs5pcR6CgYwdojcfLXdzd5fxw2J8yg3m9B3HO9RJwc06uaHkMnpp oy96pnbIMSKF8zRWGfP0FyvL4ambA2jQKK1uBls/pfa5P+bF6VQjTdDR/U78n8FpPHH0 eS2Z2bSNRbiWrsKEMDMaK+i2TnoSJAovSo1m0= X-Google-DKIM-Signature: v=1; a=rsa-sha256; c=relaxed/relaxed; d=1e100.net; s=20230601; t=1752005714; x=1752610514; h=references:in-reply-to:cc:to:from:subject:message-id:date :x-gm-message-state:from:to:cc:subject:date:message-id:reply-to; bh=aDzSMI++d4xjjWTPR5/0SW5Zw8hsVCS7MS4n7OYdkmc=; b=Zy8uxBxnq4be7le3rRp+pVmPayyPjGU2b1V8aHZOCdys8LEf+kkdtr+3wpYCehQBW2 ndV4ofk5TxArgvt0DorJlxshOoQv9ghqLXbxZy4f1dHlsKGo3vUv2smTUTwyXC+IH2n0 XIx/9yNC4MWoZ02DkHEKPcmU0y2tUgGw4PtWhkIRn5k0xy4LZLls+kKsRpQrLBj0FcOR o5Gy/G3UA3VtGo6NX1+VOo+kD7yUQTgSCCy6inI4qgwpaq7aPeuL6wGiNs6r72t5oueQ jfZYyPwR1jt9d00Lp5ytAzymnGBaZC2Hx0F66v8NeBgmPhAp+0fJryz4yBgPg2aXqBVf sq1Q== X-Gm-Message-State: AOJu0Ywa5DWy7VAJOe8Bl3vf1UgH17WZnY9NLcJf5OCKTVeDpsV1NG4R JNkp6Rer6e75xIRbRextN+EtgjHV2kAAkrvqlCzNcrZ1u4cqsqN50lFN0Ov7fCEpG9unWWPfJFJ ZjtqGSzZe6Z/UgxE1X2uEDU2RmUCX8eIFfSKYxklvoP6Zknkw3wv0KJWwtWcQ X-Gm-Gg: ASbGnctyqNw36tr4rfpkGbT1OUBfpIlxIyv8R8WRDdV6LmPnyE6cx9sY5x1GNh4UTJL 2FLwxeOHN2IhUlKouiZoVZ7RvCYkpzcXg/WXesjSlfzxrjWVaRTeIpe/bURWzlElXF87ThJPRy2 3YmbWZOrFyYvCXTfjDLu3rge0EtAdKOaW0YFFTIcZXs8UiSViFNIxS156d0GsD5jYUXUuMoDv58 1BfD2inVQ/gWAx2fJN9V+JM15WRL1+vg4HqfsS3Bv8NLRrWzpCm2ktyLhNL9VN1p8gXHYj5YB1a 6N9TEViYtugdcv6ykA0FkDFmUZV/gTtd/PBlnBz1oHo0SH8= X-Google-Smtp-Source: AGHT+IHzSh3BIKlDyj2sLdaEE3jJ057Ck5NdlWLQQHf9tEFOP12hMTIJ7AMXUZBI8BKIAFSKBASI3SzM0tyk X-Received: by 2002:a05:6e02:148c:b0:3e0:546c:bdc3 with SMTP id e9e14a558f8ab-3e1670a6c95mr300725ab.11.1752005714253; Tue, 08 Jul 2025 13:15:14 -0700 (PDT) Received: from postal.iol.unh.edu (postal.iol.unh.edu. [2606:4100:3880:1234::84]) by smtp-relay.gmail.com with ESMTPS id 8926c6da1cb9f-503b5bb3252sm388770173.62.2025.07.08.13.15.14 (version=TLS1_2 cipher=ECDHE-ECDSA-AES128-GCM-SHA256 bits=128/128); Tue, 08 Jul 2025 13:15:14 -0700 (PDT) X-Relaying-Domain: iol.unh.edu Date: Tue, 08 Jul 2025 13:15:14 -0700 (PDT) Message-ID: <686d7c52.050a0220.29848.4040SMTPIN_ADDED_MISSING@mx.google.com> Received: from [172.21.0.10] (unknown [172.18.0.240]) by postal.iol.unh.edu (Postfix) with ESMTP id AB2A56050A61; Tue, 8 Jul 2025 16:15:13 -0400 (EDT) Subject: |FAILURE| pw154968 [PATCH] build/x86: fix support for older compiler From: dpdklab@iol.unh.edu To: Test Report Cc: dpdk-test-reports@iol.unh.edu, Bruce Richardson In-Reply-To: <20250702155129.3440210-1-bruce.richardson@intel.com> References: <20250702155129.3440210-1-bruce.richardson@intel.com> Content-Type: text/plain X-BeenThere: test-report@dpdk.org X-Mailman-Version: 2.1.29 Precedence: list List-Id: automatic DPDK test reports List-Unsubscribe: , List-Archive: List-Post: List-Help: List-Subscribe: , Errors-To: test-report-bounces@dpdk.org Test-Label: iol-abi-testing Test-Status: FAILURE http://dpdk.org/patch/154968 _Testing issues_ Submitter: Bruce Richardson Date: Wednesday, July 02 2025 15:51:29 DPDK git baseline: Repo:dpdk Branch: master CommitID:5d47e73e5f4f2eb69bd73f642cfd72b49436bf96 154968 --> testing issues Upstream job id: Generic-DPDK-Compile-ABI#133561 Test environment and result as below: +-------------------------------+----------+ | Environment | abi_test | +===============================+==========+ | CentOS Stream 9 | FAIL | +-------------------------------+----------+ | CentOS Stream 10 | FAIL | +-------------------------------+----------+ | Fedora Linux 40 | FAIL | +-------------------------------+----------+ | Fedora Linux 41 | FAIL | +-------------------------------+----------+ | openSUSE Leap 15.6 | FAIL | +-------------------------------+----------+ | Ubuntu 22.04 | FAIL | +-------------------------------+----------+ | Ubuntu 24.04 | FAIL | +-------------------------------+----------+ | Debian GNU/Linux 12 | FAIL | +-------------------------------+----------+ | Red Hat Enterprise Linux 8.10 | FAIL | +-------------------------------+----------+ | Red Hat Enterprise Linux 9.5 | FAIL | +-------------------------------+----------+ ==== 20 line log output for Red Hat Enterprise Linux 9.5 (abi_test): ==== Compiler for C supports arguments -Wsign-compare: YES Compiler for C supports arguments -Wstrict-prototypes: YES Compiler for C supports arguments -Wundef: YES Compiler for C supports arguments -Wwrite-strings: YES Compiler for C supports arguments -Wno-packed-not-aligned: YES Compiler for C supports arguments -Wno-missing-field-initializers: YES Compiler for C supports arguments -fzero-init-padding-bits=all: NO Fetching value of define "__AVX2__" : 1 Fetching value of define "__znver1__" : Fetching value of define "__znver2__" : Fetching value of define "__znver3__" : Fetching value of define "__znver4__" : Fetching value of define "__znver5__" : Program objdump found: YES (/usr/bin/objdump) Compiler for C supports arguments -march=x86-64-v4: YES Fetching value of define "__AVX512F__" : 1 dpdk/config/x86/meson.build:81:6: ERROR: List item must be one of , not A full log can be found at /root/workspace/Generic-DPDK-Compile-ABI@5/dpdk/build/meson-logs/meson-log.txt ==== End log output ==== CentOS Stream 9 Kernel: 5.15 Compiler: gcc gcc (GCC) 11.5.0 20240719 (Red Hat 11.5.0-7) CentOS Stream 10 Kernel: 5.15 Compiler: gcc gcc (GCC) 14.2.1 20250110 (Red Hat 14.2.1-8) Fedora Linux 40 Kernel: 5.15 Compiler: clang gcc (GCC) 14.2.1 20240912 (Red Hat 14.2.1-3) Fedora Linux 41 Kernel: 5.15 Compiler: clang gcc (GCC) 14.3.1 20250523 (Red Hat 14.3.1-1) openSUSE Leap 15.6 Kernel: 5.15 Compiler: gcc gcc (SUSE Linux) 7.5.0 Ubuntu 22.04 Kernel: 5.15 Compiler: gcc gcc (Ubuntu 11.4.0-1ubuntu1~22.04) 11.4.0 Ubuntu 24.04 Kernel: 5.15 Compiler: gcc gcc (Ubuntu 13.3.0-6ubuntu2~24.04) 13.3.0 Debian GNU/Linux 12 Kernel: 5.15 Compiler: gcc gcc (Debian 12.2.0-14+deb12u1) 12.2.0 Red Hat Enterprise Linux 8.10 Kernel: 5.15 Compiler: gcc gcc (GCC) 8.5.0 20210514 (Red Hat 8.5.0-22) Red Hat Enterprise Linux 9.5 Kernel: 5.15 Compiler: gcc gcc (GCC) 11.5.0 20240719 (Red Hat 11.5.0-2) To view detailed results, visit: https://lab.dpdk.org/results/dashboard/patchsets/33569/ UNH-IOL DPDK Community Lab To manage your email subscriptions, visit: https://lab.dpdk.org/results/dashboard/preferences/subscriptions/