From mboxrd@z Thu Jan 1 00:00:00 1970 Return-Path: Received: from mails.dpdk.org (mails.dpdk.org [217.70.189.124]) by inbox.dpdk.org (Postfix) with ESMTP id 586B946A8B for ; Tue, 8 Jul 2025 22:58:17 +0200 (CEST) Received: from mails.dpdk.org (localhost [127.0.0.1]) by mails.dpdk.org (Postfix) with ESMTP id 38DB440292; Tue, 8 Jul 2025 22:58:17 +0200 (CEST) Received: from mail-pl1-f226.google.com (mail-pl1-f226.google.com [209.85.214.226]) by mails.dpdk.org (Postfix) with ESMTP id 34A7A40292 for ; Tue, 8 Jul 2025 22:58:16 +0200 (CEST) Received: by mail-pl1-f226.google.com with SMTP id d9443c01a7336-235ea292956so43403815ad.1 for ; Tue, 08 Jul 2025 13:58:16 -0700 (PDT) DKIM-Signature: v=1; a=rsa-sha256; c=relaxed/relaxed; d=iol.unh.edu; s=unh-iol; t=1752008295; x=1752613095; darn=dpdk.org; h=references:in-reply-to:cc:to:from:subject:message-id:date:from:to :cc:subject:date:message-id:reply-to; bh=mU2e51Sq+wt24nmEHeB4uA/iGjBXbizQSvCjvhvam6o=; b=WbiHiRz1WJjc7ybU7DmH5EAlM61Fr73Z7Qse5eazFiDNPkwllBrw+vorFV0i6g+Pzg P5XVwoL4Cc+oeiJmgIFafyUCayAXokQTgbdvcqWwK0OSDxncPAaTttExtXLOgZXVdIQe pFNhShIgnf85v5XJ/UJI7//zwmdtBqK2aNVH8= X-Google-DKIM-Signature: v=1; a=rsa-sha256; c=relaxed/relaxed; d=1e100.net; s=20230601; t=1752008295; x=1752613095; h=references:in-reply-to:cc:to:from:subject:message-id:date :x-gm-message-state:from:to:cc:subject:date:message-id:reply-to; bh=mU2e51Sq+wt24nmEHeB4uA/iGjBXbizQSvCjvhvam6o=; b=AFKcJJitjl6TtNhaoVn3O/D3KnmHH4X7TkEH1bIJ3TtpBy9Bo+zmm7bw0wT86F+0vu frcP0H3SoOsrxWI65G5AJKYm/GrWtH9WiFUsQ1gpzKg3VwCoUcUA9kmc/DS7iMlB0KM9 HUFwkuWJ7vMsr90sk085kuowjp6bthVw6MuCJT6QuY8EnfwrJjCdZQkFXS0u0M6gNhJt lUoWYo9CMgRX5Q79tUoqmyOoGgHlLMkYoKWyKi6s8H1iCijL+flBrDTONrCE7P2j1ulV OboGh10xLni9I52os5rkpBqGUWzltnX92+s4INwOAE9ePybAix21WB9gRPx8gEGMV5JF cnYA== X-Gm-Message-State: AOJu0Yy+3Do7nfkf0x2qtsY6eaqYRRvJ4avJsvI4FLYOlKeO/HhXyw5m deHGSmsCKVYZLk7E9ME2yyeRLHIi1MOeH3pFxHhzDvEDE2rg2z7aotj6rLxLWvxhmLUt4tcmZuP C1z8rmOzc689W7fpxhzQ/pjaprz8d8OyzePG/F6f5ouQ8uc+yb4BJKHyYGwSp X-Gm-Gg: ASbGncuZGeQBSwpo69FqRzZEqh0X4AyLJELeIql8QOArEk87/p7vxwo24kZqDxcmcrF Zmgsvsr8/2g1yWAt783GobBdobbpRldHKgIE3XnKq7xlJsHEWRoe+ToUzvdetiTvApv5XtQTIo2 uYWqB8wBnbtVESdpgCoTJarXyhJecUP3XVCFFmpvITNE9o6qqHJGL8EGhm+oe0f2C3J0C8E6XJB CCt+FDd9LENm9hp3fNKurRnGuOBZFOvMjCI8Ab0qBfXhSweu0BkPVZP9Bh7KPpqa/FtnkN849gj r4/p6UVjJXHzWHDr0F87jWl0BT+NduQqwM2T9fxm0/W795c= X-Google-Smtp-Source: AGHT+IH78Vi8NMJOY2JPqsRGiy5+0Ufm48nGsuXC2eTbea7Zk5goy/VRoYOjYfyOOFDC+G2DWiXDO9NGEi1L X-Received: by 2002:a17:902:e80f:b0:234:d431:ec6e with SMTP id d9443c01a7336-23c8746618bmr254512695ad.3.1752008295236; Tue, 08 Jul 2025 13:58:15 -0700 (PDT) Received: from postal.iol.unh.edu (postal.iol.unh.edu. [2606:4100:3880:1234::84]) by smtp-relay.gmail.com with ESMTPS id d9443c01a7336-23c84517563sm5879025ad.109.2025.07.08.13.58.15 (version=TLS1_2 cipher=ECDHE-ECDSA-AES128-GCM-SHA256 bits=128/128); Tue, 08 Jul 2025 13:58:15 -0700 (PDT) X-Relaying-Domain: iol.unh.edu Date: Tue, 08 Jul 2025 13:58:15 -0700 (PDT) Message-ID: <686d8667.170a0220.2fa798.fb53SMTPIN_ADDED_MISSING@mx.google.com> Received: from [172.21.0.5] (unknown [172.18.0.240]) by postal.iol.unh.edu (Postfix) with ESMTP id A11AD604D420; Tue, 8 Jul 2025 16:58:14 -0400 (EDT) Subject: |FAILURE| pw155077 [PATCH] net/virtio: revert Tx free threshold fix From: dpdklab@iol.unh.edu To: Test Report Cc: dpdk-test-reports@iol.unh.edu, David Marchand In-Reply-To: <20250708142305.3636707-1-david.marchand@redhat.com> References: <20250708142305.3636707-1-david.marchand@redhat.com> Content-Type: text/plain X-BeenThere: test-report@dpdk.org X-Mailman-Version: 2.1.29 Precedence: list List-Id: automatic DPDK test reports List-Unsubscribe: , List-Archive: List-Post: List-Help: List-Subscribe: , Errors-To: test-report-bounces@dpdk.org Test-Label: iol-compile-amd64-testing Test-Status: FAILURE http://dpdk.org/patch/155077 _Testing issues_ Submitter: David Marchand Date: Tuesday, July 08 2025 14:23:04 DPDK git baseline: Repo:dpdk Branch: master CommitID:64267ffa9474c6becddcc07fc2e603adb621b44d 155077 --> testing issues Upstream job id: Generic-DPDK-Compile-Meson#406674 Test environment and result as below: +-------------------------------+--------------------+-------------------+------------------+-------------------+-------------------------+----------------------+ | Environment | dpdk_meson_compile | dpdk_compile_spdk | dpdk_compile_ovs | dpdk_msvc_compile | dpdk_llvm_clang_compile | dpdk_mingw64_compile | +===============================+====================+===================+==================+===================+=========================+======================+ | CentOS Stream 9 | PASS | PASS | SKIPPED | SKIPPED | SKIPPED | SKIPPED | +-------------------------------+--------------------+-------------------+------------------+-------------------+-------------------------+----------------------+ | Debian GNU/Linux 12 | PASS | PASS | SKIPPED | SKIPPED | SKIPPED | SKIPPED | +-------------------------------+--------------------+-------------------+------------------+-------------------+-------------------------+----------------------+ | CentOS Stream 10 | PASS | SKIPPED | SKIPPED | SKIPPED | SKIPPED | SKIPPED | +-------------------------------+--------------------+-------------------+------------------+-------------------+-------------------------+----------------------+ | Fedora Linux 40 | PASS | PASS | SKIPPED | SKIPPED | SKIPPED | SKIPPED | +-------------------------------+--------------------+-------------------+------------------+-------------------+-------------------------+----------------------+ | Fedora Linux 41 | PASS | WARN | PASS | SKIPPED | SKIPPED | SKIPPED | +-------------------------------+--------------------+-------------------+------------------+-------------------+-------------------------+----------------------+ | openSUSE Leap 15.6 | PASS | SKIPPED | SKIPPED | SKIPPED | SKIPPED | SKIPPED | +-------------------------------+--------------------+-------------------+------------------+-------------------+-------------------------+----------------------+ | Red Hat Enterprise Linux 8.10 | PASS | SKIPPED | SKIPPED | SKIPPED | SKIPPED | SKIPPED | +-------------------------------+--------------------+-------------------+------------------+-------------------+-------------------------+----------------------+ | Ubuntu 20.04 | PASS | SKIPPED | SKIPPED | SKIPPED | SKIPPED | SKIPPED | +-------------------------------+--------------------+-------------------+------------------+-------------------+-------------------------+----------------------+ | Red Hat Enterprise Linux 9.5 | PASS | SKIPPED | SKIPPED | SKIPPED | SKIPPED | SKIPPED | +-------------------------------+--------------------+-------------------+------------------+-------------------+-------------------------+----------------------+ | Ubuntu 24.04 | PASS | PASS | PASS | SKIPPED | SKIPPED | SKIPPED | +-------------------------------+--------------------+-------------------+------------------+-------------------+-------------------------+----------------------+ | FreeBSD 14.2 | PASS | SKIPPED | SKIPPED | SKIPPED | SKIPPED | SKIPPED | +-------------------------------+--------------------+-------------------+------------------+-------------------+-------------------------+----------------------+ | Ubuntu 22.04 | PASS | PASS | SKIPPED | SKIPPED | SKIPPED | SKIPPED | +-------------------------------+--------------------+-------------------+------------------+-------------------+-------------------------+----------------------+ | Alpine Linux 3.22.0 | PASS | SKIPPED | SKIPPED | SKIPPED | SKIPPED | SKIPPED | +-------------------------------+--------------------+-------------------+------------------+-------------------+-------------------------+----------------------+ | Windows Server 2022 | SKIPPED | SKIPPED | SKIPPED | PASS | FAIL | PASS | +-------------------------------+--------------------+-------------------+------------------+-------------------+-------------------------+----------------------+ ==== 20 line log output for Windows Server 2022 (dpdk_llvm_clang_compile): ==== Message: Disabling table [lib/table]: missing internal dependency "port" Compiler for C supports arguments -Wno-format-truncation: NO (cached) Compiler for C supports arguments -Wno-address-of-packed-member: YES (cached) Compiler for C supports arguments -Wno-cast-qual: YES Compiler for C supports arguments -Wno-pointer-arith: YES Message: drivers/bus/auxiliary: Defining dependency "bus_auxiliary" Compiler for C supports arguments -Wno-cast-qual: YES (cached) Compiler for C supports arguments -Wno-pointer-arith: YES (cached) Message: drivers/bus/pci: Defining dependency "bus_pci" Message: drivers/bus/vdev: Defining dependency "bus_vdev" Compiler for C supports arguments -std=c11: YES Compiler for C supports arguments -Wno-strict-prototypes: YES Compiler for C supports arguments -D_BSD_SOURCE: YES Compiler for C supports arguments -D_DEFAULT_SOURCE: YES Compiler for C supports arguments -D_XOPEN_SOURCE=600: YES Has header "mlx5devx.h" : YES drivers\common\mlx5\windows\meson.build:10:13: ERROR: C shared or static library 'mlx5devx' not found A full log can be found at C:\Users\builder\jenkins\workspace\Windows-Compile-DPDK-Native\dpdk\build\meson-logs\meson-log.txt ==== End log output ==== CentOS Stream 9 Kernel: 5.15 Compiler: gcc gcc (GCC) 11.5.0 20240719 (Red Hat 11.5.0-7) Debian GNU/Linux 12 Kernel: 5.15 Compiler: gcc gcc (Debian 12.2.0-14+deb12u1) 12.2.0 CentOS Stream 10 Kernel: 5.15 Compiler: gcc gcc (GCC) 14.2.1 20250110 (Red Hat 14.2.1-8) Fedora Linux 40 Kernel: 5.15 Compiler: clang gcc (GCC) 14.2.1 20240912 (Red Hat 14.2.1-3) Fedora Linux 41 Kernel: 5.15 Compiler: gcc gcc (GCC) 14.3.1 20250523 (Red Hat 14.3.1-1) openSUSE Leap 15.6 Kernel: 5.15 Compiler: gcc gcc (SUSE Linux) 7.5.0 Red Hat Enterprise Linux 8.10 Kernel: 5.15 Compiler: gcc gcc (GCC) 8.5.0 20210514 (Red Hat 8.5.0-22) Ubuntu 20.04 Kernel: 5.15 Compiler: gcc gcc (Ubuntu 9.4.0-1ubuntu1~20.04.2) 9.4.0 Red Hat Enterprise Linux 9.5 Kernel: 5.15 Compiler: gcc gcc (GCC) 11.5.0 20240719 (Red Hat 11.5.0-2) Ubuntu 24.04 Kernel: 5.15 Compiler: gcc gcc (Ubuntu 13.3.0-6ubuntu2~24.04) 13.3.0 FreeBSD 14.2 Kernel: 14.2-RELEASE Compiler: clang 18.1.6 Ubuntu 22.04 Kernel: 5.15 Compiler: gcc gcc (Ubuntu 11.4.0-1ubuntu1~22.04) 11.4.0 Alpine Linux 3.22.0 Kernel: 5.15 Compiler: gcc gcc (Alpine 14.2.0) 14.2.0 Windows Server 2022 Kernel: 10.0.20348.2031 Compiler: clang 15.0.7, gcc 14.1.0 (MinGW), and MSVC VS 19.39.33521 To view detailed results, visit: https://lab.dpdk.org/results/dashboard/patchsets/33614/ UNH-IOL DPDK Community Lab To manage your email subscriptions, visit: https://lab.dpdk.org/results/dashboard/preferences/subscriptions/