automatic DPDK test reports
 help / color / mirror / Atom feed
From: dpdklab@iol.unh.edu
To: Test Report <test-report@dpdk.org>
Cc: dpdk-test-reports@iol.unh.edu,
	Bruce Richardson <bruce.richardson@intel.com>
Subject: |FAILURE| pw154968 [PATCH] build/x86: fix support for older compiler
Date: Tue, 08 Jul 2025 15:49:29 -0700 (PDT)	[thread overview]
Message-ID: <686da079.170a0220.1e1b92.d7b4SMTPIN_ADDED_MISSING@mx.google.com> (raw)
In-Reply-To: <20250702155129.3440210-1-bruce.richardson@intel.com>

Test-Label: iol-unit-amd64-testing
Test-Status: FAILURE
http://dpdk.org/patch/154968

_Testing issues_

Submitter: Bruce Richardson <bruce.richardson@intel.com>
Date: Wednesday, July 02 2025 15:51:29 
DPDK git baseline: Repo:dpdk
  Branch: master
  CommitID:5d47e73e5f4f2eb69bd73f642cfd72b49436bf96

154968 --> testing issues

Upstream job id: Generic-VM-Unit-Test-DPDK#29809

Test environment and result as below:

+-------------------------------+----------------+
|          Environment          | dpdk_unit_test |
+===============================+================+
| CentOS Stream 10              | WARN           |
+-------------------------------+----------------+
| CentOS Stream 9               | WARN           |
+-------------------------------+----------------+
| Debian GNU/Linux 12           | WARN           |
+-------------------------------+----------------+
| Fedora Linux 41               | WARN           |
+-------------------------------+----------------+
| Fedora Linux 40               | WARN           |
+-------------------------------+----------------+
| Red Hat Enterprise Linux 9.5  | WARN           |
+-------------------------------+----------------+
| Ubuntu 24.04                  | WARN           |
+-------------------------------+----------------+
| Red Hat Enterprise Linux 8.10 | WARN           |
+-------------------------------+----------------+
| Ubuntu 22.04                  | WARN           |
+-------------------------------+----------------+
| Ubuntu 20.04                  | FAIL           |
+-------------------------------+----------------+
| Windows Server 2022           | PASS           |
+-------------------------------+----------------+

==== Unit test summary for Ubuntu 20.04 (dpdk_unit_test): ====
Failed to get the unit test results.
Displaying the unit test results is not supported for some environments,
such as our aarch32 testing, where meson is not used to run the tests.
Download the logs available on our CI site.
==== End log output ====

CentOS Stream 10
	Kernel: 5.15
	Compiler: gcc gcc (GCC) 14.2.1 20250110 (Red Hat 14.2.1-8)

CentOS Stream 9
	Kernel: 5.15
	Compiler: gcc gcc (GCC) 11.5.0 20240719 (Red Hat 11.5.0-7)

Debian GNU/Linux 12
	Kernel: 5.15
	Compiler: gcc gcc (Debian 12.2.0-14+deb12u1) 12.2.0

Fedora Linux 41
	Kernel: 5.15
	Compiler: gcc gcc (GCC) 14.3.1 20250523 (Red Hat 14.3.1-1)

Fedora Linux 40
	Kernel: 5.15
	Compiler: clang gcc (GCC) 14.2.1 20240912 (Red Hat 14.2.1-3)

Red Hat Enterprise Linux 9.5
	Kernel: 5.15
	Compiler: gcc gcc (GCC) 11.5.0 20240719 (Red Hat 11.5.0-2)

Ubuntu 24.04
	Kernel: 5.15
	Compiler: gcc gcc (Ubuntu 13.3.0-6ubuntu2~24.04) 13.3.0

Red Hat Enterprise Linux 8.10
	Kernel: 5.15
	Compiler: gcc gcc (GCC) 8.5.0 20210514 (Red Hat 8.5.0-22)

Ubuntu 22.04
	Kernel: 5.15
	Compiler: gcc gcc (Ubuntu 11.4.0-1ubuntu1~22.04) 11.4.0

Ubuntu 20.04
	Kernel: 5.15
	Compiler: gcc gcc (Ubuntu 9.4.0-1ubuntu1~20.04.2) 9.4.0

Windows Server 2022
	Kernel: 10.0.20348.2031
	Compiler: clang 15.0.7, gcc 14.1.0 (MinGW), and MSVC VS 19.39.33521

To view detailed results, visit:
https://lab.dpdk.org/results/dashboard/patchsets/33569/

UNH-IOL DPDK Community Lab

To manage your email subscriptions, visit: 
https://lab.dpdk.org/results/dashboard/preferences/subscriptions/

  parent reply	other threads:[~2025-07-08 22:49 UTC|newest]

Thread overview: 29+ messages / expand[flat|nested]  mbox.gz  Atom feed  top
     [not found] <20250702155129.3440210-1-bruce.richardson@intel.com>
2025-07-02 15:17 ` |SUCCESS| pw154968 [PATCH] build/x86: fix support for older compilers qemudev
2025-07-02 15:21 ` qemudev
2025-07-02 15:50 ` checkpatch
2025-07-08 18:34 ` |SUCCESS| pw154968 [PATCH] build/x86: fix support for older compiler dpdklab
2025-07-08 18:37 ` |FAILURE| " dpdklab
2025-07-08 18:40 ` |SUCCESS| " dpdklab
2025-07-08 18:42 ` dpdklab
2025-07-08 18:55 ` |FAILURE| " dpdklab
2025-07-08 19:21 ` |PENDING| " dpdklab
2025-07-08 19:22 ` |SUCCESS| " dpdklab
2025-07-08 19:22 ` |FAILURE| " dpdklab
2025-07-08 19:26 ` dpdklab
2025-07-08 20:01 ` |WARNING| " dpdklab
2025-07-08 20:01 ` dpdklab
2025-07-08 20:02 ` dpdklab
2025-07-08 20:02 ` dpdklab
2025-07-08 20:09 ` |FAILURE| " dpdklab
2025-07-08 20:10 ` dpdklab
2025-07-08 20:11 ` dpdklab
2025-07-08 20:11 ` dpdklab
2025-07-08 20:13 ` dpdklab
2025-07-08 20:14 ` dpdklab
2025-07-08 20:15 ` dpdklab
2025-07-08 20:15 ` dpdklab
2025-07-08 21:12 ` |PENDING| " dpdklab
2025-07-08 21:43 ` |SUCCESS| " dpdklab
2025-07-08 21:58 ` |WARNING| " dpdklab
2025-07-08 22:49 ` dpdklab [this message]
2025-07-09  1:52 ` |SUCCESS| " dpdklab

Reply instructions:

You may reply publicly to this message via plain-text email
using any one of the following methods:

* Save the following mbox file, import it into your mail client,
  and reply-to-all from there: mbox

  Avoid top-posting and favor interleaved quoting:
  https://en.wikipedia.org/wiki/Posting_style#Interleaved_style

* Reply using the --to, --cc, and --in-reply-to
  switches of git-send-email(1):

  git send-email \
    --in-reply-to=686da079.170a0220.1e1b92.d7b4SMTPIN_ADDED_MISSING@mx.google.com \
    --to=dpdklab@iol.unh.edu \
    --cc=bruce.richardson@intel.com \
    --cc=dpdk-test-reports@iol.unh.edu \
    --cc=test-report@dpdk.org \
    /path/to/YOUR_REPLY

  https://kernel.org/pub/software/scm/git/docs/git-send-email.html

* If your mail client supports setting the In-Reply-To header
  via mailto: links, try the mailto: link
Be sure your reply has a Subject: header at the top and a blank line before the message body.
This is a public inbox, see mirroring instructions
for how to clone and mirror all data and code used for this inbox;
as well as URLs for NNTP newsgroup(s).