* |SUCCESS| pw155079-155083 [RFC PATCH v2 5/5] eal: simplify handling of conflicting cmdline options
[not found] <20250708172039.183989-6-bruce.richardson@intel.com>
@ 2025-07-08 16:47 ` qemudev
2025-07-08 16:51 ` qemudev
` (14 subsequent siblings)
15 siblings, 0 replies; 16+ messages in thread
From: qemudev @ 2025-07-08 16:47 UTC (permalink / raw)
To: test-report
Test-Label: loongarch-compilation
Test-Status: SUCCESS
http://dpdk.org/patch/155083
_Compilation OK_
Submitter: Bruce Richardson <bruce.richardson@intel.com>
Date: Tue, 8 Jul 2025 17:20:35 +0000
DPDK git baseline: Repo:dpdk
Branch: main
CommitID: 5d47e73e5f4f2eb69bd73f642cfd72b49436bf96
155079-155083 --> meson & ninja build successfully
Test environment and result as below:
+---------------------+----------------+
| Environment | compilation |
+---------------------+----------------+
| Loongnix-Server 8.3 | PASS |
+---------------------+----------------+
Loongnix-Server 8.3
Kernel: 4.19.190+
Compiler: gcc 8.3
^ permalink raw reply [flat|nested] 16+ messages in thread
* |SUCCESS| pw155079-155083 [RFC PATCH v2 5/5] eal: simplify handling of conflicting cmdline options
[not found] <20250708172039.183989-6-bruce.richardson@intel.com>
2025-07-08 16:47 ` |SUCCESS| pw155079-155083 [RFC PATCH v2 5/5] eal: simplify handling of conflicting cmdline options qemudev
@ 2025-07-08 16:51 ` qemudev
2025-07-08 17:20 ` |SUCCESS| pw155083 " checkpatch
` (13 subsequent siblings)
15 siblings, 0 replies; 16+ messages in thread
From: qemudev @ 2025-07-08 16:51 UTC (permalink / raw)
To: test-report
Test-Label: loongarch-unit-testing
Test-Status: SUCCESS
http://dpdk.org/patch/155083
_Unit Testing PASS_
Submitter: Bruce Richardson <bruce.richardson@intel.com>
Date: Tue, 8 Jul 2025 17:20:35 +0000
DPDK git baseline: Repo:dpdk
Branch: main
CommitID: 5d47e73e5f4f2eb69bd73f642cfd72b49436bf96
155079-155083 --> testing pass
Test environment and result as below:
+---------------------+----------------+
| Environment | dpdk_unit_test |
+---------------------+----------------+
| Loongnix-Server 8.3 | PASS |
+---------------------+----------------+
Loongnix-Server 8.3
Kernel: 4.19.190+
Compiler: gcc 8.3
Test result details:
1/120 DPDK:fast-tests / acl_autotest OK 3.19s
2/120 DPDK:fast-tests / alarm_autotest OK 1.46s
3/120 DPDK:fast-tests / argparse_autotest OK 0.45s
4/120 DPDK:fast-tests / atomic_autotest OK 6.88s
5/120 DPDK:fast-tests / bitcount_autotest OK 0.20s
6/120 DPDK:fast-tests / bitmap_autotest OK 0.20s
7/120 DPDK:fast-tests / bitops_autotest OK 1.70s
8/120 DPDK:fast-tests / bitratestats_autotest OK 0.20s
9/120 DPDK:fast-tests / bitset_autotest OK 2.95s
10/120 DPDK:fast-tests / bpf_autotest OK 0.20s
11/120 DPDK:fast-tests / bpf_convert_autotest OK 0.20s
12/120 DPDK:fast-tests / byteorder_autotest OK 0.20s
13/120 DPDK:fast-tests / cfgfile_autotest OK 0.20s
14/120 DPDK:fast-tests / cksum_autotest OK 0.20s
15/120 DPDK:fast-tests / cmdline_autotest OK 0.20s
16/120 DPDK:fast-tests / common_autotest OK 1.08s
17/120 DPDK:fast-tests / compressdev_autotest SKIP 0.06s exit status 77
18/120 DPDK:fast-tests / cpuflags_autotest OK 0.20s
19/120 DPDK:fast-tests / crc_autotest OK 0.20s
20/120 DPDK:fast-tests / user_delay_us OK 0.20s
21/120 DPDK:fast-tests / debug_autotest OK 22.05s
22/120 DPDK:fast-tests / devargs_autotest OK 0.20s
23/120 DPDK:fast-tests / dispatcher_autotest OK 2.52s
24/120 DPDK:fast-tests / distributor_autotest OK 1.20s
25/120 DPDK:fast-tests / eal_flags_c_opt_autotest OK 0.79s
26/120 DPDK:fast-tests / eal_flags_main_opt_autotest OK 0.21s
27/120 DPDK:fast-tests / eal_flags_n_opt_autotest OK 0.19s
28/120 DPDK:fast-tests / eal_flags_hpet_autotest OK 0.13s
29/120 DPDK:fast-tests / eal_flags_no_huge_autotest OK 0.19s
30/120 DPDK:fast-tests / eal_flags_a_opt_autotest OK 0.23s
31/120 DPDK:fast-tests / eal_flags_b_opt_autotest OK 0.25s
32/120 DPDK:fast-tests / eal_flags_vdev_opt_autotest OK 0.19s
33/120 DPDK:fast-tests / eal_flags_r_opt_autotest OK 0.18s
34/120 DPDK:fast-tests / eal_flags_mem_autotest OK 0.59s
35/120 DPDK:fast-tests / eal_flags_file_prefix_autotest OK 22.22s
36/120 DPDK:fast-tests / eal_flags_misc_autotest OK 1.04s
37/120 DPDK:fast-tests / eal_fs_autotest OK 0.20s
38/120 DPDK:fast-tests / errno_autotest OK 0.20s
39/120 DPDK:fast-tests / ethdev_link_status OK 0.20s
40/120 DPDK:fast-tests / event_eth_tx_adapter_autotest OK 1.67s
41/120 DPDK:fast-tests / event_ring_autotest OK 0.21s
42/120 DPDK:fast-tests / eventdev_common_autotest OK 0.20s
43/120 DPDK:fast-tests / eventdev_selftest_sw OK 6.99s
44/120 DPDK:fast-tests / fbarray_autotest OK 0.21s
45/120 DPDK:fast-tests / fib_autotest OK 1.04s
46/120 DPDK:fast-tests / fib6_autotest OK 0.83s
47/120 DPDK:fast-tests / func_reentrancy_autotest OK 2.15s
48/120 DPDK:fast-tests / graph_autotest OK 0.21s
49/120 DPDK:fast-tests / node_list_dump OK 0.20s
50/120 DPDK:fast-tests / graph_feature_arc_autotest OK 0.21s
51/120 DPDK:fast-tests / hash_autotest OK 0.83s
52/120 DPDK:fast-tests / hash_readwrite_func_autotest OK 6.36s
53/120 DPDK:fast-tests / interrupt_autotest OK 1.51s
54/120 DPDK:fast-tests / ipfrag_autotest OK 0.06s
55/120 DPDK:fast-tests / ipsec_autotest SKIP 0.21s exit status 77
56/120 DPDK:fast-tests / kvargs_autotest OK 0.20s
57/120 DPDK:fast-tests / latencystats_autotest OK 0.21s
58/120 DPDK:fast-tests / lcore_var_autotest OK 0.35s
59/120 DPDK:fast-tests / lcores_autotest OK 5.01s
60/120 DPDK:fast-tests / logs_autotest OK 0.20s
61/120 DPDK:fast-tests / lpm_autotest OK 2.24s
62/120 DPDK:fast-tests / lpm6_autotest OK 5.34s
63/120 DPDK:fast-tests / malloc_autotest OK 59.04s
64/120 DPDK:fast-tests / mbuf_autotest OK 4.86s
65/120 DPDK:fast-tests / mcslock_autotest OK 2.95s
66/120 DPDK:fast-tests / member_autotest OK 1.41s
67/120 DPDK:fast-tests / memcpy_autotest OK 6.91s
68/120 DPDK:fast-tests / memory_autotest OK 0.08s
69/120 DPDK:fast-tests / mempool_autotest OK 0.43s
70/120 DPDK:fast-tests / memzone_autotest OK 0.14s
71/120 DPDK:fast-tests / meter_autotest OK 0.20s
72/120 DPDK:fast-tests / metrics_autotest OK 0.20s
73/120 DPDK:fast-tests / multiprocess_autotest OK 0.18s
74/120 DPDK:fast-tests / net_ether_autotest OK 0.86s
75/120 DPDK:fast-tests / net_ipv6_autotest OK 0.20s
76/120 DPDK:fast-tests / pcapng_autotest OK 6.27s
77/120 DPDK:fast-tests / pdcp_autotest SKIP 0.06s exit status 77
78/120 DPDK:fast-tests / pdump_autotest OK 0.30s
79/120 DPDK:fast-tests / per_lcore_autotest OK 0.30s
80/120 DPDK:fast-tests / pflock_autotest OK 1.01s
81/120 DPDK:fast-tests / pie_autotest OK 0.20s
82/120 DPDK:fast-tests / ring_pmd_autotest OK 0.20s
83/120 DPDK:fast-tests / power_autotest OK 0.20s
84/120 DPDK:fast-tests / power_cpufreq_autotest SKIP 0.06s exit status 77
85/120 DPDK:fast-tests / power_intel_uncore_autotest SKIP 0.20s exit status 77
86/120 DPDK:fast-tests / power_kvm_vm_autotest SKIP 0.06s exit status 77
87/120 DPDK:fast-tests / prefetch_autotest OK 0.20s
88/120 DPDK:fast-tests / ptr_compress_autotest OK 0.20s
89/120 DPDK:fast-tests / rawdev_autotest OK 0.20s
90/120 DPDK:fast-tests / rcu_qsbr_autotest OK 0.72s
91/120 DPDK:fast-tests / reorder_autotest OK 0.25s
92/120 DPDK:fast-tests / rib_autotest OK 8.84s
93/120 DPDK:fast-tests / rib6_autotest OK 8.84s
94/120 DPDK:fast-tests / ring_autotest OK 0.23s
95/120 DPDK:fast-tests / rwlock_test1_autotest OK 0.95s
96/120 DPDK:fast-tests / rwlock_rda_autotest OK 5.20s
97/120 DPDK:fast-tests / rwlock_rds_wrm_autotest OK 5.20s
98/120 DPDK:fast-tests / rwlock_rde_wro_autotest OK 5.20s
99/120 DPDK:fast-tests / sched_autotest OK 0.20s
100/120 DPDK:fast-tests / security_autotest OK 0.06s
101/120 DPDK:fast-tests / seqlock_autotest OK 2.20s
102/120 DPDK:fast-tests / service_autotest OK 2.90s
103/120 DPDK:fast-tests / soring_autotest OK 0.20s
104/120 DPDK:fast-tests / spinlock_autotest OK 0.28s
105/120 DPDK:fast-tests / stack_autotest OK 0.86s
106/120 DPDK:fast-tests / stack_lf_autotest SKIP 0.06s exit status 77
107/120 DPDK:fast-tests / string_autotest OK 0.20s
108/120 DPDK:fast-tests / table_autotest OK 7.31s
109/120 DPDK:fast-tests / tailq_autotest OK 0.20s
110/120 DPDK:fast-tests / telemetry_data_autotest OK 0.20s
111/120 DPDK:fast-tests / telemetry_json_autotest OK 0.20s
112/120 DPDK:fast-tests / thash_autotest OK 0.21s
113/120 DPDK:fast-tests / threads_autotest OK 0.37s
114/120 DPDK:fast-tests / ticketlock_autotest OK 0.35s
115/120 DPDK:fast-tests / timer_autotest OK 3.86s
116/120 DPDK:fast-tests / trace_autotest OK 0.20s
117/120 DPDK:fast-tests / trace_autotest_with_traces OK 0.20s
118/120 DPDK:fast-tests / vdev_autotest OK 0.20s
119/120 DPDK:fast-tests / version_autotest OK 0.20s
120/120 DPDK:fast-tests / telemetry_all OK 1.15s
Ok: 113
Expected Fail: 0
Fail: 0
Unexpected Pass: 0
Skipped: 7
Timeout: 0
^ permalink raw reply [flat|nested] 16+ messages in thread
* |SUCCESS| pw155083 [RFC PATCH v2 5/5] eal: simplify handling of conflicting cmdline options
[not found] <20250708172039.183989-6-bruce.richardson@intel.com>
2025-07-08 16:47 ` |SUCCESS| pw155079-155083 [RFC PATCH v2 5/5] eal: simplify handling of conflicting cmdline options qemudev
2025-07-08 16:51 ` qemudev
@ 2025-07-08 17:20 ` checkpatch
2025-07-08 18:43 ` |FAILURE| " 0-day Robot
` (12 subsequent siblings)
15 siblings, 0 replies; 16+ messages in thread
From: checkpatch @ 2025-07-08 17:20 UTC (permalink / raw)
To: test-report
Test-Label: checkpatch
Test-Status: SUCCESS
http://dpdk.org/patch/155083
_coding style OK_
^ permalink raw reply [flat|nested] 16+ messages in thread
* |FAILURE| pw155083 [RFC PATCH v2 5/5] eal: simplify handling of conflicting cmdline options
[not found] <20250708172039.183989-6-bruce.richardson@intel.com>
` (2 preceding siblings ...)
2025-07-08 17:20 ` |SUCCESS| pw155083 " checkpatch
@ 2025-07-08 18:43 ` 0-day Robot
2025-07-09 4:14 ` |SUCCESS| pw155079-155083 [PATCH] [RFC,v2,5/5] eal: simplify handlin dpdklab
` (11 subsequent siblings)
15 siblings, 0 replies; 16+ messages in thread
From: 0-day Robot @ 2025-07-08 18:43 UTC (permalink / raw)
To: test-report; +Cc: bruce.richardson, robot
From: robot@bytheb.org
Test-Label: github-robot: build
Test-Status: FAILURE
http://patchwork.dpdk.org/patch/155083/
_github build: failed_
Build URL: https://github.com/ovsrobot/dpdk/actions/runs/16150485524
Build Logs:
-----------------------Summary of failed steps-----------------------
"ubuntu-22.04-clang-asan+doc+tests" failed at step Build and test
----------------------End summary of failed steps--------------------
-------------------------------BEGIN LOGS----------------------------
####################################################################################
#### [Begin job log] "ubuntu-22.04-clang-asan+doc+tests" at step Build and test
####################################################################################
103/105 DPDK:fast-tests / vdev_autotest OK 0.33s
104/105 DPDK:fast-tests / version_autotest OK 0.34s
105/105 DPDK:fast-tests / telemetry_all OK 1.13s
Ok: 98
Expected Fail: 0
Fail: 1
Unexpected Pass: 0
Skipped: 6
Timeout: 0
Full log written to /home/runner/work/dpdk/dpdk/build/meson-logs/testlog.txt
+ failed=true
+ catch_coredump
+ ls /tmp/dpdk-core.*.*
+ return 0
+ check_traces
+ which babeltrace
+ sudo find /home/runner -name metadata
+ dirname /home/runner/work/dpdk/dpdk/build/app/test/suites/rte-2025-07-08-PM-06-20-54/metadata
+ sudo babeltrace /home/runner/work/dpdk/dpdk/build/app/test/suites/rte-2025-07-08-PM-06-20-54
+ continue
+ [ true != true ]
##[error]Process completed with exit code 1.
####################################################################################
#### [End job log] "ubuntu-22.04-clang-asan+doc+tests" at step Build and test
####################################################################################
--------------------------------END LOGS-----------------------------
^ permalink raw reply [flat|nested] 16+ messages in thread
* |SUCCESS| pw155079-155083 [PATCH] [RFC,v2,5/5] eal: simplify handlin
[not found] <20250708172039.183989-6-bruce.richardson@intel.com>
` (3 preceding siblings ...)
2025-07-08 18:43 ` |FAILURE| " 0-day Robot
@ 2025-07-09 4:14 ` dpdklab
2025-07-09 4:18 ` dpdklab
` (10 subsequent siblings)
15 siblings, 0 replies; 16+ messages in thread
From: dpdklab @ 2025-07-09 4:14 UTC (permalink / raw)
To: Test Report; +Cc: dpdk-test-reports
Test-Label: iol-intel-Functional
Test-Status: SUCCESS
http://dpdk.org/patch/155083
_Functional Testing PASS_
Submitter: Bruce Richardson <bruce.richardson@intel.com>
Date: Tuesday, July 08 2025 17:20:39
DPDK git baseline: Repo:dpdk
Branch: master
CommitID:e90979eebbea093f6bab2d7c222fc5f5c9a85eff
155079-155083 --> functional testing pass
Upstream job id: Template-DTS-Pipeline#235919
Test environment and result as below:
Ubuntu 24.04
Kernel: 6.8
Compiler: gcc gcc (Ubuntu 13.3.0-6ubuntu2~24.04) 13.3.0
NIC: Intel Corporation 4xxx Series QAT 0 Mbps
Aggregate Results by Test Suite
+----------------------------+--------+
| Test Suite | Result |
+============================+========+
| crypto_perf_cryptodev_perf | PASS |
+----------------------------+--------+
To view detailed results, visit:
https://lab.dpdk.org/results/dashboard/patchsets/33616/
UNH-IOL DPDK Community Lab
To manage your email subscriptions, visit:
https://lab.dpdk.org/results/dashboard/preferences/subscriptions/
^ permalink raw reply [flat|nested] 16+ messages in thread
* |SUCCESS| pw155079-155083 [PATCH] [RFC,v2,5/5] eal: simplify handlin
[not found] <20250708172039.183989-6-bruce.richardson@intel.com>
` (4 preceding siblings ...)
2025-07-09 4:14 ` |SUCCESS| pw155079-155083 [PATCH] [RFC,v2,5/5] eal: simplify handlin dpdklab
@ 2025-07-09 4:18 ` dpdklab
2025-07-09 5:38 ` dpdklab
` (9 subsequent siblings)
15 siblings, 0 replies; 16+ messages in thread
From: dpdklab @ 2025-07-09 4:18 UTC (permalink / raw)
To: Ali Alnubani, Test Report; +Cc: dpdk-test-reports
Test-Label: iol-mellanox-Performance
Test-Status: SUCCESS
http://dpdk.org/patch/155083
_Performance Testing PASS_
Submitter: Bruce Richardson <bruce.richardson@intel.com>
Date: Tuesday, July 08 2025 17:20:39
DPDK git baseline: Repo:dpdk
Branch: master
CommitID:e90979eebbea093f6bab2d7c222fc5f5c9a85eff
155079-155083 --> performance testing pass
Upstream job id: Template-DTS-Pipeline#235907
Test environment and result as below:
Ubuntu 24.04
Kernel: 6.8
Compiler: gcc gcc (Ubuntu 13.3.0-6ubuntu2~24.04) 13.3.0
NIC: NVIDIA Mellanox ConnectX-7 100000 Mbps
Fail/Total: 0/6
Detail performance results:
+------------+---------+----------+-------------+------------------------------+
| frame_size | txd/rxd | num_cpus | num_threads | throughput difference from |
| | | | | expected |
+============+=========+==========+=============+==============================+
| 64 | 1024 | 1 | 1 | -0.5% |
+------------+---------+----------+-------------+------------------------------+
| 128 | 1024 | 1 | 1 | -0.1% |
+------------+---------+----------+-------------+------------------------------+
| 256 | 1024 | 1 | 1 | -1.1% |
+------------+---------+----------+-------------+------------------------------+
| 512 | 1024 | 1 | 1 | 0.1% |
+------------+---------+----------+-------------+------------------------------+
| 1024 | 1024 | 1 | 1 | 0.1% |
+------------+---------+----------+-------------+------------------------------+
| 1518 | 1024 | 1 | 1 | -0.1% |
+------------+---------+----------+-------------+------------------------------+
Ubuntu 24.04
Kernel: 6.8
Compiler: gcc gcc (Ubuntu 13.3.0-6ubuntu2~24.04) 13.3.0
NIC: Mellanox ConnectX-6 Lx 25000 Mbps
Fail/Total: 0/6
Detail performance results:
+------------+---------+----------+-------------+------------------------------+
| frame_size | txd/rxd | num_cpus | num_threads | throughput difference from |
| | | | | expected |
+============+=========+==========+=============+==============================+
| 64 | 1024 | 1 | 1 | -0.1% |
+------------+---------+----------+-------------+------------------------------+
| 128 | 1024 | 1 | 1 | -0.1% |
+------------+---------+----------+-------------+------------------------------+
| 256 | 1024 | 1 | 1 | -0.0% |
+------------+---------+----------+-------------+------------------------------+
| 512 | 1024 | 1 | 1 | -0.0% |
+------------+---------+----------+-------------+------------------------------+
| 1024 | 1024 | 1 | 1 | 0.1% |
+------------+---------+----------+-------------+------------------------------+
| 1518 | 1024 | 1 | 1 | -0.2% |
+------------+---------+----------+-------------+------------------------------+
To view detailed results, visit:
https://lab.dpdk.org/results/dashboard/patchsets/33616/
UNH-IOL DPDK Community Lab
To manage your email subscriptions, visit:
https://lab.dpdk.org/results/dashboard/preferences/subscriptions/
^ permalink raw reply [flat|nested] 16+ messages in thread
* |SUCCESS| pw155079-155083 [PATCH] [RFC,v2,5/5] eal: simplify handlin
[not found] <20250708172039.183989-6-bruce.richardson@intel.com>
` (5 preceding siblings ...)
2025-07-09 4:18 ` dpdklab
@ 2025-07-09 5:38 ` dpdklab
2025-07-09 5:59 ` dpdklab
` (8 subsequent siblings)
15 siblings, 0 replies; 16+ messages in thread
From: dpdklab @ 2025-07-09 5:38 UTC (permalink / raw)
To: Test Report; +Cc: dpdk-test-reports
Test-Label: iol-broadcom-Performance
Test-Status: SUCCESS
http://dpdk.org/patch/155083
_Performance Testing PASS_
Submitter: Bruce Richardson <bruce.richardson@intel.com>
Date: Tuesday, July 08 2025 17:20:39
DPDK git baseline: Repo:dpdk
Branch: master
CommitID:e90979eebbea093f6bab2d7c222fc5f5c9a85eff
155079-155083 --> performance testing pass
Upstream job id: Template-DTS-Pipeline#235912
Test environment and result as below:
Ubuntu 22.04
Kernel: 5.15
Compiler: gcc gcc (Ubuntu 11.4.0-1ubuntu1~22.04) 11.4.0
NIC: Broadcom Inc. and subsidiaries BCM57414 NetXtreme-E 10Gb/25Gb RDMA Ethernet Controller 16d7 25 Mbps
Fail/Total: 0/3
Detail performance results:
+------------+---------+----------+-------------+------------------------------+
| frame_size | txd/rxd | num_cpus | num_threads | throughput difference from |
| | | | | expected |
+============+=========+==========+=============+==============================+
| 64 | 128 | 1 | 1 | 0.7% |
+------------+---------+----------+-------------+------------------------------+
| 64 | 512 | 1 | 1 | 0.2% |
+------------+---------+----------+-------------+------------------------------+
| 64 | 2048 | 1 | 1 | 1.0% |
+------------+---------+----------+-------------+------------------------------+
Ubuntu 22.04
Kernel: 5.15
Compiler: gcc gcc (Ubuntu 11.4.0-1ubuntu1~22.04) 11.4.0
NIC: Arm Broadcom Inc. brcm_57414 25000 Mbps
Fail/Total: 0/2
Detail performance results:
+------------+---------+----------+-------------+------------------------------+
| frame_size | txd/rxd | num_cpus | num_threads | throughput difference from |
| | | | | expected |
+============+=========+==========+=============+==============================+
| 64 | 512 | 1 | 1 | 0.2% |
+------------+---------+----------+-------------+------------------------------+
| 64 | 2048 | 1 | 1 | 0.5% |
+------------+---------+----------+-------------+------------------------------+
To view detailed results, visit:
https://lab.dpdk.org/results/dashboard/patchsets/33616/
UNH-IOL DPDK Community Lab
To manage your email subscriptions, visit:
https://lab.dpdk.org/results/dashboard/preferences/subscriptions/
^ permalink raw reply [flat|nested] 16+ messages in thread
* |SUCCESS| pw155079-155083 [PATCH] [RFC,v2,5/5] eal: simplify handlin
[not found] <20250708172039.183989-6-bruce.richardson@intel.com>
` (6 preceding siblings ...)
2025-07-09 5:38 ` dpdklab
@ 2025-07-09 5:59 ` dpdklab
2025-07-09 6:08 ` |PENDING| " dpdklab
` (7 subsequent siblings)
15 siblings, 0 replies; 16+ messages in thread
From: dpdklab @ 2025-07-09 5:59 UTC (permalink / raw)
To: Test Report; +Cc: dpdk-test-reports
Test-Label: iol-intel-Functional
Test-Status: SUCCESS
http://dpdk.org/patch/155083
_Functional Testing PASS_
Submitter: Bruce Richardson <bruce.richardson@intel.com>
Date: Tuesday, July 08 2025 17:20:39
DPDK git baseline: Repo:dpdk
Branch: master
CommitID:e90979eebbea093f6bab2d7c222fc5f5c9a85eff
155079-155083 --> functional testing pass
Upstream job id: Template-DTS-Pipeline#235917
Test environment and result as below:
Ubuntu 24.04
Kernel: 6.8
Compiler: gcc gcc (Ubuntu 13.3.0-6ubuntu2~24.04) 13.3.0
NIC: Intel Corporation 4xxx Series QAT 0 Mbps
Aggregate Results by Test Suite
+----------------------------+--------+
| Test Suite | Result |
+============================+========+
| crypto_perf_cryptodev_perf | PASS |
+----------------------------+--------+
Ubuntu 22.04
Kernel: 5.15
Compiler: gcc gcc (Ubuntu 11.4.0-1ubuntu1~22.04) 11.4.0
NIC: Intel Corporation QAT 8970 0 Mbps
Aggregate Results by Test Suite
+----------------------------+--------+
| Test Suite | Result |
+============================+========+
| crypto_perf_cryptodev_perf | PASS |
+----------------------------+--------+
To view detailed results, visit:
https://lab.dpdk.org/results/dashboard/patchsets/33616/
UNH-IOL DPDK Community Lab
To manage your email subscriptions, visit:
https://lab.dpdk.org/results/dashboard/preferences/subscriptions/
^ permalink raw reply [flat|nested] 16+ messages in thread
* |PENDING| pw155079-155083 [PATCH] [RFC,v2,5/5] eal: simplify handlin
[not found] <20250708172039.183989-6-bruce.richardson@intel.com>
` (7 preceding siblings ...)
2025-07-09 5:59 ` dpdklab
@ 2025-07-09 6:08 ` dpdklab
2025-07-09 6:17 ` dpdklab
` (6 subsequent siblings)
15 siblings, 0 replies; 16+ messages in thread
From: dpdklab @ 2025-07-09 6:08 UTC (permalink / raw)
To: Test Report; +Cc: dpdk-test-reports
Test-Label: iol-abi-testing
Test-Status: PENDING
http://dpdk.org/patch/155083
_Testing pending_
Submitter: Bruce Richardson <bruce.richardson@intel.com>
Date: Tuesday, July 08 2025 17:20:39
DPDK git baseline: Repo:dpdk
Branch: master
CommitID:e90979eebbea093f6bab2d7c222fc5f5c9a85eff
155079-155083 --> testing pending
Upstream job id: Generic-DPDK-Compile-ABI#133686
Test environment and result as below:
+-------------------------------+----------+
| Environment | abi_test |
+===============================+==========+
| CentOS Stream 10 | PASS |
+-------------------------------+----------+
| CentOS Stream 9 | PEND |
+-------------------------------+----------+
| Fedora Linux 41 | PEND |
+-------------------------------+----------+
| Ubuntu 22.04 | PEND |
+-------------------------------+----------+
| openSUSE Leap 15.6 | PEND |
+-------------------------------+----------+
| Fedora Linux 40 | PEND |
+-------------------------------+----------+
| Debian GNU/Linux 12 | PEND |
+-------------------------------+----------+
| Red Hat Enterprise Linux 9.5 | PEND |
+-------------------------------+----------+
| Red Hat Enterprise Linux 8.10 | PEND |
+-------------------------------+----------+
| Ubuntu 24.04 | PEND |
+-------------------------------+----------+
CentOS Stream 10
Kernel: 5.15
Compiler: gcc gcc (GCC) 14.2.1 20250110 (Red Hat 14.2.1-8)
CentOS Stream 9
Kernel: 5.15
Compiler: gcc gcc (GCC) 11.5.0 20240719 (Red Hat 11.5.0-7)
Fedora Linux 41
Kernel: 5.15
Compiler: gcc gcc (GCC) 14.3.1 20250523 (Red Hat 14.3.1-1)
Ubuntu 22.04
Kernel: 5.15
Compiler: gcc gcc (Ubuntu 11.4.0-1ubuntu1~22.04) 11.4.0
openSUSE Leap 15.6
Kernel: 5.15
Compiler: gcc gcc (SUSE Linux) 7.5.0
Fedora Linux 40
Kernel: 5.15
Compiler: gcc gcc (GCC) 14.2.1 20240912 (Red Hat 14.2.1-3)
Debian GNU/Linux 12
Kernel: 5.15
Compiler: gcc gcc (Debian 12.2.0-14+deb12u1) 12.2.0
Red Hat Enterprise Linux 9.5
Kernel: 5.15
Compiler: gcc gcc (GCC) 11.5.0 20240719 (Red Hat 11.5.0-2)
Red Hat Enterprise Linux 8.10
Kernel: 5.15
Compiler: gcc gcc (GCC) 8.5.0 20210514 (Red Hat 8.5.0-22)
Ubuntu 24.04
Kernel: 5.15
Compiler: gcc gcc (Ubuntu 13.3.0-6ubuntu2~24.04) 13.3.0
To view detailed results, visit:
https://lab.dpdk.org/results/dashboard/patchsets/33616/
UNH-IOL DPDK Community Lab
To manage your email subscriptions, visit:
https://lab.dpdk.org/results/dashboard/preferences/subscriptions/
^ permalink raw reply [flat|nested] 16+ messages in thread
* |PENDING| pw155079-155083 [PATCH] [RFC,v2,5/5] eal: simplify handlin
[not found] <20250708172039.183989-6-bruce.richardson@intel.com>
` (8 preceding siblings ...)
2025-07-09 6:08 ` |PENDING| " dpdklab
@ 2025-07-09 6:17 ` dpdklab
2025-07-09 6:29 ` dpdklab
` (5 subsequent siblings)
15 siblings, 0 replies; 16+ messages in thread
From: dpdklab @ 2025-07-09 6:17 UTC (permalink / raw)
To: Test Report; +Cc: dpdk-test-reports
Test-Label: iol-unit-amd64-testing
Test-Status: PENDING
http://dpdk.org/patch/155083
_Testing pending_
Submitter: Bruce Richardson <bruce.richardson@intel.com>
Date: Tuesday, July 08 2025 17:20:39
DPDK git baseline: Repo:dpdk
Branch: master
CommitID:e90979eebbea093f6bab2d7c222fc5f5c9a85eff
155079-155083 --> testing pending
Upstream job id: Generic-Unit-Test-DPDK#354005
Test environment and result as below:
+-------------------------------+----------------+
| Environment | dpdk_unit_test |
+===============================+================+
| Fedora Linux 41 | PEND |
+-------------------------------+----------------+
| Fedora Linux 40 | PEND |
+-------------------------------+----------------+
| Ubuntu 24.04 | PEND |
+-------------------------------+----------------+
| CentOS Stream 10 | PEND |
+-------------------------------+----------------+
| CentOS Stream 9 | PEND |
+-------------------------------+----------------+
| Red Hat Enterprise Linux 8.10 | PEND |
+-------------------------------+----------------+
| Debian GNU/Linux 12 | PEND |
+-------------------------------+----------------+
| Ubuntu 20.04 | PEND |
+-------------------------------+----------------+
| Ubuntu 22.04 | PEND |
+-------------------------------+----------------+
| Red Hat Enterprise Linux 9.5 | PEND |
+-------------------------------+----------------+
Fedora Linux 41
Kernel: 5.15
Compiler: gcc gcc (GCC) 14.3.1 20250523 (Red Hat 14.3.1-1)
Fedora Linux 40
Kernel: 5.15
Compiler: gcc gcc (GCC) 14.2.1 20240912 (Red Hat 14.2.1-3)
Ubuntu 24.04
Kernel: 5.15
Compiler: gcc gcc (Ubuntu 13.3.0-6ubuntu2~24.04) 13.3.0
CentOS Stream 10
Kernel: 5.15
Compiler: gcc gcc (GCC) 14.2.1 20250110 (Red Hat 14.2.1-8)
CentOS Stream 9
Kernel: 5.15
Compiler: gcc gcc (GCC) 11.5.0 20240719 (Red Hat 11.5.0-7)
Red Hat Enterprise Linux 8.10
Kernel: 5.15
Compiler: gcc gcc (GCC) 8.5.0 20210514 (Red Hat 8.5.0-22)
Debian GNU/Linux 12
Kernel: 5.15
Compiler: gcc gcc (Debian 12.2.0-14+deb12u1) 12.2.0
Ubuntu 20.04
Kernel: 5.15
Compiler: gcc gcc (Ubuntu 9.4.0-1ubuntu1~20.04.2) 9.4.0
Ubuntu 22.04
Kernel: 5.15
Compiler: gcc gcc (Ubuntu 11.4.0-1ubuntu1~22.04) 11.4.0
Red Hat Enterprise Linux 9.5
Kernel: 5.15
Compiler: gcc gcc (GCC) 11.5.0 20240719 (Red Hat 11.5.0-2)
To view detailed results, visit:
https://lab.dpdk.org/results/dashboard/patchsets/33616/
UNH-IOL DPDK Community Lab
To manage your email subscriptions, visit:
https://lab.dpdk.org/results/dashboard/preferences/subscriptions/
^ permalink raw reply [flat|nested] 16+ messages in thread
* |PENDING| pw155079-155083 [PATCH] [RFC,v2,5/5] eal: simplify handlin
[not found] <20250708172039.183989-6-bruce.richardson@intel.com>
` (9 preceding siblings ...)
2025-07-09 6:17 ` dpdklab
@ 2025-07-09 6:29 ` dpdklab
2025-07-09 6:41 ` |SUCCESS| " dpdklab
` (4 subsequent siblings)
15 siblings, 0 replies; 16+ messages in thread
From: dpdklab @ 2025-07-09 6:29 UTC (permalink / raw)
To: Test Report; +Cc: dpdk-test-reports
Test-Label: iol-unit-arm64-testing
Test-Status: PENDING
http://dpdk.org/patch/155083
_Testing pending_
Submitter: Bruce Richardson <bruce.richardson@intel.com>
Date: Tuesday, July 08 2025 17:20:39
DPDK git baseline: Repo:dpdk
Branch: master
CommitID:e90979eebbea093f6bab2d7c222fc5f5c9a85eff
155079-155083 --> testing pending
Upstream job id: Aarch32-Unit-Test#6867
Test environment and result as below:
+------------------------------+----------------+---------------------------+--------------+------------------------------+
| Environment | dpdk_unit_test | cryptodev_sw_zuc_autotest | lpm_autotest | cryptodev_sw_snow3g_autotest |
+==============================+================+===========================+==============+==============================+
| CentOS Stream 10 | PEND | SKIPPED | SKIPPED | SKIPPED |
+------------------------------+----------------+---------------------------+--------------+------------------------------+
| CentOS Stream 9 | PEND | SKIPPED | SKIPPED | SKIPPED |
+------------------------------+----------------+---------------------------+--------------+------------------------------+
| Red Hat Enterprise Linux 9.5 | PEND | SKIPPED | SKIPPED | SKIPPED |
+------------------------------+----------------+---------------------------+--------------+------------------------------+
| Debian GNU/Linux 12 | PEND | SKIPPED | SKIPPED | SKIPPED |
+------------------------------+----------------+---------------------------+--------------+------------------------------+
| Fedora Linux 40 | PEND | SKIPPED | SKIPPED | SKIPPED |
+------------------------------+----------------+---------------------------+--------------+------------------------------+
| Fedora Linux 41 | PEND | SKIPPED | SKIPPED | SKIPPED |
+------------------------------+----------------+---------------------------+--------------+------------------------------+
| Ubuntu 20.04 | PEND | SKIPPED | PEND | SKIPPED |
+------------------------------+----------------+---------------------------+--------------+------------------------------+
| Ubuntu 22.04 | PASS | SKIPPED | SKIPPED | SKIPPED |
+------------------------------+----------------+---------------------------+--------------+------------------------------+
| Ubuntu 24.04 | PEND | SKIPPED | SKIPPED | SKIPPED |
+------------------------------+----------------+---------------------------+--------------+------------------------------+
| Debian 12 (arm) | SKIPPED | PEND | SKIPPED | PEND |
+------------------------------+----------------+---------------------------+--------------+------------------------------+
CentOS Stream 10
Kernel: 5.4
Compiler: gcc gcc (GCC) 14.2.1 20250110 (Red Hat 14.2.1-8)
CentOS Stream 9
Kernel: 5.4
Compiler: gcc gcc (GCC) 11.5.0 20240719 (Red Hat 11.5.0-7)
Red Hat Enterprise Linux 9.5
Kernel: 5.4
Compiler: gcc gcc (GCC) 11.5.0 20240719 (Red Hat 11.5.0-2)
Debian GNU/Linux 12
Kernel: 5.4
Compiler: gcc gcc (Debian 12.2.0-14+deb12u1) 12.2.0
Fedora Linux 40
Kernel: 5.4
Compiler: clang gcc (GCC) 14.2.1 20240912 (Red Hat 14.2.1-3)
Fedora Linux 41
Kernel: 5.4
Compiler: clang gcc (GCC) 14.3.1 20250523 (Red Hat 14.3.1-1)
Ubuntu 20.04
Kernel: 5.4
Compiler: gcc gcc (Ubuntu 9.4.0-1ubuntu1~20.04.2) 9.4.0
Ubuntu 22.04
Kernel: 5.4
Compiler: gcc gcc (Ubuntu 11.4.0-1ubuntu1~22.04) 11.4.0
Ubuntu 24.04
Kernel: 5.4
Compiler: gcc gcc (Ubuntu 13.3.0-6ubuntu2~24.04) 13.3.0
Debian 12 (arm)
Kernel: Depends on container host
Compiler: gcc (Debian 12.2.0-14) 12.2.0
To view detailed results, visit:
https://lab.dpdk.org/results/dashboard/patchsets/33616/
UNH-IOL DPDK Community Lab
To manage your email subscriptions, visit:
https://lab.dpdk.org/results/dashboard/preferences/subscriptions/
^ permalink raw reply [flat|nested] 16+ messages in thread
* |SUCCESS| pw155079-155083 [PATCH] [RFC,v2,5/5] eal: simplify handlin
[not found] <20250708172039.183989-6-bruce.richardson@intel.com>
` (10 preceding siblings ...)
2025-07-09 6:29 ` dpdklab
@ 2025-07-09 6:41 ` dpdklab
2025-07-09 6:41 ` dpdklab
` (3 subsequent siblings)
15 siblings, 0 replies; 16+ messages in thread
From: dpdklab @ 2025-07-09 6:41 UTC (permalink / raw)
To: Test Report; +Cc: dpdk-test-reports
Test-Label: iol-unit-amd64-testing
Test-Status: SUCCESS
http://dpdk.org/patch/155083
_Testing PASS_
Submitter: Bruce Richardson <bruce.richardson@intel.com>
Date: Tuesday, July 08 2025 17:20:39
DPDK git baseline: Repo:dpdk
Branch: master
CommitID:e90979eebbea093f6bab2d7c222fc5f5c9a85eff
155079-155083 --> testing pass
Upstream job id: Generic-Unit-Test-DPDK#354018
Test environment and result as below:
+-------------------------------+----------------+
| Environment | dpdk_unit_test |
+===============================+================+
| Fedora Linux 41 | PASS |
+-------------------------------+----------------+
| Fedora Linux 40 | PASS |
+-------------------------------+----------------+
| Ubuntu 24.04 | PASS |
+-------------------------------+----------------+
| CentOS Stream 10 | PASS |
+-------------------------------+----------------+
| CentOS Stream 9 | PASS |
+-------------------------------+----------------+
| Red Hat Enterprise Linux 8.10 | PASS |
+-------------------------------+----------------+
| Debian GNU/Linux 12 | PASS |
+-------------------------------+----------------+
| Ubuntu 20.04 | PASS |
+-------------------------------+----------------+
| Ubuntu 22.04 | PASS |
+-------------------------------+----------------+
| Red Hat Enterprise Linux 9.5 | PASS |
+-------------------------------+----------------+
Fedora Linux 41
Kernel: 5.15
Compiler: gcc gcc (GCC) 14.3.1 20250523 (Red Hat 14.3.1-1)
Fedora Linux 40
Kernel: 5.15
Compiler: gcc gcc (GCC) 14.2.1 20240912 (Red Hat 14.2.1-3)
Ubuntu 24.04
Kernel: 5.15
Compiler: gcc gcc (Ubuntu 13.3.0-6ubuntu2~24.04) 13.3.0
CentOS Stream 10
Kernel: 5.15
Compiler: gcc gcc (GCC) 14.2.1 20250110 (Red Hat 14.2.1-8)
CentOS Stream 9
Kernel: 5.15
Compiler: gcc gcc (GCC) 11.5.0 20240719 (Red Hat 11.5.0-7)
Red Hat Enterprise Linux 8.10
Kernel: 5.15
Compiler: gcc gcc (GCC) 8.5.0 20210514 (Red Hat 8.5.0-22)
Debian GNU/Linux 12
Kernel: 5.15
Compiler: gcc gcc (Debian 12.2.0-14+deb12u1) 12.2.0
Ubuntu 20.04
Kernel: 5.15
Compiler: gcc gcc (Ubuntu 9.4.0-1ubuntu1~20.04.2) 9.4.0
Ubuntu 22.04
Kernel: 5.15
Compiler: gcc gcc (Ubuntu 11.4.0-1ubuntu1~22.04) 11.4.0
Red Hat Enterprise Linux 9.5
Kernel: 5.15
Compiler: gcc gcc (GCC) 11.5.0 20240719 (Red Hat 11.5.0-2)
To view detailed results, visit:
https://lab.dpdk.org/results/dashboard/patchsets/33616/
UNH-IOL DPDK Community Lab
To manage your email subscriptions, visit:
https://lab.dpdk.org/results/dashboard/preferences/subscriptions/
^ permalink raw reply [flat|nested] 16+ messages in thread
* |SUCCESS| pw155079-155083 [PATCH] [RFC,v2,5/5] eal: simplify handlin
[not found] <20250708172039.183989-6-bruce.richardson@intel.com>
` (11 preceding siblings ...)
2025-07-09 6:41 ` |SUCCESS| " dpdklab
@ 2025-07-09 6:41 ` dpdklab
2025-07-09 6:56 ` dpdklab
` (2 subsequent siblings)
15 siblings, 0 replies; 16+ messages in thread
From: dpdklab @ 2025-07-09 6:41 UTC (permalink / raw)
To: Test Report; +Cc: dpdk-test-reports
Test-Label: iol-unit-amd64-testing
Test-Status: SUCCESS
http://dpdk.org/patch/155083
_Testing PASS_
Submitter: Bruce Richardson <bruce.richardson@intel.com>
Date: Tuesday, July 08 2025 17:20:39
DPDK git baseline: Repo:dpdk
Branch: master
CommitID:e90979eebbea093f6bab2d7c222fc5f5c9a85eff
155079-155083 --> testing pass
Upstream job id: Generic-Unit-Test-DPDK#354007
Test environment and result as below:
+-------------------------------+----------------+
| Environment | dpdk_unit_test |
+===============================+================+
| Fedora Linux 41 | PASS |
+-------------------------------+----------------+
| Fedora Linux 40 | PASS |
+-------------------------------+----------------+
| Ubuntu 24.04 | PASS |
+-------------------------------+----------------+
| CentOS Stream 10 | PASS |
+-------------------------------+----------------+
| CentOS Stream 9 | PASS |
+-------------------------------+----------------+
| Red Hat Enterprise Linux 8.10 | PASS |
+-------------------------------+----------------+
| Debian GNU/Linux 12 | PASS |
+-------------------------------+----------------+
| Ubuntu 20.04 | PASS |
+-------------------------------+----------------+
| Ubuntu 22.04 | PASS |
+-------------------------------+----------------+
| Red Hat Enterprise Linux 9.5 | PASS |
+-------------------------------+----------------+
Fedora Linux 41
Kernel: 5.15
Compiler: gcc gcc (GCC) 14.3.1 20250523 (Red Hat 14.3.1-1)
Fedora Linux 40
Kernel: 5.15
Compiler: gcc gcc (GCC) 14.2.1 20240912 (Red Hat 14.2.1-3)
Ubuntu 24.04
Kernel: 5.15
Compiler: gcc gcc (Ubuntu 13.3.0-6ubuntu2~24.04) 13.3.0
CentOS Stream 10
Kernel: 5.15
Compiler: gcc gcc (GCC) 14.2.1 20250110 (Red Hat 14.2.1-8)
CentOS Stream 9
Kernel: 5.15
Compiler: gcc gcc (GCC) 11.5.0 20240719 (Red Hat 11.5.0-7)
Red Hat Enterprise Linux 8.10
Kernel: 5.15
Compiler: gcc gcc (GCC) 8.5.0 20210514 (Red Hat 8.5.0-22)
Debian GNU/Linux 12
Kernel: 5.15
Compiler: gcc gcc (Debian 12.2.0-14+deb12u1) 12.2.0
Ubuntu 20.04
Kernel: 5.15
Compiler: gcc gcc (Ubuntu 9.4.0-1ubuntu1~20.04.2) 9.4.0
Ubuntu 22.04
Kernel: 5.15
Compiler: gcc gcc (Ubuntu 11.4.0-1ubuntu1~22.04) 11.4.0
Red Hat Enterprise Linux 9.5
Kernel: 5.15
Compiler: gcc gcc (GCC) 11.5.0 20240719 (Red Hat 11.5.0-2)
To view detailed results, visit:
https://lab.dpdk.org/results/dashboard/patchsets/33616/
UNH-IOL DPDK Community Lab
To manage your email subscriptions, visit:
https://lab.dpdk.org/results/dashboard/preferences/subscriptions/
^ permalink raw reply [flat|nested] 16+ messages in thread
* |SUCCESS| pw155079-155083 [PATCH] [RFC,v2,5/5] eal: simplify handlin
[not found] <20250708172039.183989-6-bruce.richardson@intel.com>
` (12 preceding siblings ...)
2025-07-09 6:41 ` dpdklab
@ 2025-07-09 6:56 ` dpdklab
2025-07-09 9:07 ` dpdklab
2025-07-09 9:08 ` dpdklab
15 siblings, 0 replies; 16+ messages in thread
From: dpdklab @ 2025-07-09 6:56 UTC (permalink / raw)
To: Test Report; +Cc: dpdk-test-reports
Test-Label: iol-abi-testing
Test-Status: SUCCESS
http://dpdk.org/patch/155083
_Testing PASS_
Submitter: Bruce Richardson <bruce.richardson@intel.com>
Date: Tuesday, July 08 2025 17:20:39
DPDK git baseline: Repo:dpdk
Branch: master
CommitID:e90979eebbea093f6bab2d7c222fc5f5c9a85eff
155079-155083 --> testing pass
Upstream job id: Generic-DPDK-Compile-ABI#133689
Test environment and result as below:
+-------------------------------+----------+
| Environment | abi_test |
+===============================+==========+
| CentOS Stream 10 | PASS |
+-------------------------------+----------+
| CentOS Stream 9 | PASS |
+-------------------------------+----------+
| Fedora Linux 41 | PASS |
+-------------------------------+----------+
| Ubuntu 22.04 | PASS |
+-------------------------------+----------+
| openSUSE Leap 15.6 | PASS |
+-------------------------------+----------+
| Fedora Linux 40 | PASS |
+-------------------------------+----------+
| Debian GNU/Linux 12 | PASS |
+-------------------------------+----------+
| Red Hat Enterprise Linux 9.5 | PASS |
+-------------------------------+----------+
| Red Hat Enterprise Linux 8.10 | PASS |
+-------------------------------+----------+
| Ubuntu 24.04 | PASS |
+-------------------------------+----------+
CentOS Stream 10
Kernel: 5.15
Compiler: gcc gcc (GCC) 14.2.1 20250110 (Red Hat 14.2.1-8)
CentOS Stream 9
Kernel: 5.15
Compiler: gcc gcc (GCC) 11.5.0 20240719 (Red Hat 11.5.0-7)
Fedora Linux 41
Kernel: 5.15
Compiler: gcc gcc (GCC) 14.3.1 20250523 (Red Hat 14.3.1-1)
Ubuntu 22.04
Kernel: 5.15
Compiler: gcc gcc (Ubuntu 11.4.0-1ubuntu1~22.04) 11.4.0
openSUSE Leap 15.6
Kernel: 5.15
Compiler: gcc gcc (SUSE Linux) 7.5.0
Fedora Linux 40
Kernel: 5.15
Compiler: gcc gcc (GCC) 14.2.1 20240912 (Red Hat 14.2.1-3)
Debian GNU/Linux 12
Kernel: 5.15
Compiler: gcc gcc (Debian 12.2.0-14+deb12u1) 12.2.0
Red Hat Enterprise Linux 9.5
Kernel: 5.15
Compiler: gcc gcc (GCC) 11.5.0 20240719 (Red Hat 11.5.0-2)
Red Hat Enterprise Linux 8.10
Kernel: 5.15
Compiler: gcc gcc (GCC) 8.5.0 20210514 (Red Hat 8.5.0-22)
Ubuntu 24.04
Kernel: 5.15
Compiler: gcc gcc (Ubuntu 13.3.0-6ubuntu2~24.04) 13.3.0
To view detailed results, visit:
https://lab.dpdk.org/results/dashboard/patchsets/33616/
UNH-IOL DPDK Community Lab
To manage your email subscriptions, visit:
https://lab.dpdk.org/results/dashboard/preferences/subscriptions/
^ permalink raw reply [flat|nested] 16+ messages in thread
* |SUCCESS| pw155079-155083 [PATCH] [RFC,v2,5/5] eal: simplify handlin
[not found] <20250708172039.183989-6-bruce.richardson@intel.com>
` (13 preceding siblings ...)
2025-07-09 6:56 ` dpdklab
@ 2025-07-09 9:07 ` dpdklab
2025-07-09 9:08 ` dpdklab
15 siblings, 0 replies; 16+ messages in thread
From: dpdklab @ 2025-07-09 9:07 UTC (permalink / raw)
To: Test Report; +Cc: dpdk-test-reports
Test-Label: iol-unit-arm64-testing
Test-Status: SUCCESS
http://dpdk.org/patch/155083
_Testing PASS_
Submitter: Bruce Richardson <bruce.richardson@intel.com>
Date: Tuesday, July 08 2025 17:20:39
DPDK git baseline: Repo:dpdk
Branch: master
CommitID:e90979eebbea093f6bab2d7c222fc5f5c9a85eff
155079-155083 --> testing pass
Upstream job id: Generic-Unit-Test-DPDK#354021
Test environment and result as below:
+------------------------------+----------------+---------------------------+--------------+------------------------------+
| Environment | dpdk_unit_test | cryptodev_sw_zuc_autotest | lpm_autotest | cryptodev_sw_snow3g_autotest |
+==============================+================+===========================+==============+==============================+
| CentOS Stream 10 | PASS | SKIPPED | SKIPPED | SKIPPED |
+------------------------------+----------------+---------------------------+--------------+------------------------------+
| CentOS Stream 9 | PASS | SKIPPED | SKIPPED | SKIPPED |
+------------------------------+----------------+---------------------------+--------------+------------------------------+
| Red Hat Enterprise Linux 9.5 | PASS | SKIPPED | SKIPPED | SKIPPED |
+------------------------------+----------------+---------------------------+--------------+------------------------------+
| Debian GNU/Linux 12 | PASS | SKIPPED | SKIPPED | SKIPPED |
+------------------------------+----------------+---------------------------+--------------+------------------------------+
| Fedora Linux 40 | PASS | SKIPPED | SKIPPED | SKIPPED |
+------------------------------+----------------+---------------------------+--------------+------------------------------+
| Fedora Linux 41 | PASS | SKIPPED | SKIPPED | SKIPPED |
+------------------------------+----------------+---------------------------+--------------+------------------------------+
| Ubuntu 20.04 | PASS | SKIPPED | PASS | SKIPPED |
+------------------------------+----------------+---------------------------+--------------+------------------------------+
| Ubuntu 22.04 | PASS | SKIPPED | SKIPPED | SKIPPED |
+------------------------------+----------------+---------------------------+--------------+------------------------------+
| Ubuntu 24.04 | PASS | SKIPPED | SKIPPED | SKIPPED |
+------------------------------+----------------+---------------------------+--------------+------------------------------+
| Debian 12 (arm) | SKIPPED | PASS | SKIPPED | PASS |
+------------------------------+----------------+---------------------------+--------------+------------------------------+
CentOS Stream 10
Kernel: 5.4
Compiler: gcc gcc (GCC) 14.2.1 20250110 (Red Hat 14.2.1-8)
CentOS Stream 9
Kernel: 5.4
Compiler: gcc gcc (GCC) 11.5.0 20240719 (Red Hat 11.5.0-7)
Red Hat Enterprise Linux 9.5
Kernel: 5.4
Compiler: gcc gcc (GCC) 11.5.0 20240719 (Red Hat 11.5.0-2)
Debian GNU/Linux 12
Kernel: 5.4
Compiler: gcc gcc (Debian 12.2.0-14+deb12u1) 12.2.0
Fedora Linux 40
Kernel: 5.4
Compiler: clang gcc (GCC) 14.2.1 20240912 (Red Hat 14.2.1-3)
Fedora Linux 41
Kernel: 5.4
Compiler: clang gcc (GCC) 14.3.1 20250523 (Red Hat 14.3.1-1)
Ubuntu 20.04
Kernel: 5.4
Compiler: gcc gcc (Ubuntu 9.4.0-1ubuntu1~20.04.2) 9.4.0
Ubuntu 22.04
Kernel: 5.4
Compiler: gcc gcc (Ubuntu 11.4.0-1ubuntu1~22.04) 11.4.0
Ubuntu 24.04
Kernel: 5.4
Compiler: gcc gcc (Ubuntu 13.3.0-6ubuntu2~24.04) 13.3.0
Debian 12 (arm)
Kernel: Depends on container host
Compiler: gcc (Debian 12.2.0-14) 12.2.0
To view detailed results, visit:
https://lab.dpdk.org/results/dashboard/patchsets/33616/
UNH-IOL DPDK Community Lab
To manage your email subscriptions, visit:
https://lab.dpdk.org/results/dashboard/preferences/subscriptions/
^ permalink raw reply [flat|nested] 16+ messages in thread
* |SUCCESS| pw155079-155083 [PATCH] [RFC,v2,5/5] eal: simplify handlin
[not found] <20250708172039.183989-6-bruce.richardson@intel.com>
` (14 preceding siblings ...)
2025-07-09 9:07 ` dpdklab
@ 2025-07-09 9:08 ` dpdklab
15 siblings, 0 replies; 16+ messages in thread
From: dpdklab @ 2025-07-09 9:08 UTC (permalink / raw)
To: Test Report; +Cc: dpdk-test-reports
Test-Label: iol-unit-arm64-testing
Test-Status: SUCCESS
http://dpdk.org/patch/155083
_Testing PASS_
Submitter: Bruce Richardson <bruce.richardson@intel.com>
Date: Tuesday, July 08 2025 17:20:39
DPDK git baseline: Repo:dpdk
Branch: master
CommitID:e90979eebbea093f6bab2d7c222fc5f5c9a85eff
155079-155083 --> testing pass
Upstream job id: Generic-Unit-Test-DPDK#354012
Test environment and result as below:
+------------------------------+----------------+---------------------------+--------------+------------------------------+
| Environment | dpdk_unit_test | cryptodev_sw_zuc_autotest | lpm_autotest | cryptodev_sw_snow3g_autotest |
+==============================+================+===========================+==============+==============================+
| CentOS Stream 10 | PASS | SKIPPED | SKIPPED | SKIPPED |
+------------------------------+----------------+---------------------------+--------------+------------------------------+
| CentOS Stream 9 | PASS | SKIPPED | SKIPPED | SKIPPED |
+------------------------------+----------------+---------------------------+--------------+------------------------------+
| Red Hat Enterprise Linux 9.5 | PASS | SKIPPED | SKIPPED | SKIPPED |
+------------------------------+----------------+---------------------------+--------------+------------------------------+
| Debian GNU/Linux 12 | PASS | SKIPPED | SKIPPED | SKIPPED |
+------------------------------+----------------+---------------------------+--------------+------------------------------+
| Fedora Linux 40 | PASS | SKIPPED | SKIPPED | SKIPPED |
+------------------------------+----------------+---------------------------+--------------+------------------------------+
| Fedora Linux 41 | PASS | SKIPPED | SKIPPED | SKIPPED |
+------------------------------+----------------+---------------------------+--------------+------------------------------+
| Ubuntu 20.04 | PASS | SKIPPED | PASS | SKIPPED |
+------------------------------+----------------+---------------------------+--------------+------------------------------+
| Ubuntu 22.04 | PASS | SKIPPED | SKIPPED | SKIPPED |
+------------------------------+----------------+---------------------------+--------------+------------------------------+
| Ubuntu 24.04 | PASS | SKIPPED | SKIPPED | SKIPPED |
+------------------------------+----------------+---------------------------+--------------+------------------------------+
| Debian 12 (arm) | SKIPPED | PASS | SKIPPED | PASS |
+------------------------------+----------------+---------------------------+--------------+------------------------------+
CentOS Stream 10
Kernel: 5.4
Compiler: gcc gcc (GCC) 14.2.1 20250110 (Red Hat 14.2.1-8)
CentOS Stream 9
Kernel: 5.4
Compiler: gcc gcc (GCC) 11.5.0 20240719 (Red Hat 11.5.0-7)
Red Hat Enterprise Linux 9.5
Kernel: 5.4
Compiler: gcc gcc (GCC) 11.5.0 20240719 (Red Hat 11.5.0-2)
Debian GNU/Linux 12
Kernel: 5.4
Compiler: gcc gcc (Debian 12.2.0-14+deb12u1) 12.2.0
Fedora Linux 40
Kernel: 5.4
Compiler: clang gcc (GCC) 14.2.1 20240912 (Red Hat 14.2.1-3)
Fedora Linux 41
Kernel: 5.4
Compiler: clang gcc (GCC) 14.3.1 20250523 (Red Hat 14.3.1-1)
Ubuntu 20.04
Kernel: 5.4
Compiler: gcc gcc (Ubuntu 9.4.0-1ubuntu1~20.04.2) 9.4.0
Ubuntu 22.04
Kernel: 5.4
Compiler: gcc gcc (Ubuntu 11.4.0-1ubuntu1~22.04) 11.4.0
Ubuntu 24.04
Kernel: 5.4
Compiler: gcc gcc (Ubuntu 13.3.0-6ubuntu2~24.04) 13.3.0
Debian 12 (arm)
Kernel: Depends on container host
Compiler: gcc (Debian 12.2.0-14) 12.2.0
To view detailed results, visit:
https://lab.dpdk.org/results/dashboard/patchsets/33616/
UNH-IOL DPDK Community Lab
To manage your email subscriptions, visit:
https://lab.dpdk.org/results/dashboard/preferences/subscriptions/
^ permalink raw reply [flat|nested] 16+ messages in thread
end of thread, other threads:[~2025-07-09 9:08 UTC | newest]
Thread overview: 16+ messages (download: mbox.gz / follow: Atom feed)
-- links below jump to the message on this page --
[not found] <20250708172039.183989-6-bruce.richardson@intel.com>
2025-07-08 16:47 ` |SUCCESS| pw155079-155083 [RFC PATCH v2 5/5] eal: simplify handling of conflicting cmdline options qemudev
2025-07-08 16:51 ` qemudev
2025-07-08 17:20 ` |SUCCESS| pw155083 " checkpatch
2025-07-08 18:43 ` |FAILURE| " 0-day Robot
2025-07-09 4:14 ` |SUCCESS| pw155079-155083 [PATCH] [RFC,v2,5/5] eal: simplify handlin dpdklab
2025-07-09 4:18 ` dpdklab
2025-07-09 5:38 ` dpdklab
2025-07-09 5:59 ` dpdklab
2025-07-09 6:08 ` |PENDING| " dpdklab
2025-07-09 6:17 ` dpdklab
2025-07-09 6:29 ` dpdklab
2025-07-09 6:41 ` |SUCCESS| " dpdklab
2025-07-09 6:41 ` dpdklab
2025-07-09 6:56 ` dpdklab
2025-07-09 9:07 ` dpdklab
2025-07-09 9:08 ` dpdklab
This is a public inbox, see mirroring instructions
for how to clone and mirror all data and code used for this inbox;
as well as URLs for NNTP newsgroup(s).