automatic DPDK test reports
 help / color / mirror / Atom feed
From: dpdklab@iol.unh.edu
To: Test Report <test-report@dpdk.org>
Cc: dpdk-test-reports@iol.unh.edu
Subject: |WARNING| pw155084 [PATCH] [RFC] add hints to CLAUDE
Date: Wed, 09 Jul 2025 00:30:14 -0700 (PDT)	[thread overview]
Message-ID: <686e1a86.050a0220.21558.7bc1SMTPIN_ADDED_MISSING@mx.google.com> (raw)
In-Reply-To: <20250708190957.10108-1-stephen@networkplumber.org>

Test-Label: iol-compile-amd64-testing
Test-Status: WARNING
http://dpdk.org/patch/155084

_Testing issues_

Submitter: Stephen Hemminger <stephen@networkplumber.org>
Date: Tuesday, July 08 2025 19:09:41 
DPDK git baseline: Repo:dpdk
  Branch: master
  CommitID:e90979eebbea093f6bab2d7c222fc5f5c9a85eff

155084 --> testing issues

Upstream job id: Generic-DPDK-Compile-Meson#407003

Test environment and result as below:

+-------------------------------+--------------------+-------------------+------------------+-------------------+
|          Environment          | dpdk_meson_compile | dpdk_compile_spdk | dpdk_compile_ovs | dpdk_msvc_compile |
+===============================+====================+===================+==================+===================+
| Ubuntu 20.04                  | PASS               | SKIPPED           | SKIPPED          | SKIPPED           |
+-------------------------------+--------------------+-------------------+------------------+-------------------+
| FreeBSD 14.2                  | PASS               | SKIPPED           | SKIPPED          | SKIPPED           |
+-------------------------------+--------------------+-------------------+------------------+-------------------+
| CentOS Stream 9               | PASS               | PASS              | SKIPPED          | SKIPPED           |
+-------------------------------+--------------------+-------------------+------------------+-------------------+
| CentOS Stream 10              | PASS               | SKIPPED           | SKIPPED          | SKIPPED           |
+-------------------------------+--------------------+-------------------+------------------+-------------------+
| Debian GNU/Linux 12           | PASS               | PASS              | SKIPPED          | SKIPPED           |
+-------------------------------+--------------------+-------------------+------------------+-------------------+
| Fedora Linux 40               | PASS               | PASS              | SKIPPED          | SKIPPED           |
+-------------------------------+--------------------+-------------------+------------------+-------------------+
| Fedora Linux 41               | PASS               | PASS              | PASS             | SKIPPED           |
+-------------------------------+--------------------+-------------------+------------------+-------------------+
| Red Hat Enterprise Linux 8.10 | PASS               | SKIPPED           | SKIPPED          | SKIPPED           |
+-------------------------------+--------------------+-------------------+------------------+-------------------+
| Red Hat Enterprise Linux 9.5  | PASS               | SKIPPED           | SKIPPED          | SKIPPED           |
+-------------------------------+--------------------+-------------------+------------------+-------------------+
| Ubuntu 24.04                  | PASS               | PASS              | PASS             | SKIPPED           |
+-------------------------------+--------------------+-------------------+------------------+-------------------+
| Alpine Linux 3.22.0           | PASS               | SKIPPED           | SKIPPED          | SKIPPED           |
+-------------------------------+--------------------+-------------------+------------------+-------------------+
| Ubuntu 22.04                  | PASS               | PASS              | SKIPPED          | SKIPPED           |
+-------------------------------+--------------------+-------------------+------------------+-------------------+
| openSUSE Leap 15.6            | PASS               | SKIPPED           | SKIPPED          | SKIPPED           |
+-------------------------------+--------------------+-------------------+------------------+-------------------+
| Windows Server 2022           | SKIPPED            | SKIPPED           | SKIPPED          | PASS              |
+-------------------------------+--------------------+-------------------+------------------+-------------------+


Ubuntu 20.04
	Kernel: 4.19
	Compiler: gcc gcc (Ubuntu 9.4.0-1ubuntu1~20.04.2) 9.4.0

FreeBSD 14.2
	Kernel: 14.2-RELEASE
	Compiler: clang 18.1.6

CentOS Stream 9
	Kernel: 5.15
	Compiler: gcc gcc (GCC) 11.5.0 20240719 (Red Hat 11.5.0-7)

CentOS Stream 10
	Kernel: 5.15
	Compiler: gcc gcc (GCC) 14.2.1 20250110 (Red Hat 14.2.1-8)

Debian GNU/Linux 12
	Kernel: 5.15
	Compiler: gcc gcc (Debian 12.2.0-14+deb12u1) 12.2.0

Fedora Linux 40
	Kernel: 5.15
	Compiler: clang gcc (GCC) 14.2.1 20240912 (Red Hat 14.2.1-3)

Fedora Linux 41
	Kernel: 5.15
	Compiler: clang gcc (GCC) 14.3.1 20250523 (Red Hat 14.3.1-1)

Red Hat Enterprise Linux 8.10
	Kernel: 5.15
	Compiler: gcc gcc (GCC) 8.5.0 20210514 (Red Hat 8.5.0-22)

Red Hat Enterprise Linux 9.5
	Kernel: 5.15
	Compiler: gcc gcc (GCC) 11.5.0 20240719 (Red Hat 11.5.0-2)

Ubuntu 24.04
	Kernel: 5.15
	Compiler: gcc gcc (Ubuntu 13.3.0-6ubuntu2~24.04) 13.3.0

Alpine Linux 3.22.0
	Kernel: 5.15
	Compiler: gcc gcc (Alpine 14.2.0) 14.2.0

Ubuntu 22.04
	Kernel: 5.15
	Compiler: gcc gcc (Ubuntu 11.4.0-1ubuntu1~22.04) 11.4.0

openSUSE Leap 15.6
	Kernel: 5.15
	Compiler: gcc gcc (SUSE Linux) 7.5.0

Windows Server 2022
	Kernel: 10.0.20348.2031
	Compiler: clang 15.0.7, gcc 14.1.0 (MinGW), and MSVC VS 19.39.33521

To view detailed results, visit:
https://lab.dpdk.org/results/dashboard/patchsets/33617/

UNH-IOL DPDK Community Lab

To manage your email subscriptions, visit: 
https://lab.dpdk.org/results/dashboard/preferences/subscriptions/

  parent reply	other threads:[~2025-07-09  7:30 UTC|newest]

Thread overview: 38+ messages / expand[flat|nested]  mbox.gz  Atom feed  top
     [not found] <20250708190957.10108-1-stephen@networkplumber.org>
2025-07-08 18:35 ` |SUCCESS| pw155084 " qemudev
2025-07-08 18:40 ` qemudev
2025-07-08 19:09 ` checkpatch
2025-07-08 20:42 ` 0-day Robot
2025-07-09  3:11 ` |SUCCESS| pw155084 [PATCH] " dpdklab
2025-07-09  3:13 ` dpdklab
2025-07-09  3:34 ` dpdklab
2025-07-09  3:41 ` dpdklab
2025-07-09  3:42 ` dpdklab
2025-07-09  4:00 ` dpdklab
2025-07-09  4:21 ` dpdklab
2025-07-09  4:28 ` dpdklab
2025-07-09  4:41 ` |PENDING| " dpdklab
2025-07-09  4:42 ` dpdklab
2025-07-09  4:46 ` |SUCCESS| " dpdklab
2025-07-09  4:59 ` |PENDING| " dpdklab
2025-07-09  5:13 ` |SUCCESS| " dpdklab
2025-07-09  5:14 ` |PENDING| " dpdklab
2025-07-09  5:15 ` |SUCCESS| " dpdklab
2025-07-09  5:30 ` |PENDING| " dpdklab
2025-07-09  5:36 ` |SUCCESS| " dpdklab
2025-07-09  6:06 ` dpdklab
2025-07-09  6:07 ` dpdklab
2025-07-09  6:24 ` dpdklab
2025-07-09  6:29 ` dpdklab
2025-07-09  7:21 ` dpdklab
2025-07-09  7:30 ` dpdklab [this message]
2025-07-09  8:06 ` dpdklab
2025-07-09  9:22 ` dpdklab
2025-07-09  9:24 ` dpdklab
2025-07-09  9:40 ` dpdklab
2025-07-09 13:04 ` |WARNING| " dpdklab
2025-07-09 13:52 ` dpdklab
2025-07-09 15:30 ` dpdklab
2025-07-09 17:45 ` |SUCCESS| " dpdklab
2025-07-09 18:09 ` dpdklab
2025-07-09 18:42 ` |FAILURE| " dpdklab
2025-07-09 19:17 ` dpdklab

Reply instructions:

You may reply publicly to this message via plain-text email
using any one of the following methods:

* Save the following mbox file, import it into your mail client,
  and reply-to-all from there: mbox

  Avoid top-posting and favor interleaved quoting:
  https://en.wikipedia.org/wiki/Posting_style#Interleaved_style

* Reply using the --to, --cc, and --in-reply-to
  switches of git-send-email(1):

  git send-email \
    --in-reply-to=686e1a86.050a0220.21558.7bc1SMTPIN_ADDED_MISSING@mx.google.com \
    --to=dpdklab@iol.unh.edu \
    --cc=dpdk-test-reports@iol.unh.edu \
    --cc=test-report@dpdk.org \
    /path/to/YOUR_REPLY

  https://kernel.org/pub/software/scm/git/docs/git-send-email.html

* If your mail client supports setting the In-Reply-To header
  via mailto: links, try the mailto: link
Be sure your reply has a Subject: header at the top and a blank line before the message body.
This is a public inbox, see mirroring instructions
for how to clone and mirror all data and code used for this inbox;
as well as URLs for NNTP newsgroup(s).