From mboxrd@z Thu Jan 1 00:00:00 1970 Return-Path: Received: from mails.dpdk.org (mails.dpdk.org [217.70.189.124]) by inbox.dpdk.org (Postfix) with ESMTP id 5D05F46B27 for ; Wed, 9 Jul 2025 12:56:23 +0200 (CEST) Received: from mails.dpdk.org (localhost [127.0.0.1]) by mails.dpdk.org (Postfix) with ESMTP id 36E0C4021E; Wed, 9 Jul 2025 12:56:23 +0200 (CEST) Received: from mail-io1-f99.google.com (mail-io1-f99.google.com [209.85.166.99]) by mails.dpdk.org (Postfix) with ESMTP id 42FC44021E for ; Wed, 9 Jul 2025 12:56:22 +0200 (CEST) Received: by mail-io1-f99.google.com with SMTP id ca18e2360f4ac-86d00ae076dso26015239f.0 for ; Wed, 09 Jul 2025 03:56:22 -0700 (PDT) DKIM-Signature: v=1; a=rsa-sha256; c=relaxed/relaxed; d=iol.unh.edu; s=unh-iol; t=1752058581; x=1752663381; darn=dpdk.org; h=references:in-reply-to:cc:to:from:subject:message-id:date:from:to :cc:subject:date:message-id:reply-to; bh=qu9IIfjMjq6AbyfyUfWzL7OF6EVFlwPcT8h96i99xHQ=; b=VzWog2NxRz1ZB0z6CWDaQjo+vrf9x59GTU+9X2mS4ZlCR7jiSmGF7YBvKzT4OZH4dP gLrldS81FdiiZzju7jwCrqkn7gcTU6e4lSew1zvBuFwZevTBZOasej4Yj6F8F65BktC6 yazNIaK4b023UBzkh8hVnZQ+6EHBFoG6HJvSw= X-Google-DKIM-Signature: v=1; a=rsa-sha256; c=relaxed/relaxed; d=1e100.net; s=20230601; t=1752058581; x=1752663381; h=references:in-reply-to:cc:to:from:subject:message-id:date :x-gm-message-state:from:to:cc:subject:date:message-id:reply-to; bh=qu9IIfjMjq6AbyfyUfWzL7OF6EVFlwPcT8h96i99xHQ=; b=wXjz/0u4YZm83520q4wHSGFwsJ4mNHiWE0iSJXDn3gvanRo2Mh+AegWXSeweLSwVTr zYneXU1iLVshX4Lj3Yvzaor1nbiJoLDtVLk42llz03iVqLT4Ytu9QsdzcgXT9SxnmwUx uZsoO5GkQ9zmrCZdZvjSP+v8N13b2MiBX8In7/voQx7VkpUeut6832JWbtT1+kZM+Bua a0kYKxUjYiNrJQR599+c7zo4Yrwg+Co3mSbdmdO7HyjT93Mc1pH6K0y8K6iTSIysEbqr pnlv9MkohYeAgWCjVfDmu2zBVfnEkHEzRg7y1RO/xyy2UP76LfHJ1PVvJ2p2YZ0N3vXV re9w== X-Gm-Message-State: AOJu0YwgYTB2wVOhee5I3+bcVIu/j9Tn92IAuBJshcm6tdOLcru0cHPP 4Lxk8rVNX7tDwq7KlBlyJc44BJtCgvw8CagXC8BM7KFx+XPa1aEeBYB2UWGcYFNLxgd1+BOCt47 vsE83dhytwK3mp4hwbAbGCE86AbF2Ml+M6KmAxDzVYL27 X-Gm-Gg: ASbGnctuLSJybZMSe3XqdfcIPCgsQOFCR//8pxjP4jbdWFRiyhmDnvtdkX0L9I89k+U rFgR9ku7wJSgSOeeHXRzuQeSnxekcsy4OZni+p/mJxPg7lk2pcVVf7HVVN1fRo/kADGreb/0kiz X7Q2d/cV7uI5YryFVsIStfrd0LaQXgVcz96pf6G3KpB4yMzfubWWpgOm+L8IBeks3NPLc5nWy3Y u/KyC0QcNPveOYs6mkg5l2hWVYyLyxRJ51zaMJGpG152CfBEiLYabVKDRL8poLxxf6YlTLRvKuw 26ytKF5z1q57B1bLT7s7VQCccVCIXZcKADrQnPg3cUQ+ey4eVpin0y8uvWm3k3v0gOYEXA== X-Google-Smtp-Source: AGHT+IFScfF+/W6nmURXENFaYFIVNAsBPP57sr8rJJ0i4Bl2RFsXtmWQCN4nl5ffi/dxborF3GUZUIZ0VwBK X-Received: by 2002:a05:6e02:1447:b0:3dd:6696:2da7 with SMTP id e9e14a558f8ab-3e167fe42f7mr16547515ab.1.1752058581447; Wed, 09 Jul 2025 03:56:21 -0700 (PDT) Received: from postal.iol.unh.edu (postal.iol.unh.edu. [132.177.123.84]) by smtp-relay.gmail.com with ESMTPS id e9e14a558f8ab-3e0f34346f8sm7771395ab.10.2025.07.09.03.56.21 (version=TLS1_2 cipher=ECDHE-ECDSA-AES128-GCM-SHA256 bits=128/128); Wed, 09 Jul 2025 03:56:21 -0700 (PDT) X-Relaying-Domain: iol.unh.edu Date: Wed, 09 Jul 2025 03:56:21 -0700 (PDT) Message-ID: <686e4ad5.050a0220.40a31.90d2SMTPIN_ADDED_MISSING@mx.google.com> Received: from [172.21.0.5] (unknown [172.18.0.240]) by postal.iol.unh.edu (Postfix) with ESMTP id E8FBD6051830; Wed, 9 Jul 2025 06:56:20 -0400 (EDT) Subject: |FAILURE| pw154950-154951 [PATCH] [v3,2/2] net/zxdh: add support flo From: dpdklab@iol.unh.edu To: Test Report Cc: dpdk-test-reports@iol.unh.edu, Bingbin Chen In-Reply-To: <20250702073453.113779-3-chen.bingbin@zte.com.cn> References: <20250702073453.113779-3-chen.bingbin@zte.com.cn> Content-Type: text/plain X-BeenThere: test-report@dpdk.org X-Mailman-Version: 2.1.29 Precedence: list List-Id: automatic DPDK test reports List-Unsubscribe: , List-Archive: List-Post: List-Help: List-Subscribe: , Errors-To: test-report-bounces@dpdk.org Test-Label: iol-unit-amd64-testing Test-Status: FAILURE http://dpdk.org/patch/154951 _Testing issues_ Submitter: Bingbin Chen Date: Wednesday, July 02 2025 07:34:45 DPDK git baseline: Repo:dpdk Branch: master CommitID:ba982f9a1ca9b96ed0394b764f1523d482e963a2 154950-154951 --> testing issues Upstream job id: Generic-VM-Unit-Test-DPDK#29820 Test environment and result as below: +-------------------------------+----------------+ | Environment | dpdk_unit_test | +===============================+================+ | CentOS Stream 9 | PASS | +-------------------------------+----------------+ | Debian GNU/Linux 12 | PASS | +-------------------------------+----------------+ | CentOS Stream 10 | PASS | +-------------------------------+----------------+ | Fedora Linux 40 | PASS | +-------------------------------+----------------+ | Fedora Linux 41 | FAIL | +-------------------------------+----------------+ | Red Hat Enterprise Linux 9.5 | PASS | +-------------------------------+----------------+ | Red Hat Enterprise Linux 8.10 | PASS | +-------------------------------+----------------+ | Ubuntu 24.04 | PASS | +-------------------------------+----------------+ | Ubuntu 20.04 | PASS | +-------------------------------+----------------+ | Ubuntu 22.04 | PASS | +-------------------------------+----------------+ | Windows Server 2022 | PASS | +-------------------------------+----------------+ ==== Unit test summary for Fedora Linux 41 (dpdk_unit_test): ==== ninja: Entering directory `/root/workspace/Generic-Unit-Test-DPDK/dpdk/build' ninja: no work to do. 1/120 DPDK:fast-tests / acl_autotest OK 2.63s 2/120 DPDK:fast-tests / alarm_autotest OK 1.19s 3/120 DPDK:fast-tests / argparse_autotest OK 0.19s 4/120 DPDK:fast-tests / atomic_autotest OK 0.36s 5/120 DPDK:fast-tests / bitcount_autotest OK 0.19s 6/120 DPDK:fast-tests / bitmap_autotest OK 0.27s 7/120 DPDK:fast-tests / bitops_autotest OK 1.93s 8/120 DPDK:fast-tests / bitratestats_autotest OK 0.18s 9/120 DPDK:fast-tests / bitset_autotest OK 2.24s 10/120 DPDK:fast-tests / bpf_autotest OK 0.19s 11/120 DPDK:fast-tests / bpf_convert_autotest OK 0.18s 12/120 DPDK:fast-tests / byteorder_autotest OK 0.26s 13/120 DPDK:fast-tests / cfgfile_autotest OK 0.33s 14/120 DPDK:fast-tests / cksum_autotest OK 0.18s 15/120 DPDK:fast-tests / cmdline_autotest OK 0.18s 16/120 DPDK:fast-tests / common_autotest OK 0.51s 17/120 DPDK:fast-tests / compressdev_autotest SKIP 0.15s exit status 77 18/120 DPDK:fast-tests / cpuflags_autotest OK 0.19s 19/120 DPDK:fast-tests / crc_autotest OK 0.18s 20/120 DPDK:fast-tests / user_delay_us OK 0.18s 21/120 DPDK:fast-tests / debug_autotest OK 0.47s 22/120 DPDK:fast-tests / devargs_autotest OK 0.18s 23/120 DPDK:fast-tests / dispatcher_autotest SKIP 0.15s exit status 77 24/120 DPDK:fast-tests / distributor_autotest OK 0.92s 25/120 DPDK:fast-tests / eal_flags_c_opt_autotest OK 1.20s 26/120 DPDK:fast-tests / eal_flags_main_opt_autotest OK 0.35s 27/120 DPDK:fast-tests / eal_flags_n_opt_autotest OK 0.52s 28/120 DPDK:fast-tests / eal_flags_hpet_autotest OK 0.23s 29/120 DPDK:fast-tests / eal_flags_no_huge_autotest OK 0.54s 30/120 DPDK:fast-tests / eal_flags_a_opt_autotest FAIL 1.19s killed by signal 11 SIGSEGV >>> DPDK_TEST=eal_flags_a_opt_autotest MALLOC_PERTURB_=233 /root/workspace/Generic-Unit-Test-DPDK/dpdk/build/app/dpdk-test 31/120 DPDK:fast-tests / eal_flags_b_opt_autotest OK 0.41s 32/120 DPDK:fast-tests / eal_flags_vdev_opt_autotest OK 0.66s 33/120 DPDK:fast-tests / eal_flags_r_opt_autotest OK 0.36s 34/120 DPDK:fast-tests / eal_flags_mem_autotest OK 0.95s 35/120 DPDK:fast-tests / eal_flags_file_prefix_autotest OK 2.27s 36/120 DPDK:fast-tests / eal_flags_misc_autotest OK 2.39s 37/120 DPDK:fast-tests / eal_fs_autotest OK 0.19s 38/120 DPDK:fast-tests / errno_autotest OK 0.21s 39/120 DPDK:fast-tests / ethdev_link_status OK 0.18s 40/120 DPDK:fast-tests / event_eth_tx_adapter_autotest OK 0.47s 41/120 DPDK:fast-tests / event_ring_autotest OK 0.20s 42/120 DPDK:fast-tests / eventdev_common_autotest OK 0.18s 43/120 DPDK:fast-tests / eventdev_selftest_sw OK 0.23s 44/120 DPDK:fast-tests / fbarray_autotest OK 0.18s 45/120 DPDK:fast-tests / fib_autotest OK 0.85s 46/120 DPDK:fast-tests / fib6_autotest OK 0.91s 47/120 DPDK:fast-tests / func_reentrancy_autotest OK 0.66s 48/120 DPDK:fast-tests / graph_autotest OK 0.19s 49/120 DPDK:fast-tests / node_list_dump OK 0.24s 50/120 DPDK:fast-tests / graph_feature_arc_autotest OK 0.20s 51/120 DPDK:fast-tests / hash_autotest OK 0.47s 52/120 DPDK:fast-tests / hash_readwrite_func_autotest SKIP 0.15s exit status 77 53/120 DPDK:fast-tests / interrupt_autotest OK 1.33s 54/120 DPDK:fast-tests / ipfrag_autotest OK 0.20s 55/120 DPDK:fast-tests / ipsec_autotest SKIP 0.19s exit status 77 56/120 DPDK:fast-tests / kvargs_autotest OK 0.18s 57/120 DPDK:fast-tests / latencystats_autotest OK 0.19s 58/120 DPDK:fast-tests / lcore_var_autotest OK 0.33s 59/120 DPDK:fast-tests / lcores_autotest OK 0.78s 60/120 DPDK:fast-tests / logs_autotest OK 0.18s 61/120 DPDK:fast-tests / lpm_autotest OK 1.61s 62/120 DPDK:fast-tests / lpm6_autotest OK 5.62s 63/120 DPDK:fast-tests / malloc_autotest OK 0.55s 64/120 DPDK:fast-tests / mbuf_autotest OK 0.26s 65/120 DPDK:fast-tests / mcslock_autotest OK 1.03s 66/120 DPDK:fast-tests / member_autotest OK 1.47s 67/120 DPDK:fast-tests / memcpy_autotest OK 3.84s 68/120 DPDK:fast-tests / memory_autotest OK 0.15s 69/120 DPDK:fast-tests / mempool_autotest OK 0.48s 70/120 DPDK:fast-tests / memzone_autotest OK 0.17s 71/120 DPDK:fast-tests / meter_autotest OK 0.30s 72/120 DPDK:fast-tests / metrics_autotest OK 0.20s 73/120 DPDK:fast-tests / multiprocess_autotest OK 0.55s 74/120 DPDK:fast-tests / net_ether_autotest OK 0.76s 75/120 DPDK:fast-tests / net_ipv6_autotest OK 0.30s 76/120 DPDK:fast-tests / pcapng_autotest OK 6.46s 77/120 DPDK:fast-tests / pdcp_autotest SKIP 0.16s exit status 77 78/120 DPDK:fast-tests / pdump_autotest OK 0.50s 79/120 DPDK:fast-tests / per_lcore_autotest OK 0.33s 80/120 DPDK:fast-tests / pflock_autotest OK 0.55s 81/120 DPDK:fast-tests / pie_autotest OK 0.22s 82/120 DPDK:fast-tests / ring_pmd_autotest OK 0.26s 83/120 DPDK:fast-tests / power_autotest OK 0.26s 84/120 DPDK:fast-tests / power_cpufreq_autotest SKIP 0.16s exit status 77 85/120 DPDK:fast-tests / power_intel_uncore_autotest SKIP 0.23s exit status 77 86/120 DPDK:fast-tests / power_kvm_vm_autotest SKIP 0.17s exit status 77 87/120 DPDK:fast-tests / prefetch_autotest OK 0.29s 88/120 DPDK:fast-tests / ptr_compress_autotest OK 0.28s 89/120 DPDK:fast-tests / rawdev_autotest OK 0.25s 90/120 DPDK:fast-tests / rcu_qsbr_autotest OK 0.45s 91/120 DPDK:fast-tests / reorder_autotest OK 0.51s 92/120 DPDK:fast-tests / rib_autotest OK 9.90s 93/120 DPDK:fast-tests / rib6_autotest OK 8.45s 94/120 DPDK:fast-tests / ring_autotest OK 0.23s 95/120 DPDK:fast-tests / rwlock_test1_autotest OK 0.45s 96/120 DPDK:fast-tests / rwlock_rda_autotest OK 5.37s 97/120 DPDK:fast-tests / rwlock_rds_wrm_autotest OK 5.21s 98/120 DPDK:fast-tests / rwlock_rde_wro_autotest OK 5.29s 99/120 DPDK:fast-tests / sched_autotest OK 0.34s 100/120 DPDK:fast-tests / security_autotest OK 0.34s 101/120 DPDK:fast-tests / seqlock_autotest SKIP 0.20s exit status 77 102/120 DPDK:fast-tests / service_autotest OK 0.31s 103/120 DPDK:fast-tests / soring_autotest OK 0.30s 104/120 DPDK:fast-tests / spinlock_autotest OK 0.26s 105/120 DPDK:fast-tests / stack_autotest OK 0.33s 106/120 DPDK:fast-tests / stack_lf_autotest OK 0.33s 107/120 DPDK:fast-tests / string_autotest OK 0.21s 108/120 DPDK:fast-tests / table_autotest OK 5.69s 109/120 DPDK:fast-tests / tailq_autotest OK 0.18s 110/120 DPDK:fast-tests / telemetry_data_autotest OK 0.18s 111/120 DPDK:fast-tests / telemetry_json_autotest OK 0.18s 112/120 DPDK:fast-tests / thash_autotest OK 0.19s 113/120 DPDK:fast-tests / threads_autotest OK 0.33s 114/120 DPDK:fast-tests / ticketlock_autotest OK 0.20s 115/120 DPDK:fast-tests / timer_autotest OK 2.68s 116/120 DPDK:fast-tests / trace_autotest OK 0.19s 117/120 DPDK:fast-tests / trace_autotest_with_traces OK 0.19s 118/120 DPDK:fast-tests / vdev_autotest OK 0.18s 119/120 DPDK:fast-tests / version_autotest OK 0.18s 120/120 DPDK:fast-tests / telemetry_all SKIP 0.01s exit status 77 Ok: 109 Expected Fail: 0 Fail: 1 Unexpected Pass: 0 Skipped: 10 Timeout: 0 Full log written to /root/workspace/Generic-Unit-Test-DPDK/dpdk/build/meson-logs/testlog.txt Test log output from the failed test eal_flags_a_opt_autotest: Sorry, we were not able to find the logs for this test. Download the log output from the CI site for this test run. ==== End log output ==== CentOS Stream 9 Kernel: 5.15 Compiler: gcc gcc (GCC) 11.5.0 20240719 (Red Hat 11.5.0-7) Debian GNU/Linux 12 Kernel: 5.15 Compiler: gcc gcc (Debian 12.2.0-14+deb12u1) 12.2.0 CentOS Stream 10 Kernel: 5.15 Compiler: gcc gcc (GCC) 14.2.1 20250110 (Red Hat 14.2.1-8) Fedora Linux 40 Kernel: 5.15 Compiler: gcc gcc (GCC) 14.2.1 20240912 (Red Hat 14.2.1-3) Fedora Linux 41 Kernel: 5.15 Compiler: clang gcc (GCC) 14.3.1 20250523 (Red Hat 14.3.1-1) Red Hat Enterprise Linux 9.5 Kernel: 5.15 Compiler: gcc gcc (GCC) 11.5.0 20240719 (Red Hat 11.5.0-2) Red Hat Enterprise Linux 8.10 Kernel: 5.15 Compiler: gcc gcc (GCC) 8.5.0 20210514 (Red Hat 8.5.0-22) Ubuntu 24.04 Kernel: 5.15 Compiler: gcc gcc (Ubuntu 13.3.0-6ubuntu2~24.04) 13.3.0 Ubuntu 20.04 Kernel: 5.15 Compiler: gcc gcc (Ubuntu 9.4.0-1ubuntu1~20.04.2) 9.4.0 Ubuntu 22.04 Kernel: 5.15 Compiler: gcc gcc (Ubuntu 11.4.0-1ubuntu1~22.04) 11.4.0 Windows Server 2022 Kernel: 10.0.20348.2031 Compiler: clang 15.0.7, gcc 14.1.0 (MinGW), and MSVC VS 19.39.33521 To view detailed results, visit: https://lab.dpdk.org/results/dashboard/patchsets/33563/ UNH-IOL DPDK Community Lab To manage your email subscriptions, visit: https://lab.dpdk.org/results/dashboard/preferences/subscriptions/