From mboxrd@z Thu Jan 1 00:00:00 1970 Return-Path: Received: from mails.dpdk.org (mails.dpdk.org [217.70.189.124]) by inbox.dpdk.org (Postfix) with ESMTP id 9E1B346B32 for ; Wed, 9 Jul 2025 16:14:14 +0200 (CEST) Received: from mails.dpdk.org (localhost [127.0.0.1]) by mails.dpdk.org (Postfix) with ESMTP id 8573E402A9; Wed, 9 Jul 2025 16:14:14 +0200 (CEST) Received: from mail-oa1-f100.google.com (mail-oa1-f100.google.com [209.85.160.100]) by mails.dpdk.org (Postfix) with ESMTP id 20928402A9 for ; Wed, 9 Jul 2025 16:14:14 +0200 (CEST) Received: by mail-oa1-f100.google.com with SMTP id 586e51a60fabf-2eff5d1c7efso4147571fac.2 for ; Wed, 09 Jul 2025 07:14:14 -0700 (PDT) DKIM-Signature: v=1; a=rsa-sha256; c=relaxed/relaxed; d=iol.unh.edu; s=unh-iol; t=1752070453; x=1752675253; darn=dpdk.org; h=references:in-reply-to:cc:to:from:subject:message-id:date:from:to :cc:subject:date:message-id:reply-to; bh=TfdFI7rp9PfJNIivqov5SRNoiCs7J4s+0H7XAJmNunQ=; b=YyY96BOEXFF2PwLyxIVbfvb3PC4oEzpoTgBXLk6B/HuJtjKVf3P6zRBga6Bts2IHbk h+qUyeZTCKjg3rck1lBr0N0QZCuim5JFswnPzJ/vArLnXqjuRwK3dVxpwMggzmsTeMcX wFimhO29zyA4xZjyzfbiV7J4VV3fMDJruhqr8= X-Google-DKIM-Signature: v=1; a=rsa-sha256; c=relaxed/relaxed; d=1e100.net; s=20230601; t=1752070453; x=1752675253; h=references:in-reply-to:cc:to:from:subject:message-id:date :x-gm-message-state:from:to:cc:subject:date:message-id:reply-to; bh=TfdFI7rp9PfJNIivqov5SRNoiCs7J4s+0H7XAJmNunQ=; b=iLbe5qd7ZIOAm4ps0MzkmHJtGI9+kxP9oqB77q72akxhHLi6/CsaNn2Z4k3uG8v8hH lJLtut0IPVd/LSSzojGWh1EpVj73F8B4b7vRZpfB0Ubqd/z9/J/zxVrP+3Vmo2FaFjH9 ddrV/IT6ymOAjE+cR2SzfVbaZS+BvMkUNzob5DFCYkEx5nWWYeawcbBR1GhRt3P9ZZ2d ouDzq6lPUB40adYyBw5K0t0zEEe3uG96FJQAf01Uk1dPF8ivkaqVkYafdN6FekmXvk7s YKaOef6q2/eBf5Fo25p9SB+9dp5ZEB7AqqEbEEzaTx0d3k8CrtrNl5q+ojYIBbZyVIFY T3Kg== X-Gm-Message-State: AOJu0Yyp15KuCqzKfksLkMnDt2/gzSTFy5mKqJgXyinsNNsobyycjKIb WOYZpdMGH3Jk3q6Fk55N3TbfWz82D07C9J9S31tGwrOFZa169c2lcIfBsgH0Prd8fDm5ObJaRqa 9TGMlZ35WDKqJ5ggYJ62/A5miLutvVTykR1IjzMXTxDzx X-Gm-Gg: ASbGncuf9NA6uz4TGAt4WYsr3s5V92x8NziObFo6kFea7KUeerUboXVYtJiMxHujdBv hVaw8iSPt4bnoNS0Da2WOYLZ1YF49MqChiEp0N27bN0V1fZRT7rBnD/JIcnTh04GknSA0VV+NQT nkWxPD5sppDFfwzt+wwEfUy4NmctiJ1Rgi+0dMBrDSraR2rgDlm4luTZje2/lpXuks4sUK03peE 8jaIlGV5SAuagOPm+iWH7cOStQzevIjGFZlqpBFAtKeJ2C20iT0SnVaIyCNn7VNNJFTpRqzPMPj J7krxpJiDRyvEOrXPyRNA3kMOFi6Grk80vJ6tS5yjgi0mnqV7PNhPzipLo8ffsxb4XjJsg== X-Google-Smtp-Source: AGHT+IGqXqZrz+Ac+T4WmS5W4oeHCbao/TMQPvZOioYjM5YGPqt/DGCn3NJletxB2sFUcO4AUozIkVvQ0Yh3 X-Received: by 2002:a05:6871:4183:b0:2f6:c9a6:4f7f with SMTP id 586e51a60fabf-2fef87dd657mr1896671fac.39.1752070453316; Wed, 09 Jul 2025 07:14:13 -0700 (PDT) Received: from postal.iol.unh.edu (postal.iol.unh.edu. [132.177.123.84]) by smtp-relay.gmail.com with ESMTPS id 586e51a60fabf-2f78fe57764sm778829fac.10.2025.07.09.07.14.13 (version=TLS1_2 cipher=ECDHE-ECDSA-AES128-GCM-SHA256 bits=128/128); Wed, 09 Jul 2025 07:14:13 -0700 (PDT) X-Relaying-Domain: iol.unh.edu Date: Wed, 09 Jul 2025 07:14:13 -0700 (PDT) Message-ID: <686e7935.050a0220.50fe4.9c18SMTPIN_ADDED_MISSING@mx.google.com> Received: from [172.21.0.6] (unknown [172.18.0.240]) by postal.iol.unh.edu (Postfix) with ESMTP id C5A2C604D420; Wed, 9 Jul 2025 10:14:12 -0400 (EDT) Subject: |FAILURE| pw154968 [PATCH] build/x86: fix support for older compiler From: dpdklab@iol.unh.edu To: Test Report Cc: dpdk-test-reports@iol.unh.edu, Bruce Richardson In-Reply-To: <20250702155129.3440210-1-bruce.richardson@intel.com> References: <20250702155129.3440210-1-bruce.richardson@intel.com> Content-Type: text/plain X-BeenThere: test-report@dpdk.org X-Mailman-Version: 2.1.29 Precedence: list List-Id: automatic DPDK test reports List-Unsubscribe: , List-Archive: List-Post: List-Help: List-Subscribe: , Errors-To: test-report-bounces@dpdk.org Test-Label: iol-compile-amd64-testing Test-Status: FAILURE http://dpdk.org/patch/154968 _Testing issues_ Submitter: Bruce Richardson Date: Wednesday, July 02 2025 15:51:29 DPDK git baseline: Repo:dpdk Branch: master CommitID:5d47e73e5f4f2eb69bd73f642cfd72b49436bf96 154968 --> testing issues Upstream job id: Generic-DPDK-Compile-Meson#407231 Test environment and result as below: +-------------------------------+--------------------+-------------------+-------------------------+----------------------+-------------------+------------------+ | Environment | dpdk_meson_compile | dpdk_msvc_compile | dpdk_llvm_clang_compile | dpdk_mingw64_compile | dpdk_compile_spdk | dpdk_compile_ovs | +===============================+====================+===================+=========================+======================+===================+==================+ | FreeBSD 14.2 | FAIL | SKIPPED | SKIPPED | SKIPPED | SKIPPED | SKIPPED | +-------------------------------+--------------------+-------------------+-------------------------+----------------------+-------------------+------------------+ | Ubuntu 20.04 | FAIL | SKIPPED | SKIPPED | SKIPPED | SKIPPED | SKIPPED | +-------------------------------+--------------------+-------------------+-------------------------+----------------------+-------------------+------------------+ | CentOS Stream 9 | FAIL | SKIPPED | SKIPPED | SKIPPED | WARN | SKIPPED | +-------------------------------+--------------------+-------------------+-------------------------+----------------------+-------------------+------------------+ | CentOS Stream 10 | FAIL | SKIPPED | SKIPPED | SKIPPED | SKIPPED | SKIPPED | +-------------------------------+--------------------+-------------------+-------------------------+----------------------+-------------------+------------------+ | Debian GNU/Linux 12 | FAIL | SKIPPED | SKIPPED | SKIPPED | WARN | SKIPPED | +-------------------------------+--------------------+-------------------+-------------------------+----------------------+-------------------+------------------+ | Fedora Linux 40 | FAIL | SKIPPED | SKIPPED | SKIPPED | WARN | SKIPPED | +-------------------------------+--------------------+-------------------+-------------------------+----------------------+-------------------+------------------+ | Fedora Linux 41 | FAIL | SKIPPED | SKIPPED | SKIPPED | WARN | WARN | +-------------------------------+--------------------+-------------------+-------------------------+----------------------+-------------------+------------------+ | openSUSE Leap 15.6 | FAIL | SKIPPED | SKIPPED | SKIPPED | SKIPPED | SKIPPED | +-------------------------------+--------------------+-------------------+-------------------------+----------------------+-------------------+------------------+ | Red Hat Enterprise Linux 8.10 | FAIL | SKIPPED | SKIPPED | SKIPPED | SKIPPED | SKIPPED | +-------------------------------+--------------------+-------------------+-------------------------+----------------------+-------------------+------------------+ | Red Hat Enterprise Linux 9.5 | FAIL | SKIPPED | SKIPPED | SKIPPED | SKIPPED | SKIPPED | +-------------------------------+--------------------+-------------------+-------------------------+----------------------+-------------------+------------------+ | Alpine Linux 3.22.0 | FAIL | SKIPPED | SKIPPED | SKIPPED | SKIPPED | SKIPPED | +-------------------------------+--------------------+-------------------+-------------------------+----------------------+-------------------+------------------+ | Ubuntu 24.04 | FAIL | SKIPPED | SKIPPED | SKIPPED | WARN | WARN | +-------------------------------+--------------------+-------------------+-------------------------+----------------------+-------------------+------------------+ | Ubuntu 22.04 | FAIL | SKIPPED | SKIPPED | SKIPPED | WARN | SKIPPED | +-------------------------------+--------------------+-------------------+-------------------------+----------------------+-------------------+------------------+ | Windows Server 2022 | SKIPPED | PASS | PASS | PASS | SKIPPED | SKIPPED | +-------------------------------+--------------------+-------------------+-------------------------+----------------------+-------------------+------------------+ ==== 20 line log output for Ubuntu 22.04 (dpdk_compile_spdk): ==== --- Failed to get log output --- ==== End log output ==== FreeBSD 14.2 Kernel: 14.2-RELEASE Compiler: clang 18.1.6 Ubuntu 20.04 Kernel: 4.19 Compiler: gcc gcc (Ubuntu 9.4.0-1ubuntu1~20.04.2) 9.4.0 CentOS Stream 9 Kernel: 5.15 Compiler: gcc gcc (GCC) 11.5.0 20240719 (Red Hat 11.5.0-7) CentOS Stream 10 Kernel: 5.15 Compiler: gcc gcc (GCC) 14.2.1 20250110 (Red Hat 14.2.1-8) Debian GNU/Linux 12 Kernel: 5.15 Compiler: gcc gcc (Debian 12.2.0-14+deb12u1) 12.2.0 Fedora Linux 40 Kernel: 5.15 Compiler: clang gcc (GCC) 14.2.1 20240912 (Red Hat 14.2.1-3) Fedora Linux 41 Kernel: 5.15 Compiler: clang gcc (GCC) 14.3.1 20250523 (Red Hat 14.3.1-1) openSUSE Leap 15.6 Kernel: 5.15 Compiler: gcc gcc (SUSE Linux) 7.5.0 Red Hat Enterprise Linux 8.10 Kernel: 5.15 Compiler: gcc gcc (GCC) 8.5.0 20210514 (Red Hat 8.5.0-22) Red Hat Enterprise Linux 9.5 Kernel: 5.15 Compiler: gcc gcc (GCC) 11.5.0 20240719 (Red Hat 11.5.0-2) Alpine Linux 3.22.0 Kernel: 5.15 Compiler: gcc gcc (Alpine 14.2.0) 14.2.0 Ubuntu 24.04 Kernel: 5.15 Compiler: gcc gcc (Ubuntu 13.3.0-6ubuntu2~24.04) 13.3.0 Ubuntu 22.04 Kernel: 5.15 Compiler: gcc gcc (Ubuntu 11.4.0-1ubuntu1~22.04) 11.4.0 Windows Server 2022 Kernel: 10.0.20348.2031 Compiler: clang 15.0.7, gcc 14.1.0 (MinGW), and MSVC VS 19.39.33521 To view detailed results, visit: https://lab.dpdk.org/results/dashboard/patchsets/33569/ UNH-IOL DPDK Community Lab To manage your email subscriptions, visit: https://lab.dpdk.org/results/dashboard/preferences/subscriptions/