From mboxrd@z Thu Jan 1 00:00:00 1970 Return-Path: Received: from mails.dpdk.org (mails.dpdk.org [217.70.189.124]) by inbox.dpdk.org (Postfix) with ESMTP id DE48B46B32 for ; Wed, 9 Jul 2025 17:24:43 +0200 (CEST) Received: from mails.dpdk.org (localhost [127.0.0.1]) by mails.dpdk.org (Postfix) with ESMTP id C6EC44028C; Wed, 9 Jul 2025 17:24:43 +0200 (CEST) Received: from mail-pl1-f227.google.com (mail-pl1-f227.google.com [209.85.214.227]) by mails.dpdk.org (Postfix) with ESMTP id 516F74028C for ; Wed, 9 Jul 2025 17:24:43 +0200 (CEST) Received: by mail-pl1-f227.google.com with SMTP id d9443c01a7336-235f9e87f78so56927335ad.2 for ; Wed, 09 Jul 2025 08:24:43 -0700 (PDT) DKIM-Signature: v=1; a=rsa-sha256; c=relaxed/relaxed; d=iol.unh.edu; s=unh-iol; t=1752074682; x=1752679482; darn=dpdk.org; h=references:in-reply-to:cc:to:from:subject:message-id:date:from:to :cc:subject:date:message-id:reply-to; bh=7BeIYiojW7htbB9QslNy2zAEJyW7LkstuAQvG6NRJOk=; b=OlB++hX1pKbakz7oad227bbGBFNgoNzYHm7BdyuARMgOg1pToTfdP+N2aL0VT2/a2c bKuqOGyUOjzz7Z3GfFTFGbAOK2Ipvl5QkA/Xz+zhJRds2e4VjugnVLOczXoOuOoyGlST FOJvJCwuvlrd7MYCcSASq0TwOcUtVwADl/w94= X-Google-DKIM-Signature: v=1; a=rsa-sha256; c=relaxed/relaxed; d=1e100.net; s=20230601; t=1752074682; x=1752679482; h=references:in-reply-to:cc:to:from:subject:message-id:date :x-gm-message-state:from:to:cc:subject:date:message-id:reply-to; bh=7BeIYiojW7htbB9QslNy2zAEJyW7LkstuAQvG6NRJOk=; b=HAH4gv3Vwc6idLrhzyEg6VnpPBEUl6UE2LCmUiqntL2lg5kMEmtEhbYPxKbNZh8caH tdF6olStDevav0Tc0ucu/w8uIMTzKcwsOto8iz+pMmMtoE0KsI8GSyqPh3m66u6453wj 7VGYdB8GvO88cVJNDqOP/UrVFCwrJyVx4Y/tpZ8gmG2jNyCZ4fe60Q4bIAPMdl3ijrLZ n70YofOLvITJvv05QPgsk1xbpqUzp26RN9tYG9fw3+NsNDe+aqll4hZ3yhkvnh6I/3al EFkfg1Pcgj+omq4LbRipufNjctyworATxETcboBfO4h1xY625l+51V59T/jyBePwYQJh 7utQ== X-Gm-Message-State: AOJu0YyeT2gMCRpTb55b2G50BSv0hCjFDfWqvx27wodhEGq4KgGsbgm2 hMQaJauKYGhSwU5USzkmvGl6xMB3EXyHKSSRahqaN8i9SQf6m+IFzwGkBpJkf2CtuOZroBGjxRz oLjCj2eZEYAQqPJtomjzbyA+usjQ0FY/cu/k/gJtX7aDzgFKHgwuXP5XVIiR+ X-Gm-Gg: ASbGncurSDlXY5JDqpRxwJ72WHMhOLHHIg82n/M3XswKbJx+RtGcaQJzBuI9cFAka0i r8So/4jifOjjudF5hEbs9rB0fXXOOTQNuJDosiU9t8X8nCioHUyDeXndm59sg2mpmwVvg1eZJGN SQ+SPCTkllM+C1oeepEOBN/zQR3ZUmGVzt6yajWsjNY6yEk6tayFZOWFXiEqWGFnxZ11fgsYBF8 vxl7oTMRO8aHKLk/4DPEdMVdUMxB4dTc82XfWAn3oR0X1aKFLm4P80fsy2HGoGzXHrBimx/oWbf XZNwj31vcwgGp+n8KNVI8PgkwtQ01iVOwqwy3ngMZwRSkYg= X-Google-Smtp-Source: AGHT+IGfMiqjuZhBSBoOAFAxvTI7krPIdPqYe7IzUEyePhbSqm9YxNBsHpzbAe3f93hVEfeND+NSeAAimhNR X-Received: by 2002:a17:902:ec8e:b0:234:a139:120b with SMTP id d9443c01a7336-23de2436c91mr4106445ad.11.1752074682346; Wed, 09 Jul 2025 08:24:42 -0700 (PDT) Received: from postal.iol.unh.edu (postal.iol.unh.edu. [2606:4100:3880:1234::84]) by smtp-relay.gmail.com with ESMTPS id d9443c01a7336-23c84509068sm6270415ad.103.2025.07.09.08.24.42 (version=TLS1_2 cipher=ECDHE-ECDSA-AES128-GCM-SHA256 bits=128/128); Wed, 09 Jul 2025 08:24:42 -0700 (PDT) X-Relaying-Domain: iol.unh.edu Date: Wed, 09 Jul 2025 08:24:42 -0700 (PDT) Message-ID: <686e89ba.170a0220.112c2.0a07SMTPIN_ADDED_MISSING@mx.google.com> Received: from [172.21.0.5] (unknown [172.18.0.240]) by postal.iol.unh.edu (Postfix) with ESMTP id BFFB8604D420; Wed, 9 Jul 2025 11:24:41 -0400 (EDT) Subject: |FAILURE| pw155077 [PATCH] net/virtio: revert Tx free threshold fix From: dpdklab@iol.unh.edu To: Test Report Cc: dpdk-test-reports@iol.unh.edu, David Marchand In-Reply-To: <20250708142305.3636707-1-david.marchand@redhat.com> References: <20250708142305.3636707-1-david.marchand@redhat.com> Content-Type: text/plain X-BeenThere: test-report@dpdk.org X-Mailman-Version: 2.1.29 Precedence: list List-Id: automatic DPDK test reports List-Unsubscribe: , List-Archive: List-Post: List-Help: List-Subscribe: , Errors-To: test-report-bounces@dpdk.org Test-Label: iol-compile-amd64-testing Test-Status: FAILURE http://dpdk.org/patch/155077 _Testing issues_ Submitter: David Marchand Date: Tuesday, July 08 2025 14:23:04 DPDK git baseline: Repo:dpdk Branch: master CommitID:64267ffa9474c6becddcc07fc2e603adb621b44d 155077 --> testing issues Upstream job id: Generic-DPDK-Compile-Meson#407232 Test environment and result as below: +-------------------------------+--------------------+-------------------+------------------+-------------------+-------------------------+----------------------+ | Environment | dpdk_meson_compile | dpdk_compile_spdk | dpdk_compile_ovs | dpdk_msvc_compile | dpdk_llvm_clang_compile | dpdk_mingw64_compile | +===============================+====================+===================+==================+===================+=========================+======================+ | CentOS Stream 9 | PASS | PASS | SKIPPED | SKIPPED | SKIPPED | SKIPPED | +-------------------------------+--------------------+-------------------+------------------+-------------------+-------------------------+----------------------+ | Debian GNU/Linux 12 | PASS | PASS | SKIPPED | SKIPPED | SKIPPED | SKIPPED | +-------------------------------+--------------------+-------------------+------------------+-------------------+-------------------------+----------------------+ | CentOS Stream 10 | PASS | SKIPPED | SKIPPED | SKIPPED | SKIPPED | SKIPPED | +-------------------------------+--------------------+-------------------+------------------+-------------------+-------------------------+----------------------+ | Fedora Linux 40 | PASS | PASS | SKIPPED | SKIPPED | SKIPPED | SKIPPED | +-------------------------------+--------------------+-------------------+------------------+-------------------+-------------------------+----------------------+ | Fedora Linux 41 | PASS | WARN | PASS | SKIPPED | SKIPPED | SKIPPED | +-------------------------------+--------------------+-------------------+------------------+-------------------+-------------------------+----------------------+ | openSUSE Leap 15.6 | PASS | SKIPPED | SKIPPED | SKIPPED | SKIPPED | SKIPPED | +-------------------------------+--------------------+-------------------+------------------+-------------------+-------------------------+----------------------+ | Red Hat Enterprise Linux 8.10 | PASS | SKIPPED | SKIPPED | SKIPPED | SKIPPED | SKIPPED | +-------------------------------+--------------------+-------------------+------------------+-------------------+-------------------------+----------------------+ | Ubuntu 20.04 | PASS | SKIPPED | SKIPPED | SKIPPED | SKIPPED | SKIPPED | +-------------------------------+--------------------+-------------------+------------------+-------------------+-------------------------+----------------------+ | Red Hat Enterprise Linux 9.5 | PASS | SKIPPED | SKIPPED | SKIPPED | SKIPPED | SKIPPED | +-------------------------------+--------------------+-------------------+------------------+-------------------+-------------------------+----------------------+ | Ubuntu 24.04 | PASS | PASS | PASS | SKIPPED | SKIPPED | SKIPPED | +-------------------------------+--------------------+-------------------+------------------+-------------------+-------------------------+----------------------+ | FreeBSD 14.2 | PASS | SKIPPED | SKIPPED | SKIPPED | SKIPPED | SKIPPED | +-------------------------------+--------------------+-------------------+------------------+-------------------+-------------------------+----------------------+ | Ubuntu 22.04 | PASS | PASS | SKIPPED | SKIPPED | SKIPPED | SKIPPED | +-------------------------------+--------------------+-------------------+------------------+-------------------+-------------------------+----------------------+ | Alpine Linux 3.22.0 | PASS | SKIPPED | SKIPPED | SKIPPED | SKIPPED | SKIPPED | +-------------------------------+--------------------+-------------------+------------------+-------------------+-------------------------+----------------------+ | Windows Server 2022 | SKIPPED | SKIPPED | SKIPPED | PASS | FAIL | PASS | +-------------------------------+--------------------+-------------------+------------------+-------------------+-------------------------+----------------------+ ==== 20 line log output for Windows Server 2022 (dpdk_llvm_clang_compile): ==== Message: Disabling table [lib/table]: missing internal dependency "port" Compiler for C supports arguments -Wno-format-truncation: NO (cached) Compiler for C supports arguments -Wno-address-of-packed-member: YES (cached) Compiler for C supports arguments -Wno-cast-qual: YES Compiler for C supports arguments -Wno-pointer-arith: YES Message: drivers/bus/auxiliary: Defining dependency "bus_auxiliary" Compiler for C supports arguments -Wno-cast-qual: YES (cached) Compiler for C supports arguments -Wno-pointer-arith: YES (cached) Message: drivers/bus/pci: Defining dependency "bus_pci" Message: drivers/bus/vdev: Defining dependency "bus_vdev" Compiler for C supports arguments -std=c11: YES Compiler for C supports arguments -Wno-strict-prototypes: YES Compiler for C supports arguments -D_BSD_SOURCE: YES Compiler for C supports arguments -D_DEFAULT_SOURCE: YES Compiler for C supports arguments -D_XOPEN_SOURCE=600: YES Has header "mlx5devx.h" : YES drivers\common\mlx5\windows\meson.build:10:13: ERROR: C shared or static library 'mlx5devx' not found A full log can be found at C:\Users\builder\jenkins\workspace\Windows-Compile-DPDK-Native\dpdk\build\meson-logs\meson-log.txt ==== End log output ==== CentOS Stream 9 Kernel: 5.15 Compiler: gcc gcc (GCC) 11.5.0 20240719 (Red Hat 11.5.0-7) Debian GNU/Linux 12 Kernel: 5.15 Compiler: gcc gcc (Debian 12.2.0-14+deb12u1) 12.2.0 CentOS Stream 10 Kernel: 5.15 Compiler: gcc gcc (GCC) 14.2.1 20250110 (Red Hat 14.2.1-8) Fedora Linux 40 Kernel: 5.15 Compiler: clang gcc (GCC) 14.2.1 20240912 (Red Hat 14.2.1-3) Fedora Linux 41 Kernel: 5.15 Compiler: gcc gcc (GCC) 14.3.1 20250523 (Red Hat 14.3.1-1) openSUSE Leap 15.6 Kernel: 5.15 Compiler: gcc gcc (SUSE Linux) 7.5.0 Red Hat Enterprise Linux 8.10 Kernel: 5.15 Compiler: gcc gcc (GCC) 8.5.0 20210514 (Red Hat 8.5.0-22) Ubuntu 20.04 Kernel: 5.15 Compiler: gcc gcc (Ubuntu 9.4.0-1ubuntu1~20.04.2) 9.4.0 Red Hat Enterprise Linux 9.5 Kernel: 5.15 Compiler: gcc gcc (GCC) 11.5.0 20240719 (Red Hat 11.5.0-2) Ubuntu 24.04 Kernel: 5.15 Compiler: gcc gcc (Ubuntu 13.3.0-6ubuntu2~24.04) 13.3.0 FreeBSD 14.2 Kernel: 14.2-RELEASE Compiler: clang 18.1.6 Ubuntu 22.04 Kernel: 5.15 Compiler: gcc gcc (Ubuntu 11.4.0-1ubuntu1~22.04) 11.4.0 Alpine Linux 3.22.0 Kernel: 5.15 Compiler: gcc gcc (Alpine 14.2.0) 14.2.0 Windows Server 2022 Kernel: 10.0.20348.2031 Compiler: clang 15.0.7, gcc 14.1.0 (MinGW), and MSVC VS 19.39.33521 To view detailed results, visit: https://lab.dpdk.org/results/dashboard/patchsets/33614/ UNH-IOL DPDK Community Lab To manage your email subscriptions, visit: https://lab.dpdk.org/results/dashboard/preferences/subscriptions/