automatic DPDK test reports
 help / color / mirror / Atom feed
* |SUCCESS| pw155011 [PATCH] app/testpmd: allow multiple cmdline-file parameters
       [not found] <20250704140551.4151993-1-bruce.richardson@intel.com>
@ 2025-07-04 13:31 ` qemudev
  2025-07-04 13:36 ` qemudev
                   ` (6 subsequent siblings)
  7 siblings, 0 replies; 8+ messages in thread
From: qemudev @ 2025-07-04 13:31 UTC (permalink / raw)
  To: test-report

Test-Label: loongarch-compilation
Test-Status: SUCCESS
http://dpdk.org/patch/155011

_Compilation OK_

Submitter: Bruce Richardson <bruce.richardson@intel.com>
Date: Fri,  4 Jul 2025 15:05:51 +0100
DPDK git baseline: Repo:dpdk-next-net
  Branch: main
  CommitID: b18c543ec30729ccc7708a6e064a1f9db5d8c11f

155011 --> meson & ninja build successfully

Test environment and result as below:

+---------------------+----------------+
|     Environment     | compilation    |
+---------------------+----------------+
| Loongnix-Server 8.3 | PASS           |
+---------------------+----------------+

Loongnix-Server 8.3
    Kernel: 4.19.190+
    Compiler: gcc 8.3


^ permalink raw reply	[flat|nested] 8+ messages in thread

* |SUCCESS| pw155011 [PATCH] app/testpmd: allow multiple cmdline-file parameters
       [not found] <20250704140551.4151993-1-bruce.richardson@intel.com>
  2025-07-04 13:31 ` |SUCCESS| pw155011 [PATCH] app/testpmd: allow multiple cmdline-file parameters qemudev
@ 2025-07-04 13:36 ` qemudev
  2025-07-04 14:05 ` checkpatch
                   ` (5 subsequent siblings)
  7 siblings, 0 replies; 8+ messages in thread
From: qemudev @ 2025-07-04 13:36 UTC (permalink / raw)
  To: test-report

Test-Label: loongarch-unit-testing
Test-Status: SUCCESS
http://dpdk.org/patch/155011

_Unit Testing PASS_

Submitter: Bruce Richardson <bruce.richardson@intel.com>
Date: Fri,  4 Jul 2025 15:05:51 +0100
DPDK git baseline: Repo:dpdk-next-net
  Branch: main
  CommitID: b18c543ec30729ccc7708a6e064a1f9db5d8c11f

155011 --> testing pass

Test environment and result as below:

+---------------------+----------------+
|     Environment     | dpdk_unit_test |
+---------------------+----------------+
| Loongnix-Server 8.3 | PASS           |
+---------------------+----------------+

Loongnix-Server 8.3
    Kernel: 4.19.190+
    Compiler: gcc 8.3


Test result details:
  1/121 DPDK:fast-tests / acl_autotest                            OK              3.23s
  2/121 DPDK:fast-tests / alarm_autotest                          OK              1.51s
  3/121 DPDK:fast-tests / argparse_autotest                       OK              0.50s
  4/121 DPDK:fast-tests / atomic_autotest                         OK              7.27s
  5/121 DPDK:fast-tests / bitcount_autotest                       OK              0.31s
  6/121 DPDK:fast-tests / bitmap_autotest                         OK              0.31s
  7/121 DPDK:fast-tests / bitops_autotest                         OK              1.81s
  8/121 DPDK:fast-tests / bitratestats_autotest                   OK              0.31s
  9/121 DPDK:fast-tests / bitset_autotest                         OK              3.01s
 10/121 DPDK:fast-tests / bpf_autotest                            OK              0.31s
 11/121 DPDK:fast-tests / bpf_convert_autotest                    OK              0.31s
 12/121 DPDK:fast-tests / byteorder_autotest                      OK              0.31s
 13/121 DPDK:fast-tests / cfgfile_autotest                        OK              0.31s
 14/121 DPDK:fast-tests / cksum_autotest                          OK              0.31s
 15/121 DPDK:fast-tests / cmdline_autotest                        OK              0.31s
 16/121 DPDK:fast-tests / common_autotest                         OK              1.19s
 17/121 DPDK:fast-tests / compressdev_autotest                    SKIP            0.06s   exit status 77
 18/121 DPDK:fast-tests / cpuflags_autotest                       OK              0.30s
 19/121 DPDK:fast-tests / crc_autotest                            OK              0.31s
 20/121 DPDK:fast-tests / user_delay_us                           OK              0.31s
 21/121 DPDK:fast-tests / debug_autotest                          OK             25.28s
 22/121 DPDK:fast-tests / devargs_autotest                        OK              0.30s
 23/121 DPDK:fast-tests / dispatcher_autotest                     OK              2.53s
 24/121 DPDK:fast-tests / distributor_autotest                    OK              1.19s
 25/121 DPDK:fast-tests / eal_flags_c_opt_autotest                OK              0.77s
 26/121 DPDK:fast-tests / eal_flags_main_opt_autotest             OK              0.22s
 27/121 DPDK:fast-tests / eal_flags_n_opt_autotest                OK              0.19s
 28/121 DPDK:fast-tests / eal_flags_hpet_autotest                 OK              0.13s
 29/121 DPDK:fast-tests / eal_flags_no_huge_autotest              OK              0.21s
 30/121 DPDK:fast-tests / eal_flags_a_opt_autotest                OK              0.29s
 31/121 DPDK:fast-tests / eal_flags_b_opt_autotest                OK              0.24s
 32/121 DPDK:fast-tests / eal_flags_vdev_opt_autotest             OK              0.19s
 33/121 DPDK:fast-tests / eal_flags_r_opt_autotest                OK              0.18s
 34/121 DPDK:fast-tests / eal_flags_mem_autotest                  OK              0.58s
 35/121 DPDK:fast-tests / eal_flags_file_prefix_autotest          OK             22.25s
 36/121 DPDK:fast-tests / eal_flags_misc_autotest                 OK              1.03s
 37/121 DPDK:fast-tests / eal_fs_autotest                         OK              0.30s
 38/121 DPDK:fast-tests / errno_autotest                          OK              0.31s
 39/121 DPDK:fast-tests / ethdev_link_status                      OK              0.31s
 40/121 DPDK:fast-tests / event_eth_tx_adapter_autotest           OK              1.68s
 41/121 DPDK:fast-tests / event_ring_autotest                     OK              0.31s
 42/121 DPDK:fast-tests / event_vector_adapter_autotest           OK              0.66s
 43/121 DPDK:fast-tests / eventdev_common_autotest                OK              0.30s
 44/121 DPDK:fast-tests / eventdev_selftest_sw                    OK              7.14s
 45/121 DPDK:fast-tests / fbarray_autotest                        OK              0.31s
 46/121 DPDK:fast-tests / fib_autotest                            OK              1.15s
 47/121 DPDK:fast-tests / fib6_autotest                           OK              0.94s
 48/121 DPDK:fast-tests / func_reentrancy_autotest                OK              2.40s
 49/121 DPDK:fast-tests / graph_autotest                          OK              0.31s
 50/121 DPDK:fast-tests / node_list_dump                          OK              0.31s
 51/121 DPDK:fast-tests / graph_feature_arc_autotest              OK              0.31s
 52/121 DPDK:fast-tests / hash_autotest                           OK              0.94s
 53/121 DPDK:fast-tests / hash_readwrite_func_autotest            OK              6.40s
 54/121 DPDK:fast-tests / interrupt_autotest                      OK              1.61s
 55/121 DPDK:fast-tests / ipfrag_autotest                         OK              0.07s
 56/121 DPDK:fast-tests / ipsec_autotest                          SKIP            0.31s   exit status 77
 57/121 DPDK:fast-tests / kvargs_autotest                         OK              0.31s
 58/121 DPDK:fast-tests / latencystats_autotest                   OK              0.31s
 59/121 DPDK:fast-tests / lcore_var_autotest                      OK              0.45s
 60/121 DPDK:fast-tests / lcores_autotest                         OK              5.12s
 61/121 DPDK:fast-tests / logs_autotest                           OK              0.31s
 62/121 DPDK:fast-tests / lpm_autotest                            OK              2.35s
 63/121 DPDK:fast-tests / lpm6_autotest                           OK              5.47s
 64/121 DPDK:fast-tests / malloc_autotest                         OK             61.49s
 65/121 DPDK:fast-tests / mbuf_autotest                           OK              4.86s
 66/121 DPDK:fast-tests / mcslock_autotest                        OK              2.73s
 67/121 DPDK:fast-tests / member_autotest                         OK              1.48s
 68/121 DPDK:fast-tests / memcpy_autotest                         OK              6.74s
 69/121 DPDK:fast-tests / memory_autotest                         OK              0.10s
 70/121 DPDK:fast-tests / mempool_autotest                        OK              0.44s
 71/121 DPDK:fast-tests / memzone_autotest                        OK              0.14s
 72/121 DPDK:fast-tests / meter_autotest                          OK              0.61s
 73/121 DPDK:fast-tests / metrics_autotest                        OK              0.60s
 74/121 DPDK:fast-tests / multiprocess_autotest                   OK              0.19s
 75/121 DPDK:fast-tests / net_ether_autotest                      OK              1.27s
 76/121 DPDK:fast-tests / net_ipv6_autotest                       OK              0.60s
 77/121 DPDK:fast-tests / pcapng_autotest                         OK              6.06s
 78/121 DPDK:fast-tests / pdcp_autotest                           SKIP            0.07s   exit status 77
 79/121 DPDK:fast-tests / pdump_autotest                          OK              0.72s
 80/121 DPDK:fast-tests / per_lcore_autotest                      OK              0.70s
 81/121 DPDK:fast-tests / pflock_autotest                         OK              1.41s
 82/121 DPDK:fast-tests / pie_autotest                            OK              0.60s
 83/121 DPDK:fast-tests / ring_pmd_autotest                       OK              0.60s
 84/121 DPDK:fast-tests / power_autotest                          OK              0.60s
 85/121 DPDK:fast-tests / power_cpufreq_autotest                  SKIP            0.07s   exit status 77
 86/121 DPDK:fast-tests / power_intel_uncore_autotest             SKIP            0.61s   exit status 77
 87/121 DPDK:fast-tests / power_kvm_vm_autotest                   SKIP            0.07s   exit status 77
 88/121 DPDK:fast-tests / prefetch_autotest                       OK              0.60s
 89/121 DPDK:fast-tests / ptr_compress_autotest                   OK              0.60s
 90/121 DPDK:fast-tests / rawdev_autotest                         OK              0.60s
 91/121 DPDK:fast-tests / rcu_qsbr_autotest                       OK              1.12s
 92/121 DPDK:fast-tests / reorder_autotest                        OK              0.66s
 93/121 DPDK:fast-tests / rib_autotest                            OK              9.25s
 94/121 DPDK:fast-tests / rib6_autotest                           OK              9.24s
 95/121 DPDK:fast-tests / ring_autotest                           OK              0.63s
 96/121 DPDK:fast-tests / rwlock_test1_autotest                   OK              1.35s
 97/121 DPDK:fast-tests / rwlock_rda_autotest                     OK              5.60s
 98/121 DPDK:fast-tests / rwlock_rds_wrm_autotest                 OK              5.60s
 99/121 DPDK:fast-tests / rwlock_rde_wro_autotest                 OK              5.60s
100/121 DPDK:fast-tests / sched_autotest                          OK              0.61s
101/121 DPDK:fast-tests / security_autotest                       OK              0.07s
102/121 DPDK:fast-tests / seqlock_autotest                        OK              2.61s
103/121 DPDK:fast-tests / service_autotest                        OK              3.27s
104/121 DPDK:fast-tests / soring_autotest                         OK              0.61s
105/121 DPDK:fast-tests / spinlock_autotest                       OK              0.68s
106/121 DPDK:fast-tests / stack_autotest                          OK              0.87s
107/121 DPDK:fast-tests / stack_lf_autotest                       SKIP            0.06s   exit status 77
108/121 DPDK:fast-tests / string_autotest                         OK              0.61s
109/121 DPDK:fast-tests / table_autotest                          OK              7.97s
110/121 DPDK:fast-tests / tailq_autotest                          OK              0.61s
111/121 DPDK:fast-tests / telemetry_data_autotest                 OK              0.61s
112/121 DPDK:fast-tests / telemetry_json_autotest                 OK              0.61s
113/121 DPDK:fast-tests / thash_autotest                          OK              0.62s
114/121 DPDK:fast-tests / threads_autotest                        OK              0.79s
115/121 DPDK:fast-tests / ticketlock_autotest                     OK              0.75s
116/121 DPDK:fast-tests / timer_autotest                          OK              3.89s
117/121 DPDK:fast-tests / trace_autotest                          OK              0.61s
118/121 DPDK:fast-tests / trace_autotest_with_traces              OK              0.61s
119/121 DPDK:fast-tests / vdev_autotest                           OK              0.61s
120/121 DPDK:fast-tests / version_autotest                        OK              0.61s
121/121 DPDK:fast-tests / telemetry_all                           OK              1.30s


Ok:                 114
Expected Fail:      0
Fail:               0
Unexpected Pass:    0
Skipped:            7
Timeout:            0


^ permalink raw reply	[flat|nested] 8+ messages in thread

* |SUCCESS| pw155011 [PATCH] app/testpmd: allow multiple cmdline-file parameters
       [not found] <20250704140551.4151993-1-bruce.richardson@intel.com>
  2025-07-04 13:31 ` |SUCCESS| pw155011 [PATCH] app/testpmd: allow multiple cmdline-file parameters qemudev
  2025-07-04 13:36 ` qemudev
@ 2025-07-04 14:05 ` checkpatch
  2025-07-04 15:23 ` 0-day Robot
                   ` (4 subsequent siblings)
  7 siblings, 0 replies; 8+ messages in thread
From: checkpatch @ 2025-07-04 14:05 UTC (permalink / raw)
  To: test-report

Test-Label: checkpatch
Test-Status: SUCCESS
http://dpdk.org/patch/155011

_coding style OK_



^ permalink raw reply	[flat|nested] 8+ messages in thread

* |SUCCESS| pw155011 [PATCH] app/testpmd: allow multiple cmdline-file parameters
       [not found] <20250704140551.4151993-1-bruce.richardson@intel.com>
                   ` (2 preceding siblings ...)
  2025-07-04 14:05 ` checkpatch
@ 2025-07-04 15:23 ` 0-day Robot
  2025-07-09 15:27 ` |FAILURE| " dpdklab
                   ` (3 subsequent siblings)
  7 siblings, 0 replies; 8+ messages in thread
From: 0-day Robot @ 2025-07-04 15:23 UTC (permalink / raw)
  To: test-report; +Cc: robot

From: robot@bytheb.org

Test-Label: github-robot: build
Test-Status: SUCCESS
http://patchwork.dpdk.org/patch/155011/

_github build: passed_
Build URL: https://github.com/ovsrobot/dpdk/actions/runs/16075908609

^ permalink raw reply	[flat|nested] 8+ messages in thread

* |FAILURE| pw155011 [PATCH] app/testpmd: allow multiple cmdline-file parameters
       [not found] <20250704140551.4151993-1-bruce.richardson@intel.com>
                   ` (3 preceding siblings ...)
  2025-07-04 15:23 ` 0-day Robot
@ 2025-07-09 15:27 ` dpdklab
  2025-07-09 16:48 ` dpdklab
                   ` (2 subsequent siblings)
  7 siblings, 0 replies; 8+ messages in thread
From: dpdklab @ 2025-07-09 15:27 UTC (permalink / raw)
  To: test-report; +Cc: dpdk-test-reports

Test-Label: iol-testing
Test-Status: FAILURE
http://dpdk.org/patch/155011

_build patch failure_

Submitter: Bruce Richardson <bruce.richardson@intel.com>
Date: Friday, July 04 2025 14:05:51 
Applied on: CommitID:22dee9d46926a1a45791b8651fa0ddc4c1056dfe
Apply patch set 155011 failed:

Cloning the DPDK mirror at: https://github.com/DPDK/dpdk.git (Attempt 1 of 3)
Trying to checkout branch: origin/main
Checked out to main (22dee9d46926a1a45791b8651fa0ddc4c1056dfe)
Done: main commit 22dee9d46926a1a45791b8651fa0ddc4c1056dfe
Trying to checkout branch: origin/next-net-for-main
Checked out to next-net-for-main (ba982f9a1ca9b96ed0394b764f1523d482e963a2)
Applying patch...

Applying: app/testpmd: allow multiple cmdline-file parameters


Running Check Meson
Processing meson.build
Processing buildtools/meson.build
Processing buildtools/chkincs/meson.build
Processing buildtools/pkg-config/meson.build
Processing buildtools/subproject/meson.build
Processing usertools/meson.build
Processing lib/meson.build
Processing lib/fib/meson.build
Processing lib/mbuf/meson.build
Processing lib/pcapng/meson.build
Processing lib/graph/meson.build
Processing lib/pci/meson.build
Processing lib/reorder/meson.build
Processing lib/power/meson.build
Processing lib/pdump/meson.build
Processing lib/stack/meson.build
Processing lib/pmu/meson.build
Processing lib/eventdev/meson.build
Processing lib/rib/meson.build
Processing lib/net/meson.build
Processing lib/dmadev/meson.build
Processing lib/distributor/meson.build
Processing lib/rcu/meson.build
Processing lib/table/meson.build
Processing lib/member/meson.build
Processing lib/latencystats/meson.build
Processing lib/ring/meson.build
Processing lib/ethdev/meson.build
Processing lib/gro/meson.build
Processing lib/kvargs/meson.build
Processing lib/hash/meson.build
Processing lib/sched/meson.build
Processing lib/argparse/meson.build
Processing lib/compressdev/meson.build
Processing lib/rawdev/meson.build
Processing lib/vhost/meson.build
Processing lib/acl/meson.build
Processing lib/ip_frag/meson.build
Processing lib/cryptodev/meson.build
Processing lib/lpm/meson.build
Processing lib/cmdline/meson.build
Processing lib/dispatcher/meson.build
Processing lib/efd/meson.build
Processing lib/metrics/meson.build
Processing lib/pipeline/meson.build
Processing lib/ptr_compress/meson.build
Processing lib/regexdev/meson.build
Processing lib/bitratestats/meson.build
Processing lib/timer/meson.build
Processing lib/bbdev/meson.build
Processing lib/meter/meson.build
Processing lib/ipsec/meson.build
Processing lib/mldev/meson.build
Processing lib/gso/meson.build
Processing lib/pdcp/meson.build
Processing lib/jobstats/meson.build
Processing lib/cfgfile/meson.build
Processing lib/mempool/meson.build
Processing lib/port/meson.build
Processing lib/gpudev/meson.build
Processing lib/log/meson.build
Processing lib/telemetry/meson.build
Processing lib/security/meson.build
Processing lib/eal/meson.build
Processing lib/eal/riscv/meson.build
Processing lib/eal/riscv/include/meson.build
Processing lib/eal/x86/meson.build
Processing lib/eal/x86/include/meson.build
Processing lib/eal/ppc/meson.build
Processing lib/eal/ppc/include/meson.build
Processing lib/eal/arm/meson.build
Processing lib/eal/arm/include/meson.build
Processing lib/eal/loongarch/meson.build
Processing lib/eal/loongarch/include/meson.build
Processing lib/eal/freebsd/meson.build
Processing lib/eal/freebsd/include/meson.build
Processing lib/eal/windows/meson.build
Processing lib/eal/windows/include/meson.build
Processing lib/eal/linux/meson.build
Processing lib/eal/linux/include/meson.build
Processing lib/eal/common/meson.build
Processing lib/eal/unix/meson.build
Processing lib/eal/include/meson.build
Processing lib/node/meson.build
Processing lib/bpf/meson.build
Processing app/meson.build
Processing app/graph/meson.build
Processing app/test-regex/meson.build
Processing app/pdump/meson.build
Processing app/test-flow-perf/meson.build
Processing app/test-crypto-perf/meson.build
Processing app/test-sad/meson.build
Processing app/test-cmdline/meson.build
Processing app/test-fib/meson.build
Processing app/test-acl/meson.build
Processing app/test-bbdev/meson.build
Processing app/test-eventdev/meson.build
Processing app/test-security-perf/meson.build
Processing app/test-gpudev/meson.build
Processing app/test/meson.build
Processing app/test/suites/meson.build
Processing app/test/test_cfgfiles/meson.build
Processing app/test-compress-perf/meson.build
Processing app/test-mldev/meson.build
Processing app/proc-info/meson.build
Processing app/test-pmd/meson.build
Processing app/dumpcap/meson.build
Processing app/test-dma-perf/meson.build
Processing app/test-pipeline/meson.build
Processing drivers/meson.build
Processing drivers/power/meson.build
Processing drivers/power/amd_uncore/meson.build
Processing drivers/power/intel_uncore/meson.build
Processing drivers/power/kvm_vm/meson.build
Processing drivers/power/intel_pstate/meson.build
Processing drivers/power/amd_pstate/meson.build
Processing drivers/power/acpi/meson.build
Processing drivers/power/cppc/meson.build
Processing drivers/net/meson.build
Processing drivers/net/hinic/meson.build
Processing drivers/net/hinic/base/meson.build
Processing drivers/net/hns3/meson.build
Processing drivers/net/ark/meson.build
Processing drivers/net/avp/meson.build
Processing drivers/net/bnxt/meson.build
Processing drivers/net/bnxt/tf_ulp/meson.build
Processing drivers/net/bnxt/tf_ulp/generic_templates/meson.build
Processing drivers/net/bnxt/tf_core/meson.build
Processing drivers/net/bnxt/tf_core/v3/meson.build
Processing drivers/net/bnxt/hcapi/cfa/meson.build
Processing drivers/net/bnxt/hcapi/cfa_v3/meson.build
Processing drivers/net/ntnic/meson.build
Processing drivers/net/cxgbe/meson.build
Processing drivers/net/bonding/meson.build
Processing drivers/net/dpaa/meson.build
Processing drivers/net/octeon_ep/meson.build
Processing drivers/net/mlx5/meson.build
Processing drivers/net/mlx5/hws/meson.build
Processing drivers/net/mlx5/windows/meson.build
Processing drivers/net/mlx5/linux/meson.build
Processing drivers/net/vdev_netvsc/meson.build
Processing drivers/net/null/meson.build
Processing drivers/net/netvsc/meson.build
Processing drivers/net/ring/meson.build
Processing drivers/net/ena/meson.build
Processing drivers/net/enic/meson.build
Processing drivers/net/xsc/meson.build
Processing drivers/net/softnic/meson.build
Processing drivers/net/mana/meson.build
Processing drivers/net/thunderx/meson.build
Processing drivers/net/thunderx/base/meson.build
Processing drivers/net/failsafe/meson.build
Processing drivers/net/vhost/meson.build
Processing drivers/net/rnp/meson.build
Processing drivers/net/rnp/base/meson.build
Processing drivers/net/atlantic/meson.build
Processing drivers/net/vmxnet3/meson.build
Processing drivers/net/ionic/meson.build
Processing drivers/net/intel/i40e/meson.build
Processing drivers/net/intel/i40e/base/meson.build
Processing drivers/net/intel/idpf/meson.build
Processing drivers/net/intel/idpf/base/meson.build
Processing drivers/net/intel/ixgbe/meson.build
Processing drivers/net/intel/ixgbe/base/meson.build
Processing drivers/net/intel/e1000/meson.build
Processing drivers/net/intel/e1000/base/meson.build
Processing drivers/net/intel/iavf/meson.build
Processing drivers/net/intel/fm10k/meson.build
Processing drivers/net/intel/fm10k/base/meson.build
Processing drivers/net/intel/ipn3ke/meson.build
Processing drivers/net/intel/ice/meson.build
Processing drivers/net/intel/ice/base/meson.build
Processing drivers/net/intel/cpfl/meson.build
Processing drivers/net/bnx2x/meson.build
Processing drivers/net/af_packet/meson.build
Processing drivers/net/octeontx/meson.build
Processing drivers/net/octeontx/base/meson.build
Processing drivers/net/mvneta/meson.build
Processing drivers/net/r8169/meson.build
Processing drivers/net/txgbe/meson.build
Processing drivers/net/txgbe/base/meson.build
Processing drivers/net/tap/meson.build
Processing drivers/net/tap/bpf/meson.build
Processing drivers/net/nfb/meson.build
Processing drivers/net/sfc/meson.build
Processing drivers/net/enetc/meson.build
Processing drivers/net/pcap/meson.build
Processing drivers/net/mlx4/meson.build
Processing drivers/net/memif/meson.build
Processing drivers/net/nfp/meson.build
Processing drivers/net/enetfec/meson.build
Processing drivers/net/zxdh/meson.build
Processing drivers/net/ngbe/meson.build
Processing drivers/net/ngbe/base/meson.build
Processing drivers/net/dpaa2/meson.build
Processing drivers/net/cnxk/meson.build
Processing drivers/net/qede/meson.build
Processing drivers/net/qede/base/meson.build
Processing drivers/net/virtio/meson.build
Processing drivers/net/gve/meson.build
Processing drivers/net/af_xdp/meson.build
Processing drivers/net/axgbe/meson.build
Processing drivers/net/mvpp2/meson.build
Processing drivers/net/pfe/meson.build
Processing drivers/bus/meson.build
Processing drivers/bus/auxiliary/meson.build
Processing drivers/bus/pci/meson.build
Processing drivers/bus/vmbus/meson.build
Processing drivers/bus/dpaa/meson.build
Processing drivers/bus/cdx/meson.build
Processing drivers/bus/vdev/meson.build
Processing drivers/bus/uacce/meson.build
Processing drivers/bus/platform/meson.build
Processing drivers/bus/fslmc/meson.build
Processing drivers/bus/ifpga/meson.build
Processing drivers/vdpa/meson.build
Processing drivers/vdpa/mlx5/meson.build
Processing drivers/vdpa/sfc/meson.build
Processing drivers/vdpa/nfp/meson.build
Processing drivers/vdpa/ifc/meson.build
Processing drivers/gpu/meson.build
Processing drivers/gpu/cuda/meson.build
Processing drivers/regex/meson.build
Processing drivers/regex/mlx5/meson.build
Processing drivers/regex/cn9k/meson.build
Processing drivers/common/meson.build
Processing drivers/common/dpaax/meson.build
Processing drivers/common/zsda/meson.build
Processing drivers/common/nitrox/meson.build
Processing drivers/common/mlx5/meson.build
Processing drivers/common/mlx5/windows/meson.build
Processing drivers/common/mlx5/linux/meson.build
Processing drivers/common/sfc_efx/meson.build
Processing drivers/common/sfc_efx/base/meson.build
Processing drivers/common/cpt/meson.build
Processing drivers/common/qat/meson.build
Processing drivers/common/ionic/meson.build
Processing drivers/common/mvep/meson.build
Processing drivers/common/octeontx/meson.build
Processing drivers/common/nfp/meson.build
Processing drivers/common/cnxk/meson.build
Processing drivers/crypto/meson.build
Processing drivers/crypto/nitrox/meson.build
Processing drivers/crypto/mlx5/meson.build
Processing drivers/crypto/dpaa_sec/meson.build
Processing drivers/crypto/bcmfs/meson.build
Processing drivers/crypto/null/meson.build
Processing drivers/crypto/dpaa2_sec/meson.build
Processing drivers/crypto/ipsec_mb/meson.build
Processing drivers/crypto/caam_jr/meson.build
Processing drivers/crypto/openssl/meson.build
Processing drivers/crypto/ionic/meson.build
Processing drivers/crypto/octeontx/meson.build
Processing drivers/crypto/ccp/meson.build
Processing drivers/crypto/uadk/meson.build
Processing drivers/crypto/cnxk/meson.build
Processing drivers/crypto/scheduler/meson.build
Processing drivers/crypto/virtio/meson.build
Processing drivers/crypto/armv8/meson.build
Processing drivers/crypto/mvsam/meson.build
Processing drivers/baseband/meson.build
Processing drivers/baseband/la12xx/meson.build
Processing drivers/baseband/null/meson.build
Processing drivers/baseband/fpga_5gnr_fec/meson.build
Processing drivers/baseband/acc/meson.build
Processing drivers/baseband/turbo_sw/meson.build
Processing drivers/baseband/fpga_lte_fec/meson.build
Processing drivers/event/meson.build
Processing drivers/event/dlb2/meson.build
Processing drivers/event/dpaa/meson.build
Processing drivers/event/skeleton/meson.build
Processing drivers/event/sw/meson.build
Processing drivers/event/octeontx/meson.build
Processing drivers/event/dpaa2/meson.build
Processing drivers/event/cnxk/meson.build
Processing drivers/event/dsw/meson.build
Processing drivers/event/opdl/meson.build
Processing drivers/dma/meson.build
Processing drivers/dma/dpaa/meson.build
Processing drivers/dma/skeleton/meson.build
Processing drivers/dma/odm/meson.build
Processing drivers/dma/ioat/meson.build
Processing drivers/dma/idxd/meson.build
Processing drivers/dma/hisilicon/meson.build
Processing drivers/dma/dpaa2/meson.build
Processing drivers/dma/cnxk/meson.build
Processing drivers/raw/meson.build
Processing drivers/raw/cnxk_rvu_lf/meson.build
Processing drivers/raw/skeleton/meson.build
Processing drivers/raw/ntb/meson.build
Processing drivers/raw/cnxk_gpio/meson.build
Processing drivers/raw/cnxk_bphy/meson.build
Processing drivers/raw/ifpga/meson.build
Processing drivers/raw/ifpga/base/meson.build
Processing drivers/raw/gdtc/meson.build
Processing drivers/raw/dpaa2_cmdif/meson.build
Processing drivers/ml/meson.build
Processing drivers/ml/cnxk/meson.build
Processing drivers/compress/meson.build
Processing drivers/compress/nitrox/meson.build
Processing drivers/compress/mlx5/meson.build
Processing drivers/compress/zlib/meson.build
Processing drivers/compress/octeontx/meson.build
Processing drivers/compress/uadk/meson.build
Processing drivers/compress/isal/meson.build
Processing drivers/mempool/meson.build
Processing drivers/mempool/stack/meson.build
Processing drivers/mempool/dpaa/meson.build
Processing drivers/mempool/ring/meson.build
Processing drivers/mempool/bucket/meson.build
Processing drivers/mempool/octeontx/meson.build
Processing drivers/mempool/dpaa2/meson.build
Processing drivers/mempool/cnxk/meson.build
Processing kernel/meson.build
Processing kernel/freebsd/meson.build
Processing kernel/freebsd/contigmem/meson.build
Processing kernel/freebsd/nic_uio/meson.build
Processing doc/meson.build
Processing doc/guides/meson.build
Processing doc/api/meson.build
Processing doc/api/dts/meson.build
Processing config/meson.build
Processing config/riscv/meson.build
Processing config/x86/meson.build
Processing config/ppc/meson.build
Processing config/arm/meson.build
Processing config/loongarch/meson.build
Processing examples/meson.build
Processing examples/l2fwd-crypto/meson.build
Processing examples/bbdev_app/meson.build
Processing examples/l2fwd/meson.build
Processing examples/vmdq/meson.build
Processing examples/qos_meter/meson.build
Processing examples/distributor/meson.build
Processing examples/skeleton/meson.build
Processing examples/link_status_interrupt/meson.build
Processing examples/l2fwd-cat/meson.build
Processing examples/l2fwd-keepalive/meson.build
Processing examples/ipv4_multicast/meson.build
Processing examples/l2fwd-jobstats/meson.build
Processing examples/vdpa/meson.build
Processing examples/vm_power_manager/meson.build
Processing examples/vm_power_manager/guest_cli/meson.build
Processing examples/helloworld/meson.build
Processing examples/flow_filtering/meson.build
Processing examples/eventdev_pipeline/meson.build
Processing examples/fips_validation/meson.build
Processing examples/l3fwd-graph/meson.build
Processing examples/ntb/meson.build
Processing examples/vhost/meson.build
Processing examples/ipsec-secgw/meson.build
Processing examples/ethtool/meson.build
Processing examples/vhost_blk/meson.build
Processing examples/vmdq_dcb/meson.build
Processing examples/l2fwd-macsec/meson.build
Processing examples/cmdline/meson.build
Processing examples/l2fwd-event/meson.build
Processing examples/server_node_efd/efd_server/meson.build
Processing examples/server_node_efd/efd_node/meson.build
Processing examples/bond/meson.build
Processing examples/l3fwd/meson.build
Processing examples/ptpclient/meson.build
Processing examples/ip_pipeline/meson.build
Processing examples/service_cores/meson.build
Processing examples/pipeline/meson.build
Processing examples/ip_fragmentation/meson.build
Processing examples/dma/meson.build
Processing examples/l3fwd-power/meson.build
Processing examples/qos_sched/meson.build
Processing examples/rxtx_callbacks/meson.build
Processing examples/timer/meson.build
Processing examples/multi_process/symmetric_mp/meson.build
Processing examples/multi_process/simple_mp/meson.build
Processing examples/multi_process/hotplug_mp/meson.build
Processing examples/multi_process/client_server_mp/mp_client/meson.build
Processing examples/multi_process/client_server_mp/mp_server/meson.build
Processing examples/packet_ordering/meson.build
Processing examples/ip_reassembly/meson.build
Processing examples/vhost_crypto/meson.build


Running test build...
The Meson build system
Version: 1.3.2
Source dir: /home-local/jenkins-local/jenkins-agent/workspace/Apply-Custom-Patch-Set-Pipeline/dpdk
Build dir: /home-local/jenkins-local/jenkins-agent/workspace/Apply-Custom-Patch-Set-Pipeline/dpdk/build
Build type: native build
Project name: DPDK
Project version: 25.07.0-rc2
C compiler for the host machine: cc (gcc 13.3.0 "cc (Ubuntu 13.3.0-6ubuntu2~24.04) 13.3.0")
C linker for the host machine: cc ld.bfd 2.42
Host machine cpu family: x86_64
Host machine cpu: x86_64
Message: ## Building in Developer Mode ##
Program pkg-config pkgconf found: NO
Program check-symbols.sh found: YES (/home-local/jenkins-local/jenkins-agent/workspace/Apply-Custom-Patch-Set-Pipeline/dpdk/buildtools/check-symbols.sh)
Program options-ibverbs-static.sh found: YES (/home-local/jenkins-local/jenkins-agent/workspace/Apply-Custom-Patch-Set-Pipeline/dpdk/buildtools/options-ibverbs-static.sh)
Program python3 found: YES (/usr/bin/python3)
Program python3 (elftools) found: YES (/usr/bin/python3) modules: elftools
Message: Minimum Meson required version is 0.57.2
Program cat found: YES (/usr/bin/cat)
Compiler for C supports arguments -march=native: YES 
Checking for size of "void *" : 8 
Checking for size of "void *" : 8 (cached)
Compiler for C supports link arguments -Wl,--undefined-version: YES 
Library m found: YES
Library numa found: YES
Has header "numaif.h" : YES 
Library fdt found: NO
Library execinfo found: NO
Has header "execinfo.h" : YES 
Did not find pkg-config by name 'pkg-config'
Found pkg-config: NO
Run-time dependency libarchive found: NO (tried pkgconfig)
Run-time dependency libbsd found: NO (tried pkgconfig)
Run-time dependency jansson found: NO (tried pkgconfig)
Run-time dependency openssl found: NO (tried pkgconfig)
Run-time dependency libpcap found: NO (tried pkgconfig)
Library pcap found: NO
Compiler for C supports arguments -Wvla: YES 
Compiler for C supports arguments -Wcast-qual: YES 
Compiler for C supports arguments -Wdeprecated: YES 
Compiler for C supports arguments -Wformat: YES 
Compiler for C supports arguments -Wformat-nonliteral: YES 
Compiler for C supports arguments -Wformat-security: YES 
Compiler for C supports arguments -Wmissing-declarations: YES 
Compiler for C supports arguments -Wmissing-prototypes: YES 
Compiler for C supports arguments -Wnested-externs: YES 
Compiler for C supports arguments -Wold-style-definition: YES 
Compiler for C supports arguments -Wpointer-arith: YES 
Compiler for C supports arguments -Wsign-compare: YES 
Compiler for C supports arguments -Wstrict-prototypes: YES 
Compiler for C supports arguments -Wundef: YES 
Compiler for C supports arguments -Wwrite-strings: YES 
Compiler for C supports arguments -Wno-packed-not-aligned: YES 
Compiler for C supports arguments -Wno-missing-field-initializers: YES 
Compiler for C supports arguments -fzero-init-padding-bits=all: NO 
Fetching value of define "__AVX2__" : 1 
Fetching value of define "__znver1__" : (undefined) 
Fetching value of define "__znver2__" : (undefined) 
Fetching value of define "__znver3__" : (undefined) 
Fetching value of define "__znver4__" : (undefined) 
Fetching value of define "__znver5__" : (undefined) 
Program objdump found: YES (/usr/bin/objdump)
Compiler for C supports arguments -march=x86-64-v4: YES 
Fetching value of define "__AVX512F__" : 1 
Compiler for C supports arguments -march=x86-64-v4: YES (cached)
Checking if "AVX512 checking" compiles: YES 
Fetching value of define "__AVX512F__" : 1 
Message: Extra C flags needed for AVX2 output: []
Message: Extra C flags needed for AVX512 output: []
Fetching value of define "__SSE4_2__" : 1 
Fetching value of define "__AES__" : 1 
Fetching value of define "__AVX__" : 1 
Fetching value of define "__AVX2__" : 1 
Fetching value of define "__AVX512BW__" : 1 
Fetching value of define "__AVX512CD__" : 1 
Fetching value of define "__AVX512DQ__" : 1 
Fetching value of define "__AVX512F__" : 1 
Fetching value of define "__AVX512VL__" : 1 
Fetching value of define "__PCLMUL__" : 1 
Fetching value of define "__RDRND__" : 1 
Fetching value of define "__RDSEED__" : 1 
Fetching value of define "__VPCLMULQDQ__" : (undefined) 
Compiler for C supports arguments -Wno-format-truncation: YES 
Message: lib/log: Defining dependency "log"
Message: lib/kvargs: Defining dependency "kvargs"
Message: lib/argparse: Defining dependency "argparse"
Message: lib/telemetry: Defining dependency "telemetry"
Message: lib/pmu: Defining dependency "pmu"
Checking for function "pthread_attr_setaffinity_np" : YES 
Checking for function "getentropy" : NO 
Message: lib/eal: Defining dependency "eal"
Message: lib/ptr_compress: Defining dependency "ptr_compress"
Message: lib/ring: Defining dependency "ring"
Message: lib/rcu: Defining dependency "rcu"
Message: lib/mempool: Defining dependency "mempool"
Message: lib/mbuf: Defining dependency "mbuf"
Compiler for C supports arguments -mpclmul: YES 
Compiler for C supports arguments -maes: YES 
Compiler for C supports arguments -mvpclmulqdq: YES 
Message: lib/net: Defining dependency "net"
Message: lib/meter: Defining dependency "meter"
Message: lib/ethdev: Defining dependency "ethdev"
Message: lib/pci: Defining dependency "pci"
Message: lib/cmdline: Defining dependency "cmdline"
Message: lib/metrics: Defining dependency "metrics"
Message: lib/hash: Defining dependency "hash"
Message: lib/timer: Defining dependency "timer"
Message: lib/acl: Defining dependency "acl"
Message: lib/bbdev: Defining dependency "bbdev"
Message: lib/bitratestats: Defining dependency "bitratestats"
Run-time dependency libelf found: NO (tried pkgconfig)
lib/bpf/meson.build:44: WARNING: libelf is missing, rte_bpf_elf_load API will be disabled
lib/bpf/meson.build:51: WARNING: libpcap is missing, rte_bpf_convert API will be disabled
Message: lib/bpf: Defining dependency "bpf"
Message: lib/cfgfile: Defining dependency "cfgfile"
Message: lib/compressdev: Defining dependency "compressdev"
Message: lib/cryptodev: Defining dependency "cryptodev"
Message: lib/distributor: Defining dependency "distributor"
Message: lib/dmadev: Defining dependency "dmadev"
Message: lib/efd: Defining dependency "efd"
Message: lib/eventdev: Defining dependency "eventdev"
Message: lib/dispatcher: Defining dependency "dispatcher"
Message: lib/gpudev: Defining dependency "gpudev"
Message: lib/gro: Defining dependency "gro"
Message: lib/gso: Defining dependency "gso"
Message: lib/ip_frag: Defining dependency "ip_frag"
Message: lib/jobstats: Defining dependency "jobstats"
Message: lib/latencystats: Defining dependency "latencystats"
Message: lib/lpm: Defining dependency "lpm"
Compiler for C supports arguments -mavx512ifma: YES 
Message: lib/member: Defining dependency "member"
Message: lib/pcapng: Defining dependency "pcapng"
Message: lib/power: Defining dependency "power"
Message: lib/rawdev: Defining dependency "rawdev"
Message: lib/regexdev: Defining dependency "regexdev"
Message: lib/mldev: Defining dependency "mldev"
Message: lib/rib: Defining dependency "rib"
Message: lib/reorder: Defining dependency "reorder"
Message: lib/sched: Defining dependency "sched"
Message: lib/security: Defining dependency "security"
Message: lib/stack: Defining dependency "stack"
Has header "linux/userfaultfd.h" : YES 
Compiler for C supports arguments -fno-strict-aliasing: YES 
Compiler for C supports arguments -Wno-address-of-packed-member: YES 
Message: lib/vhost: Defining dependency "vhost"
Message: lib/ipsec: Defining dependency "ipsec"
Message: lib/pdcp: Defining dependency "pdcp"
Message: lib/fib: Defining dependency "fib"
Message: lib/port: Defining dependency "port"
Message: lib/pdump: Defining dependency "pdump"
Message: lib/table: Defining dependency "table"
Message: lib/pipeline: Defining dependency "pipeline"
Message: lib/graph: Defining dependency "graph"
Message: lib/node: Defining dependency "node"
Compiler for C supports arguments -Wno-format-truncation: YES (cached)
Compiler for C supports arguments -Wno-address-of-packed-member: YES (cached)
Message: drivers/common/cpt: Defining dependency "common_cpt"
Compiler for C supports arguments -Wno-cast-qual: YES 
Compiler for C supports arguments -Wno-pointer-arith: YES 
Message: drivers/common/dpaax: Defining dependency "common_dpaax"
Message: drivers/common/ionic: Defining dependency "common_ionic"
Run-time dependency libmusdk found: NO (tried pkgconfig)
Message: drivers/common/octeontx: Defining dependency "common_octeontx"
Message: drivers/bus/auxiliary: Defining dependency "bus_auxiliary"
Message: drivers/bus/cdx: Defining dependency "bus_cdx"
Compiler for C supports arguments -Wno-cast-qual: YES (cached)
Compiler for C supports arguments -Wno-pointer-arith: YES (cached)
Message: drivers/bus/dpaa: Defining dependency "bus_dpaa"
Message: drivers/bus/fslmc: Defining dependency "bus_fslmc"
Message: drivers/bus/ifpga: Defining dependency "bus_ifpga"
Message: drivers/bus/pci: Defining dependency "bus_pci"
Message: drivers/bus/platform: Defining dependency "bus_platform"
Message: drivers/bus/uacce: Defining dependency "bus_uacce"
Message: drivers/bus/vdev: Defining dependency "bus_vdev"
Message: drivers/bus/vmbus: Defining dependency "bus_vmbus"
Message: drivers/common/cnxk: Defining dependency "common_cnxk"
Compiler for C supports arguments -std=c11: YES 
Compiler for C supports arguments -Wno-strict-prototypes: YES 
Compiler for C supports arguments -D_BSD_SOURCE: YES 
Compiler for C supports arguments -D_DEFAULT_SOURCE: YES 
Compiler for C supports arguments -D_XOPEN_SOURCE=600: YES 
Run-time dependency libmlx5 found: NO (tried pkgconfig)
Library mlx5 found: NO
Configuring mlx5_autoconf.h using configuration
Message: drivers/common/nfp: Defining dependency "common_nfp"
Message: drivers/common/nitrox: Defining dependency "common_nitrox"
Run-time dependency libcrypto found: NO (tried pkgconfig)
Library IPSec_MB found: NO
Message: drivers/common/qat: Defining dependency "common_qat"
Compiler for C supports arguments -Wdisabled-optimization: YES 
Compiler for C supports arguments -Waggregate-return: YES 
Compiler for C supports arguments -Wbad-function-cast: YES 
Compiler for C supports arguments -Wno-sign-compare: YES 
Compiler for C supports arguments -Wno-unused-parameter: YES 
Compiler for C supports arguments -Wno-unused-variable: YES 
Compiler for C supports arguments -Wno-empty-body: YES 
Compiler for C supports arguments -Wno-unused-but-set-variable: YES 
Message: drivers/common/sfc_efx: Defining dependency "common_sfc_efx"
Message: drivers/common/zsda: Defining dependency "common_zsda"
Message: drivers/mempool/bucket: Defining dependency "mempool_bucket"
Message: drivers/mempool/cnxk: Defining dependency "mempool_cnxk"
Message: drivers/mempool/dpaa: Defining dependency "mempool_dpaa"
Message: drivers/mempool/dpaa2: Defining dependency "mempool_dpaa2"
Message: drivers/mempool/octeontx: Defining dependency "mempool_octeontx"
Message: drivers/mempool/ring: Defining dependency "mempool_ring"
Message: drivers/mempool/stack: Defining dependency "mempool_stack"
Compiler for C supports arguments -Wno-uninitialized: YES 
Message: drivers/dma/cnxk: Defining dependency "dma_cnxk"
Compiler for C supports arguments -Wno-pointer-arith: YES (cached)
Message: drivers/dma/dpaa: Defining dependency "dma_dpaa"
Compiler for C supports arguments -Wno-pointer-arith: YES (cached)
Message: drivers/dma/dpaa2: Defining dependency "dma_dpaa2"
Message: drivers/dma/hisilicon: Defining dependency "dma_hisilicon"
Message: drivers/dma/idxd: Defining dependency "dma_idxd"
Message: drivers/dma/ioat: Defining dependency "dma_ioat"
Message: drivers/dma/odm: Defining dependency "dma_odm"
Message: drivers/dma/skeleton: Defining dependency "dma_skeleton"
Message: drivers/net/af_packet: Defining dependency "net_af_packet"
Run-time dependency libxdp found: NO (tried pkgconfig)
Run-time dependency libbpf found: NO (tried pkgconfig)
Library bpf found: NO
Has header "linux/if_xdp.h" : YES 
Message: drivers/net/ark: Defining dependency "net_ark"
Message: drivers/net/atlantic: Defining dependency "net_atlantic"
Message: drivers/net/avp: Defining dependency "net_avp"
Message: drivers/net/axgbe: Defining dependency "net_axgbe"
Run-time dependency zlib found: NO (tried pkgconfig)
Compiler for C supports arguments -DSUPPORT_CFA_HW_P70=1: YES 
Compiler for C supports arguments -DSUPPORT_CFA_HW_P70=1: YES (cached)
Compiler for C supports arguments -DCFA_BLD_PRINT_OBJ=1: YES 
Message: drivers/net/bnxt: Defining dependency "net_bnxt"
Message: drivers/net/bonding: Defining dependency "net_bond"
Compiler for C supports arguments -flax-vector-conversions: YES 
Compiler for C supports arguments -Wno-strict-aliasing: YES 
Message: drivers/net/cnxk: Defining dependency "net_cnxk"
Message: drivers/net/cxgbe: Defining dependency "net_cxgbe"
Compiler for C supports arguments -Wno-pointer-arith: YES (cached)
Message: drivers/net/dpaa: Defining dependency "net_dpaa"
Message: drivers/net/dpaa2: Defining dependency "net_dpaa2"
Message: drivers/net/ena: Defining dependency "net_ena"
Message: drivers/net/enetc: Defining dependency "net_enetc"
Message: drivers/net/enetfec: Defining dependency "net_enetfec"
Message: drivers/net/enic: Defining dependency "net_enic"
Message: drivers/net/failsafe: Defining dependency "net_failsafe"
Message: drivers/net/gve: Defining dependency "net_gve"
Message: drivers/net/hinic: Defining dependency "net_hinic"
Message: drivers/net/hns3: Defining dependency "net_hns3"
Message: drivers/net/intel/e1000: Defining dependency "net_e1000"
Message: drivers/net/intel/fm10k: Defining dependency "net_fm10k"
Message: drivers/net/intel/i40e: Defining dependency "net_i40e"
Message: drivers/net/intel/iavf: Defining dependency "net_iavf"
Compiler for C supports arguments -Wno-unused-but-set-variable: YES (cached)
Compiler for C supports arguments -Wno-unused-parameter: YES (cached)
Compiler for C supports arguments -Wno-array-bounds: YES 
Message: drivers/net/intel/ice: Defining dependency "net_ice"
Message: drivers/net/intel/idpf: Defining dependency "net_idpf"
Message: drivers/net/intel/ixgbe: Defining dependency "net_ixgbe"
Message: drivers/net/intel/cpfl: Defining dependency "net_cpfl"
Message: drivers/net/ionic: Defining dependency "net_ionic"
Did not find CMake 'cmake'
Found CMake: NO
Run-time dependency libibverbs found: NO (tried pkgconfig and cmake)
Library ibverbs found: NO
Message: drivers/net/memif: Defining dependency "net_memif"
Run-time dependency libmlx4 found: NO (tried pkgconfig)
Library mlx4 found: NO
Message: Disabling mlx5 [drivers/net/mlx5]: missing internal dependency "common_mlx5"
Run-time dependency libmusdk found: NO (tried pkgconfig)
Run-time dependency libmusdk found: NO (tried pkgconfig)
Message: drivers/net/netvsc: Defining dependency "net_netvsc"
Run-time dependency netcope-common found: NO (tried pkgconfig)
Message: drivers/net/nfp: Defining dependency "net_nfp"
Message: drivers/net/ngbe: Defining dependency "net_ngbe"
Message: drivers/net/ntnic: Defining dependency "net_ntnic"
Message: drivers/net/null: Defining dependency "net_null"
Message: drivers/net/octeontx: Defining dependency "net_octeontx"
Compiler for C supports arguments -Wno-strict-aliasing: YES (cached)
Compiler for C supports arguments -flax-vector-conversions: YES (cached)
Message: drivers/net/octeon_ep: Defining dependency "net_octeon_ep"
Compiler for C supports arguments -Wno-pointer-arith: YES (cached)
Message: drivers/net/pfe: Defining dependency "net_pfe"
Compiler for C supports arguments -Wno-unused-parameter: YES (cached)
Compiler for C supports arguments -Wno-sign-compare: YES (cached)
Compiler for C supports arguments -Wno-missing-prototypes: YES 
Compiler for C supports arguments -Wno-cast-qual: YES (cached)
Compiler for C supports arguments -Wno-unused-function: YES 
Compiler for C supports arguments -Wno-unused-variable: YES (cached)
Compiler for C supports arguments -Wno-strict-aliasing: YES (cached)
Compiler for C supports arguments -Wno-missing-prototypes: YES (cached)
Compiler for C supports arguments -Wno-unused-value: YES 
Compiler for C supports arguments -Wno-format-nonliteral: YES 
Compiler for C supports arguments -Wno-shift-negative-value: YES 
Compiler for C supports arguments -Wno-unused-but-set-variable: YES (cached)
Compiler for C supports arguments -Wno-missing-declarations: YES 
Compiler for C supports arguments -Wno-maybe-uninitialized: YES 
Compiler for C supports arguments -Wno-strict-prototypes: YES (cached)
Compiler for C supports arguments -Wno-shift-negative-value: YES (cached)
Compiler for C supports arguments -Wno-implicit-fallthrough: YES 
Compiler for C supports arguments -Wno-format-extra-args: YES 
Compiler for C supports arguments -Wno-visibility: NO 
Compiler for C supports arguments -Wno-empty-body: YES (cached)
Compiler for C supports arguments -Wno-invalid-source-encoding: NO 
Compiler for C supports arguments -Wno-sometimes-uninitialized: NO 
Compiler for C supports arguments -Wno-pointer-bool-conversion: NO 
Compiler for C supports arguments -Wno-format-nonliteral: YES (cached)
Message: drivers/net/qede: Defining dependency "net_qede"
Message: drivers/net/r8169: Defining dependency "net_r8169"
Message: drivers/net/ring: Defining dependency "net_ring"
Message: drivers/net/rnp: Defining dependency "net_rnp"
Compiler for C supports arguments -Wno-strict-aliasing: YES (cached)
Compiler for C supports arguments -Wdisabled-optimization: YES (cached)
Compiler for C supports arguments -Waggregate-return: YES (cached)
Compiler for C supports arguments -Wbad-function-cast: YES (cached)
Library atomic found: YES
Message: drivers/net/sfc: Defining dependency "net_sfc"
Message: drivers/net/softnic: Defining dependency "net_softnic"
Header "linux/pkt_cls.h" has symbol "TCA_FLOWER_ACT" : YES 
Run-time dependency libbpf found: NO (tried pkgconfig)
Message: net/tap: no RSS support missing libbpf
Message: drivers/net/tap: Defining dependency "net_tap"
Compiler for C supports arguments -fno-prefetch-loop-arrays: YES 
Compiler for C supports arguments -Wno-maybe-uninitialized: YES (cached)
Message: drivers/net/thunderx: Defining dependency "net_thunderx"
Message: drivers/net/txgbe: Defining dependency "net_txgbe"
Compiler for C supports arguments -D_BSD_SOURCE: YES (cached)
Compiler for C supports arguments -D_DEFAULT_SOURCE: YES (cached)
Compiler for C supports arguments -D_XOPEN_SOURCE=600: YES (cached)
Message: drivers/net/vdev_netvsc: Defining dependency "net_vdev_netvsc"
Message: drivers/net/vhost: Defining dependency "net_vhost"
Message: drivers/net/virtio: Defining dependency "net_virtio"
Compiler for C supports arguments -Wno-unused-parameter: YES (cached)
Compiler for C supports arguments -Wno-unused-value: YES (cached)
Compiler for C supports arguments -Wno-strict-aliasing: YES (cached)
Compiler for C supports arguments -Wno-format-extra-args: YES (cached)
Message: drivers/net/vmxnet3: Defining dependency "net_vmxnet3"
Message: drivers/net/xsc: Defining dependency "net_xsc"
Message: drivers/net/zxdh: Defining dependency "net_zxdh"
Message: drivers/raw/cnxk_bphy: Defining dependency "raw_cnxk_bphy"
Message: drivers/raw/cnxk_gpio: Defining dependency "raw_cnxk_gpio"
Message: drivers/raw/cnxk_rvu_lf: Defining dependency "raw_cnxk_rvu_lf"
Message: drivers/raw/dpaa2_cmdif: Defining dependency "raw_dpaa2_cmdif"
Message: drivers/raw/gdtc: Defining dependency "raw_gdtc"
Message: drivers/raw/ntb: Defining dependency "raw_ntb"
Message: drivers/raw/skeleton: Defining dependency "raw_skeleton"
Run-time dependency libaarch64crypto found: NO (tried pkgconfig)
Message: drivers/crypto/bcmfs: Defining dependency "crypto_bcmfs"
Message: drivers/crypto/caam_jr: Defining dependency "crypto_caam_jr"
Run-time dependency libcrypto found: NO (tried pkgconfig)
Message: drivers/crypto/cnxk: Defining dependency "crypto_cnxk"
Message: drivers/crypto/dpaa_sec: Defining dependency "crypto_dpaa_sec"
Message: drivers/crypto/dpaa2_sec: Defining dependency "crypto_dpaa2_sec"
Message: drivers/crypto/ionic: Defining dependency "crypto_ionic"
Library IPSec_MB found: NO
Message: Disabling mlx5 [drivers/crypto/mlx5]: missing internal dependency "common_mlx5"
Run-time dependency libmusdk found: NO (tried pkgconfig)
Message: drivers/crypto/nitrox: Defining dependency "crypto_nitrox"
Message: drivers/crypto/null: Defining dependency "crypto_null"
Message: drivers/crypto/octeontx: Defining dependency "crypto_octeontx"
Run-time dependency libcrypto found: NO (tried pkgconfig)
Message: drivers/crypto/scheduler: Defining dependency "crypto_scheduler"
Run-time dependency libwd_crypto found: NO (tried pkgconfig)
Run-time dependency libwd found: NO (tried pkgconfig)
Message: drivers/crypto/virtio: Defining dependency "crypto_virtio"
Run-time dependency libisal found: NO (tried pkgconfig)
Message: Disabling mlx5 [drivers/compress/mlx5]: missing internal dependency "common_mlx5"
Message: drivers/compress/nitrox: Defining dependency "compress_nitrox"
Message: drivers/compress/octeontx: Defining dependency "compress_octeontx"
Run-time dependency libwd_comp found: NO (tried pkgconfig)
Run-time dependency libwd found: NO (tried pkgconfig)
Run-time dependency zlib found: NO (tried pkgconfig)
Message: Disabling mlx5 [drivers/regex/mlx5]: missing internal dependency "common_mlx5"
Message: drivers/regex/cn9k: Defining dependency "regex_cn9k"
Message: drivers/ml/cnxk: libarchive not found
Message: drivers/ml/cnxk: jansson not found
Run-time dependency dlpack found: NO (tried cmake)
Message: drivers/ml/cnxk: dlpack not found
Run-time dependency dmlc found: NO (tried cmake)
Message: drivers/ml/cnxk: dmlc not found
Run-time dependency tvm found: NO (tried cmake)
Message: drivers/ml/cnxk: tvm_runtime not found
Run-time dependency tvmdp found: NO (tried pkgconfig)
Message: drivers/ml/cnxk: tvmdp not found
Message: drivers/ml/cnxk: Disabled TVM model support
Message: drivers/ml/cnxk: Defining dependency "ml_cnxk"
Message: drivers/vdpa/ifc: Defining dependency "vdpa_ifc"
Message: Disabling mlx5 [drivers/vdpa/mlx5]: missing internal dependency "common_mlx5"
Message: drivers/vdpa/nfp: Defining dependency "vdpa_nfp"
Message: drivers/vdpa/sfc: Defining dependency "vdpa_sfc"
Compiler for C supports arguments -flax-vector-conversions: YES (cached)
Compiler for C supports arguments -Wno-strict-aliasing: YES (cached)
Message: drivers/event/cnxk: Defining dependency "event_cnxk"
Message: drivers/event/dlb2: Defining dependency "event_dlb2"
Message: drivers/event/dpaa: Defining dependency "event_dpaa"
Message: drivers/event/dpaa2: Defining dependency "event_dpaa2"
Compiler for C supports arguments -Wno-format-nonliteral: YES (cached)
Message: drivers/event/dsw: Defining dependency "event_dsw"
Message: drivers/event/opdl: Defining dependency "event_opdl"
Message: drivers/event/skeleton: Defining dependency "event_skeleton"
Message: drivers/event/sw: Defining dependency "event_sw"
Message: drivers/event/octeontx: Defining dependency "event_octeontx"
Run-time dependency flexran_sdk_ldpc_decoder_5gnr found: NO (tried pkgconfig and cmake)
Message: drivers/baseband/acc: Defining dependency "baseband_acc"
Message: drivers/baseband/fpga_5gnr_fec: Defining dependency "baseband_fpga_5gnr_fec"
Message: drivers/baseband/fpga_lte_fec: Defining dependency "baseband_fpga_lte_fec"
Message: drivers/baseband/la12xx: Defining dependency "baseband_la12xx"
Message: drivers/baseband/null: Defining dependency "baseband_null"
Run-time dependency flexran_sdk_turbo found: NO (tried pkgconfig and cmake)
Run-time dependency flexran_sdk_ldpc_decoder_5gnr found: NO (tried pkgconfig and cmake)
Message: drivers/baseband/turbo_sw: Defining dependency "baseband_turbo_sw"
Has header "cuda.h" : NO 
Message: drivers/power/acpi: Defining dependency "power_acpi"
Message: drivers/power/amd_pstate: Defining dependency "power_amd_pstate"
Library e_smi64 found: NO
Message: drivers/power/cppc: Defining dependency "power_cppc"
Message: drivers/power/intel_pstate: Defining dependency "power_intel_pstate"
Message: drivers/power/intel_uncore: Defining dependency "power_intel_uncore"
Message: drivers/power/kvm_vm: Defining dependency "power_kvm_vm"
Has header "sys/epoll.h" : YES 
Run-time dependency zlib found: NO (tried pkgconfig)
Message: Skipping test file test_compressdev.c due to missing external dependency zlib
Run-time dependency pcap found: NO (tried pkgconfig)
Message: Skipping test file test_pcapng.c due to missing external dependency pcap
Compiler for C supports arguments -fno-strict-aliasing: YES (cached)
Compiler for C supports arguments -Wno-format-truncation: YES (cached)
Message: hugepage availability: false
app/test/suites/meson.build:37: WARNING: Test "cryptodev_crosscheck" is not defined in any test suite
app/test/suites/meson.build:37: WARNING: Test "ethdev_api" is not defined in any test suite
app/test/suites/meson.build:37: WARNING: Test "event_crypto_adapter_autotest" is not defined in any test suite
app/test/suites/meson.build:37: WARNING: Test "event_eth_rx_adapter_autotest" is not defined in any test suite
app/test/suites/meson.build:37: WARNING: Test "event_eth_rx_intr_adapter_autotest" is not defined in any test suite
app/test/suites/meson.build:37: WARNING: Test "event_timer_adapter_test" is not defined in any test suite
app/test/suites/meson.build:37: WARNING: Test "external_mem_autotest" is not defined in any test suite
app/test/suites/meson.build:37: WARNING: Test "ipsec_sad_autotest" is not defined in any test suite
app/test/suites/meson.build:37: WARNING: Test "power_caps_autotest" is not defined in any test suite
app/test/suites/meson.build:37: WARNING: Test "red_autotest" is not defined in any test suite
app/test/suites/meson.build:37: WARNING: Test "inline_macsec_autotest" is not defined in any test suite
app/test/suites/meson.build:37: WARNING: Test "inline_ipsec_autotest" is not defined in any test suite
app/test/suites/meson.build:37: WARNING: Test "inline_ipsec_sg_autotest" is not defined in any test suite
app/test/suites/meson.build:37: WARNING: Test "event_inline_ipsec_autotest" is not defined in any test suite
app/test/suites/meson.build:37: WARNING: Test "timer_secondary_autotest" is not defined in any test suite
Program test_telemetry.sh found: YES (/home-local/jenkins-local/jenkins-agent/workspace/Apply-Custom-Patch-Set-Pipeline/dpdk/app/test/suites/test_telemetry.sh)
Program doxygen found: NO

doc/api/meson.build:4:10: ERROR: Program 'doxygen' not found or not executable

A full log can be found at /home-local/jenkins-local/jenkins-agent/workspace/Apply-Custom-Patch-Set-Pipeline/dpdk/build/meson-logs/meson-log.txt


Test build failed.
Trying to checkout branch: origin/main
Checked out to main (22dee9d46926a1a45791b8651fa0ddc4c1056dfe)
Applying patch...

Applying: app/testpmd: allow multiple cmdline-file parameters


Running Check Meson
Processing meson.build
Processing buildtools/meson.build
Processing buildtools/chkincs/meson.build
Processing buildtools/pkg-config/meson.build
Processing buildtools/subproject/meson.build
Processing usertools/meson.build
Processing lib/meson.build
Processing lib/fib/meson.build
Processing lib/mbuf/meson.build
Processing lib/pcapng/meson.build
Processing lib/graph/meson.build
Processing lib/pci/meson.build
Processing lib/reorder/meson.build
Processing lib/power/meson.build
Processing lib/pdump/meson.build
Processing lib/stack/meson.build
Processing lib/pmu/meson.build
Processing lib/eventdev/meson.build
Processing lib/rib/meson.build
Processing lib/net/meson.build
Processing lib/dmadev/meson.build
Processing lib/distributor/meson.build
Processing lib/rcu/meson.build
Processing lib/table/meson.build
Processing lib/member/meson.build
Processing lib/latencystats/meson.build
Processing lib/ring/meson.build
Processing lib/ethdev/meson.build
Processing lib/gro/meson.build
Processing lib/kvargs/meson.build
Processing lib/hash/meson.build
Processing lib/sched/meson.build
Processing lib/argparse/meson.build
Processing lib/compressdev/meson.build
Processing lib/rawdev/meson.build
Processing lib/vhost/meson.build
Processing lib/acl/meson.build
Processing lib/ip_frag/meson.build
Processing lib/cryptodev/meson.build
Processing lib/lpm/meson.build
Processing lib/cmdline/meson.build
Processing lib/dispatcher/meson.build
Processing lib/efd/meson.build
Processing lib/metrics/meson.build
Processing lib/pipeline/meson.build
Processing lib/ptr_compress/meson.build
Processing lib/regexdev/meson.build
Processing lib/bitratestats/meson.build
Processing lib/timer/meson.build
Processing lib/bbdev/meson.build
Processing lib/meter/meson.build
Processing lib/ipsec/meson.build
Processing lib/mldev/meson.build
Processing lib/gso/meson.build
Processing lib/pdcp/meson.build
Processing lib/jobstats/meson.build
Processing lib/cfgfile/meson.build
Processing lib/mempool/meson.build
Processing lib/port/meson.build
Processing lib/gpudev/meson.build
Processing lib/log/meson.build
Processing lib/telemetry/meson.build
Processing lib/security/meson.build
Processing lib/eal/meson.build
Processing lib/eal/riscv/meson.build
Processing lib/eal/riscv/include/meson.build
Processing lib/eal/x86/meson.build
Processing lib/eal/x86/include/meson.build
Processing lib/eal/ppc/meson.build
Processing lib/eal/ppc/include/meson.build
Processing lib/eal/arm/meson.build
Processing lib/eal/arm/include/meson.build
Processing lib/eal/loongarch/meson.build
Processing lib/eal/loongarch/include/meson.build
Processing lib/eal/freebsd/meson.build
Processing lib/eal/freebsd/include/meson.build
Processing lib/eal/windows/meson.build
Processing lib/eal/windows/include/meson.build
Processing lib/eal/linux/meson.build
Processing lib/eal/linux/include/meson.build
Processing lib/eal/common/meson.build
Processing lib/eal/unix/meson.build
Processing lib/eal/include/meson.build
Processing lib/node/meson.build
Processing lib/bpf/meson.build
Processing app/meson.build
Processing app/graph/meson.build
Processing app/test-regex/meson.build
Processing app/pdump/meson.build
Processing app/test-flow-perf/meson.build
Processing app/test-crypto-perf/meson.build
Processing app/test-sad/meson.build
Processing app/test-cmdline/meson.build
Processing app/test-fib/meson.build
Processing app/test-acl/meson.build
Processing app/test-bbdev/meson.build
Processing app/test-eventdev/meson.build
Processing app/test-security-perf/meson.build
Processing app/test-gpudev/meson.build
Processing app/test/meson.build
Processing app/test/suites/meson.build
Processing app/test/test_cfgfiles/meson.build
Processing app/test-compress-perf/meson.build
Processing app/test-mldev/meson.build
Processing app/proc-info/meson.build
Processing app/test-pmd/meson.build
Processing app/dumpcap/meson.build
Processing app/test-dma-perf/meson.build
Processing app/test-pipeline/meson.build
Processing drivers/meson.build
Processing drivers/power/meson.build
Processing drivers/power/amd_uncore/meson.build
Processing drivers/power/intel_uncore/meson.build
Processing drivers/power/kvm_vm/meson.build
Processing drivers/power/intel_pstate/meson.build
Processing drivers/power/amd_pstate/meson.build
Processing drivers/power/acpi/meson.build
Processing drivers/power/cppc/meson.build
Processing drivers/net/meson.build
Processing drivers/net/hinic/meson.build
Processing drivers/net/hinic/base/meson.build
Processing drivers/net/hns3/meson.build
Processing drivers/net/ark/meson.build
Processing drivers/net/avp/meson.build
Processing drivers/net/bnxt/meson.build
Processing drivers/net/bnxt/tf_ulp/meson.build
Processing drivers/net/bnxt/tf_ulp/generic_templates/meson.build
Processing drivers/net/bnxt/tf_core/meson.build
Processing drivers/net/bnxt/tf_core/v3/meson.build
Processing drivers/net/bnxt/hcapi/cfa/meson.build
Processing drivers/net/bnxt/hcapi/cfa_v3/meson.build
Processing drivers/net/ntnic/meson.build
Processing drivers/net/cxgbe/meson.build
Processing drivers/net/bonding/meson.build
Processing drivers/net/dpaa/meson.build
Processing drivers/net/octeon_ep/meson.build
Processing drivers/net/mlx5/meson.build
Processing drivers/net/mlx5/hws/meson.build
Processing drivers/net/mlx5/windows/meson.build
Processing drivers/net/mlx5/linux/meson.build
Processing drivers/net/vdev_netvsc/meson.build
Processing drivers/net/null/meson.build
Processing drivers/net/netvsc/meson.build
Processing drivers/net/ring/meson.build
Processing drivers/net/ena/meson.build
Processing drivers/net/enic/meson.build
Processing drivers/net/xsc/meson.build
Processing drivers/net/softnic/meson.build
Processing drivers/net/mana/meson.build
Processing drivers/net/thunderx/meson.build
Processing drivers/net/thunderx/base/meson.build
Processing drivers/net/failsafe/meson.build
Processing drivers/net/vhost/meson.build
Processing drivers/net/rnp/meson.build
Processing drivers/net/rnp/base/meson.build
Processing drivers/net/atlantic/meson.build
Processing drivers/net/vmxnet3/meson.build
Processing drivers/net/ionic/meson.build
Processing drivers/net/intel/i40e/meson.build
Processing drivers/net/intel/i40e/base/meson.build
Processing drivers/net/intel/idpf/meson.build
Processing drivers/net/intel/idpf/base/meson.build
Processing drivers/net/intel/ixgbe/meson.build
Processing drivers/net/intel/ixgbe/base/meson.build
Processing drivers/net/intel/e1000/meson.build
Processing drivers/net/intel/e1000/base/meson.build
Processing drivers/net/intel/iavf/meson.build
Processing drivers/net/intel/fm10k/meson.build
Processing drivers/net/intel/fm10k/base/meson.build
Processing drivers/net/intel/ipn3ke/meson.build
Processing drivers/net/intel/ice/meson.build
Processing drivers/net/intel/ice/base/meson.build
Processing drivers/net/intel/cpfl/meson.build
Processing drivers/net/bnx2x/meson.build
Processing drivers/net/af_packet/meson.build
Processing drivers/net/octeontx/meson.build
Processing drivers/net/octeontx/base/meson.build
Processing drivers/net/mvneta/meson.build
Processing drivers/net/r8169/meson.build
Processing drivers/net/txgbe/meson.build
Processing drivers/net/txgbe/base/meson.build
Processing drivers/net/tap/meson.build
Processing drivers/net/tap/bpf/meson.build
Processing drivers/net/nfb/meson.build
Processing drivers/net/sfc/meson.build
Processing drivers/net/enetc/meson.build
Processing drivers/net/pcap/meson.build
Processing drivers/net/mlx4/meson.build
Processing drivers/net/memif/meson.build
Processing drivers/net/nfp/meson.build
Processing drivers/net/enetfec/meson.build
Processing drivers/net/zxdh/meson.build
Processing drivers/net/ngbe/meson.build
Processing drivers/net/ngbe/base/meson.build
Processing drivers/net/dpaa2/meson.build
Processing drivers/net/cnxk/meson.build
Processing drivers/net/qede/meson.build
Processing drivers/net/qede/base/meson.build
Processing drivers/net/virtio/meson.build
Processing drivers/net/gve/meson.build
Processing drivers/net/af_xdp/meson.build
Processing drivers/net/axgbe/meson.build
Processing drivers/net/mvpp2/meson.build
Processing drivers/net/pfe/meson.build
Processing drivers/bus/meson.build
Processing drivers/bus/auxiliary/meson.build
Processing drivers/bus/pci/meson.build
Processing drivers/bus/vmbus/meson.build
Processing drivers/bus/dpaa/meson.build
Processing drivers/bus/cdx/meson.build
Processing drivers/bus/vdev/meson.build
Processing drivers/bus/uacce/meson.build
Processing drivers/bus/platform/meson.build
Processing drivers/bus/fslmc/meson.build
Processing drivers/bus/ifpga/meson.build
Processing drivers/vdpa/meson.build
Processing drivers/vdpa/mlx5/meson.build
Processing drivers/vdpa/sfc/meson.build
Processing drivers/vdpa/nfp/meson.build
Processing drivers/vdpa/ifc/meson.build
Processing drivers/gpu/meson.build
Processing drivers/gpu/cuda/meson.build
Processing drivers/regex/meson.build
Processing drivers/regex/mlx5/meson.build
Processing drivers/regex/cn9k/meson.build
Processing drivers/common/meson.build
Processing drivers/common/dpaax/meson.build
Processing drivers/common/zsda/meson.build
Processing drivers/common/nitrox/meson.build
Processing drivers/common/mlx5/meson.build
Processing drivers/common/mlx5/windows/meson.build
Processing drivers/common/mlx5/linux/meson.build
Processing drivers/common/sfc_efx/meson.build
Processing drivers/common/sfc_efx/base/meson.build
Processing drivers/common/cpt/meson.build
Processing drivers/common/qat/meson.build
Processing drivers/common/ionic/meson.build
Processing drivers/common/mvep/meson.build
Processing drivers/common/octeontx/meson.build
Processing drivers/common/nfp/meson.build
Processing drivers/common/cnxk/meson.build
Processing drivers/crypto/meson.build
Processing drivers/crypto/nitrox/meson.build
Processing drivers/crypto/mlx5/meson.build
Processing drivers/crypto/dpaa_sec/meson.build
Processing drivers/crypto/bcmfs/meson.build
Processing drivers/crypto/null/meson.build
Processing drivers/crypto/dpaa2_sec/meson.build
Processing drivers/crypto/ipsec_mb/meson.build
Processing drivers/crypto/caam_jr/meson.build
Processing drivers/crypto/openssl/meson.build
Processing drivers/crypto/ionic/meson.build
Processing drivers/crypto/octeontx/meson.build
Processing drivers/crypto/ccp/meson.build
Processing drivers/crypto/uadk/meson.build
Processing drivers/crypto/cnxk/meson.build
Processing drivers/crypto/scheduler/meson.build
Processing drivers/crypto/virtio/meson.build
Processing drivers/crypto/armv8/meson.build
Processing drivers/crypto/mvsam/meson.build
Processing drivers/baseband/meson.build
Processing drivers/baseband/la12xx/meson.build
Processing drivers/baseband/null/meson.build
Processing drivers/baseband/fpga_5gnr_fec/meson.build
Processing drivers/baseband/acc/meson.build
Processing drivers/baseband/turbo_sw/meson.build
Processing drivers/baseband/fpga_lte_fec/meson.build
Processing drivers/event/meson.build
Processing drivers/event/dlb2/meson.build
Processing drivers/event/dpaa/meson.build
Processing drivers/event/skeleton/meson.build
Processing drivers/event/sw/meson.build
Processing drivers/event/octeontx/meson.build
Processing drivers/event/dpaa2/meson.build
Processing drivers/event/cnxk/meson.build
Processing drivers/event/dsw/meson.build
Processing drivers/event/opdl/meson.build
Processing drivers/dma/meson.build
Processing drivers/dma/dpaa/meson.build
Processing drivers/dma/skeleton/meson.build
Processing drivers/dma/odm/meson.build
Processing drivers/dma/ioat/meson.build
Processing drivers/dma/idxd/meson.build
Processing drivers/dma/hisilicon/meson.build
Processing drivers/dma/dpaa2/meson.build
Processing drivers/dma/cnxk/meson.build
Processing drivers/raw/meson.build
Processing drivers/raw/cnxk_rvu_lf/meson.build
Processing drivers/raw/skeleton/meson.build
Processing drivers/raw/ntb/meson.build
Processing drivers/raw/cnxk_gpio/meson.build
Processing drivers/raw/cnxk_bphy/meson.build
Processing drivers/raw/ifpga/meson.build
Processing drivers/raw/ifpga/base/meson.build
Processing drivers/raw/gdtc/meson.build
Processing drivers/raw/dpaa2_cmdif/meson.build
Processing drivers/ml/meson.build
Processing drivers/ml/cnxk/meson.build
Processing drivers/compress/meson.build
Processing drivers/compress/nitrox/meson.build
Processing drivers/compress/mlx5/meson.build
Processing drivers/compress/zlib/meson.build
Processing drivers/compress/octeontx/meson.build
Processing drivers/compress/uadk/meson.build
Processing drivers/compress/isal/meson.build
Processing drivers/mempool/meson.build
Processing drivers/mempool/stack/meson.build
Processing drivers/mempool/dpaa/meson.build
Processing drivers/mempool/ring/meson.build
Processing drivers/mempool/bucket/meson.build
Processing drivers/mempool/octeontx/meson.build
Processing drivers/mempool/dpaa2/meson.build
Processing drivers/mempool/cnxk/meson.build
Processing kernel/meson.build
Processing kernel/freebsd/meson.build
Processing kernel/freebsd/contigmem/meson.build
Processing kernel/freebsd/nic_uio/meson.build
Processing doc/meson.build
Processing doc/guides/meson.build
Processing doc/api/meson.build
Processing doc/api/dts/meson.build
Processing config/meson.build
Processing config/riscv/meson.build
Processing config/x86/meson.build
Processing config/ppc/meson.build
Processing config/arm/meson.build
Processing config/loongarch/meson.build
Processing examples/meson.build
Processing examples/l2fwd-crypto/meson.build
Processing examples/bbdev_app/meson.build
Processing examples/l2fwd/meson.build
Processing examples/vmdq/meson.build
Processing examples/qos_meter/meson.build
Processing examples/distributor/meson.build
Processing examples/skeleton/meson.build
Processing examples/link_status_interrupt/meson.build
Processing examples/l2fwd-cat/meson.build
Processing examples/l2fwd-keepalive/meson.build
Processing examples/ipv4_multicast/meson.build
Processing examples/l2fwd-jobstats/meson.build
Processing examples/vdpa/meson.build
Processing examples/vm_power_manager/meson.build
Processing examples/vm_power_manager/guest_cli/meson.build
Processing examples/helloworld/meson.build
Processing examples/flow_filtering/meson.build
Processing examples/eventdev_pipeline/meson.build
Processing examples/fips_validation/meson.build
Processing examples/l3fwd-graph/meson.build
Processing examples/ntb/meson.build
Processing examples/vhost/meson.build
Processing examples/ipsec-secgw/meson.build
Processing examples/ethtool/meson.build
Processing examples/vhost_blk/meson.build
Processing examples/vmdq_dcb/meson.build
Processing examples/l2fwd-macsec/meson.build
Processing examples/cmdline/meson.build
Processing examples/l2fwd-event/meson.build
Processing examples/server_node_efd/efd_server/meson.build
Processing examples/server_node_efd/efd_node/meson.build
Processing examples/bond/meson.build
Processing examples/l3fwd/meson.build
Processing examples/ptpclient/meson.build
Processing examples/ip_pipeline/meson.build
Processing examples/service_cores/meson.build
Processing examples/pipeline/meson.build
Processing examples/ip_fragmentation/meson.build
Processing examples/dma/meson.build
Processing examples/l3fwd-power/meson.build
Processing examples/qos_sched/meson.build
Processing examples/rxtx_callbacks/meson.build
Processing examples/timer/meson.build
Processing examples/multi_process/symmetric_mp/meson.build
Processing examples/multi_process/simple_mp/meson.build
Processing examples/multi_process/hotplug_mp/meson.build
Processing examples/multi_process/client_server_mp/mp_client/meson.build
Processing examples/multi_process/client_server_mp/mp_server/meson.build
Processing examples/packet_ordering/meson.build
Processing examples/ip_reassembly/meson.build
Processing examples/vhost_crypto/meson.build


Running test build...
The Meson build system
Version: 1.3.2
Source dir: /home-local/jenkins-local/jenkins-agent/workspace/Apply-Custom-Patch-Set-Pipeline/dpdk
Build dir: /home-local/jenkins-local/jenkins-agent/workspace/Apply-Custom-Patch-Set-Pipeline/dpdk/build
Build type: native build
Project name: DPDK
Project version: 25.07.0-rc2
C compiler for the host machine: cc (gcc 13.3.0 "cc (Ubuntu 13.3.0-6ubuntu2~24.04) 13.3.0")
C linker for the host machine: cc ld.bfd 2.42
Host machine cpu family: x86_64
Host machine cpu: x86_64
Message: ## Building in Developer Mode ##
Program pkg-config pkgconf found: NO
Program check-symbols.sh found: YES (/home-local/jenkins-local/jenkins-agent/workspace/Apply-Custom-Patch-Set-Pipeline/dpdk/buildtools/check-symbols.sh)
Program options-ibverbs-static.sh found: YES (/home-local/jenkins-local/jenkins-agent/workspace/Apply-Custom-Patch-Set-Pipeline/dpdk/buildtools/options-ibverbs-static.sh)
Program python3 found: YES (/usr/bin/python3)
Program python3 (elftools) found: YES (/usr/bin/python3) modules: elftools
Message: Minimum Meson required version is 0.57.2
Program cat found: YES (/usr/bin/cat)
Compiler for C supports arguments -march=native: YES 
Checking for size of "void *" : 8 
Checking for size of "void *" : 8 (cached)
Compiler for C supports link arguments -Wl,--undefined-version: YES 
Library m found: YES
Library numa found: YES
Has header "numaif.h" : YES 
Library fdt found: NO
Library execinfo found: NO
Has header "execinfo.h" : YES 
Did not find pkg-config by name 'pkg-config'
Found pkg-config: NO
Run-time dependency libarchive found: NO (tried pkgconfig)
Run-time dependency libbsd found: NO (tried pkgconfig)
Run-time dependency jansson found: NO (tried pkgconfig)
Run-time dependency openssl found: NO (tried pkgconfig)
Run-time dependency libpcap found: NO (tried pkgconfig)
Library pcap found: NO
Compiler for C supports arguments -Wvla: YES 
Compiler for C supports arguments -Wcast-qual: YES 
Compiler for C supports arguments -Wdeprecated: YES 
Compiler for C supports arguments -Wformat: YES 
Compiler for C supports arguments -Wformat-nonliteral: YES 
Compiler for C supports arguments -Wformat-security: YES 
Compiler for C supports arguments -Wmissing-declarations: YES 
Compiler for C supports arguments -Wmissing-prototypes: YES 
Compiler for C supports arguments -Wnested-externs: YES 
Compiler for C supports arguments -Wold-style-definition: YES 
Compiler for C supports arguments -Wpointer-arith: YES 
Compiler for C supports arguments -Wsign-compare: YES 
Compiler for C supports arguments -Wstrict-prototypes: YES 
Compiler for C supports arguments -Wundef: YES 
Compiler for C supports arguments -Wwrite-strings: YES 
Compiler for C supports arguments -Wno-packed-not-aligned: YES 
Compiler for C supports arguments -Wno-missing-field-initializers: YES 
Compiler for C supports arguments -fzero-init-padding-bits=all: NO 
Fetching value of define "__AVX2__" : 1 
Fetching value of define "__znver1__" : (undefined) 
Fetching value of define "__znver2__" : (undefined) 
Fetching value of define "__znver3__" : (undefined) 
Fetching value of define "__znver4__" : (undefined) 
Fetching value of define "__znver5__" : (undefined) 
Program objdump found: YES (/usr/bin/objdump)
Compiler for C supports arguments -march=x86-64-v4: YES 
Fetching value of define "__AVX512F__" : 1 
Compiler for C supports arguments -march=x86-64-v4: YES (cached)
Checking if "AVX512 checking" compiles: YES 
Fetching value of define "__AVX512F__" : 1 
Message: Extra C flags needed for AVX2 output: []
Message: Extra C flags needed for AVX512 output: []
Fetching value of define "__SSE4_2__" : 1 
Fetching value of define "__AES__" : 1 
Fetching value of define "__AVX__" : 1 
Fetching value of define "__AVX2__" : 1 
Fetching value of define "__AVX512BW__" : 1 
Fetching value of define "__AVX512CD__" : 1 
Fetching value of define "__AVX512DQ__" : 1 
Fetching value of define "__AVX512F__" : 1 
Fetching value of define "__AVX512VL__" : 1 
Fetching value of define "__PCLMUL__" : 1 
Fetching value of define "__RDRND__" : 1 
Fetching value of define "__RDSEED__" : 1 
Fetching value of define "__VPCLMULQDQ__" : (undefined) 
Compiler for C supports arguments -Wno-format-truncation: YES 
Message: lib/log: Defining dependency "log"
Message: lib/kvargs: Defining dependency "kvargs"
Message: lib/argparse: Defining dependency "argparse"
Message: lib/telemetry: Defining dependency "telemetry"
Message: lib/pmu: Defining dependency "pmu"
Checking for function "pthread_attr_setaffinity_np" : YES 
Checking for function "getentropy" : NO 
Message: lib/eal: Defining dependency "eal"
Message: lib/ptr_compress: Defining dependency "ptr_compress"
Message: lib/ring: Defining dependency "ring"
Message: lib/rcu: Defining dependency "rcu"
Message: lib/mempool: Defining dependency "mempool"
Message: lib/mbuf: Defining dependency "mbuf"
Compiler for C supports arguments -mpclmul: YES 
Compiler for C supports arguments -maes: YES 
Compiler for C supports arguments -mvpclmulqdq: YES 
Message: lib/net: Defining dependency "net"
Message: lib/meter: Defining dependency "meter"
Message: lib/ethdev: Defining dependency "ethdev"
Message: lib/pci: Defining dependency "pci"
Message: lib/cmdline: Defining dependency "cmdline"
Message: lib/metrics: Defining dependency "metrics"
Message: lib/hash: Defining dependency "hash"
Message: lib/timer: Defining dependency "timer"
Message: lib/acl: Defining dependency "acl"
Message: lib/bbdev: Defining dependency "bbdev"
Message: lib/bitratestats: Defining dependency "bitratestats"
Run-time dependency libelf found: NO (tried pkgconfig)
lib/bpf/meson.build:44: WARNING: libelf is missing, rte_bpf_elf_load API will be disabled
lib/bpf/meson.build:51: WARNING: libpcap is missing, rte_bpf_convert API will be disabled
Message: lib/bpf: Defining dependency "bpf"
Message: lib/cfgfile: Defining dependency "cfgfile"
Message: lib/compressdev: Defining dependency "compressdev"
Message: lib/cryptodev: Defining dependency "cryptodev"
Message: lib/distributor: Defining dependency "distributor"
Message: lib/dmadev: Defining dependency "dmadev"
Message: lib/efd: Defining dependency "efd"
Message: lib/eventdev: Defining dependency "eventdev"
Message: lib/dispatcher: Defining dependency "dispatcher"
Message: lib/gpudev: Defining dependency "gpudev"
Message: lib/gro: Defining dependency "gro"
Message: lib/gso: Defining dependency "gso"
Message: lib/ip_frag: Defining dependency "ip_frag"
Message: lib/jobstats: Defining dependency "jobstats"
Message: lib/latencystats: Defining dependency "latencystats"
Message: lib/lpm: Defining dependency "lpm"
Compiler for C supports arguments -mavx512ifma: YES 
Message: lib/member: Defining dependency "member"
Message: lib/pcapng: Defining dependency "pcapng"
Message: lib/power: Defining dependency "power"
Message: lib/rawdev: Defining dependency "rawdev"
Message: lib/regexdev: Defining dependency "regexdev"
Message: lib/mldev: Defining dependency "mldev"
Message: lib/rib: Defining dependency "rib"
Message: lib/reorder: Defining dependency "reorder"
Message: lib/sched: Defining dependency "sched"
Message: lib/security: Defining dependency "security"
Message: lib/stack: Defining dependency "stack"
Has header "linux/userfaultfd.h" : YES 
Compiler for C supports arguments -fno-strict-aliasing: YES 
Compiler for C supports arguments -Wno-address-of-packed-member: YES 
Message: lib/vhost: Defining dependency "vhost"
Message: lib/ipsec: Defining dependency "ipsec"
Message: lib/pdcp: Defining dependency "pdcp"
Message: lib/fib: Defining dependency "fib"
Message: lib/port: Defining dependency "port"
Message: lib/pdump: Defining dependency "pdump"
Message: lib/table: Defining dependency "table"
Message: lib/pipeline: Defining dependency "pipeline"
Message: lib/graph: Defining dependency "graph"
Message: lib/node: Defining dependency "node"
Compiler for C supports arguments -Wno-format-truncation: YES (cached)
Compiler for C supports arguments -Wno-address-of-packed-member: YES (cached)
Message: drivers/common/cpt: Defining dependency "common_cpt"
Compiler for C supports arguments -Wno-cast-qual: YES 
Compiler for C supports arguments -Wno-pointer-arith: YES 
Message: drivers/common/dpaax: Defining dependency "common_dpaax"
Message: drivers/common/ionic: Defining dependency "common_ionic"
Run-time dependency libmusdk found: NO (tried pkgconfig)
Message: drivers/common/octeontx: Defining dependency "common_octeontx"
Message: drivers/bus/auxiliary: Defining dependency "bus_auxiliary"
Message: drivers/bus/cdx: Defining dependency "bus_cdx"
Compiler for C supports arguments -Wno-cast-qual: YES (cached)
Compiler for C supports arguments -Wno-pointer-arith: YES (cached)
Message: drivers/bus/dpaa: Defining dependency "bus_dpaa"
Message: drivers/bus/fslmc: Defining dependency "bus_fslmc"
Message: drivers/bus/ifpga: Defining dependency "bus_ifpga"
Message: drivers/bus/pci: Defining dependency "bus_pci"
Message: drivers/bus/platform: Defining dependency "bus_platform"
Message: drivers/bus/uacce: Defining dependency "bus_uacce"
Message: drivers/bus/vdev: Defining dependency "bus_vdev"
Message: drivers/bus/vmbus: Defining dependency "bus_vmbus"
Message: drivers/common/cnxk: Defining dependency "common_cnxk"
Compiler for C supports arguments -std=c11: YES 
Compiler for C supports arguments -Wno-strict-prototypes: YES 
Compiler for C supports arguments -D_BSD_SOURCE: YES 
Compiler for C supports arguments -D_DEFAULT_SOURCE: YES 
Compiler for C supports arguments -D_XOPEN_SOURCE=600: YES 
Run-time dependency libmlx5 found: NO (tried pkgconfig)
Library mlx5 found: NO
Configuring mlx5_autoconf.h using configuration
Message: drivers/common/nfp: Defining dependency "common_nfp"
Message: drivers/common/nitrox: Defining dependency "common_nitrox"
Run-time dependency libcrypto found: NO (tried pkgconfig)
Library IPSec_MB found: NO
Message: drivers/common/qat: Defining dependency "common_qat"
Compiler for C supports arguments -Wdisabled-optimization: YES 
Compiler for C supports arguments -Waggregate-return: YES 
Compiler for C supports arguments -Wbad-function-cast: YES 
Compiler for C supports arguments -Wno-sign-compare: YES 
Compiler for C supports arguments -Wno-unused-parameter: YES 
Compiler for C supports arguments -Wno-unused-variable: YES 
Compiler for C supports arguments -Wno-empty-body: YES 
Compiler for C supports arguments -Wno-unused-but-set-variable: YES 
Message: drivers/common/sfc_efx: Defining dependency "common_sfc_efx"
Message: drivers/common/zsda: Defining dependency "common_zsda"
Message: drivers/mempool/bucket: Defining dependency "mempool_bucket"
Message: drivers/mempool/cnxk: Defining dependency "mempool_cnxk"
Message: drivers/mempool/dpaa: Defining dependency "mempool_dpaa"
Message: drivers/mempool/dpaa2: Defining dependency "mempool_dpaa2"
Message: drivers/mempool/octeontx: Defining dependency "mempool_octeontx"
Message: drivers/mempool/ring: Defining dependency "mempool_ring"
Message: drivers/mempool/stack: Defining dependency "mempool_stack"
Compiler for C supports arguments -Wno-uninitialized: YES 
Message: drivers/dma/cnxk: Defining dependency "dma_cnxk"
Compiler for C supports arguments -Wno-pointer-arith: YES (cached)
Message: drivers/dma/dpaa: Defining dependency "dma_dpaa"
Compiler for C supports arguments -Wno-pointer-arith: YES (cached)
Message: drivers/dma/dpaa2: Defining dependency "dma_dpaa2"
Message: drivers/dma/hisilicon: Defining dependency "dma_hisilicon"
Message: drivers/dma/idxd: Defining dependency "dma_idxd"
Message: drivers/dma/ioat: Defining dependency "dma_ioat"
Message: drivers/dma/odm: Defining dependency "dma_odm"
Message: drivers/dma/skeleton: Defining dependency "dma_skeleton"
Message: drivers/net/af_packet: Defining dependency "net_af_packet"
Run-time dependency libxdp found: NO (tried pkgconfig)
Run-time dependency libbpf found: NO (tried pkgconfig)
Library bpf found: NO
Has header "linux/if_xdp.h" : YES 
Message: drivers/net/ark: Defining dependency "net_ark"
Message: drivers/net/atlantic: Defining dependency "net_atlantic"
Message: drivers/net/avp: Defining dependency "net_avp"
Message: drivers/net/axgbe: Defining dependency "net_axgbe"
Run-time dependency zlib found: NO (tried pkgconfig)
Compiler for C supports arguments -DSUPPORT_CFA_HW_P70=1: YES 
Compiler for C supports arguments -DSUPPORT_CFA_HW_P70=1: YES (cached)
Compiler for C supports arguments -DCFA_BLD_PRINT_OBJ=1: YES 
Message: drivers/net/bnxt: Defining dependency "net_bnxt"
Message: drivers/net/bonding: Defining dependency "net_bond"
Compiler for C supports arguments -flax-vector-conversions: YES 
Compiler for C supports arguments -Wno-strict-aliasing: YES 
Message: drivers/net/cnxk: Defining dependency "net_cnxk"
Message: drivers/net/cxgbe: Defining dependency "net_cxgbe"
Compiler for C supports arguments -Wno-pointer-arith: YES (cached)
Message: drivers/net/dpaa: Defining dependency "net_dpaa"
Message: drivers/net/dpaa2: Defining dependency "net_dpaa2"
Message: drivers/net/ena: Defining dependency "net_ena"
Message: drivers/net/enetc: Defining dependency "net_enetc"
Message: drivers/net/enetfec: Defining dependency "net_enetfec"
Message: drivers/net/enic: Defining dependency "net_enic"
Message: drivers/net/failsafe: Defining dependency "net_failsafe"
Message: drivers/net/gve: Defining dependency "net_gve"
Message: drivers/net/hinic: Defining dependency "net_hinic"
Message: drivers/net/hns3: Defining dependency "net_hns3"
Message: drivers/net/intel/e1000: Defining dependency "net_e1000"
Message: drivers/net/intel/fm10k: Defining dependency "net_fm10k"
Message: drivers/net/intel/i40e: Defining dependency "net_i40e"
Message: drivers/net/intel/iavf: Defining dependency "net_iavf"
Compiler for C supports arguments -Wno-unused-but-set-variable: YES (cached)
Compiler for C supports arguments -Wno-unused-parameter: YES (cached)
Compiler for C supports arguments -Wno-array-bounds: YES 
Message: drivers/net/intel/ice: Defining dependency "net_ice"
Message: drivers/net/intel/idpf: Defining dependency "net_idpf"
Message: drivers/net/intel/ixgbe: Defining dependency "net_ixgbe"
Message: drivers/net/intel/cpfl: Defining dependency "net_cpfl"
Message: drivers/net/ionic: Defining dependency "net_ionic"
Did not find CMake 'cmake'
Found CMake: NO
Run-time dependency libibverbs found: NO (tried pkgconfig and cmake)
Library ibverbs found: NO
Message: drivers/net/memif: Defining dependency "net_memif"
Run-time dependency libmlx4 found: NO (tried pkgconfig)
Library mlx4 found: NO
Message: Disabling mlx5 [drivers/net/mlx5]: missing internal dependency "common_mlx5"
Run-time dependency libmusdk found: NO (tried pkgconfig)
Run-time dependency libmusdk found: NO (tried pkgconfig)
Message: drivers/net/netvsc: Defining dependency "net_netvsc"
Run-time dependency netcope-common found: NO (tried pkgconfig)
Message: drivers/net/nfp: Defining dependency "net_nfp"
Message: drivers/net/ngbe: Defining dependency "net_ngbe"
Message: drivers/net/ntnic: Defining dependency "net_ntnic"
Message: drivers/net/null: Defining dependency "net_null"
Message: drivers/net/octeontx: Defining dependency "net_octeontx"
Compiler for C supports arguments -Wno-strict-aliasing: YES (cached)
Compiler for C supports arguments -flax-vector-conversions: YES (cached)
Message: drivers/net/octeon_ep: Defining dependency "net_octeon_ep"
Compiler for C supports arguments -Wno-pointer-arith: YES (cached)
Message: drivers/net/pfe: Defining dependency "net_pfe"
Compiler for C supports arguments -Wno-unused-parameter: YES (cached)
Compiler for C supports arguments -Wno-sign-compare: YES (cached)
Compiler for C supports arguments -Wno-missing-prototypes: YES 
Compiler for C supports arguments -Wno-cast-qual: YES (cached)
Compiler for C supports arguments -Wno-unused-function: YES 
Compiler for C supports arguments -Wno-unused-variable: YES (cached)
Compiler for C supports arguments -Wno-strict-aliasing: YES (cached)
Compiler for C supports arguments -Wno-missing-prototypes: YES (cached)
Compiler for C supports arguments -Wno-unused-value: YES 
Compiler for C supports arguments -Wno-format-nonliteral: YES 
Compiler for C supports arguments -Wno-shift-negative-value: YES 
Compiler for C supports arguments -Wno-unused-but-set-variable: YES (cached)
Compiler for C supports arguments -Wno-missing-declarations: YES 
Compiler for C supports arguments -Wno-maybe-uninitialized: YES 
Compiler for C supports arguments -Wno-strict-prototypes: YES (cached)
Compiler for C supports arguments -Wno-shift-negative-value: YES (cached)
Compiler for C supports arguments -Wno-implicit-fallthrough: YES 
Compiler for C supports arguments -Wno-format-extra-args: YES 
Compiler for C supports arguments -Wno-visibility: NO 
Compiler for C supports arguments -Wno-empty-body: YES (cached)
Compiler for C supports arguments -Wno-invalid-source-encoding: NO 
Compiler for C supports arguments -Wno-sometimes-uninitialized: NO 
Compiler for C supports arguments -Wno-pointer-bool-conversion: NO 
Compiler for C supports arguments -Wno-format-nonliteral: YES (cached)
Message: drivers/net/qede: Defining dependency "net_qede"
Message: drivers/net/r8169: Defining dependency "net_r8169"
Message: drivers/net/ring: Defining dependency "net_ring"
Message: drivers/net/rnp: Defining dependency "net_rnp"
Compiler for C supports arguments -Wno-strict-aliasing: YES (cached)
Compiler for C supports arguments -Wdisabled-optimization: YES (cached)
Compiler for C supports arguments -Waggregate-return: YES (cached)
Compiler for C supports arguments -Wbad-function-cast: YES (cached)
Library atomic found: YES
Message: drivers/net/sfc: Defining dependency "net_sfc"
Message: drivers/net/softnic: Defining dependency "net_softnic"
Header "linux/pkt_cls.h" has symbol "TCA_FLOWER_ACT" : YES 
Run-time dependency libbpf found: NO (tried pkgconfig)
Message: net/tap: no RSS support missing libbpf
Message: drivers/net/tap: Defining dependency "net_tap"
Compiler for C supports arguments -fno-prefetch-loop-arrays: YES 
Compiler for C supports arguments -Wno-maybe-uninitialized: YES (cached)
Message: drivers/net/thunderx: Defining dependency "net_thunderx"
Message: drivers/net/txgbe: Defining dependency "net_txgbe"
Compiler for C supports arguments -D_BSD_SOURCE: YES (cached)
Compiler for C supports arguments -D_DEFAULT_SOURCE: YES (cached)
Compiler for C supports arguments -D_XOPEN_SOURCE=600: YES (cached)
Message: drivers/net/vdev_netvsc: Defining dependency "net_vdev_netvsc"
Message: drivers/net/vhost: Defining dependency "net_vhost"
Message: drivers/net/virtio: Defining dependency "net_virtio"
Compiler for C supports arguments -Wno-unused-parameter: YES (cached)
Compiler for C supports arguments -Wno-unused-value: YES (cached)
Compiler for C supports arguments -Wno-strict-aliasing: YES (cached)
Compiler for C supports arguments -Wno-format-extra-args: YES (cached)
Message: drivers/net/vmxnet3: Defining dependency "net_vmxnet3"
Message: drivers/net/xsc: Defining dependency "net_xsc"
Message: drivers/net/zxdh: Defining dependency "net_zxdh"
Message: drivers/raw/cnxk_bphy: Defining dependency "raw_cnxk_bphy"
Message: drivers/raw/cnxk_gpio: Defining dependency "raw_cnxk_gpio"
Message: drivers/raw/cnxk_rvu_lf: Defining dependency "raw_cnxk_rvu_lf"
Message: drivers/raw/dpaa2_cmdif: Defining dependency "raw_dpaa2_cmdif"
Message: drivers/raw/gdtc: Defining dependency "raw_gdtc"
Message: drivers/raw/ntb: Defining dependency "raw_ntb"
Message: drivers/raw/skeleton: Defining dependency "raw_skeleton"
Run-time dependency libaarch64crypto found: NO (tried pkgconfig)
Message: drivers/crypto/bcmfs: Defining dependency "crypto_bcmfs"
Message: drivers/crypto/caam_jr: Defining dependency "crypto_caam_jr"
Run-time dependency libcrypto found: NO (tried pkgconfig)
Message: drivers/crypto/cnxk: Defining dependency "crypto_cnxk"
Message: drivers/crypto/dpaa_sec: Defining dependency "crypto_dpaa_sec"
Message: drivers/crypto/dpaa2_sec: Defining dependency "crypto_dpaa2_sec"
Message: drivers/crypto/ionic: Defining dependency "crypto_ionic"
Library IPSec_MB found: NO
Message: Disabling mlx5 [drivers/crypto/mlx5]: missing internal dependency "common_mlx5"
Run-time dependency libmusdk found: NO (tried pkgconfig)
Message: drivers/crypto/nitrox: Defining dependency "crypto_nitrox"
Message: drivers/crypto/null: Defining dependency "crypto_null"
Message: drivers/crypto/octeontx: Defining dependency "crypto_octeontx"
Run-time dependency libcrypto found: NO (tried pkgconfig)
Message: drivers/crypto/scheduler: Defining dependency "crypto_scheduler"
Run-time dependency libwd_crypto found: NO (tried pkgconfig)
Run-time dependency libwd found: NO (tried pkgconfig)
Message: drivers/crypto/virtio: Defining dependency "crypto_virtio"
Run-time dependency libisal found: NO (tried pkgconfig)
Message: Disabling mlx5 [drivers/compress/mlx5]: missing internal dependency "common_mlx5"
Message: drivers/compress/nitrox: Defining dependency "compress_nitrox"
Message: drivers/compress/octeontx: Defining dependency "compress_octeontx"
Run-time dependency libwd_comp found: NO (tried pkgconfig)
Run-time dependency libwd found: NO (tried pkgconfig)
Run-time dependency zlib found: NO (tried pkgconfig)
Message: Disabling mlx5 [drivers/regex/mlx5]: missing internal dependency "common_mlx5"
Message: drivers/regex/cn9k: Defining dependency "regex_cn9k"
Message: drivers/ml/cnxk: libarchive not found
Message: drivers/ml/cnxk: jansson not found
Run-time dependency dlpack found: NO (tried cmake)
Message: drivers/ml/cnxk: dlpack not found
Run-time dependency dmlc found: NO (tried cmake)
Message: drivers/ml/cnxk: dmlc not found
Run-time dependency tvm found: NO (tried cmake)
Message: drivers/ml/cnxk: tvm_runtime not found
Run-time dependency tvmdp found: NO (tried pkgconfig)
Message: drivers/ml/cnxk: tvmdp not found
Message: drivers/ml/cnxk: Disabled TVM model support
Message: drivers/ml/cnxk: Defining dependency "ml_cnxk"
Message: drivers/vdpa/ifc: Defining dependency "vdpa_ifc"
Message: Disabling mlx5 [drivers/vdpa/mlx5]: missing internal dependency "common_mlx5"
Message: drivers/vdpa/nfp: Defining dependency "vdpa_nfp"
Message: drivers/vdpa/sfc: Defining dependency "vdpa_sfc"
Compiler for C supports arguments -flax-vector-conversions: YES (cached)
Compiler for C supports arguments -Wno-strict-aliasing: YES (cached)
Message: drivers/event/cnxk: Defining dependency "event_cnxk"
Message: drivers/event/dlb2: Defining dependency "event_dlb2"
Message: drivers/event/dpaa: Defining dependency "event_dpaa"
Message: drivers/event/dpaa2: Defining dependency "event_dpaa2"
Compiler for C supports arguments -Wno-format-nonliteral: YES (cached)
Message: drivers/event/dsw: Defining dependency "event_dsw"
Message: drivers/event/opdl: Defining dependency "event_opdl"
Message: drivers/event/skeleton: Defining dependency "event_skeleton"
Message: drivers/event/sw: Defining dependency "event_sw"
Message: drivers/event/octeontx: Defining dependency "event_octeontx"
Run-time dependency flexran_sdk_ldpc_decoder_5gnr found: NO (tried pkgconfig and cmake)
Message: drivers/baseband/acc: Defining dependency "baseband_acc"
Message: drivers/baseband/fpga_5gnr_fec: Defining dependency "baseband_fpga_5gnr_fec"
Message: drivers/baseband/fpga_lte_fec: Defining dependency "baseband_fpga_lte_fec"
Message: drivers/baseband/la12xx: Defining dependency "baseband_la12xx"
Message: drivers/baseband/null: Defining dependency "baseband_null"
Run-time dependency flexran_sdk_turbo found: NO (tried pkgconfig and cmake)
Run-time dependency flexran_sdk_ldpc_decoder_5gnr found: NO (tried pkgconfig and cmake)
Message: drivers/baseband/turbo_sw: Defining dependency "baseband_turbo_sw"
Has header "cuda.h" : NO 
Message: drivers/power/acpi: Defining dependency "power_acpi"
Message: drivers/power/amd_pstate: Defining dependency "power_amd_pstate"
Library e_smi64 found: NO
Message: drivers/power/cppc: Defining dependency "power_cppc"
Message: drivers/power/intel_pstate: Defining dependency "power_intel_pstate"
Message: drivers/power/intel_uncore: Defining dependency "power_intel_uncore"
Message: drivers/power/kvm_vm: Defining dependency "power_kvm_vm"
Has header "sys/epoll.h" : YES 
Run-time dependency zlib found: NO (tried pkgconfig)
Message: Skipping test file test_compressdev.c due to missing external dependency zlib
Run-time dependency pcap found: NO (tried pkgconfig)
Message: Skipping test file test_pcapng.c due to missing external dependency pcap
Compiler for C supports arguments -fno-strict-aliasing: YES (cached)
Compiler for C supports arguments -Wno-format-truncation: YES (cached)
Message: hugepage availability: false
app/test/suites/meson.build:37: WARNING: Test "cryptodev_crosscheck" is not defined in any test suite
app/test/suites/meson.build:37: WARNING: Test "ethdev_api" is not defined in any test suite
app/test/suites/meson.build:37: WARNING: Test "event_crypto_adapter_autotest" is not defined in any test suite
app/test/suites/meson.build:37: WARNING: Test "event_eth_rx_adapter_autotest" is not defined in any test suite
app/test/suites/meson.build:37: WARNING: Test "event_eth_rx_intr_adapter_autotest" is not defined in any test suite
app/test/suites/meson.build:37: WARNING: Test "event_timer_adapter_test" is not defined in any test suite
app/test/suites/meson.build:37: WARNING: Test "external_mem_autotest" is not defined in any test suite
app/test/suites/meson.build:37: WARNING: Test "ipsec_sad_autotest" is not defined in any test suite
app/test/suites/meson.build:37: WARNING: Test "power_caps_autotest" is not defined in any test suite
app/test/suites/meson.build:37: WARNING: Test "red_autotest" is not defined in any test suite
app/test/suites/meson.build:37: WARNING: Test "inline_macsec_autotest" is not defined in any test suite
app/test/suites/meson.build:37: WARNING: Test "inline_ipsec_autotest" is not defined in any test suite
app/test/suites/meson.build:37: WARNING: Test "inline_ipsec_sg_autotest" is not defined in any test suite
app/test/suites/meson.build:37: WARNING: Test "event_inline_ipsec_autotest" is not defined in any test suite
app/test/suites/meson.build:37: WARNING: Test "timer_secondary_autotest" is not defined in any test suite
Program test_telemetry.sh found: YES (/home-local/jenkins-local/jenkins-agent/workspace/Apply-Custom-Patch-Set-Pipeline/dpdk/app/test/suites/test_telemetry.sh)
Program doxygen found: NO

doc/api/meson.build:4:10: ERROR: Program 'doxygen' not found or not executable

A full log can be found at /home-local/jenkins-local/jenkins-agent/workspace/Apply-Custom-Patch-Set-Pipeline/dpdk/build/meson-logs/meson-log.txt


Test build failed.
https://lab.dpdk.org/results/dashboard/patchsets/33594/

UNH-IOL DPDK Community Lab

^ permalink raw reply	[flat|nested] 8+ messages in thread

* |FAILURE| pw155011 [PATCH] app/testpmd: allow multiple cmdline-file parameters
       [not found] <20250704140551.4151993-1-bruce.richardson@intel.com>
                   ` (4 preceding siblings ...)
  2025-07-09 15:27 ` |FAILURE| " dpdklab
@ 2025-07-09 16:48 ` dpdklab
  2025-07-09 22:12 ` |SUCCESS| pw155011 [PATCH] app/testpmd: allow multiple cmdline-file dpdklab
  2025-07-09 22:20 ` dpdklab
  7 siblings, 0 replies; 8+ messages in thread
From: dpdklab @ 2025-07-09 16:48 UTC (permalink / raw)
  To: test-report; +Cc: dpdk-test-reports

Test-Label: iol-testing
Test-Status: FAILURE
http://dpdk.org/patch/155011

_build patch failure_

Submitter: Bruce Richardson <bruce.richardson@intel.com>
Date: Friday, July 04 2025 14:05:51 
Applied on: CommitID:ab79c1ba245646055cac3a3c6ec3544b217c6751
Apply patch set 155011 failed:

Cloning the DPDK mirror at: https://github.com/DPDK/dpdk.git (Attempt 1 of 3)
Trying to checkout branch: origin/main
Checked out to main (ab79c1ba245646055cac3a3c6ec3544b217c6751)
Done: main commit ab79c1ba245646055cac3a3c6ec3544b217c6751
Trying to checkout branch: origin/next-net-for-main
Checked out to next-net-for-main (ba982f9a1ca9b96ed0394b764f1523d482e963a2)
Applying patch...

Applying: app/testpmd: allow multiple cmdline-file parameters


Running Check Meson
Processing meson.build
Processing buildtools/meson.build
Processing buildtools/chkincs/meson.build
Processing buildtools/pkg-config/meson.build
Processing buildtools/subproject/meson.build
Processing usertools/meson.build
Processing lib/meson.build
Processing lib/fib/meson.build
Processing lib/mbuf/meson.build
Processing lib/pcapng/meson.build
Processing lib/graph/meson.build
Processing lib/pci/meson.build
Processing lib/reorder/meson.build
Processing lib/power/meson.build
Processing lib/pdump/meson.build
Processing lib/stack/meson.build
Processing lib/pmu/meson.build
Processing lib/eventdev/meson.build
Processing lib/rib/meson.build
Processing lib/net/meson.build
Processing lib/dmadev/meson.build
Processing lib/distributor/meson.build
Processing lib/rcu/meson.build
Processing lib/table/meson.build
Processing lib/member/meson.build
Processing lib/latencystats/meson.build
Processing lib/ring/meson.build
Processing lib/ethdev/meson.build
Processing lib/gro/meson.build
Processing lib/kvargs/meson.build
Processing lib/hash/meson.build
Processing lib/sched/meson.build
Processing lib/argparse/meson.build
Processing lib/compressdev/meson.build
Processing lib/rawdev/meson.build
Processing lib/vhost/meson.build
Processing lib/acl/meson.build
Processing lib/ip_frag/meson.build
Processing lib/cryptodev/meson.build
Processing lib/lpm/meson.build
Processing lib/cmdline/meson.build
Processing lib/dispatcher/meson.build
Processing lib/efd/meson.build
Processing lib/metrics/meson.build
Processing lib/pipeline/meson.build
Processing lib/ptr_compress/meson.build
Processing lib/regexdev/meson.build
Processing lib/bitratestats/meson.build
Processing lib/timer/meson.build
Processing lib/bbdev/meson.build
Processing lib/meter/meson.build
Processing lib/ipsec/meson.build
Processing lib/mldev/meson.build
Processing lib/gso/meson.build
Processing lib/pdcp/meson.build
Processing lib/jobstats/meson.build
Processing lib/cfgfile/meson.build
Processing lib/mempool/meson.build
Processing lib/port/meson.build
Processing lib/gpudev/meson.build
Processing lib/log/meson.build
Processing lib/telemetry/meson.build
Processing lib/security/meson.build
Processing lib/eal/meson.build
Processing lib/eal/riscv/meson.build
Processing lib/eal/riscv/include/meson.build
Processing lib/eal/x86/meson.build
Processing lib/eal/x86/include/meson.build
Processing lib/eal/ppc/meson.build
Processing lib/eal/ppc/include/meson.build
Processing lib/eal/arm/meson.build
Processing lib/eal/arm/include/meson.build
Processing lib/eal/loongarch/meson.build
Processing lib/eal/loongarch/include/meson.build
Processing lib/eal/freebsd/meson.build
Processing lib/eal/freebsd/include/meson.build
Processing lib/eal/windows/meson.build
Processing lib/eal/windows/include/meson.build
Processing lib/eal/linux/meson.build
Processing lib/eal/linux/include/meson.build
Processing lib/eal/common/meson.build
Processing lib/eal/unix/meson.build
Processing lib/eal/include/meson.build
Processing lib/node/meson.build
Processing lib/bpf/meson.build
Processing app/meson.build
Processing app/graph/meson.build
Processing app/test-regex/meson.build
Processing app/pdump/meson.build
Processing app/test-flow-perf/meson.build
Processing app/test-crypto-perf/meson.build
Processing app/test-sad/meson.build
Processing app/test-cmdline/meson.build
Processing app/test-fib/meson.build
Processing app/test-acl/meson.build
Processing app/test-bbdev/meson.build
Processing app/test-eventdev/meson.build
Processing app/test-security-perf/meson.build
Processing app/test-gpudev/meson.build
Processing app/test/meson.build
Processing app/test/suites/meson.build
Processing app/test/test_cfgfiles/meson.build
Processing app/test-compress-perf/meson.build
Processing app/test-mldev/meson.build
Processing app/proc-info/meson.build
Processing app/test-pmd/meson.build
Processing app/dumpcap/meson.build
Processing app/test-dma-perf/meson.build
Processing app/test-pipeline/meson.build
Processing drivers/meson.build
Processing drivers/power/meson.build
Processing drivers/power/amd_uncore/meson.build
Processing drivers/power/intel_uncore/meson.build
Processing drivers/power/kvm_vm/meson.build
Processing drivers/power/intel_pstate/meson.build
Processing drivers/power/amd_pstate/meson.build
Processing drivers/power/acpi/meson.build
Processing drivers/power/cppc/meson.build
Processing drivers/net/meson.build
Processing drivers/net/hinic/meson.build
Processing drivers/net/hinic/base/meson.build
Processing drivers/net/hns3/meson.build
Processing drivers/net/ark/meson.build
Processing drivers/net/avp/meson.build
Processing drivers/net/bnxt/meson.build
Processing drivers/net/bnxt/tf_ulp/meson.build
Processing drivers/net/bnxt/tf_ulp/generic_templates/meson.build
Processing drivers/net/bnxt/tf_core/meson.build
Processing drivers/net/bnxt/tf_core/v3/meson.build
Processing drivers/net/bnxt/hcapi/cfa/meson.build
Processing drivers/net/bnxt/hcapi/cfa_v3/meson.build
Processing drivers/net/ntnic/meson.build
Processing drivers/net/cxgbe/meson.build
Processing drivers/net/bonding/meson.build
Processing drivers/net/dpaa/meson.build
Processing drivers/net/octeon_ep/meson.build
Processing drivers/net/mlx5/meson.build
Processing drivers/net/mlx5/hws/meson.build
Processing drivers/net/mlx5/windows/meson.build
Processing drivers/net/mlx5/linux/meson.build
Processing drivers/net/vdev_netvsc/meson.build
Processing drivers/net/null/meson.build
Processing drivers/net/netvsc/meson.build
Processing drivers/net/ring/meson.build
Processing drivers/net/ena/meson.build
Processing drivers/net/enic/meson.build
Processing drivers/net/xsc/meson.build
Processing drivers/net/softnic/meson.build
Processing drivers/net/mana/meson.build
Processing drivers/net/thunderx/meson.build
Processing drivers/net/thunderx/base/meson.build
Processing drivers/net/failsafe/meson.build
Processing drivers/net/vhost/meson.build
Processing drivers/net/rnp/meson.build
Processing drivers/net/rnp/base/meson.build
Processing drivers/net/atlantic/meson.build
Processing drivers/net/vmxnet3/meson.build
Processing drivers/net/ionic/meson.build
Processing drivers/net/intel/i40e/meson.build
Processing drivers/net/intel/i40e/base/meson.build
Processing drivers/net/intel/idpf/meson.build
Processing drivers/net/intel/idpf/base/meson.build
Processing drivers/net/intel/ixgbe/meson.build
Processing drivers/net/intel/ixgbe/base/meson.build
Processing drivers/net/intel/e1000/meson.build
Processing drivers/net/intel/e1000/base/meson.build
Processing drivers/net/intel/iavf/meson.build
Processing drivers/net/intel/fm10k/meson.build
Processing drivers/net/intel/fm10k/base/meson.build
Processing drivers/net/intel/ipn3ke/meson.build
Processing drivers/net/intel/ice/meson.build
Processing drivers/net/intel/ice/base/meson.build
Processing drivers/net/intel/cpfl/meson.build
Processing drivers/net/bnx2x/meson.build
Processing drivers/net/af_packet/meson.build
Processing drivers/net/octeontx/meson.build
Processing drivers/net/octeontx/base/meson.build
Processing drivers/net/mvneta/meson.build
Processing drivers/net/r8169/meson.build
Processing drivers/net/txgbe/meson.build
Processing drivers/net/txgbe/base/meson.build
Processing drivers/net/tap/meson.build
Processing drivers/net/tap/bpf/meson.build
Processing drivers/net/nfb/meson.build
Processing drivers/net/sfc/meson.build
Processing drivers/net/enetc/meson.build
Processing drivers/net/pcap/meson.build
Processing drivers/net/mlx4/meson.build
Processing drivers/net/memif/meson.build
Processing drivers/net/nfp/meson.build
Processing drivers/net/enetfec/meson.build
Processing drivers/net/zxdh/meson.build
Processing drivers/net/ngbe/meson.build
Processing drivers/net/ngbe/base/meson.build
Processing drivers/net/dpaa2/meson.build
Processing drivers/net/cnxk/meson.build
Processing drivers/net/qede/meson.build
Processing drivers/net/qede/base/meson.build
Processing drivers/net/virtio/meson.build
Processing drivers/net/gve/meson.build
Processing drivers/net/af_xdp/meson.build
Processing drivers/net/axgbe/meson.build
Processing drivers/net/mvpp2/meson.build
Processing drivers/net/pfe/meson.build
Processing drivers/bus/meson.build
Processing drivers/bus/auxiliary/meson.build
Processing drivers/bus/pci/meson.build
Processing drivers/bus/vmbus/meson.build
Processing drivers/bus/dpaa/meson.build
Processing drivers/bus/cdx/meson.build
Processing drivers/bus/vdev/meson.build
Processing drivers/bus/uacce/meson.build
Processing drivers/bus/platform/meson.build
Processing drivers/bus/fslmc/meson.build
Processing drivers/bus/ifpga/meson.build
Processing drivers/vdpa/meson.build
Processing drivers/vdpa/mlx5/meson.build
Processing drivers/vdpa/sfc/meson.build
Processing drivers/vdpa/nfp/meson.build
Processing drivers/vdpa/ifc/meson.build
Processing drivers/gpu/meson.build
Processing drivers/gpu/cuda/meson.build
Processing drivers/regex/meson.build
Processing drivers/regex/mlx5/meson.build
Processing drivers/regex/cn9k/meson.build
Processing drivers/common/meson.build
Processing drivers/common/dpaax/meson.build
Processing drivers/common/zsda/meson.build
Processing drivers/common/nitrox/meson.build
Processing drivers/common/mlx5/meson.build
Processing drivers/common/mlx5/windows/meson.build
Processing drivers/common/mlx5/linux/meson.build
Processing drivers/common/sfc_efx/meson.build
Processing drivers/common/sfc_efx/base/meson.build
Processing drivers/common/cpt/meson.build
Processing drivers/common/qat/meson.build
Processing drivers/common/ionic/meson.build
Processing drivers/common/mvep/meson.build
Processing drivers/common/octeontx/meson.build
Processing drivers/common/nfp/meson.build
Processing drivers/common/cnxk/meson.build
Processing drivers/crypto/meson.build
Processing drivers/crypto/nitrox/meson.build
Processing drivers/crypto/mlx5/meson.build
Processing drivers/crypto/dpaa_sec/meson.build
Processing drivers/crypto/bcmfs/meson.build
Processing drivers/crypto/null/meson.build
Processing drivers/crypto/dpaa2_sec/meson.build
Processing drivers/crypto/ipsec_mb/meson.build
Processing drivers/crypto/caam_jr/meson.build
Processing drivers/crypto/openssl/meson.build
Processing drivers/crypto/ionic/meson.build
Processing drivers/crypto/octeontx/meson.build
Processing drivers/crypto/ccp/meson.build
Processing drivers/crypto/uadk/meson.build
Processing drivers/crypto/cnxk/meson.build
Processing drivers/crypto/scheduler/meson.build
Processing drivers/crypto/virtio/meson.build
Processing drivers/crypto/armv8/meson.build
Processing drivers/crypto/mvsam/meson.build
Processing drivers/baseband/meson.build
Processing drivers/baseband/la12xx/meson.build
Processing drivers/baseband/null/meson.build
Processing drivers/baseband/fpga_5gnr_fec/meson.build
Processing drivers/baseband/acc/meson.build
Processing drivers/baseband/turbo_sw/meson.build
Processing drivers/baseband/fpga_lte_fec/meson.build
Processing drivers/event/meson.build
Processing drivers/event/dlb2/meson.build
Processing drivers/event/dpaa/meson.build
Processing drivers/event/skeleton/meson.build
Processing drivers/event/sw/meson.build
Processing drivers/event/octeontx/meson.build
Processing drivers/event/dpaa2/meson.build
Processing drivers/event/cnxk/meson.build
Processing drivers/event/dsw/meson.build
Processing drivers/event/opdl/meson.build
Processing drivers/dma/meson.build
Processing drivers/dma/dpaa/meson.build
Processing drivers/dma/skeleton/meson.build
Processing drivers/dma/odm/meson.build
Processing drivers/dma/ioat/meson.build
Processing drivers/dma/idxd/meson.build
Processing drivers/dma/hisilicon/meson.build
Processing drivers/dma/dpaa2/meson.build
Processing drivers/dma/cnxk/meson.build
Processing drivers/raw/meson.build
Processing drivers/raw/cnxk_rvu_lf/meson.build
Processing drivers/raw/skeleton/meson.build
Processing drivers/raw/ntb/meson.build
Processing drivers/raw/cnxk_gpio/meson.build
Processing drivers/raw/cnxk_bphy/meson.build
Processing drivers/raw/ifpga/meson.build
Processing drivers/raw/ifpga/base/meson.build
Processing drivers/raw/gdtc/meson.build
Processing drivers/raw/dpaa2_cmdif/meson.build
Processing drivers/ml/meson.build
Processing drivers/ml/cnxk/meson.build
Processing drivers/compress/meson.build
Processing drivers/compress/nitrox/meson.build
Processing drivers/compress/mlx5/meson.build
Processing drivers/compress/zlib/meson.build
Processing drivers/compress/octeontx/meson.build
Processing drivers/compress/uadk/meson.build
Processing drivers/compress/isal/meson.build
Processing drivers/mempool/meson.build
Processing drivers/mempool/stack/meson.build
Processing drivers/mempool/dpaa/meson.build
Processing drivers/mempool/ring/meson.build
Processing drivers/mempool/bucket/meson.build
Processing drivers/mempool/octeontx/meson.build
Processing drivers/mempool/dpaa2/meson.build
Processing drivers/mempool/cnxk/meson.build
Processing kernel/meson.build
Processing kernel/freebsd/meson.build
Processing kernel/freebsd/contigmem/meson.build
Processing kernel/freebsd/nic_uio/meson.build
Processing doc/meson.build
Processing doc/guides/meson.build
Processing doc/api/meson.build
Processing doc/api/dts/meson.build
Processing config/meson.build
Processing config/riscv/meson.build
Processing config/x86/meson.build
Processing config/ppc/meson.build
Processing config/arm/meson.build
Processing config/loongarch/meson.build
Processing examples/meson.build
Processing examples/l2fwd-crypto/meson.build
Processing examples/bbdev_app/meson.build
Processing examples/l2fwd/meson.build
Processing examples/vmdq/meson.build
Processing examples/qos_meter/meson.build
Processing examples/distributor/meson.build
Processing examples/skeleton/meson.build
Processing examples/link_status_interrupt/meson.build
Processing examples/l2fwd-cat/meson.build
Processing examples/l2fwd-keepalive/meson.build
Processing examples/ipv4_multicast/meson.build
Processing examples/l2fwd-jobstats/meson.build
Processing examples/vdpa/meson.build
Processing examples/vm_power_manager/meson.build
Processing examples/vm_power_manager/guest_cli/meson.build
Processing examples/helloworld/meson.build
Processing examples/flow_filtering/meson.build
Processing examples/eventdev_pipeline/meson.build
Processing examples/fips_validation/meson.build
Processing examples/l3fwd-graph/meson.build
Processing examples/ntb/meson.build
Processing examples/vhost/meson.build
Processing examples/ipsec-secgw/meson.build
Processing examples/ethtool/meson.build
Processing examples/vhost_blk/meson.build
Processing examples/vmdq_dcb/meson.build
Processing examples/l2fwd-macsec/meson.build
Processing examples/cmdline/meson.build
Processing examples/l2fwd-event/meson.build
Processing examples/server_node_efd/efd_server/meson.build
Processing examples/server_node_efd/efd_node/meson.build
Processing examples/bond/meson.build
Processing examples/l3fwd/meson.build
Processing examples/ptpclient/meson.build
Processing examples/ip_pipeline/meson.build
Processing examples/service_cores/meson.build
Processing examples/pipeline/meson.build
Processing examples/ip_fragmentation/meson.build
Processing examples/dma/meson.build
Processing examples/l3fwd-power/meson.build
Processing examples/qos_sched/meson.build
Processing examples/rxtx_callbacks/meson.build
Processing examples/timer/meson.build
Processing examples/multi_process/symmetric_mp/meson.build
Processing examples/multi_process/simple_mp/meson.build
Processing examples/multi_process/hotplug_mp/meson.build
Processing examples/multi_process/client_server_mp/mp_client/meson.build
Processing examples/multi_process/client_server_mp/mp_server/meson.build
Processing examples/packet_ordering/meson.build
Processing examples/ip_reassembly/meson.build
Processing examples/vhost_crypto/meson.build


Running test build...
The Meson build system
Version: 1.3.2
Source dir: /home-local/jenkins-local/jenkins-agent/workspace/Apply-Custom-Patch-Set-Pipeline/dpdk
Build dir: /home-local/jenkins-local/jenkins-agent/workspace/Apply-Custom-Patch-Set-Pipeline/dpdk/build
Build type: native build
Project name: DPDK
Project version: 25.07.0-rc2
C compiler for the host machine: cc (gcc 13.3.0 "cc (Ubuntu 13.3.0-6ubuntu2~24.04) 13.3.0")
C linker for the host machine: cc ld.bfd 2.42
Host machine cpu family: x86_64
Host machine cpu: x86_64
Message: ## Building in Developer Mode ##
Program pkg-config pkgconf found: NO
Program check-symbols.sh found: YES (/home-local/jenkins-local/jenkins-agent/workspace/Apply-Custom-Patch-Set-Pipeline/dpdk/buildtools/check-symbols.sh)
Program options-ibverbs-static.sh found: YES (/home-local/jenkins-local/jenkins-agent/workspace/Apply-Custom-Patch-Set-Pipeline/dpdk/buildtools/options-ibverbs-static.sh)
Program python3 found: YES (/usr/bin/python3)
Program python3 (elftools) found: YES (/usr/bin/python3) modules: elftools
Message: Minimum Meson required version is 0.57.2
Program cat found: YES (/usr/bin/cat)
Compiler for C supports arguments -march=native: YES 
Checking for size of "void *" : 8 
Checking for size of "void *" : 8 (cached)
Compiler for C supports link arguments -Wl,--undefined-version: YES 
Library m found: YES
Library numa found: YES
Has header "numaif.h" : YES 
Library fdt found: NO
Library execinfo found: NO
Has header "execinfo.h" : YES 
Did not find pkg-config by name 'pkg-config'
Found pkg-config: NO
Run-time dependency libarchive found: NO (tried pkgconfig)
Run-time dependency libbsd found: NO (tried pkgconfig)
Run-time dependency jansson found: NO (tried pkgconfig)
Run-time dependency openssl found: NO (tried pkgconfig)
Run-time dependency libpcap found: NO (tried pkgconfig)
Library pcap found: NO
Compiler for C supports arguments -Wvla: YES 
Compiler for C supports arguments -Wcast-qual: YES 
Compiler for C supports arguments -Wdeprecated: YES 
Compiler for C supports arguments -Wformat: YES 
Compiler for C supports arguments -Wformat-nonliteral: YES 
Compiler for C supports arguments -Wformat-security: YES 
Compiler for C supports arguments -Wmissing-declarations: YES 
Compiler for C supports arguments -Wmissing-prototypes: YES 
Compiler for C supports arguments -Wnested-externs: YES 
Compiler for C supports arguments -Wold-style-definition: YES 
Compiler for C supports arguments -Wpointer-arith: YES 
Compiler for C supports arguments -Wsign-compare: YES 
Compiler for C supports arguments -Wstrict-prototypes: YES 
Compiler for C supports arguments -Wundef: YES 
Compiler for C supports arguments -Wwrite-strings: YES 
Compiler for C supports arguments -Wno-packed-not-aligned: YES 
Compiler for C supports arguments -Wno-missing-field-initializers: YES 
Compiler for C supports arguments -fzero-init-padding-bits=all: NO 
Fetching value of define "__AVX2__" : 1 
Fetching value of define "__znver1__" : (undefined) 
Fetching value of define "__znver2__" : (undefined) 
Fetching value of define "__znver3__" : (undefined) 
Fetching value of define "__znver4__" : (undefined) 
Fetching value of define "__znver5__" : (undefined) 
Program objdump found: YES (/usr/bin/objdump)
Compiler for C supports arguments -march=x86-64-v4: YES 
Fetching value of define "__AVX512F__" : 1 
Compiler for C supports arguments -march=x86-64-v4: YES (cached)
Checking if "AVX512 checking" compiles: YES 
Fetching value of define "__AVX512F__" : 1 
Message: Extra C flags needed for AVX2 output: []
Message: Extra C flags needed for AVX512 output: []
Fetching value of define "__SSE4_2__" : 1 
Fetching value of define "__AES__" : 1 
Fetching value of define "__AVX__" : 1 
Fetching value of define "__AVX2__" : 1 
Fetching value of define "__AVX512BW__" : 1 
Fetching value of define "__AVX512CD__" : 1 
Fetching value of define "__AVX512DQ__" : 1 
Fetching value of define "__AVX512F__" : 1 
Fetching value of define "__AVX512VL__" : 1 
Fetching value of define "__PCLMUL__" : 1 
Fetching value of define "__RDRND__" : 1 
Fetching value of define "__RDSEED__" : 1 
Fetching value of define "__VPCLMULQDQ__" : (undefined) 
Compiler for C supports arguments -Wno-format-truncation: YES 
Message: lib/log: Defining dependency "log"
Message: lib/kvargs: Defining dependency "kvargs"
Message: lib/argparse: Defining dependency "argparse"
Message: lib/telemetry: Defining dependency "telemetry"
Message: lib/pmu: Defining dependency "pmu"
Checking for function "pthread_attr_setaffinity_np" : YES 
Checking for function "getentropy" : NO 
Message: lib/eal: Defining dependency "eal"
Message: lib/ptr_compress: Defining dependency "ptr_compress"
Message: lib/ring: Defining dependency "ring"
Message: lib/rcu: Defining dependency "rcu"
Message: lib/mempool: Defining dependency "mempool"
Message: lib/mbuf: Defining dependency "mbuf"
Compiler for C supports arguments -mpclmul: YES 
Compiler for C supports arguments -maes: YES 
Compiler for C supports arguments -mvpclmulqdq: YES 
Message: lib/net: Defining dependency "net"
Message: lib/meter: Defining dependency "meter"
Message: lib/ethdev: Defining dependency "ethdev"
Message: lib/pci: Defining dependency "pci"
Message: lib/cmdline: Defining dependency "cmdline"
Message: lib/metrics: Defining dependency "metrics"
Message: lib/hash: Defining dependency "hash"
Message: lib/timer: Defining dependency "timer"
Message: lib/acl: Defining dependency "acl"
Message: lib/bbdev: Defining dependency "bbdev"
Message: lib/bitratestats: Defining dependency "bitratestats"
Run-time dependency libelf found: NO (tried pkgconfig)
lib/bpf/meson.build:44: WARNING: libelf is missing, rte_bpf_elf_load API will be disabled
lib/bpf/meson.build:51: WARNING: libpcap is missing, rte_bpf_convert API will be disabled
Message: lib/bpf: Defining dependency "bpf"
Message: lib/cfgfile: Defining dependency "cfgfile"
Message: lib/compressdev: Defining dependency "compressdev"
Message: lib/cryptodev: Defining dependency "cryptodev"
Message: lib/distributor: Defining dependency "distributor"
Message: lib/dmadev: Defining dependency "dmadev"
Message: lib/efd: Defining dependency "efd"
Message: lib/eventdev: Defining dependency "eventdev"
Message: lib/dispatcher: Defining dependency "dispatcher"
Message: lib/gpudev: Defining dependency "gpudev"
Message: lib/gro: Defining dependency "gro"
Message: lib/gso: Defining dependency "gso"
Message: lib/ip_frag: Defining dependency "ip_frag"
Message: lib/jobstats: Defining dependency "jobstats"
Message: lib/latencystats: Defining dependency "latencystats"
Message: lib/lpm: Defining dependency "lpm"
Compiler for C supports arguments -mavx512ifma: YES 
Message: lib/member: Defining dependency "member"
Message: lib/pcapng: Defining dependency "pcapng"
Message: lib/power: Defining dependency "power"
Message: lib/rawdev: Defining dependency "rawdev"
Message: lib/regexdev: Defining dependency "regexdev"
Message: lib/mldev: Defining dependency "mldev"
Message: lib/rib: Defining dependency "rib"
Message: lib/reorder: Defining dependency "reorder"
Message: lib/sched: Defining dependency "sched"
Message: lib/security: Defining dependency "security"
Message: lib/stack: Defining dependency "stack"
Has header "linux/userfaultfd.h" : YES 
Compiler for C supports arguments -fno-strict-aliasing: YES 
Compiler for C supports arguments -Wno-address-of-packed-member: YES 
Message: lib/vhost: Defining dependency "vhost"
Message: lib/ipsec: Defining dependency "ipsec"
Message: lib/pdcp: Defining dependency "pdcp"
Message: lib/fib: Defining dependency "fib"
Message: lib/port: Defining dependency "port"
Message: lib/pdump: Defining dependency "pdump"
Message: lib/table: Defining dependency "table"
Message: lib/pipeline: Defining dependency "pipeline"
Message: lib/graph: Defining dependency "graph"
Message: lib/node: Defining dependency "node"
Compiler for C supports arguments -Wno-format-truncation: YES (cached)
Compiler for C supports arguments -Wno-address-of-packed-member: YES (cached)
Message: drivers/common/cpt: Defining dependency "common_cpt"
Compiler for C supports arguments -Wno-cast-qual: YES 
Compiler for C supports arguments -Wno-pointer-arith: YES 
Message: drivers/common/dpaax: Defining dependency "common_dpaax"
Message: drivers/common/ionic: Defining dependency "common_ionic"
Run-time dependency libmusdk found: NO (tried pkgconfig)
Message: drivers/common/octeontx: Defining dependency "common_octeontx"
Message: drivers/bus/auxiliary: Defining dependency "bus_auxiliary"
Message: drivers/bus/cdx: Defining dependency "bus_cdx"
Compiler for C supports arguments -Wno-cast-qual: YES (cached)
Compiler for C supports arguments -Wno-pointer-arith: YES (cached)
Message: drivers/bus/dpaa: Defining dependency "bus_dpaa"
Message: drivers/bus/fslmc: Defining dependency "bus_fslmc"
Message: drivers/bus/ifpga: Defining dependency "bus_ifpga"
Message: drivers/bus/pci: Defining dependency "bus_pci"
Message: drivers/bus/platform: Defining dependency "bus_platform"
Message: drivers/bus/uacce: Defining dependency "bus_uacce"
Message: drivers/bus/vdev: Defining dependency "bus_vdev"
Message: drivers/bus/vmbus: Defining dependency "bus_vmbus"
Message: drivers/common/cnxk: Defining dependency "common_cnxk"
Compiler for C supports arguments -std=c11: YES 
Compiler for C supports arguments -Wno-strict-prototypes: YES 
Compiler for C supports arguments -D_BSD_SOURCE: YES 
Compiler for C supports arguments -D_DEFAULT_SOURCE: YES 
Compiler for C supports arguments -D_XOPEN_SOURCE=600: YES 
Run-time dependency libmlx5 found: NO (tried pkgconfig)
Library mlx5 found: NO
Configuring mlx5_autoconf.h using configuration
Message: drivers/common/nfp: Defining dependency "common_nfp"
Message: drivers/common/nitrox: Defining dependency "common_nitrox"
Run-time dependency libcrypto found: NO (tried pkgconfig)
Library IPSec_MB found: NO
Message: drivers/common/qat: Defining dependency "common_qat"
Compiler for C supports arguments -Wdisabled-optimization: YES 
Compiler for C supports arguments -Waggregate-return: YES 
Compiler for C supports arguments -Wbad-function-cast: YES 
Compiler for C supports arguments -Wno-sign-compare: YES 
Compiler for C supports arguments -Wno-unused-parameter: YES 
Compiler for C supports arguments -Wno-unused-variable: YES 
Compiler for C supports arguments -Wno-empty-body: YES 
Compiler for C supports arguments -Wno-unused-but-set-variable: YES 
Message: drivers/common/sfc_efx: Defining dependency "common_sfc_efx"
Message: drivers/common/zsda: Defining dependency "common_zsda"
Message: drivers/mempool/bucket: Defining dependency "mempool_bucket"
Message: drivers/mempool/cnxk: Defining dependency "mempool_cnxk"
Message: drivers/mempool/dpaa: Defining dependency "mempool_dpaa"
Message: drivers/mempool/dpaa2: Defining dependency "mempool_dpaa2"
Message: drivers/mempool/octeontx: Defining dependency "mempool_octeontx"
Message: drivers/mempool/ring: Defining dependency "mempool_ring"
Message: drivers/mempool/stack: Defining dependency "mempool_stack"
Compiler for C supports arguments -Wno-uninitialized: YES 
Message: drivers/dma/cnxk: Defining dependency "dma_cnxk"
Compiler for C supports arguments -Wno-pointer-arith: YES (cached)
Message: drivers/dma/dpaa: Defining dependency "dma_dpaa"
Compiler for C supports arguments -Wno-pointer-arith: YES (cached)
Message: drivers/dma/dpaa2: Defining dependency "dma_dpaa2"
Message: drivers/dma/hisilicon: Defining dependency "dma_hisilicon"
Message: drivers/dma/idxd: Defining dependency "dma_idxd"
Message: drivers/dma/ioat: Defining dependency "dma_ioat"
Message: drivers/dma/odm: Defining dependency "dma_odm"
Message: drivers/dma/skeleton: Defining dependency "dma_skeleton"
Message: drivers/net/af_packet: Defining dependency "net_af_packet"
Run-time dependency libxdp found: NO (tried pkgconfig)
Run-time dependency libbpf found: NO (tried pkgconfig)
Library bpf found: NO
Has header "linux/if_xdp.h" : YES 
Message: drivers/net/ark: Defining dependency "net_ark"
Message: drivers/net/atlantic: Defining dependency "net_atlantic"
Message: drivers/net/avp: Defining dependency "net_avp"
Message: drivers/net/axgbe: Defining dependency "net_axgbe"
Run-time dependency zlib found: NO (tried pkgconfig)
Compiler for C supports arguments -DSUPPORT_CFA_HW_P70=1: YES 
Compiler for C supports arguments -DSUPPORT_CFA_HW_P70=1: YES (cached)
Compiler for C supports arguments -DCFA_BLD_PRINT_OBJ=1: YES 
Message: drivers/net/bnxt: Defining dependency "net_bnxt"
Message: drivers/net/bonding: Defining dependency "net_bond"
Compiler for C supports arguments -flax-vector-conversions: YES 
Compiler for C supports arguments -Wno-strict-aliasing: YES 
Message: drivers/net/cnxk: Defining dependency "net_cnxk"
Message: drivers/net/cxgbe: Defining dependency "net_cxgbe"
Compiler for C supports arguments -Wno-pointer-arith: YES (cached)
Message: drivers/net/dpaa: Defining dependency "net_dpaa"
Message: drivers/net/dpaa2: Defining dependency "net_dpaa2"
Message: drivers/net/ena: Defining dependency "net_ena"
Message: drivers/net/enetc: Defining dependency "net_enetc"
Message: drivers/net/enetfec: Defining dependency "net_enetfec"
Message: drivers/net/enic: Defining dependency "net_enic"
Message: drivers/net/failsafe: Defining dependency "net_failsafe"
Message: drivers/net/gve: Defining dependency "net_gve"
Message: drivers/net/hinic: Defining dependency "net_hinic"
Message: drivers/net/hns3: Defining dependency "net_hns3"
Message: drivers/net/intel/e1000: Defining dependency "net_e1000"
Message: drivers/net/intel/fm10k: Defining dependency "net_fm10k"
Message: drivers/net/intel/i40e: Defining dependency "net_i40e"
Message: drivers/net/intel/iavf: Defining dependency "net_iavf"
Compiler for C supports arguments -Wno-unused-but-set-variable: YES (cached)
Compiler for C supports arguments -Wno-unused-parameter: YES (cached)
Compiler for C supports arguments -Wno-array-bounds: YES 
Message: drivers/net/intel/ice: Defining dependency "net_ice"
Message: drivers/net/intel/idpf: Defining dependency "net_idpf"
Message: drivers/net/intel/ixgbe: Defining dependency "net_ixgbe"
Message: drivers/net/intel/cpfl: Defining dependency "net_cpfl"
Message: drivers/net/ionic: Defining dependency "net_ionic"
Did not find CMake 'cmake'
Found CMake: NO
Run-time dependency libibverbs found: NO (tried pkgconfig and cmake)
Library ibverbs found: NO
Message: drivers/net/memif: Defining dependency "net_memif"
Run-time dependency libmlx4 found: NO (tried pkgconfig)
Library mlx4 found: NO
Message: Disabling mlx5 [drivers/net/mlx5]: missing internal dependency "common_mlx5"
Run-time dependency libmusdk found: NO (tried pkgconfig)
Run-time dependency libmusdk found: NO (tried pkgconfig)
Message: drivers/net/netvsc: Defining dependency "net_netvsc"
Run-time dependency netcope-common found: NO (tried pkgconfig)
Message: drivers/net/nfp: Defining dependency "net_nfp"
Message: drivers/net/ngbe: Defining dependency "net_ngbe"
Message: drivers/net/ntnic: Defining dependency "net_ntnic"
Message: drivers/net/null: Defining dependency "net_null"
Message: drivers/net/octeontx: Defining dependency "net_octeontx"
Compiler for C supports arguments -Wno-strict-aliasing: YES (cached)
Compiler for C supports arguments -flax-vector-conversions: YES (cached)
Message: drivers/net/octeon_ep: Defining dependency "net_octeon_ep"
Compiler for C supports arguments -Wno-pointer-arith: YES (cached)
Message: drivers/net/pfe: Defining dependency "net_pfe"
Compiler for C supports arguments -Wno-unused-parameter: YES (cached)
Compiler for C supports arguments -Wno-sign-compare: YES (cached)
Compiler for C supports arguments -Wno-missing-prototypes: YES 
Compiler for C supports arguments -Wno-cast-qual: YES (cached)
Compiler for C supports arguments -Wno-unused-function: YES 
Compiler for C supports arguments -Wno-unused-variable: YES (cached)
Compiler for C supports arguments -Wno-strict-aliasing: YES (cached)
Compiler for C supports arguments -Wno-missing-prototypes: YES (cached)
Compiler for C supports arguments -Wno-unused-value: YES 
Compiler for C supports arguments -Wno-format-nonliteral: YES 
Compiler for C supports arguments -Wno-shift-negative-value: YES 
Compiler for C supports arguments -Wno-unused-but-set-variable: YES (cached)
Compiler for C supports arguments -Wno-missing-declarations: YES 
Compiler for C supports arguments -Wno-maybe-uninitialized: YES 
Compiler for C supports arguments -Wno-strict-prototypes: YES (cached)
Compiler for C supports arguments -Wno-shift-negative-value: YES (cached)
Compiler for C supports arguments -Wno-implicit-fallthrough: YES 
Compiler for C supports arguments -Wno-format-extra-args: YES 
Compiler for C supports arguments -Wno-visibility: NO 
Compiler for C supports arguments -Wno-empty-body: YES (cached)
Compiler for C supports arguments -Wno-invalid-source-encoding: NO 
Compiler for C supports arguments -Wno-sometimes-uninitialized: NO 
Compiler for C supports arguments -Wno-pointer-bool-conversion: NO 
Compiler for C supports arguments -Wno-format-nonliteral: YES (cached)
Message: drivers/net/qede: Defining dependency "net_qede"
Message: drivers/net/r8169: Defining dependency "net_r8169"
Message: drivers/net/ring: Defining dependency "net_ring"
Message: drivers/net/rnp: Defining dependency "net_rnp"
Compiler for C supports arguments -Wno-strict-aliasing: YES (cached)
Compiler for C supports arguments -Wdisabled-optimization: YES (cached)
Compiler for C supports arguments -Waggregate-return: YES (cached)
Compiler for C supports arguments -Wbad-function-cast: YES (cached)
Library atomic found: YES
Message: drivers/net/sfc: Defining dependency "net_sfc"
Message: drivers/net/softnic: Defining dependency "net_softnic"
Header "linux/pkt_cls.h" has symbol "TCA_FLOWER_ACT" : YES 
Run-time dependency libbpf found: NO (tried pkgconfig)
Message: net/tap: no RSS support missing libbpf
Message: drivers/net/tap: Defining dependency "net_tap"
Compiler for C supports arguments -fno-prefetch-loop-arrays: YES 
Compiler for C supports arguments -Wno-maybe-uninitialized: YES (cached)
Message: drivers/net/thunderx: Defining dependency "net_thunderx"
Message: drivers/net/txgbe: Defining dependency "net_txgbe"
Compiler for C supports arguments -D_BSD_SOURCE: YES (cached)
Compiler for C supports arguments -D_DEFAULT_SOURCE: YES (cached)
Compiler for C supports arguments -D_XOPEN_SOURCE=600: YES (cached)
Message: drivers/net/vdev_netvsc: Defining dependency "net_vdev_netvsc"
Message: drivers/net/vhost: Defining dependency "net_vhost"
Message: drivers/net/virtio: Defining dependency "net_virtio"
Compiler for C supports arguments -Wno-unused-parameter: YES (cached)
Compiler for C supports arguments -Wno-unused-value: YES (cached)
Compiler for C supports arguments -Wno-strict-aliasing: YES (cached)
Compiler for C supports arguments -Wno-format-extra-args: YES (cached)
Message: drivers/net/vmxnet3: Defining dependency "net_vmxnet3"
Message: drivers/net/xsc: Defining dependency "net_xsc"
Message: drivers/net/zxdh: Defining dependency "net_zxdh"
Message: drivers/raw/cnxk_bphy: Defining dependency "raw_cnxk_bphy"
Message: drivers/raw/cnxk_gpio: Defining dependency "raw_cnxk_gpio"
Message: drivers/raw/cnxk_rvu_lf: Defining dependency "raw_cnxk_rvu_lf"
Message: drivers/raw/dpaa2_cmdif: Defining dependency "raw_dpaa2_cmdif"
Message: drivers/raw/gdtc: Defining dependency "raw_gdtc"
Message: drivers/raw/ntb: Defining dependency "raw_ntb"
Message: drivers/raw/skeleton: Defining dependency "raw_skeleton"
Run-time dependency libaarch64crypto found: NO (tried pkgconfig)
Message: drivers/crypto/bcmfs: Defining dependency "crypto_bcmfs"
Message: drivers/crypto/caam_jr: Defining dependency "crypto_caam_jr"
Run-time dependency libcrypto found: NO (tried pkgconfig)
Message: drivers/crypto/cnxk: Defining dependency "crypto_cnxk"
Message: drivers/crypto/dpaa_sec: Defining dependency "crypto_dpaa_sec"
Message: drivers/crypto/dpaa2_sec: Defining dependency "crypto_dpaa2_sec"
Message: drivers/crypto/ionic: Defining dependency "crypto_ionic"
Library IPSec_MB found: NO
Message: Disabling mlx5 [drivers/crypto/mlx5]: missing internal dependency "common_mlx5"
Run-time dependency libmusdk found: NO (tried pkgconfig)
Message: drivers/crypto/nitrox: Defining dependency "crypto_nitrox"
Message: drivers/crypto/null: Defining dependency "crypto_null"
Message: drivers/crypto/octeontx: Defining dependency "crypto_octeontx"
Run-time dependency libcrypto found: NO (tried pkgconfig)
Message: drivers/crypto/scheduler: Defining dependency "crypto_scheduler"
Run-time dependency libwd_crypto found: NO (tried pkgconfig)
Run-time dependency libwd found: NO (tried pkgconfig)
Message: drivers/crypto/virtio: Defining dependency "crypto_virtio"
Run-time dependency libisal found: NO (tried pkgconfig)
Message: Disabling mlx5 [drivers/compress/mlx5]: missing internal dependency "common_mlx5"
Message: drivers/compress/nitrox: Defining dependency "compress_nitrox"
Message: drivers/compress/octeontx: Defining dependency "compress_octeontx"
Run-time dependency libwd_comp found: NO (tried pkgconfig)
Run-time dependency libwd found: NO (tried pkgconfig)
Run-time dependency zlib found: NO (tried pkgconfig)
Message: Disabling mlx5 [drivers/regex/mlx5]: missing internal dependency "common_mlx5"
Message: drivers/regex/cn9k: Defining dependency "regex_cn9k"
Message: drivers/ml/cnxk: libarchive not found
Message: drivers/ml/cnxk: jansson not found
Run-time dependency dlpack found: NO (tried cmake)
Message: drivers/ml/cnxk: dlpack not found
Run-time dependency dmlc found: NO (tried cmake)
Message: drivers/ml/cnxk: dmlc not found
Run-time dependency tvm found: NO (tried cmake)
Message: drivers/ml/cnxk: tvm_runtime not found
Run-time dependency tvmdp found: NO (tried pkgconfig)
Message: drivers/ml/cnxk: tvmdp not found
Message: drivers/ml/cnxk: Disabled TVM model support
Message: drivers/ml/cnxk: Defining dependency "ml_cnxk"
Message: drivers/vdpa/ifc: Defining dependency "vdpa_ifc"
Message: Disabling mlx5 [drivers/vdpa/mlx5]: missing internal dependency "common_mlx5"
Message: drivers/vdpa/nfp: Defining dependency "vdpa_nfp"
Message: drivers/vdpa/sfc: Defining dependency "vdpa_sfc"
Compiler for C supports arguments -flax-vector-conversions: YES (cached)
Compiler for C supports arguments -Wno-strict-aliasing: YES (cached)
Message: drivers/event/cnxk: Defining dependency "event_cnxk"
Message: drivers/event/dlb2: Defining dependency "event_dlb2"
Message: drivers/event/dpaa: Defining dependency "event_dpaa"
Message: drivers/event/dpaa2: Defining dependency "event_dpaa2"
Compiler for C supports arguments -Wno-format-nonliteral: YES (cached)
Message: drivers/event/dsw: Defining dependency "event_dsw"
Message: drivers/event/opdl: Defining dependency "event_opdl"
Message: drivers/event/skeleton: Defining dependency "event_skeleton"
Message: drivers/event/sw: Defining dependency "event_sw"
Message: drivers/event/octeontx: Defining dependency "event_octeontx"
Run-time dependency flexran_sdk_ldpc_decoder_5gnr found: NO (tried pkgconfig and cmake)
Message: drivers/baseband/acc: Defining dependency "baseband_acc"
Message: drivers/baseband/fpga_5gnr_fec: Defining dependency "baseband_fpga_5gnr_fec"
Message: drivers/baseband/fpga_lte_fec: Defining dependency "baseband_fpga_lte_fec"
Message: drivers/baseband/la12xx: Defining dependency "baseband_la12xx"
Message: drivers/baseband/null: Defining dependency "baseband_null"
Run-time dependency flexran_sdk_turbo found: NO (tried pkgconfig and cmake)
Run-time dependency flexran_sdk_ldpc_decoder_5gnr found: NO (tried pkgconfig and cmake)
Message: drivers/baseband/turbo_sw: Defining dependency "baseband_turbo_sw"
Has header "cuda.h" : NO 
Message: drivers/power/acpi: Defining dependency "power_acpi"
Message: drivers/power/amd_pstate: Defining dependency "power_amd_pstate"
Library e_smi64 found: NO
Message: drivers/power/cppc: Defining dependency "power_cppc"
Message: drivers/power/intel_pstate: Defining dependency "power_intel_pstate"
Message: drivers/power/intel_uncore: Defining dependency "power_intel_uncore"
Message: drivers/power/kvm_vm: Defining dependency "power_kvm_vm"
Has header "sys/epoll.h" : YES 
Run-time dependency zlib found: NO (tried pkgconfig)
Message: Skipping test file test_compressdev.c due to missing external dependency zlib
Run-time dependency pcap found: NO (tried pkgconfig)
Message: Skipping test file test_pcapng.c due to missing external dependency pcap
Compiler for C supports arguments -fno-strict-aliasing: YES (cached)
Compiler for C supports arguments -Wno-format-truncation: YES (cached)
Message: hugepage availability: false
app/test/suites/meson.build:37: WARNING: Test "cryptodev_crosscheck" is not defined in any test suite
app/test/suites/meson.build:37: WARNING: Test "ethdev_api" is not defined in any test suite
app/test/suites/meson.build:37: WARNING: Test "event_crypto_adapter_autotest" is not defined in any test suite
app/test/suites/meson.build:37: WARNING: Test "event_eth_rx_adapter_autotest" is not defined in any test suite
app/test/suites/meson.build:37: WARNING: Test "event_eth_rx_intr_adapter_autotest" is not defined in any test suite
app/test/suites/meson.build:37: WARNING: Test "event_timer_adapter_test" is not defined in any test suite
app/test/suites/meson.build:37: WARNING: Test "external_mem_autotest" is not defined in any test suite
app/test/suites/meson.build:37: WARNING: Test "ipsec_sad_autotest" is not defined in any test suite
app/test/suites/meson.build:37: WARNING: Test "power_caps_autotest" is not defined in any test suite
app/test/suites/meson.build:37: WARNING: Test "red_autotest" is not defined in any test suite
app/test/suites/meson.build:37: WARNING: Test "inline_macsec_autotest" is not defined in any test suite
app/test/suites/meson.build:37: WARNING: Test "inline_ipsec_autotest" is not defined in any test suite
app/test/suites/meson.build:37: WARNING: Test "inline_ipsec_sg_autotest" is not defined in any test suite
app/test/suites/meson.build:37: WARNING: Test "event_inline_ipsec_autotest" is not defined in any test suite
app/test/suites/meson.build:37: WARNING: Test "timer_secondary_autotest" is not defined in any test suite
Program test_telemetry.sh found: YES (/home-local/jenkins-local/jenkins-agent/workspace/Apply-Custom-Patch-Set-Pipeline/dpdk/app/test/suites/test_telemetry.sh)
Program doxygen found: NO

doc/api/meson.build:4:10: ERROR: Program 'doxygen' not found or not executable

A full log can be found at /home-local/jenkins-local/jenkins-agent/workspace/Apply-Custom-Patch-Set-Pipeline/dpdk/build/meson-logs/meson-log.txt


Test build failed.
Trying to checkout branch: origin/main
Checked out to main (ab79c1ba245646055cac3a3c6ec3544b217c6751)
Applying patch...

Applying: app/testpmd: allow multiple cmdline-file parameters


Running Check Meson
Processing meson.build
Processing buildtools/meson.build
Processing buildtools/chkincs/meson.build
Processing buildtools/pkg-config/meson.build
Processing buildtools/subproject/meson.build
Processing usertools/meson.build
Processing lib/meson.build
Processing lib/fib/meson.build
Processing lib/mbuf/meson.build
Processing lib/pcapng/meson.build
Processing lib/graph/meson.build
Processing lib/pci/meson.build
Processing lib/reorder/meson.build
Processing lib/power/meson.build
Processing lib/pdump/meson.build
Processing lib/stack/meson.build
Processing lib/pmu/meson.build
Processing lib/eventdev/meson.build
Processing lib/rib/meson.build
Processing lib/net/meson.build
Processing lib/dmadev/meson.build
Processing lib/distributor/meson.build
Processing lib/rcu/meson.build
Processing lib/table/meson.build
Processing lib/member/meson.build
Processing lib/latencystats/meson.build
Processing lib/ring/meson.build
Processing lib/ethdev/meson.build
Processing lib/gro/meson.build
Processing lib/kvargs/meson.build
Processing lib/hash/meson.build
Processing lib/sched/meson.build
Processing lib/argparse/meson.build
Processing lib/compressdev/meson.build
Processing lib/rawdev/meson.build
Processing lib/vhost/meson.build
Processing lib/acl/meson.build
Processing lib/ip_frag/meson.build
Processing lib/cryptodev/meson.build
Processing lib/lpm/meson.build
Processing lib/cmdline/meson.build
Processing lib/dispatcher/meson.build
Processing lib/efd/meson.build
Processing lib/metrics/meson.build
Processing lib/pipeline/meson.build
Processing lib/ptr_compress/meson.build
Processing lib/regexdev/meson.build
Processing lib/bitratestats/meson.build
Processing lib/timer/meson.build
Processing lib/bbdev/meson.build
Processing lib/meter/meson.build
Processing lib/ipsec/meson.build
Processing lib/mldev/meson.build
Processing lib/gso/meson.build
Processing lib/pdcp/meson.build
Processing lib/jobstats/meson.build
Processing lib/cfgfile/meson.build
Processing lib/mempool/meson.build
Processing lib/port/meson.build
Processing lib/gpudev/meson.build
Processing lib/log/meson.build
Processing lib/telemetry/meson.build
Processing lib/security/meson.build
Processing lib/eal/meson.build
Processing lib/eal/riscv/meson.build
Processing lib/eal/riscv/include/meson.build
Processing lib/eal/x86/meson.build
Processing lib/eal/x86/include/meson.build
Processing lib/eal/ppc/meson.build
Processing lib/eal/ppc/include/meson.build
Processing lib/eal/arm/meson.build
Processing lib/eal/arm/include/meson.build
Processing lib/eal/loongarch/meson.build
Processing lib/eal/loongarch/include/meson.build
Processing lib/eal/freebsd/meson.build
Processing lib/eal/freebsd/include/meson.build
Processing lib/eal/windows/meson.build
Processing lib/eal/windows/include/meson.build
Processing lib/eal/linux/meson.build
Processing lib/eal/linux/include/meson.build
Processing lib/eal/common/meson.build
Processing lib/eal/unix/meson.build
Processing lib/eal/include/meson.build
Processing lib/node/meson.build
Processing lib/bpf/meson.build
Processing app/meson.build
Processing app/graph/meson.build
Processing app/test-regex/meson.build
Processing app/pdump/meson.build
Processing app/test-flow-perf/meson.build
Processing app/test-crypto-perf/meson.build
Processing app/test-sad/meson.build
Processing app/test-cmdline/meson.build
Processing app/test-fib/meson.build
Processing app/test-acl/meson.build
Processing app/test-bbdev/meson.build
Processing app/test-eventdev/meson.build
Processing app/test-security-perf/meson.build
Processing app/test-gpudev/meson.build
Processing app/test/meson.build
Processing app/test/suites/meson.build
Processing app/test/test_cfgfiles/meson.build
Processing app/test-compress-perf/meson.build
Processing app/test-mldev/meson.build
Processing app/proc-info/meson.build
Processing app/test-pmd/meson.build
Processing app/dumpcap/meson.build
Processing app/test-dma-perf/meson.build
Processing app/test-pipeline/meson.build
Processing drivers/meson.build
Processing drivers/power/meson.build
Processing drivers/power/amd_uncore/meson.build
Processing drivers/power/intel_uncore/meson.build
Processing drivers/power/kvm_vm/meson.build
Processing drivers/power/intel_pstate/meson.build
Processing drivers/power/amd_pstate/meson.build
Processing drivers/power/acpi/meson.build
Processing drivers/power/cppc/meson.build
Processing drivers/net/meson.build
Processing drivers/net/hinic/meson.build
Processing drivers/net/hinic/base/meson.build
Processing drivers/net/hns3/meson.build
Processing drivers/net/ark/meson.build
Processing drivers/net/avp/meson.build
Processing drivers/net/bnxt/meson.build
Processing drivers/net/bnxt/tf_ulp/meson.build
Processing drivers/net/bnxt/tf_ulp/generic_templates/meson.build
Processing drivers/net/bnxt/tf_core/meson.build
Processing drivers/net/bnxt/tf_core/v3/meson.build
Processing drivers/net/bnxt/hcapi/cfa/meson.build
Processing drivers/net/bnxt/hcapi/cfa_v3/meson.build
Processing drivers/net/ntnic/meson.build
Processing drivers/net/cxgbe/meson.build
Processing drivers/net/bonding/meson.build
Processing drivers/net/dpaa/meson.build
Processing drivers/net/octeon_ep/meson.build
Processing drivers/net/mlx5/meson.build
Processing drivers/net/mlx5/hws/meson.build
Processing drivers/net/mlx5/windows/meson.build
Processing drivers/net/mlx5/linux/meson.build
Processing drivers/net/vdev_netvsc/meson.build
Processing drivers/net/null/meson.build
Processing drivers/net/netvsc/meson.build
Processing drivers/net/ring/meson.build
Processing drivers/net/ena/meson.build
Processing drivers/net/enic/meson.build
Processing drivers/net/xsc/meson.build
Processing drivers/net/softnic/meson.build
Processing drivers/net/mana/meson.build
Processing drivers/net/thunderx/meson.build
Processing drivers/net/thunderx/base/meson.build
Processing drivers/net/failsafe/meson.build
Processing drivers/net/vhost/meson.build
Processing drivers/net/rnp/meson.build
Processing drivers/net/rnp/base/meson.build
Processing drivers/net/atlantic/meson.build
Processing drivers/net/vmxnet3/meson.build
Processing drivers/net/ionic/meson.build
Processing drivers/net/intel/i40e/meson.build
Processing drivers/net/intel/i40e/base/meson.build
Processing drivers/net/intel/idpf/meson.build
Processing drivers/net/intel/idpf/base/meson.build
Processing drivers/net/intel/ixgbe/meson.build
Processing drivers/net/intel/ixgbe/base/meson.build
Processing drivers/net/intel/e1000/meson.build
Processing drivers/net/intel/e1000/base/meson.build
Processing drivers/net/intel/iavf/meson.build
Processing drivers/net/intel/fm10k/meson.build
Processing drivers/net/intel/fm10k/base/meson.build
Processing drivers/net/intel/ipn3ke/meson.build
Processing drivers/net/intel/ice/meson.build
Processing drivers/net/intel/ice/base/meson.build
Processing drivers/net/intel/cpfl/meson.build
Processing drivers/net/bnx2x/meson.build
Processing drivers/net/af_packet/meson.build
Processing drivers/net/octeontx/meson.build
Processing drivers/net/octeontx/base/meson.build
Processing drivers/net/mvneta/meson.build
Processing drivers/net/r8169/meson.build
Processing drivers/net/txgbe/meson.build
Processing drivers/net/txgbe/base/meson.build
Processing drivers/net/tap/meson.build
Processing drivers/net/tap/bpf/meson.build
Processing drivers/net/nfb/meson.build
Processing drivers/net/sfc/meson.build
Processing drivers/net/enetc/meson.build
Processing drivers/net/pcap/meson.build
Processing drivers/net/mlx4/meson.build
Processing drivers/net/memif/meson.build
Processing drivers/net/nfp/meson.build
Processing drivers/net/enetfec/meson.build
Processing drivers/net/zxdh/meson.build
Processing drivers/net/ngbe/meson.build
Processing drivers/net/ngbe/base/meson.build
Processing drivers/net/dpaa2/meson.build
Processing drivers/net/cnxk/meson.build
Processing drivers/net/qede/meson.build
Processing drivers/net/qede/base/meson.build
Processing drivers/net/virtio/meson.build
Processing drivers/net/gve/meson.build
Processing drivers/net/af_xdp/meson.build
Processing drivers/net/axgbe/meson.build
Processing drivers/net/mvpp2/meson.build
Processing drivers/net/pfe/meson.build
Processing drivers/bus/meson.build
Processing drivers/bus/auxiliary/meson.build
Processing drivers/bus/pci/meson.build
Processing drivers/bus/vmbus/meson.build
Processing drivers/bus/dpaa/meson.build
Processing drivers/bus/cdx/meson.build
Processing drivers/bus/vdev/meson.build
Processing drivers/bus/uacce/meson.build
Processing drivers/bus/platform/meson.build
Processing drivers/bus/fslmc/meson.build
Processing drivers/bus/ifpga/meson.build
Processing drivers/vdpa/meson.build
Processing drivers/vdpa/mlx5/meson.build
Processing drivers/vdpa/sfc/meson.build
Processing drivers/vdpa/nfp/meson.build
Processing drivers/vdpa/ifc/meson.build
Processing drivers/gpu/meson.build
Processing drivers/gpu/cuda/meson.build
Processing drivers/regex/meson.build
Processing drivers/regex/mlx5/meson.build
Processing drivers/regex/cn9k/meson.build
Processing drivers/common/meson.build
Processing drivers/common/dpaax/meson.build
Processing drivers/common/zsda/meson.build
Processing drivers/common/nitrox/meson.build
Processing drivers/common/mlx5/meson.build
Processing drivers/common/mlx5/windows/meson.build
Processing drivers/common/mlx5/linux/meson.build
Processing drivers/common/sfc_efx/meson.build
Processing drivers/common/sfc_efx/base/meson.build
Processing drivers/common/cpt/meson.build
Processing drivers/common/qat/meson.build
Processing drivers/common/ionic/meson.build
Processing drivers/common/mvep/meson.build
Processing drivers/common/octeontx/meson.build
Processing drivers/common/nfp/meson.build
Processing drivers/common/cnxk/meson.build
Processing drivers/crypto/meson.build
Processing drivers/crypto/nitrox/meson.build
Processing drivers/crypto/mlx5/meson.build
Processing drivers/crypto/dpaa_sec/meson.build
Processing drivers/crypto/bcmfs/meson.build
Processing drivers/crypto/null/meson.build
Processing drivers/crypto/dpaa2_sec/meson.build
Processing drivers/crypto/ipsec_mb/meson.build
Processing drivers/crypto/caam_jr/meson.build
Processing drivers/crypto/openssl/meson.build
Processing drivers/crypto/ionic/meson.build
Processing drivers/crypto/octeontx/meson.build
Processing drivers/crypto/ccp/meson.build
Processing drivers/crypto/uadk/meson.build
Processing drivers/crypto/cnxk/meson.build
Processing drivers/crypto/scheduler/meson.build
Processing drivers/crypto/virtio/meson.build
Processing drivers/crypto/armv8/meson.build
Processing drivers/crypto/mvsam/meson.build
Processing drivers/baseband/meson.build
Processing drivers/baseband/la12xx/meson.build
Processing drivers/baseband/null/meson.build
Processing drivers/baseband/fpga_5gnr_fec/meson.build
Processing drivers/baseband/acc/meson.build
Processing drivers/baseband/turbo_sw/meson.build
Processing drivers/baseband/fpga_lte_fec/meson.build
Processing drivers/event/meson.build
Processing drivers/event/dlb2/meson.build
Processing drivers/event/dpaa/meson.build
Processing drivers/event/skeleton/meson.build
Processing drivers/event/sw/meson.build
Processing drivers/event/octeontx/meson.build
Processing drivers/event/dpaa2/meson.build
Processing drivers/event/cnxk/meson.build
Processing drivers/event/dsw/meson.build
Processing drivers/event/opdl/meson.build
Processing drivers/dma/meson.build
Processing drivers/dma/dpaa/meson.build
Processing drivers/dma/skeleton/meson.build
Processing drivers/dma/odm/meson.build
Processing drivers/dma/ioat/meson.build
Processing drivers/dma/idxd/meson.build
Processing drivers/dma/hisilicon/meson.build
Processing drivers/dma/dpaa2/meson.build
Processing drivers/dma/cnxk/meson.build
Processing drivers/raw/meson.build
Processing drivers/raw/cnxk_rvu_lf/meson.build
Processing drivers/raw/skeleton/meson.build
Processing drivers/raw/ntb/meson.build
Processing drivers/raw/cnxk_gpio/meson.build
Processing drivers/raw/cnxk_bphy/meson.build
Processing drivers/raw/ifpga/meson.build
Processing drivers/raw/ifpga/base/meson.build
Processing drivers/raw/gdtc/meson.build
Processing drivers/raw/dpaa2_cmdif/meson.build
Processing drivers/ml/meson.build
Processing drivers/ml/cnxk/meson.build
Processing drivers/compress/meson.build
Processing drivers/compress/nitrox/meson.build
Processing drivers/compress/mlx5/meson.build
Processing drivers/compress/zlib/meson.build
Processing drivers/compress/octeontx/meson.build
Processing drivers/compress/uadk/meson.build
Processing drivers/compress/isal/meson.build
Processing drivers/mempool/meson.build
Processing drivers/mempool/stack/meson.build
Processing drivers/mempool/dpaa/meson.build
Processing drivers/mempool/ring/meson.build
Processing drivers/mempool/bucket/meson.build
Processing drivers/mempool/octeontx/meson.build
Processing drivers/mempool/dpaa2/meson.build
Processing drivers/mempool/cnxk/meson.build
Processing kernel/meson.build
Processing kernel/freebsd/meson.build
Processing kernel/freebsd/contigmem/meson.build
Processing kernel/freebsd/nic_uio/meson.build
Processing doc/meson.build
Processing doc/guides/meson.build
Processing doc/api/meson.build
Processing doc/api/dts/meson.build
Processing config/meson.build
Processing config/riscv/meson.build
Processing config/x86/meson.build
Processing config/ppc/meson.build
Processing config/arm/meson.build
Processing config/loongarch/meson.build
Processing examples/meson.build
Processing examples/l2fwd-crypto/meson.build
Processing examples/bbdev_app/meson.build
Processing examples/l2fwd/meson.build
Processing examples/vmdq/meson.build
Processing examples/qos_meter/meson.build
Processing examples/distributor/meson.build
Processing examples/skeleton/meson.build
Processing examples/link_status_interrupt/meson.build
Processing examples/l2fwd-cat/meson.build
Processing examples/l2fwd-keepalive/meson.build
Processing examples/ipv4_multicast/meson.build
Processing examples/l2fwd-jobstats/meson.build
Processing examples/vdpa/meson.build
Processing examples/vm_power_manager/meson.build
Processing examples/vm_power_manager/guest_cli/meson.build
Processing examples/helloworld/meson.build
Processing examples/flow_filtering/meson.build
Processing examples/eventdev_pipeline/meson.build
Processing examples/fips_validation/meson.build
Processing examples/l3fwd-graph/meson.build
Processing examples/ntb/meson.build
Processing examples/vhost/meson.build
Processing examples/ipsec-secgw/meson.build
Processing examples/ethtool/meson.build
Processing examples/vhost_blk/meson.build
Processing examples/vmdq_dcb/meson.build
Processing examples/l2fwd-macsec/meson.build
Processing examples/cmdline/meson.build
Processing examples/l2fwd-event/meson.build
Processing examples/server_node_efd/efd_server/meson.build
Processing examples/server_node_efd/efd_node/meson.build
Processing examples/bond/meson.build
Processing examples/l3fwd/meson.build
Processing examples/ptpclient/meson.build
Processing examples/ip_pipeline/meson.build
Processing examples/service_cores/meson.build
Processing examples/pipeline/meson.build
Processing examples/ip_fragmentation/meson.build
Processing examples/dma/meson.build
Processing examples/l3fwd-power/meson.build
Processing examples/qos_sched/meson.build
Processing examples/rxtx_callbacks/meson.build
Processing examples/timer/meson.build
Processing examples/multi_process/symmetric_mp/meson.build
Processing examples/multi_process/simple_mp/meson.build
Processing examples/multi_process/hotplug_mp/meson.build
Processing examples/multi_process/client_server_mp/mp_client/meson.build
Processing examples/multi_process/client_server_mp/mp_server/meson.build
Processing examples/packet_ordering/meson.build
Processing examples/ip_reassembly/meson.build
Processing examples/vhost_crypto/meson.build


Running test build...
The Meson build system
Version: 1.3.2
Source dir: /home-local/jenkins-local/jenkins-agent/workspace/Apply-Custom-Patch-Set-Pipeline/dpdk
Build dir: /home-local/jenkins-local/jenkins-agent/workspace/Apply-Custom-Patch-Set-Pipeline/dpdk/build
Build type: native build
Project name: DPDK
Project version: 25.07.0-rc2
C compiler for the host machine: cc (gcc 13.3.0 "cc (Ubuntu 13.3.0-6ubuntu2~24.04) 13.3.0")
C linker for the host machine: cc ld.bfd 2.42
Host machine cpu family: x86_64
Host machine cpu: x86_64
Message: ## Building in Developer Mode ##
Program pkg-config pkgconf found: NO
Program check-symbols.sh found: YES (/home-local/jenkins-local/jenkins-agent/workspace/Apply-Custom-Patch-Set-Pipeline/dpdk/buildtools/check-symbols.sh)
Program options-ibverbs-static.sh found: YES (/home-local/jenkins-local/jenkins-agent/workspace/Apply-Custom-Patch-Set-Pipeline/dpdk/buildtools/options-ibverbs-static.sh)
Program python3 found: YES (/usr/bin/python3)
Program python3 (elftools) found: YES (/usr/bin/python3) modules: elftools
Message: Minimum Meson required version is 0.57.2
Program cat found: YES (/usr/bin/cat)
Compiler for C supports arguments -march=native: YES 
Checking for size of "void *" : 8 
Checking for size of "void *" : 8 (cached)
Compiler for C supports link arguments -Wl,--undefined-version: YES 
Library m found: YES
Library numa found: YES
Has header "numaif.h" : YES 
Library fdt found: NO
Library execinfo found: NO
Has header "execinfo.h" : YES 
Did not find pkg-config by name 'pkg-config'
Found pkg-config: NO
Run-time dependency libarchive found: NO (tried pkgconfig)
Run-time dependency libbsd found: NO (tried pkgconfig)
Run-time dependency jansson found: NO (tried pkgconfig)
Run-time dependency openssl found: NO (tried pkgconfig)
Run-time dependency libpcap found: NO (tried pkgconfig)
Library pcap found: NO
Compiler for C supports arguments -Wvla: YES 
Compiler for C supports arguments -Wcast-qual: YES 
Compiler for C supports arguments -Wdeprecated: YES 
Compiler for C supports arguments -Wformat: YES 
Compiler for C supports arguments -Wformat-nonliteral: YES 
Compiler for C supports arguments -Wformat-security: YES 
Compiler for C supports arguments -Wmissing-declarations: YES 
Compiler for C supports arguments -Wmissing-prototypes: YES 
Compiler for C supports arguments -Wnested-externs: YES 
Compiler for C supports arguments -Wold-style-definition: YES 
Compiler for C supports arguments -Wpointer-arith: YES 
Compiler for C supports arguments -Wsign-compare: YES 
Compiler for C supports arguments -Wstrict-prototypes: YES 
Compiler for C supports arguments -Wundef: YES 
Compiler for C supports arguments -Wwrite-strings: YES 
Compiler for C supports arguments -Wno-packed-not-aligned: YES 
Compiler for C supports arguments -Wno-missing-field-initializers: YES 
Compiler for C supports arguments -fzero-init-padding-bits=all: NO 
Fetching value of define "__AVX2__" : 1 
Fetching value of define "__znver1__" : (undefined) 
Fetching value of define "__znver2__" : (undefined) 
Fetching value of define "__znver3__" : (undefined) 
Fetching value of define "__znver4__" : (undefined) 
Fetching value of define "__znver5__" : (undefined) 
Program objdump found: YES (/usr/bin/objdump)
Compiler for C supports arguments -march=x86-64-v4: YES 
Fetching value of define "__AVX512F__" : 1 
Compiler for C supports arguments -march=x86-64-v4: YES (cached)
Checking if "AVX512 checking" compiles: YES 
Fetching value of define "__AVX512F__" : 1 
Message: Extra C flags needed for AVX2 output: []
Message: Extra C flags needed for AVX512 output: []
Fetching value of define "__SSE4_2__" : 1 
Fetching value of define "__AES__" : 1 
Fetching value of define "__AVX__" : 1 
Fetching value of define "__AVX2__" : 1 
Fetching value of define "__AVX512BW__" : 1 
Fetching value of define "__AVX512CD__" : 1 
Fetching value of define "__AVX512DQ__" : 1 
Fetching value of define "__AVX512F__" : 1 
Fetching value of define "__AVX512VL__" : 1 
Fetching value of define "__PCLMUL__" : 1 
Fetching value of define "__RDRND__" : 1 
Fetching value of define "__RDSEED__" : 1 
Fetching value of define "__VPCLMULQDQ__" : (undefined) 
Compiler for C supports arguments -Wno-format-truncation: YES 
Message: lib/log: Defining dependency "log"
Message: lib/kvargs: Defining dependency "kvargs"
Message: lib/argparse: Defining dependency "argparse"
Message: lib/telemetry: Defining dependency "telemetry"
Message: lib/pmu: Defining dependency "pmu"
Checking for function "pthread_attr_setaffinity_np" : YES 
Checking for function "getentropy" : NO 
Message: lib/eal: Defining dependency "eal"
Message: lib/ptr_compress: Defining dependency "ptr_compress"
Message: lib/ring: Defining dependency "ring"
Message: lib/rcu: Defining dependency "rcu"
Message: lib/mempool: Defining dependency "mempool"
Message: lib/mbuf: Defining dependency "mbuf"
Compiler for C supports arguments -mpclmul: YES 
Compiler for C supports arguments -maes: YES 
Compiler for C supports arguments -mvpclmulqdq: YES 
Message: lib/net: Defining dependency "net"
Message: lib/meter: Defining dependency "meter"
Message: lib/ethdev: Defining dependency "ethdev"
Message: lib/pci: Defining dependency "pci"
Message: lib/cmdline: Defining dependency "cmdline"
Message: lib/metrics: Defining dependency "metrics"
Message: lib/hash: Defining dependency "hash"
Message: lib/timer: Defining dependency "timer"
Message: lib/acl: Defining dependency "acl"
Message: lib/bbdev: Defining dependency "bbdev"
Message: lib/bitratestats: Defining dependency "bitratestats"
Run-time dependency libelf found: NO (tried pkgconfig)
lib/bpf/meson.build:44: WARNING: libelf is missing, rte_bpf_elf_load API will be disabled
lib/bpf/meson.build:51: WARNING: libpcap is missing, rte_bpf_convert API will be disabled
Message: lib/bpf: Defining dependency "bpf"
Message: lib/cfgfile: Defining dependency "cfgfile"
Message: lib/compressdev: Defining dependency "compressdev"
Message: lib/cryptodev: Defining dependency "cryptodev"
Message: lib/distributor: Defining dependency "distributor"
Message: lib/dmadev: Defining dependency "dmadev"
Message: lib/efd: Defining dependency "efd"
Message: lib/eventdev: Defining dependency "eventdev"
Message: lib/dispatcher: Defining dependency "dispatcher"
Message: lib/gpudev: Defining dependency "gpudev"
Message: lib/gro: Defining dependency "gro"
Message: lib/gso: Defining dependency "gso"
Message: lib/ip_frag: Defining dependency "ip_frag"
Message: lib/jobstats: Defining dependency "jobstats"
Message: lib/latencystats: Defining dependency "latencystats"
Message: lib/lpm: Defining dependency "lpm"
Compiler for C supports arguments -mavx512ifma: YES 
Message: lib/member: Defining dependency "member"
Message: lib/pcapng: Defining dependency "pcapng"
Message: lib/power: Defining dependency "power"
Message: lib/rawdev: Defining dependency "rawdev"
Message: lib/regexdev: Defining dependency "regexdev"
Message: lib/mldev: Defining dependency "mldev"
Message: lib/rib: Defining dependency "rib"
Message: lib/reorder: Defining dependency "reorder"
Message: lib/sched: Defining dependency "sched"
Message: lib/security: Defining dependency "security"
Message: lib/stack: Defining dependency "stack"
Has header "linux/userfaultfd.h" : YES 
Compiler for C supports arguments -fno-strict-aliasing: YES 
Compiler for C supports arguments -Wno-address-of-packed-member: YES 
Message: lib/vhost: Defining dependency "vhost"
Message: lib/ipsec: Defining dependency "ipsec"
Message: lib/pdcp: Defining dependency "pdcp"
Message: lib/fib: Defining dependency "fib"
Message: lib/port: Defining dependency "port"
Message: lib/pdump: Defining dependency "pdump"
Message: lib/table: Defining dependency "table"
Message: lib/pipeline: Defining dependency "pipeline"
Message: lib/graph: Defining dependency "graph"
Message: lib/node: Defining dependency "node"
Compiler for C supports arguments -Wno-format-truncation: YES (cached)
Compiler for C supports arguments -Wno-address-of-packed-member: YES (cached)
Message: drivers/common/cpt: Defining dependency "common_cpt"
Compiler for C supports arguments -Wno-cast-qual: YES 
Compiler for C supports arguments -Wno-pointer-arith: YES 
Message: drivers/common/dpaax: Defining dependency "common_dpaax"
Message: drivers/common/ionic: Defining dependency "common_ionic"
Run-time dependency libmusdk found: NO (tried pkgconfig)
Message: drivers/common/octeontx: Defining dependency "common_octeontx"
Message: drivers/bus/auxiliary: Defining dependency "bus_auxiliary"
Message: drivers/bus/cdx: Defining dependency "bus_cdx"
Compiler for C supports arguments -Wno-cast-qual: YES (cached)
Compiler for C supports arguments -Wno-pointer-arith: YES (cached)
Message: drivers/bus/dpaa: Defining dependency "bus_dpaa"
Message: drivers/bus/fslmc: Defining dependency "bus_fslmc"
Message: drivers/bus/ifpga: Defining dependency "bus_ifpga"
Message: drivers/bus/pci: Defining dependency "bus_pci"
Message: drivers/bus/platform: Defining dependency "bus_platform"
Message: drivers/bus/uacce: Defining dependency "bus_uacce"
Message: drivers/bus/vdev: Defining dependency "bus_vdev"
Message: drivers/bus/vmbus: Defining dependency "bus_vmbus"
Message: drivers/common/cnxk: Defining dependency "common_cnxk"
Compiler for C supports arguments -std=c11: YES 
Compiler for C supports arguments -Wno-strict-prototypes: YES 
Compiler for C supports arguments -D_BSD_SOURCE: YES 
Compiler for C supports arguments -D_DEFAULT_SOURCE: YES 
Compiler for C supports arguments -D_XOPEN_SOURCE=600: YES 
Run-time dependency libmlx5 found: NO (tried pkgconfig)
Library mlx5 found: NO
Configuring mlx5_autoconf.h using configuration
Message: drivers/common/nfp: Defining dependency "common_nfp"
Message: drivers/common/nitrox: Defining dependency "common_nitrox"
Run-time dependency libcrypto found: NO (tried pkgconfig)
Library IPSec_MB found: NO
Message: drivers/common/qat: Defining dependency "common_qat"
Compiler for C supports arguments -Wdisabled-optimization: YES 
Compiler for C supports arguments -Waggregate-return: YES 
Compiler for C supports arguments -Wbad-function-cast: YES 
Compiler for C supports arguments -Wno-sign-compare: YES 
Compiler for C supports arguments -Wno-unused-parameter: YES 
Compiler for C supports arguments -Wno-unused-variable: YES 
Compiler for C supports arguments -Wno-empty-body: YES 
Compiler for C supports arguments -Wno-unused-but-set-variable: YES 
Message: drivers/common/sfc_efx: Defining dependency "common_sfc_efx"
Message: drivers/common/zsda: Defining dependency "common_zsda"
Message: drivers/mempool/bucket: Defining dependency "mempool_bucket"
Message: drivers/mempool/cnxk: Defining dependency "mempool_cnxk"
Message: drivers/mempool/dpaa: Defining dependency "mempool_dpaa"
Message: drivers/mempool/dpaa2: Defining dependency "mempool_dpaa2"
Message: drivers/mempool/octeontx: Defining dependency "mempool_octeontx"
Message: drivers/mempool/ring: Defining dependency "mempool_ring"
Message: drivers/mempool/stack: Defining dependency "mempool_stack"
Compiler for C supports arguments -Wno-uninitialized: YES 
Message: drivers/dma/cnxk: Defining dependency "dma_cnxk"
Compiler for C supports arguments -Wno-pointer-arith: YES (cached)
Message: drivers/dma/dpaa: Defining dependency "dma_dpaa"
Compiler for C supports arguments -Wno-pointer-arith: YES (cached)
Message: drivers/dma/dpaa2: Defining dependency "dma_dpaa2"
Message: drivers/dma/hisilicon: Defining dependency "dma_hisilicon"
Message: drivers/dma/idxd: Defining dependency "dma_idxd"
Message: drivers/dma/ioat: Defining dependency "dma_ioat"
Message: drivers/dma/odm: Defining dependency "dma_odm"
Message: drivers/dma/skeleton: Defining dependency "dma_skeleton"
Message: drivers/net/af_packet: Defining dependency "net_af_packet"
Run-time dependency libxdp found: NO (tried pkgconfig)
Run-time dependency libbpf found: NO (tried pkgconfig)
Library bpf found: NO
Has header "linux/if_xdp.h" : YES 
Message: drivers/net/ark: Defining dependency "net_ark"
Message: drivers/net/atlantic: Defining dependency "net_atlantic"
Message: drivers/net/avp: Defining dependency "net_avp"
Message: drivers/net/axgbe: Defining dependency "net_axgbe"
Run-time dependency zlib found: NO (tried pkgconfig)
Compiler for C supports arguments -DSUPPORT_CFA_HW_P70=1: YES 
Compiler for C supports arguments -DSUPPORT_CFA_HW_P70=1: YES (cached)
Compiler for C supports arguments -DCFA_BLD_PRINT_OBJ=1: YES 
Message: drivers/net/bnxt: Defining dependency "net_bnxt"
Message: drivers/net/bonding: Defining dependency "net_bond"
Compiler for C supports arguments -flax-vector-conversions: YES 
Compiler for C supports arguments -Wno-strict-aliasing: YES 
Message: drivers/net/cnxk: Defining dependency "net_cnxk"
Message: drivers/net/cxgbe: Defining dependency "net_cxgbe"
Compiler for C supports arguments -Wno-pointer-arith: YES (cached)
Message: drivers/net/dpaa: Defining dependency "net_dpaa"
Message: drivers/net/dpaa2: Defining dependency "net_dpaa2"
Message: drivers/net/ena: Defining dependency "net_ena"
Message: drivers/net/enetc: Defining dependency "net_enetc"
Message: drivers/net/enetfec: Defining dependency "net_enetfec"
Message: drivers/net/enic: Defining dependency "net_enic"
Message: drivers/net/failsafe: Defining dependency "net_failsafe"
Message: drivers/net/gve: Defining dependency "net_gve"
Message: drivers/net/hinic: Defining dependency "net_hinic"
Message: drivers/net/hns3: Defining dependency "net_hns3"
Message: drivers/net/intel/e1000: Defining dependency "net_e1000"
Message: drivers/net/intel/fm10k: Defining dependency "net_fm10k"
Message: drivers/net/intel/i40e: Defining dependency "net_i40e"
Message: drivers/net/intel/iavf: Defining dependency "net_iavf"
Compiler for C supports arguments -Wno-unused-but-set-variable: YES (cached)
Compiler for C supports arguments -Wno-unused-parameter: YES (cached)
Compiler for C supports arguments -Wno-array-bounds: YES 
Message: drivers/net/intel/ice: Defining dependency "net_ice"
Message: drivers/net/intel/idpf: Defining dependency "net_idpf"
Message: drivers/net/intel/ixgbe: Defining dependency "net_ixgbe"
Message: drivers/net/intel/cpfl: Defining dependency "net_cpfl"
Message: drivers/net/ionic: Defining dependency "net_ionic"
Did not find CMake 'cmake'
Found CMake: NO
Run-time dependency libibverbs found: NO (tried pkgconfig and cmake)
Library ibverbs found: NO
Message: drivers/net/memif: Defining dependency "net_memif"
Run-time dependency libmlx4 found: NO (tried pkgconfig)
Library mlx4 found: NO
Message: Disabling mlx5 [drivers/net/mlx5]: missing internal dependency "common_mlx5"
Run-time dependency libmusdk found: NO (tried pkgconfig)
Run-time dependency libmusdk found: NO (tried pkgconfig)
Message: drivers/net/netvsc: Defining dependency "net_netvsc"
Run-time dependency netcope-common found: NO (tried pkgconfig)
Message: drivers/net/nfp: Defining dependency "net_nfp"
Message: drivers/net/ngbe: Defining dependency "net_ngbe"
Message: drivers/net/ntnic: Defining dependency "net_ntnic"
Message: drivers/net/null: Defining dependency "net_null"
Message: drivers/net/octeontx: Defining dependency "net_octeontx"
Compiler for C supports arguments -Wno-strict-aliasing: YES (cached)
Compiler for C supports arguments -flax-vector-conversions: YES (cached)
Message: drivers/net/octeon_ep: Defining dependency "net_octeon_ep"
Compiler for C supports arguments -Wno-pointer-arith: YES (cached)
Message: drivers/net/pfe: Defining dependency "net_pfe"
Compiler for C supports arguments -Wno-unused-parameter: YES (cached)
Compiler for C supports arguments -Wno-sign-compare: YES (cached)
Compiler for C supports arguments -Wno-missing-prototypes: YES 
Compiler for C supports arguments -Wno-cast-qual: YES (cached)
Compiler for C supports arguments -Wno-unused-function: YES 
Compiler for C supports arguments -Wno-unused-variable: YES (cached)
Compiler for C supports arguments -Wno-strict-aliasing: YES (cached)
Compiler for C supports arguments -Wno-missing-prototypes: YES (cached)
Compiler for C supports arguments -Wno-unused-value: YES 
Compiler for C supports arguments -Wno-format-nonliteral: YES 
Compiler for C supports arguments -Wno-shift-negative-value: YES 
Compiler for C supports arguments -Wno-unused-but-set-variable: YES (cached)
Compiler for C supports arguments -Wno-missing-declarations: YES 
Compiler for C supports arguments -Wno-maybe-uninitialized: YES 
Compiler for C supports arguments -Wno-strict-prototypes: YES (cached)
Compiler for C supports arguments -Wno-shift-negative-value: YES (cached)
Compiler for C supports arguments -Wno-implicit-fallthrough: YES 
Compiler for C supports arguments -Wno-format-extra-args: YES 
Compiler for C supports arguments -Wno-visibility: NO 
Compiler for C supports arguments -Wno-empty-body: YES (cached)
Compiler for C supports arguments -Wno-invalid-source-encoding: NO 
Compiler for C supports arguments -Wno-sometimes-uninitialized: NO 
Compiler for C supports arguments -Wno-pointer-bool-conversion: NO 
Compiler for C supports arguments -Wno-format-nonliteral: YES (cached)
Message: drivers/net/qede: Defining dependency "net_qede"
Message: drivers/net/r8169: Defining dependency "net_r8169"
Message: drivers/net/ring: Defining dependency "net_ring"
Message: drivers/net/rnp: Defining dependency "net_rnp"
Compiler for C supports arguments -Wno-strict-aliasing: YES (cached)
Compiler for C supports arguments -Wdisabled-optimization: YES (cached)
Compiler for C supports arguments -Waggregate-return: YES (cached)
Compiler for C supports arguments -Wbad-function-cast: YES (cached)
Library atomic found: YES
Message: drivers/net/sfc: Defining dependency "net_sfc"
Message: drivers/net/softnic: Defining dependency "net_softnic"
Header "linux/pkt_cls.h" has symbol "TCA_FLOWER_ACT" : YES 
Run-time dependency libbpf found: NO (tried pkgconfig)
Message: net/tap: no RSS support missing libbpf
Message: drivers/net/tap: Defining dependency "net_tap"
Compiler for C supports arguments -fno-prefetch-loop-arrays: YES 
Compiler for C supports arguments -Wno-maybe-uninitialized: YES (cached)
Message: drivers/net/thunderx: Defining dependency "net_thunderx"
Message: drivers/net/txgbe: Defining dependency "net_txgbe"
Compiler for C supports arguments -D_BSD_SOURCE: YES (cached)
Compiler for C supports arguments -D_DEFAULT_SOURCE: YES (cached)
Compiler for C supports arguments -D_XOPEN_SOURCE=600: YES (cached)
Message: drivers/net/vdev_netvsc: Defining dependency "net_vdev_netvsc"
Message: drivers/net/vhost: Defining dependency "net_vhost"
Message: drivers/net/virtio: Defining dependency "net_virtio"
Compiler for C supports arguments -Wno-unused-parameter: YES (cached)
Compiler for C supports arguments -Wno-unused-value: YES (cached)
Compiler for C supports arguments -Wno-strict-aliasing: YES (cached)
Compiler for C supports arguments -Wno-format-extra-args: YES (cached)
Message: drivers/net/vmxnet3: Defining dependency "net_vmxnet3"
Message: drivers/net/xsc: Defining dependency "net_xsc"
Message: drivers/net/zxdh: Defining dependency "net_zxdh"
Message: drivers/raw/cnxk_bphy: Defining dependency "raw_cnxk_bphy"
Message: drivers/raw/cnxk_gpio: Defining dependency "raw_cnxk_gpio"
Message: drivers/raw/cnxk_rvu_lf: Defining dependency "raw_cnxk_rvu_lf"
Message: drivers/raw/dpaa2_cmdif: Defining dependency "raw_dpaa2_cmdif"
Message: drivers/raw/gdtc: Defining dependency "raw_gdtc"
Message: drivers/raw/ntb: Defining dependency "raw_ntb"
Message: drivers/raw/skeleton: Defining dependency "raw_skeleton"
Run-time dependency libaarch64crypto found: NO (tried pkgconfig)
Message: drivers/crypto/bcmfs: Defining dependency "crypto_bcmfs"
Message: drivers/crypto/caam_jr: Defining dependency "crypto_caam_jr"
Run-time dependency libcrypto found: NO (tried pkgconfig)
Message: drivers/crypto/cnxk: Defining dependency "crypto_cnxk"
Message: drivers/crypto/dpaa_sec: Defining dependency "crypto_dpaa_sec"
Message: drivers/crypto/dpaa2_sec: Defining dependency "crypto_dpaa2_sec"
Message: drivers/crypto/ionic: Defining dependency "crypto_ionic"
Library IPSec_MB found: NO
Message: Disabling mlx5 [drivers/crypto/mlx5]: missing internal dependency "common_mlx5"
Run-time dependency libmusdk found: NO (tried pkgconfig)
Message: drivers/crypto/nitrox: Defining dependency "crypto_nitrox"
Message: drivers/crypto/null: Defining dependency "crypto_null"
Message: drivers/crypto/octeontx: Defining dependency "crypto_octeontx"
Run-time dependency libcrypto found: NO (tried pkgconfig)
Message: drivers/crypto/scheduler: Defining dependency "crypto_scheduler"
Run-time dependency libwd_crypto found: NO (tried pkgconfig)
Run-time dependency libwd found: NO (tried pkgconfig)
Message: drivers/crypto/virtio: Defining dependency "crypto_virtio"
Run-time dependency libisal found: NO (tried pkgconfig)
Message: Disabling mlx5 [drivers/compress/mlx5]: missing internal dependency "common_mlx5"
Message: drivers/compress/nitrox: Defining dependency "compress_nitrox"
Message: drivers/compress/octeontx: Defining dependency "compress_octeontx"
Run-time dependency libwd_comp found: NO (tried pkgconfig)
Run-time dependency libwd found: NO (tried pkgconfig)
Run-time dependency zlib found: NO (tried pkgconfig)
Message: Disabling mlx5 [drivers/regex/mlx5]: missing internal dependency "common_mlx5"
Message: drivers/regex/cn9k: Defining dependency "regex_cn9k"
Message: drivers/ml/cnxk: libarchive not found
Message: drivers/ml/cnxk: jansson not found
Run-time dependency dlpack found: NO (tried cmake)
Message: drivers/ml/cnxk: dlpack not found
Run-time dependency dmlc found: NO (tried cmake)
Message: drivers/ml/cnxk: dmlc not found
Run-time dependency tvm found: NO (tried cmake)
Message: drivers/ml/cnxk: tvm_runtime not found
Run-time dependency tvmdp found: NO (tried pkgconfig)
Message: drivers/ml/cnxk: tvmdp not found
Message: drivers/ml/cnxk: Disabled TVM model support
Message: drivers/ml/cnxk: Defining dependency "ml_cnxk"
Message: drivers/vdpa/ifc: Defining dependency "vdpa_ifc"
Message: Disabling mlx5 [drivers/vdpa/mlx5]: missing internal dependency "common_mlx5"
Message: drivers/vdpa/nfp: Defining dependency "vdpa_nfp"
Message: drivers/vdpa/sfc: Defining dependency "vdpa_sfc"
Compiler for C supports arguments -flax-vector-conversions: YES (cached)
Compiler for C supports arguments -Wno-strict-aliasing: YES (cached)
Message: drivers/event/cnxk: Defining dependency "event_cnxk"
Message: drivers/event/dlb2: Defining dependency "event_dlb2"
Message: drivers/event/dpaa: Defining dependency "event_dpaa"
Message: drivers/event/dpaa2: Defining dependency "event_dpaa2"
Compiler for C supports arguments -Wno-format-nonliteral: YES (cached)
Message: drivers/event/dsw: Defining dependency "event_dsw"
Message: drivers/event/opdl: Defining dependency "event_opdl"
Message: drivers/event/skeleton: Defining dependency "event_skeleton"
Message: drivers/event/sw: Defining dependency "event_sw"
Message: drivers/event/octeontx: Defining dependency "event_octeontx"
Run-time dependency flexran_sdk_ldpc_decoder_5gnr found: NO (tried pkgconfig and cmake)
Message: drivers/baseband/acc: Defining dependency "baseband_acc"
Message: drivers/baseband/fpga_5gnr_fec: Defining dependency "baseband_fpga_5gnr_fec"
Message: drivers/baseband/fpga_lte_fec: Defining dependency "baseband_fpga_lte_fec"
Message: drivers/baseband/la12xx: Defining dependency "baseband_la12xx"
Message: drivers/baseband/null: Defining dependency "baseband_null"
Run-time dependency flexran_sdk_turbo found: NO (tried pkgconfig and cmake)
Run-time dependency flexran_sdk_ldpc_decoder_5gnr found: NO (tried pkgconfig and cmake)
Message: drivers/baseband/turbo_sw: Defining dependency "baseband_turbo_sw"
Has header "cuda.h" : NO 
Message: drivers/power/acpi: Defining dependency "power_acpi"
Message: drivers/power/amd_pstate: Defining dependency "power_amd_pstate"
Library e_smi64 found: NO
Message: drivers/power/cppc: Defining dependency "power_cppc"
Message: drivers/power/intel_pstate: Defining dependency "power_intel_pstate"
Message: drivers/power/intel_uncore: Defining dependency "power_intel_uncore"
Message: drivers/power/kvm_vm: Defining dependency "power_kvm_vm"
Has header "sys/epoll.h" : YES 
Run-time dependency zlib found: NO (tried pkgconfig)
Message: Skipping test file test_compressdev.c due to missing external dependency zlib
Run-time dependency pcap found: NO (tried pkgconfig)
Message: Skipping test file test_pcapng.c due to missing external dependency pcap
Compiler for C supports arguments -fno-strict-aliasing: YES (cached)
Compiler for C supports arguments -Wno-format-truncation: YES (cached)
Message: hugepage availability: false
app/test/suites/meson.build:37: WARNING: Test "cryptodev_crosscheck" is not defined in any test suite
app/test/suites/meson.build:37: WARNING: Test "ethdev_api" is not defined in any test suite
app/test/suites/meson.build:37: WARNING: Test "event_crypto_adapter_autotest" is not defined in any test suite
app/test/suites/meson.build:37: WARNING: Test "event_eth_rx_adapter_autotest" is not defined in any test suite
app/test/suites/meson.build:37: WARNING: Test "event_eth_rx_intr_adapter_autotest" is not defined in any test suite
app/test/suites/meson.build:37: WARNING: Test "event_timer_adapter_test" is not defined in any test suite
app/test/suites/meson.build:37: WARNING: Test "external_mem_autotest" is not defined in any test suite
app/test/suites/meson.build:37: WARNING: Test "ipsec_sad_autotest" is not defined in any test suite
app/test/suites/meson.build:37: WARNING: Test "power_caps_autotest" is not defined in any test suite
app/test/suites/meson.build:37: WARNING: Test "red_autotest" is not defined in any test suite
app/test/suites/meson.build:37: WARNING: Test "inline_macsec_autotest" is not defined in any test suite
app/test/suites/meson.build:37: WARNING: Test "inline_ipsec_autotest" is not defined in any test suite
app/test/suites/meson.build:37: WARNING: Test "inline_ipsec_sg_autotest" is not defined in any test suite
app/test/suites/meson.build:37: WARNING: Test "event_inline_ipsec_autotest" is not defined in any test suite
app/test/suites/meson.build:37: WARNING: Test "timer_secondary_autotest" is not defined in any test suite
Program test_telemetry.sh found: YES (/home-local/jenkins-local/jenkins-agent/workspace/Apply-Custom-Patch-Set-Pipeline/dpdk/app/test/suites/test_telemetry.sh)
Program doxygen found: NO

doc/api/meson.build:4:10: ERROR: Program 'doxygen' not found or not executable

A full log can be found at /home-local/jenkins-local/jenkins-agent/workspace/Apply-Custom-Patch-Set-Pipeline/dpdk/build/meson-logs/meson-log.txt


Test build failed.
https://lab.dpdk.org/results/dashboard/patchsets/33594/

UNH-IOL DPDK Community Lab

^ permalink raw reply	[flat|nested] 8+ messages in thread

* |SUCCESS| pw155011 [PATCH] app/testpmd: allow multiple cmdline-file
       [not found] <20250704140551.4151993-1-bruce.richardson@intel.com>
                   ` (5 preceding siblings ...)
  2025-07-09 16:48 ` dpdklab
@ 2025-07-09 22:12 ` dpdklab
  2025-07-09 22:20 ` dpdklab
  7 siblings, 0 replies; 8+ messages in thread
From: dpdklab @ 2025-07-09 22:12 UTC (permalink / raw)
  To: Ali Alnubani, Test Report; +Cc: dpdk-test-reports

Test-Label: iol-mellanox-Performance
Test-Status: SUCCESS
http://dpdk.org/patch/155011

_Performance Testing PASS_

Submitter: Bruce Richardson <bruce.richardson@intel.com>
Date: Friday, July 04 2025 14:05:51 
DPDK git baseline: Repo:dpdk
  Branch: master
  CommitID:ba982f9a1ca9b96ed0394b764f1523d482e963a2

155011 --> performance testing pass

Upstream job id: Template-DTS-Pipeline#236137

Test environment and result as below:

Ubuntu 24.04
Kernel: 6.8
Compiler: gcc gcc (Ubuntu 13.3.0-6ubuntu2~24.04) 13.3.0
NIC: NVIDIA Mellanox ConnectX-7 100000 Mbps
Fail/Total: 0/6

Detail performance results: 
+------------+---------+----------+-------------+------------------------------+
| frame_size | txd/rxd | num_cpus | num_threads |  throughput difference from  |
|            |         |          |             |           expected           |
+============+=========+==========+=============+==============================+
| 64         | 1024    | 1        | 1           | -0.0%                        |
+------------+---------+----------+-------------+------------------------------+
| 128        | 1024    | 1        | 1           | 0.7%                         |
+------------+---------+----------+-------------+------------------------------+
| 256        | 1024    | 1        | 1           | 0.1%                         |
+------------+---------+----------+-------------+------------------------------+
| 512        | 1024    | 1        | 1           | 0.2%                         |
+------------+---------+----------+-------------+------------------------------+
| 1024       | 1024    | 1        | 1           | 0.1%                         |
+------------+---------+----------+-------------+------------------------------+
| 1518       | 1024    | 1        | 1           | -0.2%                        |
+------------+---------+----------+-------------+------------------------------+

Ubuntu 24.04
Kernel: 6.8
Compiler: gcc gcc (Ubuntu 13.3.0-6ubuntu2~24.04) 13.3.0
NIC: Mellanox ConnectX-6 Lx 25000 Mbps
Fail/Total: 0/6

Detail performance results: 
+------------+---------+----------+-------------+------------------------------+
| frame_size | txd/rxd | num_cpus | num_threads |  throughput difference from  |
|            |         |          |             |           expected           |
+============+=========+==========+=============+==============================+
| 64         | 1024    | 1        | 1           | 0.0%                         |
+------------+---------+----------+-------------+------------------------------+
| 128        | 1024    | 1        | 1           | -0.1%                        |
+------------+---------+----------+-------------+------------------------------+
| 256        | 1024    | 1        | 1           | -0.0%                        |
+------------+---------+----------+-------------+------------------------------+
| 512        | 1024    | 1        | 1           | -0.0%                        |
+------------+---------+----------+-------------+------------------------------+
| 1024       | 1024    | 1        | 1           | -0.1%                        |
+------------+---------+----------+-------------+------------------------------+
| 1518       | 1024    | 1        | 1           | -0.2%                        |
+------------+---------+----------+-------------+------------------------------+

To view detailed results, visit:
https://lab.dpdk.org/results/dashboard/patchsets/33594/

UNH-IOL DPDK Community Lab

To manage your email subscriptions, visit: 
https://lab.dpdk.org/results/dashboard/preferences/subscriptions/

^ permalink raw reply	[flat|nested] 8+ messages in thread

* |SUCCESS| pw155011 [PATCH] app/testpmd: allow multiple cmdline-file
       [not found] <20250704140551.4151993-1-bruce.richardson@intel.com>
                   ` (6 preceding siblings ...)
  2025-07-09 22:12 ` |SUCCESS| pw155011 [PATCH] app/testpmd: allow multiple cmdline-file dpdklab
@ 2025-07-09 22:20 ` dpdklab
  7 siblings, 0 replies; 8+ messages in thread
From: dpdklab @ 2025-07-09 22:20 UTC (permalink / raw)
  To: Test Report; +Cc: dpdk-test-reports

Test-Label: iol-broadcom-Performance
Test-Status: SUCCESS
http://dpdk.org/patch/155011

_Performance Testing PASS_

Submitter: Bruce Richardson <bruce.richardson@intel.com>
Date: Friday, July 04 2025 14:05:51 
DPDK git baseline: Repo:dpdk
  Branch: master
  CommitID:ba982f9a1ca9b96ed0394b764f1523d482e963a2

155011 --> performance testing pass

Upstream job id: Template-DTS-Pipeline#236142

Test environment and result as below:

Ubuntu 22.04
Kernel: 5.15
Compiler: gcc gcc (Ubuntu 11.4.0-1ubuntu1~22.04) 11.4.0
NIC: Arm Broadcom Inc. brcm_57414 25000 Mbps
Fail/Total: 0/2

Detail performance results: 
+------------+---------+----------+-------------+------------------------------+
| frame_size | txd/rxd | num_cpus | num_threads |  throughput difference from  |
|            |         |          |             |           expected           |
+============+=========+==========+=============+==============================+
| 64         | 512     | 1        | 1           | -0.0%                        |
+------------+---------+----------+-------------+------------------------------+
| 64         | 2048    | 1        | 1           | 0.3%                         |
+------------+---------+----------+-------------+------------------------------+

Ubuntu 22.04
Kernel: 5.15
Compiler: gcc gcc (Ubuntu 11.4.0-1ubuntu1~22.04) 11.4.0
NIC: Broadcom Inc. and subsidiaries BCM57414 NetXtreme-E 10Gb/25Gb RDMA Ethernet Controller 16d7 25 Mbps
Fail/Total: 0/3

Detail performance results: 
+------------+---------+----------+-------------+------------------------------+
| frame_size | txd/rxd | num_cpus | num_threads |  throughput difference from  |
|            |         |          |             |           expected           |
+============+=========+==========+=============+==============================+
| 64         | 128     | 1        | 1           | -0.7%                        |
+------------+---------+----------+-------------+------------------------------+
| 64         | 512     | 1        | 1           | -0.1%                        |
+------------+---------+----------+-------------+------------------------------+
| 64         | 2048    | 1        | 1           | -0.4%                        |
+------------+---------+----------+-------------+------------------------------+

To view detailed results, visit:
https://lab.dpdk.org/results/dashboard/patchsets/33594/

UNH-IOL DPDK Community Lab

To manage your email subscriptions, visit: 
https://lab.dpdk.org/results/dashboard/preferences/subscriptions/

^ permalink raw reply	[flat|nested] 8+ messages in thread

end of thread, other threads:[~2025-07-09 22:20 UTC | newest]

Thread overview: 8+ messages (download: mbox.gz / follow: Atom feed)
-- links below jump to the message on this page --
     [not found] <20250704140551.4151993-1-bruce.richardson@intel.com>
2025-07-04 13:31 ` |SUCCESS| pw155011 [PATCH] app/testpmd: allow multiple cmdline-file parameters qemudev
2025-07-04 13:36 ` qemudev
2025-07-04 14:05 ` checkpatch
2025-07-04 15:23 ` 0-day Robot
2025-07-09 15:27 ` |FAILURE| " dpdklab
2025-07-09 16:48 ` dpdklab
2025-07-09 22:12 ` |SUCCESS| pw155011 [PATCH] app/testpmd: allow multiple cmdline-file dpdklab
2025-07-09 22:20 ` dpdklab

This is a public inbox, see mirroring instructions
for how to clone and mirror all data and code used for this inbox;
as well as URLs for NNTP newsgroup(s).