From mboxrd@z Thu Jan 1 00:00:00 1970 Return-Path: Received: from mails.dpdk.org (mails.dpdk.org [217.70.189.124]) by inbox.dpdk.org (Postfix) with ESMTP id 1632746B30 for ; Wed, 9 Jul 2025 20:38:24 +0200 (CEST) Received: from mails.dpdk.org (localhost [127.0.0.1]) by mails.dpdk.org (Postfix) with ESMTP id 116594064A; Wed, 9 Jul 2025 20:38:24 +0200 (CEST) Received: from mail-il1-f226.google.com (mail-il1-f226.google.com [209.85.166.226]) by mails.dpdk.org (Postfix) with ESMTP id 725324064A for ; Wed, 9 Jul 2025 20:38:23 +0200 (CEST) Received: by mail-il1-f226.google.com with SMTP id e9e14a558f8ab-3dc9e7d10bdso661065ab.2 for ; Wed, 09 Jul 2025 11:38:23 -0700 (PDT) DKIM-Signature: v=1; a=rsa-sha256; c=relaxed/relaxed; d=iol.unh.edu; s=unh-iol; t=1752086302; x=1752691102; darn=dpdk.org; h=references:in-reply-to:cc:to:from:subject:message-id:date:from:to :cc:subject:date:message-id:reply-to; bh=rLdzsxtIxGwW9erfK612qgA3j+81JG7b4UFP9vGSvhY=; b=BYGyD0g1DFGAkesLjfdwGEk6iAfGhblJ56FyWckHNGdf2eHYsGlyBdHCxsJn8oi6A4 B03e4MjU+C8SIKjoKekK525ZsYpOFUMtyH1VXHxXfXdMf6yublEv/PN1SdDlHfDXXzJx C5YDPlEZiAA+M0tQddWI3vSNWNXRjsOTxZTtM= X-Google-DKIM-Signature: v=1; a=rsa-sha256; c=relaxed/relaxed; d=1e100.net; s=20230601; t=1752086302; x=1752691102; h=references:in-reply-to:cc:to:from:subject:message-id:date :x-gm-message-state:from:to:cc:subject:date:message-id:reply-to; bh=rLdzsxtIxGwW9erfK612qgA3j+81JG7b4UFP9vGSvhY=; b=I7vUWxJf/gzCD+EE2aHRpSFJ4OCUXhVaa1Z2on5in2B0GUYsOm2uoCyyd4qfR0kF7u ZeUSdxGCjBuV4Nyq9njcSbOpbw5ZZmZm5TJAF9GF7RItm23/ncuwtFJaLAPqpllsCysR ychLytiSgKgqMkQADiupROVAWMHQZKorFjXozw6rgD5/OEiJ3rz0lJupCsZCJoPdBxo9 oq2DCf624Tv6RfdlGok50MQctkAh8gxuXaRzAqKEm8gtqDaLAwvJIAmUMt+J+kUBvfWo spMaedesh7ZtRry8XWVWTVU9+Ph3RwOoXq06q01UAatwML0y6Ha6AX6AkJlu8JWeP2zn 87TA== X-Gm-Message-State: AOJu0Yyii+FxXvs7qJPwAyaPTkWzmTO3OYB3d+gcSHBXXbfdfedsqjvb ++iosu48zyQsD+thHDPTP3yvvWPg+zlU6rloLshar6FDPpMSbqWdyNI8yghTygBzu1z9+wVUKT4 MN3kwnvhAu9JjCRt3Iir9Bmz55dA2/azSyHvTVvFtxCVQ X-Gm-Gg: ASbGncvNInqBnCrF1Lmg/ERuBHfHmRsdMCWmNr2FWxXNtL4LTDTCVXIn/8MPzCZ26k+ s3ZvfIMr5LC1Pd5W9agVZ0jPt2taX5Y1U/rxxm7SzWGR1j4NJdlNLGesoCGLWhpsRqSX6OrV2RZ tXFvynWgG8u1CGvf08KcYk5Lx55dsUMWxnHRp32YzDA+bmVnLvM0ry1/vzioiuGTLL5L+1ntlB9 qqYC/5xtHiInSOAxSjBFVwHcEmMGWUVbazmuPKK/NAVfM36AgVEv5HwsWgw885rSlyyC0ARDcBh Dm8Dta43SPGifLrdpo7Feo1WSLZxuhHfl3zCvy5OCREvvED0+Up9YLvs8t3yJRCjARBNQg== X-Google-Smtp-Source: AGHT+IGn5qoL3FUbTEK/Hp9Zjc2IeoLeDf7NpZLpMvzoQFyuoVkIF5pNRYToKY1e/j0K7Tyn/JAWBeV3R4TT X-Received: by 2002:a05:6e02:378e:b0:3df:39e2:f1a8 with SMTP id e9e14a558f8ab-3e244005fc7mr8345305ab.16.1752086302623; Wed, 09 Jul 2025 11:38:22 -0700 (PDT) Received: from postal.iol.unh.edu (postal.iol.unh.edu. [132.177.123.84]) by smtp-relay.gmail.com with ESMTPS id e9e14a558f8ab-3e0f343483dsm7870415ab.8.2025.07.09.11.38.22 (version=TLS1_2 cipher=ECDHE-ECDSA-AES128-GCM-SHA256 bits=128/128); Wed, 09 Jul 2025 11:38:22 -0700 (PDT) X-Relaying-Domain: iol.unh.edu Date: Wed, 09 Jul 2025 11:38:22 -0700 (PDT) Message-ID: <686eb71e.920a0220.28a6c.9023SMTPIN_ADDED_MISSING@mx.google.com> Received: from [172.21.0.5] (unknown [172.18.0.240]) by postal.iol.unh.edu (Postfix) with ESMTP id 21986604D420; Wed, 9 Jul 2025 14:38:22 -0400 (EDT) Subject: |WARNING| pw155006 [PATCH] ethdev: fix shadow variable definition From: dpdklab@iol.unh.edu To: Test Report Cc: dpdk-test-reports@iol.unh.edu In-Reply-To: <20250703172407.116249-1-stephen@networkplumber.org> References: <20250703172407.116249-1-stephen@networkplumber.org> Content-Type: text/plain X-BeenThere: test-report@dpdk.org X-Mailman-Version: 2.1.29 Precedence: list List-Id: automatic DPDK test reports List-Unsubscribe: , List-Archive: List-Post: List-Help: List-Subscribe: , Errors-To: test-report-bounces@dpdk.org Test-Label: iol-unit-arm64-testing Test-Status: WARNING http://dpdk.org/patch/155006 _Testing issues_ Submitter: Stephen Hemminger Date: Thursday, July 03 2025 17:24:07 DPDK git baseline: Repo:dpdk Branch: master CommitID:ba982f9a1ca9b96ed0394b764f1523d482e963a2 155006 --> testing issues Upstream job id: Generic-Unit-Test-DPDK#354297 Test environment and result as below: +------------------------------+------------------------------+---------------------------+--------------+----------------+ | Environment | cryptodev_sw_snow3g_autotest | cryptodev_sw_zuc_autotest | lpm_autotest | dpdk_unit_test | +==============================+==============================+===========================+==============+================+ | Debian 12 (arm) | WARN | WARN | SKIPPED | SKIPPED | +------------------------------+------------------------------+---------------------------+--------------+----------------+ | Ubuntu 20.04 | SKIPPED | SKIPPED | WARN | WARN | +------------------------------+------------------------------+---------------------------+--------------+----------------+ | Fedora Linux 40 | SKIPPED | SKIPPED | SKIPPED | WARN | +------------------------------+------------------------------+---------------------------+--------------+----------------+ | CentOS Stream 9 | SKIPPED | SKIPPED | SKIPPED | WARN | +------------------------------+------------------------------+---------------------------+--------------+----------------+ | Fedora Linux 41 | SKIPPED | SKIPPED | SKIPPED | WARN | +------------------------------+------------------------------+---------------------------+--------------+----------------+ | Debian GNU/Linux 12 | SKIPPED | SKIPPED | SKIPPED | WARN | +------------------------------+------------------------------+---------------------------+--------------+----------------+ | CentOS Stream 10 | SKIPPED | SKIPPED | SKIPPED | WARN | +------------------------------+------------------------------+---------------------------+--------------+----------------+ | Red Hat Enterprise Linux 9.5 | SKIPPED | SKIPPED | SKIPPED | WARN | +------------------------------+------------------------------+---------------------------+--------------+----------------+ | Ubuntu 22.04 | SKIPPED | SKIPPED | SKIPPED | WARN | +------------------------------+------------------------------+---------------------------+--------------+----------------+ | Ubuntu 24.04 | SKIPPED | SKIPPED | SKIPPED | WARN | +------------------------------+------------------------------+---------------------------+--------------+----------------+ ==== 20 line log output for Ubuntu 24.04 (dpdk_unit_test): ==== [59/3735] Compiling C object lib/librte_eal.a.p/eal_common_malloc_elem.c.o [60/3735] Compiling C object lib/librte_eal.a.p/eal_common_rte_bitset.c.o [61/3735] Compiling C object lib/librte_eal.a.p/eal_common_eal_common_options.c.o [62/3735] Compiling C object lib/librte_eal.a.p/eal_common_rte_random.c.o [63/3735] Compiling C object lib/librte_eal.a.p/eal_common_rte_reciprocal.c.o [64/3735] Compiling C object lib/librte_eal.a.p/eal_common_malloc_heap.c.o FAILED: lib/librte_eal.a.p/eal_common_malloc_heap.c.o ccache cc -Ilib/librte_eal.a.p -Ilib -I../lib -Ilib/eal/common -I../lib/eal/common -I. -I.. -Iconfig -I../config -Ilib/eal/include -I../lib/eal/include -Ilib/eal/linux/include -I../lib/eal/linux/include -Ilib/eal/arm/include -I../lib/eal/arm/include -I../kernel/linux -Ilib/eal -I../lib/eal -Ilib/kvargs -I../lib/kvargs -Ilib/log -I../lib/log -Ilib/metrics -I../lib/metrics -Ilib/telemetry -I../lib/telemetry -fdiagnostics-color=always -pipe -D_FILE_OFFSET_BITS=64 -Wall -Winvalid-pch -Wextra -Werror -std=c11 -O3 -include rte_config.h -Wvla -Wcast-qual -Wdeprecated -Wformat -Wformat-nonliteral -Wformat-security -Wmissing-declarations -Wmissing-prototypes -Wnested-externs -Wold-style-definition -Wpointer-arith -Wshadow -Wsign-compare -Wstrict-prototypes -Wundef -Wwrite-strings -Wno-packed-not-aligned -Wno-missing-field-initializers -D_GNU_SOURCE -fPIC -march=armv8.1-a+crc+crypto -DALLOW_EXPERIMENTAL_API -DALLOW_INTERNAL_API -Wno-format-truncation '-DABI_VERSION="25.2"' -DRTE_EAL_PTHREAD_AT TR_SETAFFINITY_NP -DRTE_LOG_DEFAULT_LOGTYPE=lib.eal -MD -MQ lib/librte_eal.a.p/eal_common_malloc_heap.c.o -MF lib/librte_eal.a.p/eal_common_malloc_heap.c.o.d -o lib/librte_eal.a.p/eal_common_malloc_heap.c.o -c ../lib/eal/common/malloc_heap.c ../lib/eal/common/malloc_heap.c: In function 'malloc_heap_free': ../lib/eal/common/malloc_heap.c:1047:23: error: declaration of 'aligned_end' shadows a previous local [-Werror=shadow] 1047 | void *aligned_end = RTE_PTR_ADD(aligned_start, aligned_len); | ^~~~~~~~~~~ ../lib/eal/common/malloc_heap.c:862:45: note: shadowed declaration is here 862 | void *start, *aligned_start, *end, *aligned_end; | ^~~~~~~~~~~ cc1: all warnings being treated as errors [65/3735] Compiling C object lib/librte_eal.a.p/eal_common_rte_malloc.c.o [66/3735] Compiling C object lib/librte_eal.a.p/eal_common_rte_version.c.o [67/3735] Compiling C object lib/librte_eal.a.p/eal_common_rte_service.c.o ninja: build stopped: subcommand failed. ==== End log output ==== Debian 12 (arm) Kernel: Depends on container host Compiler: gcc (Debian 12.2.0-14) 12.2.0 Ubuntu 20.04 Kernel: 5.4 Compiler: gcc gcc (Ubuntu 9.4.0-1ubuntu1~20.04.2) 9.4.0 Fedora Linux 40 Kernel: 5.4 Compiler: gcc gcc (GCC) 14.2.1 20240912 (Red Hat 14.2.1-3) CentOS Stream 9 Kernel: 5.4 Compiler: gcc gcc (GCC) 11.5.0 20240719 (Red Hat 11.5.0-7) Fedora Linux 41 Kernel: 5.4 Compiler: gcc gcc (GCC) 14.3.1 20250523 (Red Hat 14.3.1-1) Debian GNU/Linux 12 Kernel: 5.4 Compiler: gcc gcc (Debian 12.2.0-14+deb12u1) 12.2.0 CentOS Stream 10 Kernel: 5.4 Compiler: gcc gcc (GCC) 14.2.1 20250110 (Red Hat 14.2.1-8) Red Hat Enterprise Linux 9.5 Kernel: 5.4 Compiler: gcc gcc (GCC) 11.5.0 20240719 (Red Hat 11.5.0-2) Ubuntu 22.04 Kernel: 5.4 Compiler: gcc gcc (Ubuntu 11.4.0-1ubuntu1~22.04) 11.4.0 Ubuntu 24.04 Kernel: 5.4 Compiler: gcc gcc (Ubuntu 13.3.0-6ubuntu2~24.04) 13.3.0 To view detailed results, visit: https://lab.dpdk.org/results/dashboard/patchsets/33589/ UNH-IOL DPDK Community Lab To manage your email subscriptions, visit: https://lab.dpdk.org/results/dashboard/preferences/subscriptions/