From mboxrd@z Thu Jan 1 00:00:00 1970 Return-Path: Received: from mails.dpdk.org (mails.dpdk.org [217.70.189.124]) by inbox.dpdk.org (Postfix) with ESMTP id 411D246B30 for ; Wed, 9 Jul 2025 20:39:12 +0200 (CEST) Received: from mails.dpdk.org (localhost [127.0.0.1]) by mails.dpdk.org (Postfix) with ESMTP id 3BD4C4064A; Wed, 9 Jul 2025 20:39:12 +0200 (CEST) Received: from mail-yw1-f226.google.com (mail-yw1-f226.google.com [209.85.128.226]) by mails.dpdk.org (Postfix) with ESMTP id C99CC4064A for ; Wed, 9 Jul 2025 20:39:10 +0200 (CEST) Received: by mail-yw1-f226.google.com with SMTP id 00721157ae682-7170344c100so2587337b3.0 for ; Wed, 09 Jul 2025 11:39:10 -0700 (PDT) DKIM-Signature: v=1; a=rsa-sha256; c=relaxed/relaxed; d=iol.unh.edu; s=unh-iol; t=1752086350; x=1752691150; darn=dpdk.org; h=references:in-reply-to:cc:to:from:subject:message-id:date:from:to :cc:subject:date:message-id:reply-to; bh=QSjIxo0XNthN0VG1iJglSEk6MMrMgDf7La+9UIfWPUI=; b=LPx0GnaVu2foyVVZs7Sewi+ee6G8geGzmoVaghYPLzLZpKRUrpZXjUwxhL9plhXEtP BuhvP65jn97UF0r9OcJC3f91/nCZYMHwfh+8ZoCzTeemtI59yNcjKiMMs2U5W1evUBj9 eq0ytsvuIPZKzkiwjI50xc5Cya57t6kKIv8I8= X-Google-DKIM-Signature: v=1; a=rsa-sha256; c=relaxed/relaxed; d=1e100.net; s=20230601; t=1752086350; x=1752691150; h=references:in-reply-to:cc:to:from:subject:message-id:date :x-gm-message-state:from:to:cc:subject:date:message-id:reply-to; bh=QSjIxo0XNthN0VG1iJglSEk6MMrMgDf7La+9UIfWPUI=; b=WaLEOlZRAGkTXJnGZ86f+Wc0XDKowfJgcmeb+YsvOGsVmB4YExV3iZSA8uD+8JWq+Y 5R4r57Ggi9kfWLlrh6hQYJf4F12G6cmLrlxS1gDLp/Ww8tXkLEhpAhEQix+t7xTmhesO gZBCbYWPJ8YSMkStVdO2QPHrMfPWkMmZDmAu8tZhfkL1LWayfXSB5qXmmVgD73/rA3bO dDRzdaHN+meqYelnPsXhJauVJQMzDaaosWOQzj2JzgDfKbACFPGcKakIiva/ukzqm3WY mlaXTmU8Lf+O2iKYM75VAd8q7aJNTYZdLRxZuGDnYW7h+gcW81Om+cZLZ4eR5HbLqjrC yUmw== X-Gm-Message-State: AOJu0YzZs+KdofkJbv4y1OeNbL7FKARcGkfI4reRz4jD8R40IdBtLHZ8 BkkT3gGOn1d3vQgt+5+KjUdYbavnT1Wo3h1hYy6tHCQEU6jW6+Wk3FT4MaApR+B8evBvn2tEV1d NzDvjGx6x4+Sdodib0ZQpIAjVfdaA0iNsg12zA7ubdVMHZQIAVTLxURaPTX+E X-Gm-Gg: ASbGncsGjzfeLlLihxR8kKthdbPa1+50+YBsL4k2sKgMDKFM14x7SCOq3RfAHOF53UY E+KMBGMb0F6s5TwlD2Y+gQZJxFgtdHTgOIt3twBsx/D+GUQPxjP8KHyFtgi7YwNS/nADGcpseui /KcRUzRyBRHULYpOPiIMuX17x2DjLeRV1EoVIpLhf7eYCe+RObDhzj2RFlxGRolpWd+GKmLHUI0 RyE7BdgwFrKKnUxHxqF/kXUeO6Vbx8Xuv5oTTOq+5J9WDE0RH4DvaVDWd/3/BrnrEvb5mQTkD/H ZgTjAZor3LanDby8glBvRwtzwytHmCWfFN42Nwo5GbqI0EE= X-Google-Smtp-Source: AGHT+IGhHa6+2NCdHakTIuYFfF8EbSmo5q2vwxJbnsZeCEseL4F3VIHmkWCi60HWVUMZFrxfPhIq2sh+2vzE X-Received: by 2002:a05:690c:87:b0:70f:84c8:312e with SMTP id 00721157ae682-717b166b739mr58323777b3.1.1752086349989; Wed, 09 Jul 2025 11:39:09 -0700 (PDT) Received: from postal.iol.unh.edu (postal.iol.unh.edu. [2606:4100:3880:1234::84]) by smtp-relay.gmail.com with ESMTPS id 00721157ae682-71665b292fdsm3867327b3.35.2025.07.09.11.39.09 (version=TLS1_2 cipher=ECDHE-ECDSA-AES128-GCM-SHA256 bits=128/128); Wed, 09 Jul 2025 11:39:09 -0700 (PDT) X-Relaying-Domain: iol.unh.edu Date: Wed, 09 Jul 2025 11:39:09 -0700 (PDT) Message-ID: <686eb74d.050a0220.8720b.495fSMTPIN_ADDED_MISSING@mx.google.com> Received: from [172.21.0.9] (unknown [172.18.0.240]) by postal.iol.unh.edu (Postfix) with ESMTP id B0978604D420; Wed, 9 Jul 2025 14:39:09 -0400 (EDT) Subject: |WARNING| pw155006 [PATCH] ethdev: fix shadow variable definition From: dpdklab@iol.unh.edu To: Test Report Cc: dpdk-test-reports@iol.unh.edu In-Reply-To: <20250703172407.116249-1-stephen@networkplumber.org> References: <20250703172407.116249-1-stephen@networkplumber.org> Content-Type: text/plain X-BeenThere: test-report@dpdk.org X-Mailman-Version: 2.1.29 Precedence: list List-Id: automatic DPDK test reports List-Unsubscribe: , List-Archive: List-Post: List-Help: List-Subscribe: , Errors-To: test-report-bounces@dpdk.org Test-Label: iol-unit-amd64-testing Test-Status: WARNING http://dpdk.org/patch/155006 _Testing issues_ Submitter: Stephen Hemminger Date: Thursday, July 03 2025 17:24:07 DPDK git baseline: Repo:dpdk Branch: master CommitID:ba982f9a1ca9b96ed0394b764f1523d482e963a2 155006 --> testing issues Upstream job id: Generic-Unit-Test-DPDK#354289 Test environment and result as below: +-------------------------------+----------------+ | Environment | dpdk_unit_test | +===============================+================+ | CentOS Stream 9 | WARN | +-------------------------------+----------------+ | Fedora Linux 40 | WARN | +-------------------------------+----------------+ | CentOS Stream 10 | WARN | +-------------------------------+----------------+ | Red Hat Enterprise Linux 8.10 | WARN | +-------------------------------+----------------+ | Debian GNU/Linux 12 | WARN | +-------------------------------+----------------+ | Ubuntu 24.04 | WARN | +-------------------------------+----------------+ | Fedora Linux 41 | WARN | +-------------------------------+----------------+ | Red Hat Enterprise Linux 9.5 | WARN | +-------------------------------+----------------+ | Ubuntu 22.04 | WARN | +-------------------------------+----------------+ | Ubuntu 20.04 | WARN | +-------------------------------+----------------+ ==== 20 line log output for Ubuntu 20.04 (dpdk_unit_test): ==== [57/3539] Compiling C object lib/librte_eal.a.p/eal_common_eal_common_uuid.c.o [58/3539] Compiling C object lib/librte_eal.a.p/eal_common_eal_common_trace_points.c.o [59/3539] Compiling C object lib/librte_eal.a.p/eal_common_malloc_elem.c.o [60/3539] Compiling C object lib/librte_eal.a.p/eal_common_rte_bitset.c.o [61/3539] Compiling C object lib/librte_eal.a.p/eal_common_rte_reciprocal.c.o [62/3539] Compiling C object lib/librte_eal.a.p/eal_common_malloc_heap.c.o FAILED: lib/librte_eal.a.p/eal_common_malloc_heap.c.o ccache cc -Ilib/librte_eal.a.p -Ilib -I../lib -Ilib/eal/common -I../lib/eal/common -I. -I.. -Iconfig -I../config -Ilib/eal/include -I../lib/eal/include -Ilib/eal/linux/include -I../lib/eal/linux/include -Ilib/eal/x86/include -I../lib/eal/x86/include -I../kernel/linux -Ilib/eal -I../lib/eal -Ilib/kvargs -I../lib/kvargs -Ilib/log -I../lib/log -Ilib/metrics -I../lib/metrics -Ilib/telemetry -I../lib/telemetry -fdiagnostics-color=always -pipe -D_FILE_OFFSET_BITS=64 -Wall -Winvalid-pch -Wextra -Werror -std=c11 -O3 -include rte_config.h -Wvla -Wcast-qual -Wdeprecated -Wformat -Wformat-nonliteral -Wformat-security -Wmissing-declarations -Wmissing-prototypes -Wnested-externs -Wold-style-definition -Wpointer-arith -Wshadow -Wsign-compare -Wstrict-prototypes -Wundef -Wwrite-strings -Wno-packed-not-aligned -Wno-missing-field-initializers -D_GNU_SOURCE -fPIC -march=native -mrtm -DALLOW_EXPERIMENTAL_API -DALLOW_INTERNAL_API -Wno-format-truncation '-DABI_VERSION="25.2"' -DRTE_LOG_DEFAULT_LOGTYPE=li b.eal -MD -MQ lib/librte_eal.a.p/eal_common_malloc_heap.c.o -MF lib/librte_eal.a.p/eal_common_malloc_heap.c.o.d -o lib/librte_eal.a.p/eal_common_malloc_heap.c.o -c ../lib/eal/common/malloc_heap.c ../lib/eal/common/malloc_heap.c: In function 'malloc_heap_free': ../lib/eal/common/malloc_heap.c:1047:9: error: declaration of 'aligned_end' shadows a previous local [-Werror=shadow] 1047 | void *aligned_end = RTE_PTR_ADD(aligned_start, aligned_len); | ^~~~~~~~~~~ ../lib/eal/common/malloc_heap.c:862:38: note: shadowed declaration is here 862 | void *start, *aligned_start, *end, *aligned_end; | ^~~~~~~~~~~ cc1: all warnings being treated as errors [63/3539] Compiling C object lib/librte_eal.a.p/eal_common_rte_random.c.o [64/3539] Compiling C object lib/librte_eal.a.p/eal_common_rte_malloc.c.o [65/3539] Compiling C object lib/librte_eal.a.p/eal_common_rte_service.c.o ninja: build stopped: subcommand failed. ==== End log output ==== CentOS Stream 9 Kernel: 5.15 Compiler: gcc gcc (GCC) 11.5.0 20240719 (Red Hat 11.5.0-7) Fedora Linux 40 Kernel: 5.15 Compiler: clang gcc (GCC) 14.2.1 20240912 (Red Hat 14.2.1-3) CentOS Stream 10 Kernel: 5.15 Compiler: gcc gcc (GCC) 14.2.1 20250110 (Red Hat 14.2.1-8) Red Hat Enterprise Linux 8.10 Kernel: 5.15 Compiler: gcc gcc (GCC) 8.5.0 20210514 (Red Hat 8.5.0-22) Debian GNU/Linux 12 Kernel: 5.15 Compiler: gcc gcc (Debian 12.2.0-14+deb12u1) 12.2.0 Ubuntu 24.04 Kernel: 5.15 Compiler: gcc gcc (Ubuntu 13.3.0-6ubuntu2~24.04) 13.3.0 Fedora Linux 41 Kernel: 5.15 Compiler: gcc gcc (GCC) 14.3.1 20250523 (Red Hat 14.3.1-1) Red Hat Enterprise Linux 9.5 Kernel: 5.15 Compiler: gcc gcc (GCC) 11.5.0 20240719 (Red Hat 11.5.0-2) Ubuntu 22.04 Kernel: 5.15 Compiler: gcc gcc (Ubuntu 11.4.0-1ubuntu1~22.04) 11.4.0 Ubuntu 20.04 Kernel: 5.15 Compiler: gcc gcc (Ubuntu 9.4.0-1ubuntu1~20.04.2) 9.4.0 To view detailed results, visit: https://lab.dpdk.org/results/dashboard/patchsets/33589/ UNH-IOL DPDK Community Lab To manage your email subscriptions, visit: https://lab.dpdk.org/results/dashboard/preferences/subscriptions/