automatic DPDK test reports
 help / color / mirror / Atom feed
From: dpdklab@iol.unh.edu
To: Test Report <test-report@dpdk.org>
Cc: dpdk-test-reports@iol.unh.edu
Subject: |WARNING| pw155006 [PATCH] ethdev: fix shadow variable definition
Date: Wed, 09 Jul 2025 11:39:14 -0700 (PDT)	[thread overview]
Message-ID: <686eb752.050a0220.235f93.dac3SMTPIN_ADDED_MISSING@mx.google.com> (raw)
In-Reply-To: <20250703172407.116249-1-stephen@networkplumber.org>

Test-Label: iol-unit-amd64-testing
Test-Status: WARNING
http://dpdk.org/patch/155006

_Testing issues_

Submitter: Stephen Hemminger <stephen@networkplumber.org>
Date: Thursday, July 03 2025 17:24:07 
DPDK git baseline: Repo:dpdk
  Branch: master
  CommitID:ba982f9a1ca9b96ed0394b764f1523d482e963a2

155006 --> testing issues

Upstream job id: Generic-Unit-Test-DPDK#354298

Test environment and result as below:

+-------------------------------+----------------+
|          Environment          | dpdk_unit_test |
+===============================+================+
| CentOS Stream 9               | WARN           |
+-------------------------------+----------------+
| Fedora Linux 40               | WARN           |
+-------------------------------+----------------+
| CentOS Stream 10              | WARN           |
+-------------------------------+----------------+
| Red Hat Enterprise Linux 8.10 | WARN           |
+-------------------------------+----------------+
| Debian GNU/Linux 12           | WARN           |
+-------------------------------+----------------+
| Ubuntu 24.04                  | WARN           |
+-------------------------------+----------------+
| Fedora Linux 41               | WARN           |
+-------------------------------+----------------+
| Red Hat Enterprise Linux 9.5  | WARN           |
+-------------------------------+----------------+
| Ubuntu 22.04                  | WARN           |
+-------------------------------+----------------+
| Ubuntu 20.04                  | WARN           |
+-------------------------------+----------------+

==== 20 line log output for Ubuntu 20.04 (dpdk_unit_test): ====
[57/3539] Compiling C object lib/librte_eal.a.p/eal_common_eal_common_uuid.c.o
[58/3539] Compiling C object lib/librte_eal.a.p/eal_common_eal_common_trace_points.c.o
[59/3539] Compiling C object lib/librte_eal.a.p/eal_common_malloc_elem.c.o
[60/3539] Compiling C object lib/librte_eal.a.p/eal_common_rte_bitset.c.o
[61/3539] Compiling C object lib/librte_eal.a.p/eal_common_rte_reciprocal.c.o
[62/3539] Compiling C object lib/librte_eal.a.p/eal_common_malloc_heap.c.o
FAILED: lib/librte_eal.a.p/eal_common_malloc_heap.c.o
ccache cc -Ilib/librte_eal.a.p -Ilib -I../lib -Ilib/eal/common -I../lib/eal/common -I. -I.. -Iconfig -I../config -Ilib/eal/include -I../lib/eal/include -Ilib/eal/linux/include -I../lib/eal/linux/include -Ilib/eal/x86/include -I../lib/eal/x86/include -I../kernel/linux -Ilib/eal -I../lib/eal -Ilib/kvargs -I../lib/kvargs -Ilib/log -I../lib/log -Ilib/metrics -I../lib/metrics -Ilib/telemetry -I../lib/telemetry -fdiagnostics-color=always -pipe -D_FILE_OFFSET_BITS=64 -Wall -Winvalid-pch -Wextra -Werror -std=c11 -O3 -include rte_config.h -Wvla -Wcast-qual -Wdeprecated -Wformat -Wformat-nonliteral -Wformat-security -Wmissing-declarations -Wmissing-prototypes -Wnested-externs -Wold-style-definition -Wpointer-arith -Wshadow -Wsign-compare -Wstrict-prototypes -Wundef -Wwrite-strings -Wno-packed-not-aligned -Wno-missing-field-initializers -D_GNU_SOURCE -fPIC -march=native -mrtm -DALLOW_EXPERIMENTAL_API -DALLOW_INTERNAL_API -Wno-format-truncation '-DABI_VERSION="25.2"' -DRTE_LOG_DEFAULT_LOGTYPE=li
 b.eal -MD -MQ lib/librte_eal.a.p/eal_common_malloc_heap.c.o -MF lib/librte_eal.a.p/eal_common_malloc_heap.c.o.d -o lib/librte_eal.a.p/eal_common_malloc_heap.c.o -c ../lib/eal/common/malloc_heap.c
../lib/eal/common/malloc_heap.c: In function 'malloc_heap_free':
../lib/eal/common/malloc_heap.c:1047:9: error: declaration of 'aligned_end' shadows a previous local [-Werror=shadow]
1047 |   void *aligned_end = RTE_PTR_ADD(aligned_start, aligned_len);
|         ^~~~~~~~~~~
../lib/eal/common/malloc_heap.c:862:38: note: shadowed declaration is here
862 |  void *start, *aligned_start, *end, *aligned_end;
|                                      ^~~~~~~~~~~
cc1: all warnings being treated as errors
[63/3539] Compiling C object lib/librte_eal.a.p/eal_common_rte_random.c.o
[64/3539] Compiling C object lib/librte_eal.a.p/eal_common_rte_malloc.c.o
[65/3539] Compiling C object lib/librte_eal.a.p/eal_common_rte_service.c.o
ninja: build stopped: subcommand failed.
==== End log output ====

CentOS Stream 9
	Kernel: 5.15
	Compiler: gcc gcc (GCC) 11.5.0 20240719 (Red Hat 11.5.0-7)

Fedora Linux 40
	Kernel: 5.15
	Compiler: clang gcc (GCC) 14.2.1 20240912 (Red Hat 14.2.1-3)

CentOS Stream 10
	Kernel: 5.15
	Compiler: gcc gcc (GCC) 14.2.1 20250110 (Red Hat 14.2.1-8)

Red Hat Enterprise Linux 8.10
	Kernel: 5.15
	Compiler: gcc gcc (GCC) 8.5.0 20210514 (Red Hat 8.5.0-22)

Debian GNU/Linux 12
	Kernel: 5.15
	Compiler: gcc gcc (Debian 12.2.0-14+deb12u1) 12.2.0

Ubuntu 24.04
	Kernel: 5.15
	Compiler: gcc gcc (Ubuntu 13.3.0-6ubuntu2~24.04) 13.3.0

Fedora Linux 41
	Kernel: 5.15
	Compiler: gcc gcc (GCC) 14.3.1 20250523 (Red Hat 14.3.1-1)

Red Hat Enterprise Linux 9.5
	Kernel: 5.15
	Compiler: gcc gcc (GCC) 11.5.0 20240719 (Red Hat 11.5.0-2)

Ubuntu 22.04
	Kernel: 5.15
	Compiler: gcc gcc (Ubuntu 11.4.0-1ubuntu1~22.04) 11.4.0

Ubuntu 20.04
	Kernel: 5.15
	Compiler: gcc gcc (Ubuntu 9.4.0-1ubuntu1~20.04.2) 9.4.0

To view detailed results, visit:
https://lab.dpdk.org/results/dashboard/patchsets/33589/

UNH-IOL DPDK Community Lab

To manage your email subscriptions, visit: 
https://lab.dpdk.org/results/dashboard/preferences/subscriptions/

  parent reply	other threads:[~2025-07-09 18:39 UTC|newest]

Thread overview: 29+ messages / expand[flat|nested]  mbox.gz  Atom feed  top
     [not found] <20250703172407.116249-1-stephen@networkplumber.org>
2025-07-03 16:49 ` |SUCCESS| " qemudev
2025-07-03 16:53 ` qemudev
2025-07-03 17:24 ` checkpatch
2025-07-09 16:42 ` |FAILURE| " dpdklab
2025-07-09 18:33 ` dpdklab
2025-07-09 18:33 ` |SUCCESS| " dpdklab
2025-07-09 18:38 ` dpdklab
2025-07-09 18:38 ` |WARNING| " dpdklab
2025-07-09 18:38 ` dpdklab
2025-07-09 18:39 ` dpdklab
2025-07-09 18:39 ` dpdklab [this message]
2025-07-09 18:39 ` dpdklab
2025-07-09 18:39 ` dpdklab
2025-07-09 18:39 ` dpdklab
2025-07-09 18:43 ` |SUCCESS| " dpdklab
2025-07-09 19:01 ` |FAILURE| " dpdklab
2025-07-09 19:01 ` dpdklab
2025-07-09 19:02 ` dpdklab
2025-07-09 19:02 ` dpdklab
2025-07-09 19:04 ` dpdklab
2025-07-09 19:05 ` |SUCCESS| " dpdklab
2025-07-09 19:06 ` dpdklab
2025-07-09 19:06 ` dpdklab
2025-07-09 19:10 ` |FAILURE| " dpdklab
2025-07-09 19:23 ` |WARNING| " dpdklab
2025-07-10  2:53 ` |FAILURE| " dpdklab
2025-07-10  3:21 ` dpdklab
2025-07-10  8:01 ` dpdklab
2025-07-10  8:07 ` dpdklab

Reply instructions:

You may reply publicly to this message via plain-text email
using any one of the following methods:

* Save the following mbox file, import it into your mail client,
  and reply-to-all from there: mbox

  Avoid top-posting and favor interleaved quoting:
  https://en.wikipedia.org/wiki/Posting_style#Interleaved_style

* Reply using the --to, --cc, and --in-reply-to
  switches of git-send-email(1):

  git send-email \
    --in-reply-to=686eb752.050a0220.235f93.dac3SMTPIN_ADDED_MISSING@mx.google.com \
    --to=dpdklab@iol.unh.edu \
    --cc=dpdk-test-reports@iol.unh.edu \
    --cc=test-report@dpdk.org \
    /path/to/YOUR_REPLY

  https://kernel.org/pub/software/scm/git/docs/git-send-email.html

* If your mail client supports setting the In-Reply-To header
  via mailto: links, try the mailto: link
Be sure your reply has a Subject: header at the top and a blank line before the message body.
This is a public inbox, see mirroring instructions
for how to clone and mirror all data and code used for this inbox;
as well as URLs for NNTP newsgroup(s).