From mboxrd@z Thu Jan 1 00:00:00 1970 Return-Path: Received: from mails.dpdk.org (mails.dpdk.org [217.70.189.124]) by inbox.dpdk.org (Postfix) with ESMTP id 4CF7A46B30 for ; Wed, 9 Jul 2025 20:39:17 +0200 (CEST) Received: from mails.dpdk.org (localhost [127.0.0.1]) by mails.dpdk.org (Postfix) with ESMTP id 450704064A; Wed, 9 Jul 2025 20:39:17 +0200 (CEST) Received: from mail-qv1-f98.google.com (mail-qv1-f98.google.com [209.85.219.98]) by mails.dpdk.org (Postfix) with ESMTP id DDB304064A for ; Wed, 9 Jul 2025 20:39:15 +0200 (CEST) Received: by mail-qv1-f98.google.com with SMTP id 6a1803df08f44-6fd0a91ae98so1780316d6.1 for ; Wed, 09 Jul 2025 11:39:15 -0700 (PDT) DKIM-Signature: v=1; a=rsa-sha256; c=relaxed/relaxed; d=iol.unh.edu; s=unh-iol; t=1752086355; x=1752691155; darn=dpdk.org; h=references:in-reply-to:cc:to:from:subject:message-id:date:from:to :cc:subject:date:message-id:reply-to; bh=FHVJkfKsH40H+xYbHiXAD6utDdWs/d+Haqb886zULA8=; b=LK9gvJSRXrC6v+0kBk8TpDHtpT7IOxxo26BHX9icDeto+DRoUazopCS3clZjMOUKar PHqbbnv/0epsVWN3SB9TVB18ZvqMaucF/ixjrK5onO1e8+lb6s7N0sr5RIw9lEWzeK3o pWpKSsDSAWoXeysqj5IoJ3gKAHV8z4jLI1nf0= X-Google-DKIM-Signature: v=1; a=rsa-sha256; c=relaxed/relaxed; d=1e100.net; s=20230601; t=1752086355; x=1752691155; h=references:in-reply-to:cc:to:from:subject:message-id:date :x-gm-message-state:from:to:cc:subject:date:message-id:reply-to; bh=FHVJkfKsH40H+xYbHiXAD6utDdWs/d+Haqb886zULA8=; b=WeJwMYlZekxhRfZKblcJIzAhpJTXgddQWwkC1Pu3lQuQiu3jITy6z4vzmLWjC8Lus4 wr2xTHhXoj5IGUU6mkOLdEjq+RWX7Z6TayEo+2wQQiCzvJmYa0XA9Fv5ayXN0gev2PI+ Z30uj8ycpkWNHvs+TUNFThDZNtZJF4/5j50aAKOovwa3wS3hLPhxq5wE20/G9qDAG5bT Tq+gxj298zNfn5BIwjkuhKP+P2f+wbBSJnjCr2cSY2tfWC2rBK6QaaeaALGjoNS5o/zr 0olz18nEF8lAVOImBq6u2r8mVJ3fQ4cVspktcinKQGZgRRt3D1MQsDgF9K9T7qTwLt6c Jm5w== X-Gm-Message-State: AOJu0Yxa5uCTOOn+ucHBEnboFYbOoWXOYE0bgzib6f8WWPVqS4OiU6Uz 7KUCfxgS4pA887/lQY9x+v4YlweHrM7V3K/p61ZNsuuPPoj2FIDwOkomRpeQyKWafkmmBRlNJbI qMWC768HHoKhQ7gLZuDMSj2VZYyVo3I9werAgtKm/sBoz X-Gm-Gg: ASbGncsjszhmhDFrJYL9srtTYfaln9rgdZy4jjHoz14dR4N4g4xvsKuLw06mzu8HhWW vDzc23v9jzYhP80AlZScfW8Hu+/I67bPHOyZbELA5WaFqLVmS8TZmrxS6D8eHR/QrpYG2xJoksU QHPp++e5/tJe82WEWU8VAz9lNcrNpJh3taB7g+ZtrNT747LXZ2piA8YOj7Bw4wYt9D/hzU+VNna DNq1CQYvaQoMs7LzqIFFc44XcgMWrGOfB5sPPkxLdbtC4bU4pXGQQDt/GEMMI+XeCF4IrA1pUnb mgQJ2U42CRKizmo4jkMw049Q93EPzSFeJGdHm0oMclNig/ixfUTu1swEKBcH90kh9cNEoA== X-Google-Smtp-Source: AGHT+IFzvp9TcZVsYRqmdXzMlNstGZrOnJx2+wFLSyF7GXDvzYWuXIZB7UgPXmTq8preziJyOl5poI2VSWrw X-Received: by 2002:a05:6214:20e3:b0:6f8:a825:adea with SMTP id 6a1803df08f44-7048b90eb7cmr49021926d6.15.1752086354950; Wed, 09 Jul 2025 11:39:14 -0700 (PDT) Received: from postal.iol.unh.edu (postal.iol.unh.edu. [132.177.123.84]) by smtp-relay.gmail.com with ESMTPS id af79cd13be357-7d5dbe445f4sm26289985a.7.2025.07.09.11.39.14 (version=TLS1_2 cipher=ECDHE-ECDSA-AES128-GCM-SHA256 bits=128/128); Wed, 09 Jul 2025 11:39:14 -0700 (PDT) X-Relaying-Domain: iol.unh.edu Date: Wed, 09 Jul 2025 11:39:14 -0700 (PDT) Message-ID: <686eb752.050a0220.235f93.dac3SMTPIN_ADDED_MISSING@mx.google.com> Received: from [172.21.0.7] (unknown [172.18.0.240]) by postal.iol.unh.edu (Postfix) with ESMTP id A13DB604D420; Wed, 9 Jul 2025 14:39:14 -0400 (EDT) Subject: |WARNING| pw155006 [PATCH] ethdev: fix shadow variable definition From: dpdklab@iol.unh.edu To: Test Report Cc: dpdk-test-reports@iol.unh.edu In-Reply-To: <20250703172407.116249-1-stephen@networkplumber.org> References: <20250703172407.116249-1-stephen@networkplumber.org> Content-Type: text/plain X-BeenThere: test-report@dpdk.org X-Mailman-Version: 2.1.29 Precedence: list List-Id: automatic DPDK test reports List-Unsubscribe: , List-Archive: List-Post: List-Help: List-Subscribe: , Errors-To: test-report-bounces@dpdk.org Test-Label: iol-unit-amd64-testing Test-Status: WARNING http://dpdk.org/patch/155006 _Testing issues_ Submitter: Stephen Hemminger Date: Thursday, July 03 2025 17:24:07 DPDK git baseline: Repo:dpdk Branch: master CommitID:ba982f9a1ca9b96ed0394b764f1523d482e963a2 155006 --> testing issues Upstream job id: Generic-Unit-Test-DPDK#354298 Test environment and result as below: +-------------------------------+----------------+ | Environment | dpdk_unit_test | +===============================+================+ | CentOS Stream 9 | WARN | +-------------------------------+----------------+ | Fedora Linux 40 | WARN | +-------------------------------+----------------+ | CentOS Stream 10 | WARN | +-------------------------------+----------------+ | Red Hat Enterprise Linux 8.10 | WARN | +-------------------------------+----------------+ | Debian GNU/Linux 12 | WARN | +-------------------------------+----------------+ | Ubuntu 24.04 | WARN | +-------------------------------+----------------+ | Fedora Linux 41 | WARN | +-------------------------------+----------------+ | Red Hat Enterprise Linux 9.5 | WARN | +-------------------------------+----------------+ | Ubuntu 22.04 | WARN | +-------------------------------+----------------+ | Ubuntu 20.04 | WARN | +-------------------------------+----------------+ ==== 20 line log output for Ubuntu 20.04 (dpdk_unit_test): ==== [57/3539] Compiling C object lib/librte_eal.a.p/eal_common_eal_common_uuid.c.o [58/3539] Compiling C object lib/librte_eal.a.p/eal_common_eal_common_trace_points.c.o [59/3539] Compiling C object lib/librte_eal.a.p/eal_common_malloc_elem.c.o [60/3539] Compiling C object lib/librte_eal.a.p/eal_common_rte_bitset.c.o [61/3539] Compiling C object lib/librte_eal.a.p/eal_common_rte_reciprocal.c.o [62/3539] Compiling C object lib/librte_eal.a.p/eal_common_malloc_heap.c.o FAILED: lib/librte_eal.a.p/eal_common_malloc_heap.c.o ccache cc -Ilib/librte_eal.a.p -Ilib -I../lib -Ilib/eal/common -I../lib/eal/common -I. -I.. -Iconfig -I../config -Ilib/eal/include -I../lib/eal/include -Ilib/eal/linux/include -I../lib/eal/linux/include -Ilib/eal/x86/include -I../lib/eal/x86/include -I../kernel/linux -Ilib/eal -I../lib/eal -Ilib/kvargs -I../lib/kvargs -Ilib/log -I../lib/log -Ilib/metrics -I../lib/metrics -Ilib/telemetry -I../lib/telemetry -fdiagnostics-color=always -pipe -D_FILE_OFFSET_BITS=64 -Wall -Winvalid-pch -Wextra -Werror -std=c11 -O3 -include rte_config.h -Wvla -Wcast-qual -Wdeprecated -Wformat -Wformat-nonliteral -Wformat-security -Wmissing-declarations -Wmissing-prototypes -Wnested-externs -Wold-style-definition -Wpointer-arith -Wshadow -Wsign-compare -Wstrict-prototypes -Wundef -Wwrite-strings -Wno-packed-not-aligned -Wno-missing-field-initializers -D_GNU_SOURCE -fPIC -march=native -mrtm -DALLOW_EXPERIMENTAL_API -DALLOW_INTERNAL_API -Wno-format-truncation '-DABI_VERSION="25.2"' -DRTE_LOG_DEFAULT_LOGTYPE=li b.eal -MD -MQ lib/librte_eal.a.p/eal_common_malloc_heap.c.o -MF lib/librte_eal.a.p/eal_common_malloc_heap.c.o.d -o lib/librte_eal.a.p/eal_common_malloc_heap.c.o -c ../lib/eal/common/malloc_heap.c ../lib/eal/common/malloc_heap.c: In function 'malloc_heap_free': ../lib/eal/common/malloc_heap.c:1047:9: error: declaration of 'aligned_end' shadows a previous local [-Werror=shadow] 1047 | void *aligned_end = RTE_PTR_ADD(aligned_start, aligned_len); | ^~~~~~~~~~~ ../lib/eal/common/malloc_heap.c:862:38: note: shadowed declaration is here 862 | void *start, *aligned_start, *end, *aligned_end; | ^~~~~~~~~~~ cc1: all warnings being treated as errors [63/3539] Compiling C object lib/librte_eal.a.p/eal_common_rte_random.c.o [64/3539] Compiling C object lib/librte_eal.a.p/eal_common_rte_malloc.c.o [65/3539] Compiling C object lib/librte_eal.a.p/eal_common_rte_service.c.o ninja: build stopped: subcommand failed. ==== End log output ==== CentOS Stream 9 Kernel: 5.15 Compiler: gcc gcc (GCC) 11.5.0 20240719 (Red Hat 11.5.0-7) Fedora Linux 40 Kernel: 5.15 Compiler: clang gcc (GCC) 14.2.1 20240912 (Red Hat 14.2.1-3) CentOS Stream 10 Kernel: 5.15 Compiler: gcc gcc (GCC) 14.2.1 20250110 (Red Hat 14.2.1-8) Red Hat Enterprise Linux 8.10 Kernel: 5.15 Compiler: gcc gcc (GCC) 8.5.0 20210514 (Red Hat 8.5.0-22) Debian GNU/Linux 12 Kernel: 5.15 Compiler: gcc gcc (Debian 12.2.0-14+deb12u1) 12.2.0 Ubuntu 24.04 Kernel: 5.15 Compiler: gcc gcc (Ubuntu 13.3.0-6ubuntu2~24.04) 13.3.0 Fedora Linux 41 Kernel: 5.15 Compiler: gcc gcc (GCC) 14.3.1 20250523 (Red Hat 14.3.1-1) Red Hat Enterprise Linux 9.5 Kernel: 5.15 Compiler: gcc gcc (GCC) 11.5.0 20240719 (Red Hat 11.5.0-2) Ubuntu 22.04 Kernel: 5.15 Compiler: gcc gcc (Ubuntu 11.4.0-1ubuntu1~22.04) 11.4.0 Ubuntu 20.04 Kernel: 5.15 Compiler: gcc gcc (Ubuntu 9.4.0-1ubuntu1~20.04.2) 9.4.0 To view detailed results, visit: https://lab.dpdk.org/results/dashboard/patchsets/33589/ UNH-IOL DPDK Community Lab To manage your email subscriptions, visit: https://lab.dpdk.org/results/dashboard/preferences/subscriptions/