From mboxrd@z Thu Jan 1 00:00:00 1970 Return-Path: Received: from mails.dpdk.org (mails.dpdk.org [217.70.189.124]) by inbox.dpdk.org (Postfix) with ESMTP id B214C46B30 for ; Wed, 9 Jul 2025 20:42:08 +0200 (CEST) Received: from mails.dpdk.org (localhost [127.0.0.1]) by mails.dpdk.org (Postfix) with ESMTP id ADADE4064A; Wed, 9 Jul 2025 20:42:08 +0200 (CEST) Received: from mail-yb1-f226.google.com (mail-yb1-f226.google.com [209.85.219.226]) by mails.dpdk.org (Postfix) with ESMTP id 61B614064A for ; Wed, 9 Jul 2025 20:42:07 +0200 (CEST) Received: by mail-yb1-f226.google.com with SMTP id 3f1490d57ef6-e8600c87293so104843276.1 for ; Wed, 09 Jul 2025 11:42:07 -0700 (PDT) DKIM-Signature: v=1; a=rsa-sha256; c=relaxed/relaxed; d=iol.unh.edu; s=unh-iol; t=1752086527; x=1752691327; darn=dpdk.org; h=references:in-reply-to:cc:to:from:subject:message-id:date:from:to :cc:subject:date:message-id:reply-to; bh=qlCbbLIHzFoELP6XAhcbkuY8ArJslZAQ591qaHqvxs4=; b=RXAlaN+0oTz1UHmBHagttClrgBcAMVIfJ5D3+evIZ5TJDJG9oZpqt6WDF3aMJ9w3ky UZqv5BXFQLC4H7Z3mAs4CcqliHi1cLuTCwEFSSCtndM65bvYiEmVp0aDLscQOB3bes2g NuULPsB6fNox6gTSdUowCCPeOZrVZHIurDMYQ= X-Google-DKIM-Signature: v=1; a=rsa-sha256; c=relaxed/relaxed; d=1e100.net; s=20230601; t=1752086527; x=1752691327; h=references:in-reply-to:cc:to:from:subject:message-id:date :x-gm-message-state:from:to:cc:subject:date:message-id:reply-to; bh=qlCbbLIHzFoELP6XAhcbkuY8ArJslZAQ591qaHqvxs4=; b=YLWZnGhCq7loOof2aML70vr1UpxMetXeqzGizawYbjovKuHE0T1xQqPak5QqSSZi+X Ozs3+Sb0ydmWWHV0FME6aGzuxWrwPS4qwca/NwJ63hGrpOTTvSPKee2XI64WER/rglL7 Aj9CaYQ3ydbUif7G+qC0fQQX6YvGBWnfBPOZWnwEkAMwSsXCs6BITbnD4JyCrHS7NI7E WvCtjzvzrcyT0kDc+Mymt+TEv+6YY59FkR84nPhilHhZqQVpOIr6yjTUpeFvrUynfo3u fYnKED9xZIyO8fV4Cpo4XPsHqldW2hj/ok6G6jJD+pOg6sbvTZWXBW+25ehivczUHE6S mC+g== X-Gm-Message-State: AOJu0YxGiP7gpHubdMDydt8Qx4vTjcKJ8AhgKQXHMQBJ5MRfd+YR5MJV 4r96ED7vQqE1VEu1Q7PgY74X5lqH7+RFjxOKDaakLcGOF2WPw3dLKyu7FFFIJV/FR9n/0IsivG4 yt07Qt+tSyaM693D/xCfMih9rEjoWMTL/OzryGg8h8vBjhsf1KmnQvm9hdUnp X-Gm-Gg: ASbGncsz3gZSSNpfWACxibgB1gW4CVw+Roy3HZ0xIvfhFNRE3RsuwRgNJq4fXqkVSd9 FI9Hk6npFy5873dRhm79/15fm+Npi+wjmlbe65qD7aHZxX70z4H8JqV//BMBnoa05ZAhRr57vtD LQq7IMXYe5jgWx4GovegCactgwarJwAZmYDIzSnh4bT0Yu/ceS7Fn/vmTzxoev2GK4eXWdB03jM HPH/45tweCSd06TqGZzq9fnOsWM4jDA3pa6I0gHUn22FHP6heq1cxrp+IbyPA7pvkepo8Txm/kE f6YpBQOgBd7+++Mj1zqhi0Fm9k/+RACwunDRY/lFTIrFG48= X-Google-Smtp-Source: AGHT+IEHLiqPD45a5J+zjslIYEuVzEEE0Mkiupv9j65xyWyjf0rdTxJN07ylzU2Swi+/fh29mu9C1i9+i7QP X-Received: by 2002:a05:6902:2009:b0:e89:9734:c596 with SMTP id 3f1490d57ef6-e8b6e0f2211mr4266867276.17.1752086526683; Wed, 09 Jul 2025 11:42:06 -0700 (PDT) Received: from postal.iol.unh.edu (postal.iol.unh.edu. [2606:4100:3880:1234::84]) by smtp-relay.gmail.com with ESMTPS id 3f1490d57ef6-e899c140d50sm696488276.0.2025.07.09.11.42.06 (version=TLS1_2 cipher=ECDHE-ECDSA-AES128-GCM-SHA256 bits=128/128); Wed, 09 Jul 2025 11:42:06 -0700 (PDT) X-Relaying-Domain: iol.unh.edu Date: Wed, 09 Jul 2025 11:42:06 -0700 (PDT) Message-ID: <686eb7fe.250a0220.8fd4a.462dSMTPIN_ADDED_MISSING@mx.google.com> Received: from [172.21.0.7] (unknown [172.18.0.240]) by postal.iol.unh.edu (Postfix) with ESMTP id 5F0A56050A61; Wed, 9 Jul 2025 14:42:06 -0400 (EDT) Subject: |FAILURE| pw155084 [PATCH] [RFC] add hints to CLAUDE From: dpdklab@iol.unh.edu To: Test Report Cc: dpdk-test-reports@iol.unh.edu, Stephen Hemminger In-Reply-To: <20250708190957.10108-1-stephen@networkplumber.org> References: <20250708190957.10108-1-stephen@networkplumber.org> Content-Type: text/plain X-BeenThere: test-report@dpdk.org X-Mailman-Version: 2.1.29 Precedence: list List-Id: automatic DPDK test reports List-Unsubscribe: , List-Archive: List-Post: List-Help: List-Subscribe: , Errors-To: test-report-bounces@dpdk.org Test-Label: iol-unit-amd64-testing Test-Status: FAILURE http://dpdk.org/patch/155084 _Testing issues_ Submitter: Stephen Hemminger Date: Tuesday, July 08 2025 19:09:41 DPDK git baseline: Repo:dpdk Branch: master CommitID:e90979eebbea093f6bab2d7c222fc5f5c9a85eff 155084 --> testing issues Upstream job id: Generic-VM-Unit-Test-DPDK#29830 Test environment and result as below: +-------------------------------+----------------+ | Environment | dpdk_unit_test | +===============================+================+ | CentOS Stream 9 | PASS | +-------------------------------+----------------+ | Debian GNU/Linux 12 | PASS | +-------------------------------+----------------+ | CentOS Stream 10 | PASS | +-------------------------------+----------------+ | Fedora Linux 41 | PASS | +-------------------------------+----------------+ | Fedora Linux 40 | PASS | +-------------------------------+----------------+ | Red Hat Enterprise Linux 9.5 | PASS | +-------------------------------+----------------+ | Red Hat Enterprise Linux 8.10 | PASS | +-------------------------------+----------------+ | Ubuntu 20.04 | PASS | +-------------------------------+----------------+ | Ubuntu 22.04 | PASS | +-------------------------------+----------------+ | Ubuntu 24.04 | PASS | +-------------------------------+----------------+ | Windows Server 2022 | FAIL | +-------------------------------+----------------+ ==== Unit test summary for Windows Server 2022 (dpdk_unit_test): ==== Failed to get the unit test results. Displaying the unit test results is not supported for some environments, such as our aarch32 testing, where meson is not used to run the tests. Download the logs available on our CI site. ==== End log output ==== CentOS Stream 9 Kernel: 5.15 Compiler: gcc gcc (GCC) 11.5.0 20240719 (Red Hat 11.5.0-7) Debian GNU/Linux 12 Kernel: 5.15 Compiler: gcc gcc (Debian 12.2.0-14+deb12u1) 12.2.0 CentOS Stream 10 Kernel: 5.15 Compiler: gcc gcc (GCC) 14.2.1 20250110 (Red Hat 14.2.1-8) Fedora Linux 41 Kernel: 5.15 Compiler: gcc gcc (GCC) 14.3.1 20250523 (Red Hat 14.3.1-1) Fedora Linux 40 Kernel: 5.15 Compiler: clang gcc (GCC) 14.2.1 20240912 (Red Hat 14.2.1-3) Red Hat Enterprise Linux 9.5 Kernel: 5.15 Compiler: gcc gcc (GCC) 11.5.0 20240719 (Red Hat 11.5.0-2) Red Hat Enterprise Linux 8.10 Kernel: 5.15 Compiler: gcc gcc (GCC) 8.5.0 20210514 (Red Hat 8.5.0-22) Ubuntu 20.04 Kernel: 5.15 Compiler: gcc gcc (Ubuntu 9.4.0-1ubuntu1~20.04.2) 9.4.0 Ubuntu 22.04 Kernel: 5.15 Compiler: gcc gcc (Ubuntu 11.4.0-1ubuntu1~22.04) 11.4.0 Ubuntu 24.04 Kernel: 5.15 Compiler: gcc gcc (Ubuntu 13.3.0-6ubuntu2~24.04) 13.3.0 Windows Server 2022 Kernel: 10.0.20348.2031 Compiler: clang 15.0.7, gcc 14.1.0 (MinGW), and MSVC VS 19.39.33521 To view detailed results, visit: https://lab.dpdk.org/results/dashboard/patchsets/33617/ UNH-IOL DPDK Community Lab To manage your email subscriptions, visit: https://lab.dpdk.org/results/dashboard/preferences/subscriptions/